I20260601 13:34:30.333879  2521 ts_tablet_manager.cc:531] Time spent load tablet metadata: real 0.000s	user 0.000s	sys 0.000s
I20260601 13:34:30.333922  2521 ts_tablet_manager.cc:616] Registered 0 tablets
I20260601 13:34:30.333961  2521 ts_tablet_manager.cc:595] Time spent register tablets: real 0.000s	user 0.000s	sys 0.000s
I20260601 13:34:30.337924  2521 rpc_server.cc:307] RPC server started. Bound to: 127.2.118.67:33893
I20260601 13:34:30.337975  6864 acceptor_pool.cc:272] collecting diagnostics on the listening RPC socket 127.2.118.67:33893 every 8 connection(s)
I20260601 13:34:30.341383  6865 heartbeater.cc:344] Connected to a master server at 127.2.118.126:37517
I20260601 13:34:30.341450  6865 heartbeater.cc:461] Registering TS with master...
I20260601 13:34:30.341594  6865 heartbeater.cc:507] Master 127.2.118.126:37517 requested a full tablet report, sending...
I20260601 13:34:30.342041  6585 ts_manager.cc:194] Registered new tserver with Master: 6316185770eb480bb29399229017d3b2 (127.2.118.67:33893)
I20260601 13:34:30.342445  6585 master_service.cc:502] Signed X509 certificate for tserver {username='slave'} at 127.0.0.1:45276
I20260601 13:34:30.342689  2521 internal_mini_cluster.cc:371] 3 TS(s) registered with all masters after 0.004424169s
I20260601 13:34:31.318840  6714 heartbeater.cc:499] Master 127.2.118.126:37517 was elected leader, sending a full tablet report...
I20260601 13:34:31.327234  6790 heartbeater.cc:499] Master 127.2.118.126:37517 was elected leader, sending a full tablet report...
I20260601 13:34:31.343108  6865 heartbeater.cc:499] Master 127.2.118.126:37517 was elected leader, sending a full tablet report...
I20260601 13:34:31.378543  6585 catalog_manager.cc:2282] Servicing CreateTable request from {username='slave'} at 127.0.0.1:45296:
name: "test-workload"
schema {
  columns {
    name: "key"
    type: INT32
    is_key: true
    is_nullable: false
    encoding: AUTO_ENCODING
    compression: DEFAULT_COMPRESSION
    cfile_block_size: 0
    immutable: false
  }
  columns {
    name: "int_val"
    type: INT32
    is_key: false
    is_nullable: false
    encoding: AUTO_ENCODING
    compression: DEFAULT_COMPRESSION
    cfile_block_size: 0
    immutable: false
  }
  columns {
    name: "string_val"
    type: STRING
    is_key: false
    is_nullable: true
    encoding: AUTO_ENCODING
    compression: DEFAULT_COMPRESSION
    cfile_block_size: 0
    immutable: false
  }
}
num_replicas: 3
split_rows_range_bounds {
}
partition_schema {
  range_schema {
    columns {
      name: "key"
    }
  }
}
W20260601 13:34:31.378929  6585 catalog_manager.cc:7076] The number of live tablet servers is not enough to re-replicate a tablet replica of the newly created table test-workload in case of a server failure: 4 tablet servers would be needed, 3 are available. Consider bringing up more tablet servers.
I20260601 13:34:31.386389  6754 tablet_service.cc:1511] Processing CreateTablet for tablet 2a5e50fe3b4540baa5916432f07a43c3 (DEFAULT_TABLE table=test-workload [id=8cc22d953deb4ce58edb1d03698efe12]), partition=RANGE (key) PARTITION UNBOUNDED
I20260601 13:34:31.386644  6754 data_dirs.cc:400] Could only allocate 1 dirs of requested 3 for tablet 2a5e50fe3b4540baa5916432f07a43c3. 1 dirs total, 0 dirs full, 0 dirs failed
I20260601 13:34:31.387621  6678 tablet_service.cc:1511] Processing CreateTablet for tablet 2a5e50fe3b4540baa5916432f07a43c3 (DEFAULT_TABLE table=test-workload [id=8cc22d953deb4ce58edb1d03698efe12]), partition=RANGE (key) PARTITION UNBOUNDED
I20260601 13:34:31.387889  6678 data_dirs.cc:400] Could only allocate 1 dirs of requested 3 for tablet 2a5e50fe3b4540baa5916432f07a43c3. 1 dirs total, 0 dirs full, 0 dirs failed
I20260601 13:34:31.387910  6829 tablet_service.cc:1511] Processing CreateTablet for tablet 2a5e50fe3b4540baa5916432f07a43c3 (DEFAULT_TABLE table=test-workload [id=8cc22d953deb4ce58edb1d03698efe12]), partition=RANGE (key) PARTITION UNBOUNDED
I20260601 13:34:31.388129  6829 data_dirs.cc:400] Could only allocate 1 dirs of requested 3 for tablet 2a5e50fe3b4540baa5916432f07a43c3. 1 dirs total, 0 dirs full, 0 dirs failed
I20260601 13:34:31.388955  6886 tablet_bootstrap.cc:492] T 2a5e50fe3b4540baa5916432f07a43c3 P 783118883c9443799e5ca75032f9daac: Bootstrap starting.
I20260601 13:34:31.389894  6887 tablet_bootstrap.cc:492] T 2a5e50fe3b4540baa5916432f07a43c3 P c56bada5ccb74713baf0e06f68003a08: Bootstrap starting.
I20260601 13:34:31.389992  6886 tablet_bootstrap.cc:654] T 2a5e50fe3b4540baa5916432f07a43c3 P 783118883c9443799e5ca75032f9daac: Neither blocks nor log segments found. Creating new log.
I20260601 13:34:31.390130  6888 tablet_bootstrap.cc:492] T 2a5e50fe3b4540baa5916432f07a43c3 P 6316185770eb480bb29399229017d3b2: Bootstrap starting.
I20260601 13:34:31.390774  6887 tablet_bootstrap.cc:654] T 2a5e50fe3b4540baa5916432f07a43c3 P c56bada5ccb74713baf0e06f68003a08: Neither blocks nor log segments found. Creating new log.
I20260601 13:34:31.390998  6888 tablet_bootstrap.cc:654] T 2a5e50fe3b4540baa5916432f07a43c3 P 6316185770eb480bb29399229017d3b2: Neither blocks nor log segments found. Creating new log.
I20260601 13:34:31.391047  6886 tablet_bootstrap.cc:492] T 2a5e50fe3b4540baa5916432f07a43c3 P 783118883c9443799e5ca75032f9daac: No bootstrap required, opened a new log
I20260601 13:34:31.391130  6886 ts_tablet_manager.cc:1403] T 2a5e50fe3b4540baa5916432f07a43c3 P 783118883c9443799e5ca75032f9daac: Time spent bootstrapping tablet: real 0.002s	user 0.002s	sys 0.000s
I20260601 13:34:31.391566  6886 raft_consensus.cc:359] T 2a5e50fe3b4540baa5916432f07a43c3 P 783118883c9443799e5ca75032f9daac [term 0 FOLLOWER]: Replica starting. Triggering 0 pending ops. Active config: opid_index: -1 OBSOLETE_local: false peers { permanent_uuid: "783118883c9443799e5ca75032f9daac" member_type: VOTER last_known_addr { host: "127.2.118.66" port: 39171 } } peers { permanent_uuid: "6316185770eb480bb29399229017d3b2" member_type: VOTER last_known_addr { host: "127.2.118.67" port: 33893 } } peers { permanent_uuid: "c56bada5ccb74713baf0e06f68003a08" member_type: VOTER last_known_addr { host: "127.2.118.65" port: 45271 } }
I20260601 13:34:31.391664  6886 raft_consensus.cc:385] T 2a5e50fe3b4540baa5916432f07a43c3 P 783118883c9443799e5ca75032f9daac [term 0 FOLLOWER]: Consensus starting up: Expiring failure detector timer to make a prompt election more likely
I20260601 13:34:31.391695  6886 raft_consensus.cc:740] T 2a5e50fe3b4540baa5916432f07a43c3 P 783118883c9443799e5ca75032f9daac [term 0 FOLLOWER]: Becoming Follower/Learner. State: Replica: 783118883c9443799e5ca75032f9daac, State: Initialized, Role: FOLLOWER
I20260601 13:34:31.391743  6887 tablet_bootstrap.cc:492] T 2a5e50fe3b4540baa5916432f07a43c3 P c56bada5ccb74713baf0e06f68003a08: No bootstrap required, opened a new log
I20260601 13:34:31.391808  6887 ts_tablet_manager.cc:1403] T 2a5e50fe3b4540baa5916432f07a43c3 P c56bada5ccb74713baf0e06f68003a08: Time spent bootstrapping tablet: real 0.002s	user 0.001s	sys 0.000s
I20260601 13:34:31.391806  6886 consensus_queue.cc:260] T 2a5e50fe3b4540baa5916432f07a43c3 P 783118883c9443799e5ca75032f9daac [NON_LEADER]: Queue going to NON_LEADER mode. State: All replicated index: 0, Majority replicated index: 0, Committed index: 0, Last appended: 0.0, Last appended by leader: 0, Current term: 0, Majority size: -1, State: 0, Mode: NON_LEADER, active raft config: opid_index: -1 OBSOLETE_local: false peers { permanent_uuid: "783118883c9443799e5ca75032f9daac" member_type: VOTER last_known_addr { host: "127.2.118.66" port: 39171 } } peers { permanent_uuid: "6316185770eb480bb29399229017d3b2" member_type: VOTER last_known_addr { host: "127.2.118.67" port: 33893 } } peers { permanent_uuid: "c56bada5ccb74713baf0e06f68003a08" member_type: VOTER last_known_addr { host: "127.2.118.65" port: 45271 } }
I20260601 13:34:31.392078  6888 tablet_bootstrap.cc:492] T 2a5e50fe3b4540baa5916432f07a43c3 P 6316185770eb480bb29399229017d3b2: No bootstrap required, opened a new log
I20260601 13:34:31.392146  6886 ts_tablet_manager.cc:1434] T 2a5e50fe3b4540baa5916432f07a43c3 P 783118883c9443799e5ca75032f9daac: Time spent starting tablet: real 0.001s	user 0.001s	sys 0.000s
I20260601 13:34:31.392161  6888 ts_tablet_manager.cc:1403] T 2a5e50fe3b4540baa5916432f07a43c3 P 6316185770eb480bb29399229017d3b2: Time spent bootstrapping tablet: real 0.002s	user 0.002s	sys 0.000s
I20260601 13:34:31.392817  6888 raft_consensus.cc:359] T 2a5e50fe3b4540baa5916432f07a43c3 P 6316185770eb480bb29399229017d3b2 [term 0 FOLLOWER]: Replica starting. Triggering 0 pending ops. Active config: opid_index: -1 OBSOLETE_local: false peers { permanent_uuid: "783118883c9443799e5ca75032f9daac" member_type: VOTER last_known_addr { host: "127.2.118.66" port: 39171 } } peers { permanent_uuid: "6316185770eb480bb29399229017d3b2" member_type: VOTER last_known_addr { host: "127.2.118.67" port: 33893 } } peers { permanent_uuid: "c56bada5ccb74713baf0e06f68003a08" member_type: VOTER last_known_addr { host: "127.2.118.65" port: 45271 } }
I20260601 13:34:31.392912  6888 raft_consensus.cc:385] T 2a5e50fe3b4540baa5916432f07a43c3 P 6316185770eb480bb29399229017d3b2 [term 0 FOLLOWER]: Consensus starting up: Expiring failure detector timer to make a prompt election more likely
I20260601 13:34:31.392957  6888 raft_consensus.cc:740] T 2a5e50fe3b4540baa5916432f07a43c3 P 6316185770eb480bb29399229017d3b2 [term 0 FOLLOWER]: Becoming Follower/Learner. State: Replica: 6316185770eb480bb29399229017d3b2, State: Initialized, Role: FOLLOWER
I20260601 13:34:31.393071  6888 consensus_queue.cc:260] T 2a5e50fe3b4540baa5916432f07a43c3 P 6316185770eb480bb29399229017d3b2 [NON_LEADER]: Queue going to NON_LEADER mode. State: All replicated index: 0, Majority replicated index: 0, Committed index: 0, Last appended: 0.0, Last appended by leader: 0, Current term: 0, Majority size: -1, State: 0, Mode: NON_LEADER, active raft config: opid_index: -1 OBSOLETE_local: false peers { permanent_uuid: "783118883c9443799e5ca75032f9daac" member_type: VOTER last_known_addr { host: "127.2.118.66" port: 39171 } } peers { permanent_uuid: "6316185770eb480bb29399229017d3b2" member_type: VOTER last_known_addr { host: "127.2.118.67" port: 33893 } } peers { permanent_uuid: "c56bada5ccb74713baf0e06f68003a08" member_type: VOTER last_known_addr { host: "127.2.118.65" port: 45271 } }
I20260601 13:34:31.393388  6888 ts_tablet_manager.cc:1434] T 2a5e50fe3b4540baa5916432f07a43c3 P 6316185770eb480bb29399229017d3b2: Time spent starting tablet: real 0.001s	user 0.001s	sys 0.000s
I20260601 13:34:31.392184  6887 raft_consensus.cc:359] T 2a5e50fe3b4540baa5916432f07a43c3 P c56bada5ccb74713baf0e06f68003a08 [term 0 FOLLOWER]: Replica starting. Triggering 0 pending ops. Active config: opid_index: -1 OBSOLETE_local: false peers { permanent_uuid: "783118883c9443799e5ca75032f9daac" member_type: VOTER last_known_addr { host: "127.2.118.66" port: 39171 } } peers { permanent_uuid: "6316185770eb480bb29399229017d3b2" member_type: VOTER last_known_addr { host: "127.2.118.67" port: 33893 } } peers { permanent_uuid: "c56bada5ccb74713baf0e06f68003a08" member_type: VOTER last_known_addr { host: "127.2.118.65" port: 45271 } }
I20260601 13:34:31.393594  6887 raft_consensus.cc:385] T 2a5e50fe3b4540baa5916432f07a43c3 P c56bada5ccb74713baf0e06f68003a08 [term 0 FOLLOWER]: Consensus starting up: Expiring failure detector timer to make a prompt election more likely
I20260601 13:34:31.393621  6887 raft_consensus.cc:740] T 2a5e50fe3b4540baa5916432f07a43c3 P c56bada5ccb74713baf0e06f68003a08 [term 0 FOLLOWER]: Becoming Follower/Learner. State: Replica: c56bada5ccb74713baf0e06f68003a08, State: Initialized, Role: FOLLOWER
I20260601 13:34:31.393755  6887 consensus_queue.cc:260] T 2a5e50fe3b4540baa5916432f07a43c3 P c56bada5ccb74713baf0e06f68003a08 [NON_LEADER]: Queue going to NON_LEADER mode. State: All replicated index: 0, Majority replicated index: 0, Committed index: 0, Last appended: 0.0, Last appended by leader: 0, Current term: 0, Majority size: -1, State: 0, Mode: NON_LEADER, active raft config: opid_index: -1 OBSOLETE_local: false peers { permanent_uuid: "783118883c9443799e5ca75032f9daac" member_type: VOTER last_known_addr { host: "127.2.118.66" port: 39171 } } peers { permanent_uuid: "6316185770eb480bb29399229017d3b2" member_type: VOTER last_known_addr { host: "127.2.118.67" port: 33893 } } peers { permanent_uuid: "c56bada5ccb74713baf0e06f68003a08" member_type: VOTER last_known_addr { host: "127.2.118.65" port: 45271 } }
I20260601 13:34:31.394093  6887 ts_tablet_manager.cc:1434] T 2a5e50fe3b4540baa5916432f07a43c3 P c56bada5ccb74713baf0e06f68003a08: Time spent starting tablet: real 0.002s	user 0.001s	sys 0.000s
I20260601 13:34:31.447120  6892 raft_consensus.cc:493] T 2a5e50fe3b4540baa5916432f07a43c3 P 783118883c9443799e5ca75032f9daac [term 0 FOLLOWER]: Starting pre-election (no leader contacted us within the election timeout)
I20260601 13:34:31.447223  6892 raft_consensus.cc:515] T 2a5e50fe3b4540baa5916432f07a43c3 P 783118883c9443799e5ca75032f9daac [term 0 FOLLOWER]: Starting pre-election with config: opid_index: -1 OBSOLETE_local: false peers { permanent_uuid: "783118883c9443799e5ca75032f9daac" member_type: VOTER last_known_addr { host: "127.2.118.66" port: 39171 } } peers { permanent_uuid: "6316185770eb480bb29399229017d3b2" member_type: VOTER last_known_addr { host: "127.2.118.67" port: 33893 } } peers { permanent_uuid: "c56bada5ccb74713baf0e06f68003a08" member_type: VOTER last_known_addr { host: "127.2.118.65" port: 45271 } }
I20260601 13:34:31.447647  6892 leader_election.cc:290] T 2a5e50fe3b4540baa5916432f07a43c3 P 783118883c9443799e5ca75032f9daac [CANDIDATE]: Term 1 pre-election: Requested pre-vote from peers 6316185770eb480bb29399229017d3b2 (127.2.118.67:33893), c56bada5ccb74713baf0e06f68003a08 (127.2.118.65:45271)
I20260601 13:34:31.451094  6688 tablet_service.cc:1917] Received RequestConsensusVote() RPC: tablet_id: "2a5e50fe3b4540baa5916432f07a43c3" candidate_uuid: "783118883c9443799e5ca75032f9daac" candidate_term: 1 candidate_status { last_received { term: 0 index: 0 } } ignore_live_leader: false dest_uuid: "c56bada5ccb74713baf0e06f68003a08" is_pre_election: true
I20260601 13:34:31.451093  6839 tablet_service.cc:1917] Received RequestConsensusVote() RPC: tablet_id: "2a5e50fe3b4540baa5916432f07a43c3" candidate_uuid: "783118883c9443799e5ca75032f9daac" candidate_term: 1 candidate_status { last_received { term: 0 index: 0 } } ignore_live_leader: false dest_uuid: "6316185770eb480bb29399229017d3b2" is_pre_election: true
I20260601 13:34:31.451237  6688 raft_consensus.cc:2468] T 2a5e50fe3b4540baa5916432f07a43c3 P c56bada5ccb74713baf0e06f68003a08 [term 0 FOLLOWER]: Leader pre-election vote request: Granting yes vote for candidate 783118883c9443799e5ca75032f9daac in term 0.
I20260601 13:34:31.451237  6839 raft_consensus.cc:2468] T 2a5e50fe3b4540baa5916432f07a43c3 P 6316185770eb480bb29399229017d3b2 [term 0 FOLLOWER]: Leader pre-election vote request: Granting yes vote for candidate 783118883c9443799e5ca75032f9daac in term 0.
I20260601 13:34:31.451560  6728 leader_election.cc:304] T 2a5e50fe3b4540baa5916432f07a43c3 P 783118883c9443799e5ca75032f9daac [CANDIDATE]: Term 1 pre-election: Election decided. Result: candidate won. Election summary: received 2 responses out of 3 voters: 2 yes votes; 0 no votes. yes voters: 783118883c9443799e5ca75032f9daac, c56bada5ccb74713baf0e06f68003a08; no voters: 
I20260601 13:34:31.451702  6892 raft_consensus.cc:2804] T 2a5e50fe3b4540baa5916432f07a43c3 P 783118883c9443799e5ca75032f9daac [term 0 FOLLOWER]: Leader pre-election won for term 1
I20260601 13:34:31.451756  6892 raft_consensus.cc:493] T 2a5e50fe3b4540baa5916432f07a43c3 P 783118883c9443799e5ca75032f9daac [term 0 FOLLOWER]: Starting leader election (no leader contacted us within the election timeout)
I20260601 13:34:31.451797  6892 raft_consensus.cc:3060] T 2a5e50fe3b4540baa5916432f07a43c3 P 783118883c9443799e5ca75032f9daac [term 0 FOLLOWER]: Advancing to term 1
I20260601 13:34:31.452421  6892 raft_consensus.cc:515] T 2a5e50fe3b4540baa5916432f07a43c3 P 783118883c9443799e5ca75032f9daac [term 1 FOLLOWER]: Starting leader election with config: opid_index: -1 OBSOLETE_local: false peers { permanent_uuid: "783118883c9443799e5ca75032f9daac" member_type: VOTER last_known_addr { host: "127.2.118.66" port: 39171 } } peers { permanent_uuid: "6316185770eb480bb29399229017d3b2" member_type: VOTER last_known_addr { host: "127.2.118.67" port: 33893 } } peers { permanent_uuid: "c56bada5ccb74713baf0e06f68003a08" member_type: VOTER last_known_addr { host: "127.2.118.65" port: 45271 } }
I20260601 13:34:31.452687  6892 leader_election.cc:290] T 2a5e50fe3b4540baa5916432f07a43c3 P 783118883c9443799e5ca75032f9daac [CANDIDATE]: Term 1 election: Requested vote from peers 6316185770eb480bb29399229017d3b2 (127.2.118.67:33893), c56bada5ccb74713baf0e06f68003a08 (127.2.118.65:45271)
I20260601 13:34:31.452965  6839 tablet_service.cc:1917] Received RequestConsensusVote() RPC: tablet_id: "2a5e50fe3b4540baa5916432f07a43c3" candidate_uuid: "783118883c9443799e5ca75032f9daac" candidate_term: 1 candidate_status { last_received { term: 0 index: 0 } } ignore_live_leader: false dest_uuid: "6316185770eb480bb29399229017d3b2"
I20260601 13:34:31.452965  6688 tablet_service.cc:1917] Received RequestConsensusVote() RPC: tablet_id: "2a5e50fe3b4540baa5916432f07a43c3" candidate_uuid: "783118883c9443799e5ca75032f9daac" candidate_term: 1 candidate_status { last_received { term: 0 index: 0 } } ignore_live_leader: false dest_uuid: "c56bada5ccb74713baf0e06f68003a08"
I20260601 13:34:31.453081  6839 raft_consensus.cc:3060] T 2a5e50fe3b4540baa5916432f07a43c3 P 6316185770eb480bb29399229017d3b2 [term 0 FOLLOWER]: Advancing to term 1
I20260601 13:34:31.453081  6688 raft_consensus.cc:3060] T 2a5e50fe3b4540baa5916432f07a43c3 P c56bada5ccb74713baf0e06f68003a08 [term 0 FOLLOWER]: Advancing to term 1
I20260601 13:34:31.453975  6688 raft_consensus.cc:2468] T 2a5e50fe3b4540baa5916432f07a43c3 P c56bada5ccb74713baf0e06f68003a08 [term 1 FOLLOWER]: Leader election vote request: Granting yes vote for candidate 783118883c9443799e5ca75032f9daac in term 1.
I20260601 13:34:31.453975  6839 raft_consensus.cc:2468] T 2a5e50fe3b4540baa5916432f07a43c3 P 6316185770eb480bb29399229017d3b2 [term 1 FOLLOWER]: Leader election vote request: Granting yes vote for candidate 783118883c9443799e5ca75032f9daac in term 1.
I20260601 13:34:31.454252  6728 leader_election.cc:304] T 2a5e50fe3b4540baa5916432f07a43c3 P 783118883c9443799e5ca75032f9daac [CANDIDATE]: Term 1 election: Election decided. Result: candidate won. Election summary: received 2 responses out of 3 voters: 2 yes votes; 0 no votes. yes voters: 6316185770eb480bb29399229017d3b2, 783118883c9443799e5ca75032f9daac; no voters: 
I20260601 13:34:31.454414  6892 raft_consensus.cc:2804] T 2a5e50fe3b4540baa5916432f07a43c3 P 783118883c9443799e5ca75032f9daac [term 1 FOLLOWER]: Leader election won for term 1
I20260601 13:34:31.454612  6892 raft_consensus.cc:697] T 2a5e50fe3b4540baa5916432f07a43c3 P 783118883c9443799e5ca75032f9daac [term 1 LEADER]: Becoming Leader. State: Replica: 783118883c9443799e5ca75032f9daac, State: Running, Role: LEADER
I20260601 13:34:31.454747  6892 consensus_queue.cc:237] T 2a5e50fe3b4540baa5916432f07a43c3 P 783118883c9443799e5ca75032f9daac [LEADER]: Queue going to LEADER mode. State: All replicated index: 0, Majority replicated index: 0, Committed index: 0, Last appended: 0.0, Last appended by leader: 0, Current term: 1, Majority size: 2, State: 0, Mode: LEADER, active raft config: opid_index: -1 OBSOLETE_local: false peers { permanent_uuid: "783118883c9443799e5ca75032f9daac" member_type: VOTER last_known_addr { host: "127.2.118.66" port: 39171 } } peers { permanent_uuid: "6316185770eb480bb29399229017d3b2" member_type: VOTER last_known_addr { host: "127.2.118.67" port: 33893 } } peers { permanent_uuid: "c56bada5ccb74713baf0e06f68003a08" member_type: VOTER last_known_addr { host: "127.2.118.65" port: 45271 } }
I20260601 13:34:31.455884  6585 catalog_manager.cc:5696] T 2a5e50fe3b4540baa5916432f07a43c3 P 783118883c9443799e5ca75032f9daac reported cstate change: term changed from 0 to 1, leader changed from <none> to 783118883c9443799e5ca75032f9daac (127.2.118.66). New cstate: current_term: 1 leader_uuid: "783118883c9443799e5ca75032f9daac" committed_config { opid_index: -1 OBSOLETE_local: false peers { permanent_uuid: "783118883c9443799e5ca75032f9daac" member_type: VOTER last_known_addr { host: "127.2.118.66" port: 39171 } health_report { overall_health: HEALTHY } } peers { permanent_uuid: "6316185770eb480bb29399229017d3b2" member_type: VOTER last_known_addr { host: "127.2.118.67" port: 33893 } health_report { overall_health: UNKNOWN } } peers { permanent_uuid: "c56bada5ccb74713baf0e06f68003a08" member_type: VOTER last_known_addr { host: "127.2.118.65" port: 45271 } health_report { overall_health: UNKNOWN } } }
I20260601 13:34:31.831990  6892 consensus_queue.cc:1048] T 2a5e50fe3b4540baa5916432f07a43c3 P 783118883c9443799e5ca75032f9daac [LEADER]: Connected to new peer: Peer: permanent_uuid: "c56bada5ccb74713baf0e06f68003a08" member_type: VOTER last_known_addr { host: "127.2.118.65" port: 45271 }, Status: LMP_MISMATCH, Last received: 0.0, Next index: 1, Last known committed idx: 0, Time since last communication: 0.000s
I20260601 13:34:31.835232  6902 consensus_queue.cc:1048] T 2a5e50fe3b4540baa5916432f07a43c3 P 783118883c9443799e5ca75032f9daac [LEADER]: Connected to new peer: Peer: permanent_uuid: "6316185770eb480bb29399229017d3b2" member_type: VOTER last_known_addr { host: "127.2.118.67" port: 33893 }, Status: LMP_MISMATCH, Last received: 0.0, Next index: 1, Last known committed idx: 0, Time since last communication: 0.000s
I20260601 13:34:32.273312  6639 auto_leader_rebalancer.cc:140] leader rebalance for table test-workload
I20260601 13:34:32.273550  6639 auto_leader_rebalancer.cc:388] table: test-workload, leader rebalance finish, leader transfer count: 0
I20260601 13:34:32.273612  6639 auto_leader_rebalancer.cc:451] All tables' leader rebalancing finished this round
I20260601 13:34:32.273721  6633 placement_policy_util.cc:407] tablet 2a5e50fe3b4540baa5916432f07a43c3: detected majority of replicas (2 of 3) at location L0
I20260601 13:34:33.275103  6633 placement_policy_util.cc:407] tablet 2a5e50fe3b4540baa5916432f07a43c3: detected majority of replicas (2 of 3) at location L0
I20260601 13:34:34.274021  6639 auto_leader_rebalancer.cc:140] leader rebalance for table test-workload
I20260601 13:34:34.274309  6639 auto_leader_rebalancer.cc:388] table: test-workload, leader rebalance finish, leader transfer count: 0
I20260601 13:34:34.274363  6639 auto_leader_rebalancer.cc:451] All tables' leader rebalancing finished this round
I20260601 13:34:34.276342  6633 placement_policy_util.cc:407] tablet 2a5e50fe3b4540baa5916432f07a43c3: detected majority of replicas (2 of 3) at location L0
I20260601 13:34:35.277683  6633 placement_policy_util.cc:407] tablet 2a5e50fe3b4540baa5916432f07a43c3: detected majority of replicas (2 of 3) at location L0
I20260601 13:34:36.274583  6639 auto_leader_rebalancer.cc:140] leader rebalance for table test-workload
I20260601 13:34:36.274827  6639 auto_leader_rebalancer.cc:388] table: test-workload, leader rebalance finish, leader transfer count: 0
I20260601 13:34:36.274870  6639 auto_leader_rebalancer.cc:451] All tables' leader rebalancing finished this round
I20260601 13:34:36.278972  6633 placement_policy_util.cc:407] tablet 2a5e50fe3b4540baa5916432f07a43c3: detected majority of replicas (2 of 3) at location L0
I20260601 13:34:37.280187  6633 placement_policy_util.cc:407] tablet 2a5e50fe3b4540baa5916432f07a43c3: detected majority of replicas (2 of 3) at location L0
I20260601 13:34:38.275137  6639 auto_leader_rebalancer.cc:140] leader rebalance for table test-workload
I20260601 13:34:38.275380  6639 auto_leader_rebalancer.cc:388] table: test-workload, leader rebalance finish, leader transfer count: 0
I20260601 13:34:38.275445  6639 auto_leader_rebalancer.cc:451] All tables' leader rebalancing finished this round
I20260601 13:34:38.281478  6633 placement_policy_util.cc:407] tablet 2a5e50fe3b4540baa5916432f07a43c3: detected majority of replicas (2 of 3) at location L0
I20260601 13:34:39.282775  6633 placement_policy_util.cc:407] tablet 2a5e50fe3b4540baa5916432f07a43c3: detected majority of replicas (2 of 3) at location L0
I20260601 13:34:40.275780  6639 auto_leader_rebalancer.cc:140] leader rebalance for table test-workload
I20260601 13:34:40.276005  6639 auto_leader_rebalancer.cc:388] table: test-workload, leader rebalance finish, leader transfer count: 0
I20260601 13:34:40.276047  6639 auto_leader_rebalancer.cc:451] All tables' leader rebalancing finished this round
I20260601 13:34:40.283954  6633 placement_policy_util.cc:407] tablet 2a5e50fe3b4540baa5916432f07a43c3: detected majority of replicas (2 of 3) at location L0
I20260601 13:34:41.285128  6633 placement_policy_util.cc:407] tablet 2a5e50fe3b4540baa5916432f07a43c3: detected majority of replicas (2 of 3) at location L0
I20260601 13:34:42.276268  6639 auto_leader_rebalancer.cc:140] leader rebalance for table test-workload
I20260601 13:34:42.276511  6639 auto_leader_rebalancer.cc:388] table: test-workload, leader rebalance finish, leader transfer count: 0
I20260601 13:34:42.276559  6639 auto_leader_rebalancer.cc:451] All tables' leader rebalancing finished this round
I20260601 13:34:42.286299  6633 placement_policy_util.cc:407] tablet 2a5e50fe3b4540baa5916432f07a43c3: detected majority of replicas (2 of 3) at location L0
I20260601 13:34:42.512272  2521 tablet_server.cc:179] TabletServer@127.2.118.65:0 shutting down...
I20260601 13:34:42.515262  2521 ts_tablet_manager.cc:1507] Shutting down tablet manager...
I20260601 13:34:42.515460  2521 tablet_replica.cc:333] T 2a5e50fe3b4540baa5916432f07a43c3 P c56bada5ccb74713baf0e06f68003a08: stopping tablet replica
I20260601 13:34:42.515573  2521 raft_consensus.cc:2243] T 2a5e50fe3b4540baa5916432f07a43c3 P c56bada5ccb74713baf0e06f68003a08 [term 1 FOLLOWER]: Raft consensus shutting down.
I20260601 13:34:42.515681  2521 raft_consensus.cc:2272] T 2a5e50fe3b4540baa5916432f07a43c3 P c56bada5ccb74713baf0e06f68003a08 [term 1 FOLLOWER]: Raft consensus is shut down!
I20260601 13:34:42.528033  2521 tablet_server.cc:196] TabletServer@127.2.118.65:0 shutdown complete.
I20260601 13:34:42.529778  2521 tablet_server.cc:179] TabletServer@127.2.118.66:0 shutting down...
I20260601 13:34:42.532729  2521 ts_tablet_manager.cc:1507] Shutting down tablet manager...
I20260601 13:34:42.532889  2521 tablet_replica.cc:333] T 2a5e50fe3b4540baa5916432f07a43c3 P 783118883c9443799e5ca75032f9daac: stopping tablet replica
I20260601 13:34:42.533003  2521 raft_consensus.cc:2243] T 2a5e50fe3b4540baa5916432f07a43c3 P 783118883c9443799e5ca75032f9daac [term 1 LEADER]: Raft consensus shutting down.
I20260601 13:34:42.533186  2521 raft_consensus.cc:2272] T 2a5e50fe3b4540baa5916432f07a43c3 P 783118883c9443799e5ca75032f9daac [term 1 FOLLOWER]: Raft consensus is shut down!
I20260601 13:34:42.545071  2521 tablet_server.cc:196] TabletServer@127.2.118.66:0 shutdown complete.
I20260601 13:34:42.546375  2521 tablet_server.cc:179] TabletServer@127.2.118.67:0 shutting down...
I20260601 13:34:42.549480  2521 ts_tablet_manager.cc:1507] Shutting down tablet manager...
I20260601 13:34:42.549616  2521 tablet_replica.cc:333] T 2a5e50fe3b4540baa5916432f07a43c3 P 6316185770eb480bb29399229017d3b2: stopping tablet replica
I20260601 13:34:42.549707  2521 raft_consensus.cc:2243] T 2a5e50fe3b4540baa5916432f07a43c3 P 6316185770eb480bb29399229017d3b2 [term 1 FOLLOWER]: Raft consensus shutting down.
I20260601 13:34:42.549780  2521 raft_consensus.cc:2272] T 2a5e50fe3b4540baa5916432f07a43c3 P 6316185770eb480bb29399229017d3b2 [term 1 FOLLOWER]: Raft consensus is shut down!
I20260601 13:34:42.561530  2521 tablet_server.cc:196] TabletServer@127.2.118.67:0 shutdown complete.
I20260601 13:34:42.563140  2521 master.cc:562] Master@127.2.118.126:37517 shutting down...
I20260601 13:34:42.566079  2521 raft_consensus.cc:2243] T 00000000000000000000000000000000 P 0b9010b0a9e148fcb4440e9987ee7ada [term 1 LEADER]: Raft consensus shutting down.
I20260601 13:34:42.566226  2521 raft_consensus.cc:2272] T 00000000000000000000000000000000 P 0b9010b0a9e148fcb4440e9987ee7ada [term 1 FOLLOWER]: Raft consensus is shut down!
I20260601 13:34:42.566293  2521 tablet_replica.cc:333] T 00000000000000000000000000000000 P 0b9010b0a9e148fcb4440e9987ee7ada: stopping tablet replica
I20260601 13:34:42.578226  2521 master.cc:584] Master@127.2.118.126:37517 shutdown complete.
[       OK ] AutoRebalancerTest.NoReplicaMovesIfCannotFixPlacementPolicy (12346 ms)
[ RUN      ] AutoRebalancerTest.TestMaxMovesPerServer
I20260601 13:34:42.583606  2521 internal_mini_cluster.cc:156] Creating distributed mini masters. Addrs: 127.2.118.126:41325
I20260601 13:34:42.583842  2521 file_cache.cc:492] Constructed file cache file cache with capacity 419430
W20260601 13:34:42.585518  6907 instance_detector.cc:116] could not retrieve AWS instance metadata: Network error: curl error: HTTP response code said error: The requested URL returned error: 404
I20260601 13:34:42.585544  2521 server_base.cc:1061] running on GCE node
W20260601 13:34:42.585601  6910 instance_detector.cc:116] could not retrieve OpenStack instance metadata: Network error: curl error: HTTP response code said error: The requested URL returned error: 404
W20260601 13:34:42.585676  6908 instance_detector.cc:116] could not retrieve Azure instance metadata: Network error: curl error: HTTP response code said error: The requested URL returned error: 404
I20260601 13:34:42.585841  2521 hybrid_clock.cc:584] initializing the hybrid clock with 'system_unsync' time source
W20260601 13:34:42.585879  2521 system_unsync_time.cc:38] NTP support is disabled. Clock error bounds will not be accurate. This configuration is not suitable for distributed clusters.
I20260601 13:34:42.585892  2521 hybrid_clock.cc:648] HybridClock initialized: now 1780320882585892 us; error 0 us; skew 500 ppm
I20260601 13:34:42.586546  2521 webserver.cc:533] Webserver started at http://127.2.118.126:39543/ using document root <none> and password file <none>
I20260601 13:34:42.586685  2521 fs_manager.cc:362] Metadata directory not provided
I20260601 13:34:42.586738  2521 fs_manager.cc:368] Using write-ahead log directory (fs_wal_dir) as metadata directory
I20260601 13:34:42.586807  2521 server_base.cc:909] This appears to be a new deployment of Kudu; creating new FS layout
I20260601 13:34:42.587121  2521 fs_manager.cc:1068] Generated new instance metadata in path /tmp/dist-test-taskOTfowq/test-tmp/auto_rebalancer-test.0.AutoRebalancerTest.TestMaxMovesPerServer.1780320775562790-2521-0/minicluster-data/master-0-root/instance:
uuid: "a623c511068e49e28e6ad2971aa75877"
format_stamp: "Formatted at 2026-06-01 13:34:42 on dist-test-slave-skv3"
I20260601 13:34:42.588497  2521 fs_manager.cc:696] Time spent creating directory manager: real 0.001s	user 0.000s	sys 0.002s
I20260601 13:34:42.589334  6915 log_block_manager.cc:4031] Time spent loading block containers with low live blocks: real 0.000s	user 0.000s	sys 0.000s
I20260601 13:34:42.589555  2521 fs_manager.cc:730] Time spent opening block manager: real 0.001s	user 0.000s	sys 0.001s
I20260601 13:34:42.589605  2521 fs_manager.cc:647] Opened local filesystem: /tmp/dist-test-taskOTfowq/test-tmp/auto_rebalancer-test.0.AutoRebalancerTest.TestMaxMovesPerServer.1780320775562790-2521-0/minicluster-data/master-0-root
uuid: "a623c511068e49e28e6ad2971aa75877"
format_stamp: "Formatted at 2026-06-01 13:34:42 on dist-test-slave-skv3"
I20260601 13:34:42.589681  2521 fs_report.cc:389] FS layout report
--------------------
wal directory: /tmp/dist-test-taskOTfowq/test-tmp/auto_rebalancer-test.0.AutoRebalancerTest.TestMaxMovesPerServer.1780320775562790-2521-0/minicluster-data/master-0-root
metadata directory: /tmp/dist-test-taskOTfowq/test-tmp/auto_rebalancer-test.0.AutoRebalancerTest.TestMaxMovesPerServer.1780320775562790-2521-0/minicluster-data/master-0-root
1 data directories: /tmp/dist-test-taskOTfowq/test-tmp/auto_rebalancer-test.0.AutoRebalancerTest.TestMaxMovesPerServer.1780320775562790-2521-0/minicluster-data/master-0-root/data
Total live blocks: 0
Total live bytes: 0
Total live bytes (after alignment): 0
Total number of LBM containers: 0 (0 full)
Did not check for missing blocks
Did not check for orphaned blocks
Total full LBM containers with extra space: 0 (0 repaired)
Total full LBM container extra space in bytes: 0 (0 repaired)
Total incomplete LBM containers: 0 (0 repaired)
Total LBM partial records: 0 (0 repaired)
Total corrupted LBM metadata records in RocksDB: 0 (0 repaired)
I20260601 13:34:42.608659  2521 rpc_server.cc:225] running with OpenSSL 1.1.1  11 Sep 2018
I20260601 13:34:42.608960  2521 kserver.cc:163] Server-wide thread pool size limit: 3276
I20260601 13:34:42.612259  2521 rpc_server.cc:307] RPC server started. Bound to: 127.2.118.126:41325
I20260601 13:34:42.614243  6967 acceptor_pool.cc:272] collecting diagnostics on the listening RPC socket 127.2.118.126:41325 every 8 connection(s)
I20260601 13:34:42.614593  6968 data_dirs.cc:400] Could only allocate 1 dirs of requested 3 for tablet 00000000000000000000000000000000. 1 dirs total, 0 dirs full, 0 dirs failed
I20260601 13:34:42.616104  6968 tablet_bootstrap.cc:492] T 00000000000000000000000000000000 P a623c511068e49e28e6ad2971aa75877: Bootstrap starting.
I20260601 13:34:42.616655  6968 tablet_bootstrap.cc:654] T 00000000000000000000000000000000 P a623c511068e49e28e6ad2971aa75877: Neither blocks nor log segments found. Creating new log.
I20260601 13:34:42.617379  6968 tablet_bootstrap.cc:492] T 00000000000000000000000000000000 P a623c511068e49e28e6ad2971aa75877: No bootstrap required, opened a new log
I20260601 13:34:42.617637  6968 raft_consensus.cc:359] T 00000000000000000000000000000000 P a623c511068e49e28e6ad2971aa75877 [term 0 FOLLOWER]: Replica starting. Triggering 0 pending ops. Active config: opid_index: -1 OBSOLETE_local: true peers { permanent_uuid: "a623c511068e49e28e6ad2971aa75877" member_type: VOTER }
I20260601 13:34:42.617699  6968 raft_consensus.cc:385] T 00000000000000000000000000000000 P a623c511068e49e28e6ad2971aa75877 [term 0 FOLLOWER]: Consensus starting up: Expiring failure detector timer to make a prompt election more likely
I20260601 13:34:42.617718  6968 raft_consensus.cc:740] T 00000000000000000000000000000000 P a623c511068e49e28e6ad2971aa75877 [term 0 FOLLOWER]: Becoming Follower/Learner. State: Replica: a623c511068e49e28e6ad2971aa75877, State: Initialized, Role: FOLLOWER
I20260601 13:34:42.617815  6968 consensus_queue.cc:260] T 00000000000000000000000000000000 P a623c511068e49e28e6ad2971aa75877 [NON_LEADER]: Queue going to NON_LEADER mode. State: All replicated index: 0, Majority replicated index: 0, Committed index: 0, Last appended: 0.0, Last appended by leader: 0, Current term: 0, Majority size: -1, State: 0, Mode: NON_LEADER, active raft config: opid_index: -1 OBSOLETE_local: true peers { permanent_uuid: "a623c511068e49e28e6ad2971aa75877" member_type: VOTER }
I20260601 13:34:42.617863  6968 raft_consensus.cc:399] T 00000000000000000000000000000000 P a623c511068e49e28e6ad2971aa75877 [term 0 FOLLOWER]: Only one voter in the Raft config. Triggering election immediately
I20260601 13:34:42.617883  6968 raft_consensus.cc:493] T 00000000000000000000000000000000 P a623c511068e49e28e6ad2971aa75877 [term 0 FOLLOWER]: Starting leader election (initial election of a single-replica configuration)
I20260601 13:34:42.617914  6968 raft_consensus.cc:3060] T 00000000000000000000000000000000 P a623c511068e49e28e6ad2971aa75877 [term 0 FOLLOWER]: Advancing to term 1
I20260601 13:34:42.618472  6968 raft_consensus.cc:515] T 00000000000000000000000000000000 P a623c511068e49e28e6ad2971aa75877 [term 1 FOLLOWER]: Starting leader election with config: opid_index: -1 OBSOLETE_local: true peers { permanent_uuid: "a623c511068e49e28e6ad2971aa75877" member_type: VOTER }
I20260601 13:34:42.618566  6968 leader_election.cc:304] T 00000000000000000000000000000000 P a623c511068e49e28e6ad2971aa75877 [CANDIDATE]: Term 1 election: Election decided. Result: candidate won. Election summary: received 1 responses out of 1 voters: 1 yes votes; 0 no votes. yes voters: a623c511068e49e28e6ad2971aa75877; no voters: 
I20260601 13:34:42.618680  6968 leader_election.cc:290] T 00000000000000000000000000000000 P a623c511068e49e28e6ad2971aa75877 [CANDIDATE]: Term 1 election: Requested vote from peers 
I20260601 13:34:42.618880  6972 raft_consensus.cc:2804] T 00000000000000000000000000000000 P a623c511068e49e28e6ad2971aa75877 [term 1 FOLLOWER]: Leader election won for term 1
I20260601 13:34:42.619043  6972 raft_consensus.cc:697] T 00000000000000000000000000000000 P a623c511068e49e28e6ad2971aa75877 [term 1 LEADER]: Becoming Leader. State: Replica: a623c511068e49e28e6ad2971aa75877, State: Running, Role: LEADER
I20260601 13:34:42.619086  6968 sys_catalog.cc:565] T 00000000000000000000000000000000 P a623c511068e49e28e6ad2971aa75877 [sys.catalog]: configured and running, proceeding with master startup.
I20260601 13:34:42.619148  6972 consensus_queue.cc:237] T 00000000000000000000000000000000 P a623c511068e49e28e6ad2971aa75877 [LEADER]: Queue going to LEADER mode. State: All replicated index: 0, Majority replicated index: 0, Committed index: 0, Last appended: 0.0, Last appended by leader: 0, Current term: 1, Majority size: 1, State: 0, Mode: LEADER, active raft config: opid_index: -1 OBSOLETE_local: true peers { permanent_uuid: "a623c511068e49e28e6ad2971aa75877" member_type: VOTER }
I20260601 13:34:42.619531  6971 sys_catalog.cc:455] T 00000000000000000000000000000000 P a623c511068e49e28e6ad2971aa75877 [sys.catalog]: SysCatalogTable state changed. Reason: RaftConsensus started. Latest consensus state: current_term: 1 leader_uuid: "a623c511068e49e28e6ad2971aa75877" committed_config { opid_index: -1 OBSOLETE_local: true peers { permanent_uuid: "a623c511068e49e28e6ad2971aa75877" member_type: VOTER } }
I20260601 13:34:42.619613  6971 sys_catalog.cc:458] T 00000000000000000000000000000000 P a623c511068e49e28e6ad2971aa75877 [sys.catalog]: This master's current role is: LEADER
I20260601 13:34:42.619577  6973 sys_catalog.cc:455] T 00000000000000000000000000000000 P a623c511068e49e28e6ad2971aa75877 [sys.catalog]: SysCatalogTable state changed. Reason: New leader a623c511068e49e28e6ad2971aa75877. Latest consensus state: current_term: 1 leader_uuid: "a623c511068e49e28e6ad2971aa75877" committed_config { opid_index: -1 OBSOLETE_local: true peers { permanent_uuid: "a623c511068e49e28e6ad2971aa75877" member_type: VOTER } }
I20260601 13:34:42.619671  6973 sys_catalog.cc:458] T 00000000000000000000000000000000 P a623c511068e49e28e6ad2971aa75877 [sys.catalog]: This master's current role is: LEADER
I20260601 13:34:42.620071  6976 catalog_manager.cc:1510] Loading table and tablet metadata into memory...
I20260601 13:34:42.620640  6976 catalog_manager.cc:1519] Initializing Kudu cluster ID...
I20260601 13:34:42.620903  2521 internal_mini_cluster.cc:184] Waiting to initialize catalog manager on master 0
I20260601 13:34:42.622118  6976 catalog_manager.cc:1382] Generated new cluster ID: d67062f099ca48378293f303d5476903
I20260601 13:34:42.622184  6976 catalog_manager.cc:1530] Initializing Kudu internal certificate authority...
I20260601 13:34:42.638312  6976 catalog_manager.cc:1405] Generated new certificate authority record
I20260601 13:34:42.638764  6976 catalog_manager.cc:1539] Loading token signing keys...
I20260601 13:34:42.647055  6976 catalog_manager.cc:6069] T 00000000000000000000000000000000 P a623c511068e49e28e6ad2971aa75877: Generated new TSK 0
I20260601 13:34:42.647197  6976 catalog_manager.cc:1549] Initializing in-progress tserver states...
I20260601 13:34:42.652865  2521 file_cache.cc:492] Constructed file cache file cache with capacity 419430
W20260601 13:34:42.654342  6990 instance_detector.cc:116] could not retrieve Azure instance metadata: Network error: curl error: HTTP response code said error: The requested URL returned error: 404
W20260601 13:34:42.654417  6992 instance_detector.cc:116] could not retrieve OpenStack instance metadata: Network error: curl error: HTTP response code said error: The requested URL returned error: 404
I20260601 13:34:42.654541  2521 server_base.cc:1061] running on GCE node
W20260601 13:34:42.654649  6989 instance_detector.cc:116] could not retrieve AWS instance metadata: Network error: curl error: HTTP response code said error: The requested URL returned error: 404
I20260601 13:34:42.654801  2521 hybrid_clock.cc:584] initializing the hybrid clock with 'system_unsync' time source
W20260601 13:34:42.654838  2521 system_unsync_time.cc:38] NTP support is disabled. Clock error bounds will not be accurate. This configuration is not suitable for distributed clusters.
I20260601 13:34:42.654851  2521 hybrid_clock.cc:648] HybridClock initialized: now 1780320882654851 us; error 0 us; skew 500 ppm
I20260601 13:34:42.655530  2521 webserver.cc:533] Webserver started at http://127.2.118.65:36963/ using document root <none> and password file <none>
I20260601 13:34:42.655658  2521 fs_manager.cc:362] Metadata directory not provided
I20260601 13:34:42.655701  2521 fs_manager.cc:368] Using write-ahead log directory (fs_wal_dir) as metadata directory
I20260601 13:34:42.655757  2521 server_base.cc:909] This appears to be a new deployment of Kudu; creating new FS layout
I20260601 13:34:42.656018  2521 fs_manager.cc:1068] Generated new instance metadata in path /tmp/dist-test-taskOTfowq/test-tmp/auto_rebalancer-test.0.AutoRebalancerTest.TestMaxMovesPerServer.1780320775562790-2521-0/minicluster-data/ts-0-root/instance:
uuid: "1df2fabc1ead411e9582dde3b75fd941"
format_stamp: "Formatted at 2026-06-01 13:34:42 on dist-test-slave-skv3"
I20260601 13:34:42.657251  2521 fs_manager.cc:696] Time spent creating directory manager: real 0.001s	user 0.000s	sys 0.002s
I20260601 13:34:42.658037  6997 log_block_manager.cc:4031] Time spent loading block containers with low live blocks: real 0.000s	user 0.000s	sys 0.000s
I20260601 13:34:42.658272  2521 fs_manager.cc:730] Time spent opening block manager: real 0.001s	user 0.000s	sys 0.001s
I20260601 13:34:42.658350  2521 fs_manager.cc:647] Opened local filesystem: /tmp/dist-test-taskOTfowq/test-tmp/auto_rebalancer-test.0.AutoRebalancerTest.TestMaxMovesPerServer.1780320775562790-2521-0/minicluster-data/ts-0-root
uuid: "1df2fabc1ead411e9582dde3b75fd941"
format_stamp: "Formatted at 2026-06-01 13:34:42 on dist-test-slave-skv3"
I20260601 13:34:42.658422  2521 fs_report.cc:389] FS layout report
--------------------
wal directory: /tmp/dist-test-taskOTfowq/test-tmp/auto_rebalancer-test.0.AutoRebalancerTest.TestMaxMovesPerServer.1780320775562790-2521-0/minicluster-data/ts-0-root
metadata directory: /tmp/dist-test-taskOTfowq/test-tmp/auto_rebalancer-test.0.AutoRebalancerTest.TestMaxMovesPerServer.1780320775562790-2521-0/minicluster-data/ts-0-root
1 data directories: /tmp/dist-test-taskOTfowq/test-tmp/auto_rebalancer-test.0.AutoRebalancerTest.TestMaxMovesPerServer.1780320775562790-2521-0/minicluster-data/ts-0-root/data
Total live blocks: 0
Total live bytes: 0
Total live bytes (after alignment): 0
Total number of LBM containers: 0 (0 full)
Did not check for missing blocks
Did not check for orphaned blocks
Total full LBM containers with extra space: 0 (0 repaired)
Total full LBM container extra space in bytes: 0 (0 repaired)
Total incomplete LBM containers: 0 (0 repaired)
Total LBM partial records: 0 (0 repaired)
Total corrupted LBM metadata records in RocksDB: 0 (0 repaired)
I20260601 13:34:42.673027  2521 rpc_server.cc:225] running with OpenSSL 1.1.1  11 Sep 2018
I20260601 13:34:42.673285  2521 kserver.cc:163] Server-wide thread pool size limit: 3276
I20260601 13:34:42.673507  2521 txn_system_client.cc:432] TxnSystemClient initialization is disabled...
I20260601 13:34:42.673861  2521 ts_tablet_manager.cc:585] Loaded tablet metadata (0 total tablets, 0 live tablets)
I20260601 13:34:42.673913  2521 ts_tablet_manager.cc:531] Time spent load tablet metadata: real 0.000s	user 0.000s	sys 0.000s
I20260601 13:34:42.673956  2521 ts_tablet_manager.cc:616] Registered 0 tablets
I20260601 13:34:42.674000  2521 ts_tablet_manager.cc:595] Time spent register tablets: real 0.000s	user 0.000s	sys 0.000s
I20260601 13:34:42.677340  2521 rpc_server.cc:307] RPC server started. Bound to: 127.2.118.65:33877
I20260601 13:34:42.677359  7060 acceptor_pool.cc:272] collecting diagnostics on the listening RPC socket 127.2.118.65:33877 every 8 connection(s)
I20260601 13:34:42.677975  2521 file_cache.cc:492] Constructed file cache file cache with capacity 419430
W20260601 13:34:42.679483  7065 instance_detector.cc:116] could not retrieve AWS instance metadata: Network error: curl error: HTTP response code said error: The requested URL returned error: 404
W20260601 13:34:42.679553  7066 instance_detector.cc:116] could not retrieve Azure instance metadata: Network error: curl error: HTTP response code said error: The requested URL returned error: 404
I20260601 13:34:42.679764  2521 server_base.cc:1061] running on GCE node
W20260601 13:34:42.679891  7068 instance_detector.cc:116] could not retrieve OpenStack instance metadata: Network error: curl error: HTTP response code said error: The requested URL returned error: 404
I20260601 13:34:42.680068  2521 hybrid_clock.cc:584] initializing the hybrid clock with 'system_unsync' time source
W20260601 13:34:42.680133  2521 system_unsync_time.cc:38] NTP support is disabled. Clock error bounds will not be accurate. This configuration is not suitable for distributed clusters.
I20260601 13:34:42.680168  2521 hybrid_clock.cc:648] HybridClock initialized: now 1780320882680167 us; error 0 us; skew 500 ppm
I20260601 13:34:42.680827  2521 webserver.cc:533] Webserver started at http://127.2.118.66:37247/ using document root <none> and password file <none>
I20260601 13:34:42.680945  2521 fs_manager.cc:362] Metadata directory not provided
I20260601 13:34:42.680989  2521 fs_manager.cc:368] Using write-ahead log directory (fs_wal_dir) as metadata directory
I20260601 13:34:42.681051  2521 server_base.cc:909] This appears to be a new deployment of Kudu; creating new FS layout
I20260601 13:34:42.681305  2521 fs_manager.cc:1068] Generated new instance metadata in path /tmp/dist-test-taskOTfowq/test-tmp/auto_rebalancer-test.0.AutoRebalancerTest.TestMaxMovesPerServer.1780320775562790-2521-0/minicluster-data/ts-1-root/instance:
uuid: "26cf295191f34318b496876022d3a620"
format_stamp: "Formatted at 2026-06-01 13:34:42 on dist-test-slave-skv3"
I20260601 13:34:42.682466  2521 fs_manager.cc:696] Time spent creating directory manager: real 0.001s	user 0.001s	sys 0.000s
I20260601 13:34:42.683171  7073 log_block_manager.cc:4031] Time spent loading block containers with low live blocks: real 0.000s	user 0.000s	sys 0.000s
I20260601 13:34:42.683384  2521 fs_manager.cc:730] Time spent opening block manager: real 0.000s	user 0.001s	sys 0.000s
I20260601 13:34:42.683475  2521 fs_manager.cc:647] Opened local filesystem: /tmp/dist-test-taskOTfowq/test-tmp/auto_rebalancer-test.0.AutoRebalancerTest.TestMaxMovesPerServer.1780320775562790-2521-0/minicluster-data/ts-1-root
uuid: "26cf295191f34318b496876022d3a620"
format_stamp: "Formatted at 2026-06-01 13:34:42 on dist-test-slave-skv3"
I20260601 13:34:42.683549  2521 fs_report.cc:389] FS layout report
--------------------
wal directory: /tmp/dist-test-taskOTfowq/test-tmp/auto_rebalancer-test.0.AutoRebalancerTest.TestMaxMovesPerServer.1780320775562790-2521-0/minicluster-data/ts-1-root
metadata directory: /tmp/dist-test-taskOTfowq/test-tmp/auto_rebalancer-test.0.AutoRebalancerTest.TestMaxMovesPerServer.1780320775562790-2521-0/minicluster-data/ts-1-root
1 data directories: /tmp/dist-test-taskOTfowq/test-tmp/auto_rebalancer-test.0.AutoRebalancerTest.TestMaxMovesPerServer.1780320775562790-2521-0/minicluster-data/ts-1-root/data
Total live blocks: 0
Total live bytes: 0
Total live bytes (after alignment): 0
Total number of LBM containers: 0 (0 full)
Did not check for missing blocks
Did not check for orphaned blocks
Total full LBM containers with extra space: 0 (0 repaired)
Total full LBM container extra space in bytes: 0 (0 repaired)
Total incomplete LBM containers: 0 (0 repaired)
Total LBM partial records: 0 (0 repaired)
Total corrupted LBM metadata records in RocksDB: 0 (0 repaired)
I20260601 13:34:42.685868  7061 heartbeater.cc:344] Connected to a master server at 127.2.118.126:41325
I20260601 13:34:42.685966  7061 heartbeater.cc:461] Registering TS with master...
I20260601 13:34:42.686129  7061 heartbeater.cc:507] Master 127.2.118.126:41325 requested a full tablet report, sending...
I20260601 13:34:42.686604  6932 ts_manager.cc:194] Registered new tserver with Master: 1df2fabc1ead411e9582dde3b75fd941 (127.2.118.65:33877)
I20260601 13:34:42.687176  6932 master_service.cc:502] Signed X509 certificate for tserver {username='slave'} at 127.0.0.1:37510
I20260601 13:34:42.692953  2521 rpc_server.cc:225] running with OpenSSL 1.1.1  11 Sep 2018
I20260601 13:34:42.693228  2521 kserver.cc:163] Server-wide thread pool size limit: 3276
I20260601 13:34:42.693450  2521 txn_system_client.cc:432] TxnSystemClient initialization is disabled...
I20260601 13:34:42.693797  2521 ts_tablet_manager.cc:585] Loaded tablet metadata (0 total tablets, 0 live tablets)
I20260601 13:34:42.693850  2521 ts_tablet_manager.cc:531] Time spent load tablet metadata: real 0.000s	user 0.000s	sys 0.000s
I20260601 13:34:42.693893  2521 ts_tablet_manager.cc:616] Registered 0 tablets
I20260601 13:34:42.693935  2521 ts_tablet_manager.cc:595] Time spent register tablets: real 0.000s	user 0.000s	sys 0.000s
I20260601 13:34:42.697574  2521 rpc_server.cc:307] RPC server started. Bound to: 127.2.118.66:45611
