I20260601 13:34:18.906383  6247 data_dirs.cc:400] Could only allocate 1 dirs of requested 3 for tablet b3dd728dacdc4446992933549bdac373. 1 dirs total, 0 dirs full, 0 dirs failed
I20260601 13:34:18.907923  6539 tablet_bootstrap.cc:492] T b3dd728dacdc4446992933549bdac373 P 1e2bbb0219a14ebd8d5554e0e17b6819: Bootstrap starting.
I20260601 13:34:18.908281  6540 tablet_bootstrap.cc:492] T b3dd728dacdc4446992933549bdac373 P 24ca606ad4894b24a00a543512e42c6f: Bootstrap starting.
I20260601 13:34:18.908768  6539 tablet_bootstrap.cc:654] T b3dd728dacdc4446992933549bdac373 P 1e2bbb0219a14ebd8d5554e0e17b6819: Neither blocks nor log segments found. Creating new log.
I20260601 13:34:18.909096  6540 tablet_bootstrap.cc:654] T b3dd728dacdc4446992933549bdac373 P 24ca606ad4894b24a00a543512e42c6f: Neither blocks nor log segments found. Creating new log.
I20260601 13:34:18.909691  6539 tablet_bootstrap.cc:492] T b3dd728dacdc4446992933549bdac373 P 1e2bbb0219a14ebd8d5554e0e17b6819: No bootstrap required, opened a new log
I20260601 13:34:18.909782  6539 ts_tablet_manager.cc:1403] T b3dd728dacdc4446992933549bdac373 P 1e2bbb0219a14ebd8d5554e0e17b6819: Time spent bootstrapping tablet: real 0.002s	user 0.001s	sys 0.000s
I20260601 13:34:18.909997  6540 tablet_bootstrap.cc:492] T b3dd728dacdc4446992933549bdac373 P 24ca606ad4894b24a00a543512e42c6f: No bootstrap required, opened a new log
I20260601 13:34:18.910061  6540 ts_tablet_manager.cc:1403] T b3dd728dacdc4446992933549bdac373 P 24ca606ad4894b24a00a543512e42c6f: Time spent bootstrapping tablet: real 0.002s	user 0.001s	sys 0.000s
I20260601 13:34:18.910142  6539 raft_consensus.cc:359] T b3dd728dacdc4446992933549bdac373 P 1e2bbb0219a14ebd8d5554e0e17b6819 [term 0 FOLLOWER]: Replica starting. Triggering 0 pending ops. Active config: opid_index: -1 OBSOLETE_local: false peers { permanent_uuid: "02f624e1a4b0428981b1d38358a3adb2" member_type: VOTER last_known_addr { host: "127.2.118.65" port: 44999 } } peers { permanent_uuid: "1e2bbb0219a14ebd8d5554e0e17b6819" member_type: VOTER last_known_addr { host: "127.2.118.66" port: 41415 } } peers { permanent_uuid: "24ca606ad4894b24a00a543512e42c6f" member_type: VOTER last_known_addr { host: "127.2.118.67" port: 39767 } }
I20260601 13:34:18.910240  6539 raft_consensus.cc:385] T b3dd728dacdc4446992933549bdac373 P 1e2bbb0219a14ebd8d5554e0e17b6819 [term 0 FOLLOWER]: Consensus starting up: Expiring failure detector timer to make a prompt election more likely
I20260601 13:34:18.910279  6539 raft_consensus.cc:740] T b3dd728dacdc4446992933549bdac373 P 1e2bbb0219a14ebd8d5554e0e17b6819 [term 0 FOLLOWER]: Becoming Follower/Learner. State: Replica: 1e2bbb0219a14ebd8d5554e0e17b6819, State: Initialized, Role: FOLLOWER
I20260601 13:34:18.910396  6539 consensus_queue.cc:260] T b3dd728dacdc4446992933549bdac373 P 1e2bbb0219a14ebd8d5554e0e17b6819 [NON_LEADER]: Queue going to NON_LEADER mode. State: All replicated index: 0, Majority replicated index: 0, Committed index: 0, Last appended: 0.0, Last appended by leader: 0, Current term: 0, Majority size: -1, State: 0, Mode: NON_LEADER, active raft config: opid_index: -1 OBSOLETE_local: false peers { permanent_uuid: "02f624e1a4b0428981b1d38358a3adb2" member_type: VOTER last_known_addr { host: "127.2.118.65" port: 44999 } } peers { permanent_uuid: "1e2bbb0219a14ebd8d5554e0e17b6819" member_type: VOTER last_known_addr { host: "127.2.118.66" port: 41415 } } peers { permanent_uuid: "24ca606ad4894b24a00a543512e42c6f" member_type: VOTER last_known_addr { host: "127.2.118.67" port: 39767 } }
I20260601 13:34:18.910458  6540 raft_consensus.cc:359] T b3dd728dacdc4446992933549bdac373 P 24ca606ad4894b24a00a543512e42c6f [term 0 FOLLOWER]: Replica starting. Triggering 0 pending ops. Active config: opid_index: -1 OBSOLETE_local: false peers { permanent_uuid: "02f624e1a4b0428981b1d38358a3adb2" member_type: VOTER last_known_addr { host: "127.2.118.65" port: 44999 } } peers { permanent_uuid: "1e2bbb0219a14ebd8d5554e0e17b6819" member_type: VOTER last_known_addr { host: "127.2.118.66" port: 41415 } } peers { permanent_uuid: "24ca606ad4894b24a00a543512e42c6f" member_type: VOTER last_known_addr { host: "127.2.118.67" port: 39767 } }
I20260601 13:34:18.910573  6540 raft_consensus.cc:385] T b3dd728dacdc4446992933549bdac373 P 24ca606ad4894b24a00a543512e42c6f [term 0 FOLLOWER]: Consensus starting up: Expiring failure detector timer to make a prompt election more likely
I20260601 13:34:18.910611  6540 raft_consensus.cc:740] T b3dd728dacdc4446992933549bdac373 P 24ca606ad4894b24a00a543512e42c6f [term 0 FOLLOWER]: Becoming Follower/Learner. State: Replica: 24ca606ad4894b24a00a543512e42c6f, State: Initialized, Role: FOLLOWER
I20260601 13:34:18.910727  6540 consensus_queue.cc:260] T b3dd728dacdc4446992933549bdac373 P 24ca606ad4894b24a00a543512e42c6f [NON_LEADER]: Queue going to NON_LEADER mode. State: All replicated index: 0, Majority replicated index: 0, Committed index: 0, Last appended: 0.0, Last appended by leader: 0, Current term: 0, Majority size: -1, State: 0, Mode: NON_LEADER, active raft config: opid_index: -1 OBSOLETE_local: false peers { permanent_uuid: "02f624e1a4b0428981b1d38358a3adb2" member_type: VOTER last_known_addr { host: "127.2.118.65" port: 44999 } } peers { permanent_uuid: "1e2bbb0219a14ebd8d5554e0e17b6819" member_type: VOTER last_known_addr { host: "127.2.118.66" port: 41415 } } peers { permanent_uuid: "24ca606ad4894b24a00a543512e42c6f" member_type: VOTER last_known_addr { host: "127.2.118.67" port: 39767 } }
I20260601 13:34:18.910974  6539 ts_tablet_manager.cc:1434] T b3dd728dacdc4446992933549bdac373 P 1e2bbb0219a14ebd8d5554e0e17b6819: Time spent starting tablet: real 0.001s	user 0.001s	sys 0.000s
I20260601 13:34:18.911017  6540 ts_tablet_manager.cc:1434] T b3dd728dacdc4446992933549bdac373 P 24ca606ad4894b24a00a543512e42c6f: Time spent starting tablet: real 0.001s	user 0.001s	sys 0.000s
I20260601 13:34:18.911172  6541 tablet_bootstrap.cc:492] T b3dd728dacdc4446992933549bdac373 P 02f624e1a4b0428981b1d38358a3adb2: Bootstrap starting.
I20260601 13:34:18.912184  6541 tablet_bootstrap.cc:654] T b3dd728dacdc4446992933549bdac373 P 02f624e1a4b0428981b1d38358a3adb2: Neither blocks nor log segments found. Creating new log.
I20260601 13:34:18.913709  6541 tablet_bootstrap.cc:492] T b3dd728dacdc4446992933549bdac373 P 02f624e1a4b0428981b1d38358a3adb2: No bootstrap required, opened a new log
I20260601 13:34:18.913797  6541 ts_tablet_manager.cc:1403] T b3dd728dacdc4446992933549bdac373 P 02f624e1a4b0428981b1d38358a3adb2: Time spent bootstrapping tablet: real 0.003s	user 0.001s	sys 0.000s
I20260601 13:34:18.914089  6541 raft_consensus.cc:359] T b3dd728dacdc4446992933549bdac373 P 02f624e1a4b0428981b1d38358a3adb2 [term 0 FOLLOWER]: Replica starting. Triggering 0 pending ops. Active config: opid_index: -1 OBSOLETE_local: false peers { permanent_uuid: "02f624e1a4b0428981b1d38358a3adb2" member_type: VOTER last_known_addr { host: "127.2.118.65" port: 44999 } } peers { permanent_uuid: "1e2bbb0219a14ebd8d5554e0e17b6819" member_type: VOTER last_known_addr { host: "127.2.118.66" port: 41415 } } peers { permanent_uuid: "24ca606ad4894b24a00a543512e42c6f" member_type: VOTER last_known_addr { host: "127.2.118.67" port: 39767 } }
I20260601 13:34:18.914181  6541 raft_consensus.cc:385] T b3dd728dacdc4446992933549bdac373 P 02f624e1a4b0428981b1d38358a3adb2 [term 0 FOLLOWER]: Consensus starting up: Expiring failure detector timer to make a prompt election more likely
I20260601 13:34:18.914222  6541 raft_consensus.cc:740] T b3dd728dacdc4446992933549bdac373 P 02f624e1a4b0428981b1d38358a3adb2 [term 0 FOLLOWER]: Becoming Follower/Learner. State: Replica: 02f624e1a4b0428981b1d38358a3adb2, State: Initialized, Role: FOLLOWER
I20260601 13:34:18.914331  6541 consensus_queue.cc:260] T b3dd728dacdc4446992933549bdac373 P 02f624e1a4b0428981b1d38358a3adb2 [NON_LEADER]: Queue going to NON_LEADER mode. State: All replicated index: 0, Majority replicated index: 0, Committed index: 0, Last appended: 0.0, Last appended by leader: 0, Current term: 0, Majority size: -1, State: 0, Mode: NON_LEADER, active raft config: opid_index: -1 OBSOLETE_local: false peers { permanent_uuid: "02f624e1a4b0428981b1d38358a3adb2" member_type: VOTER last_known_addr { host: "127.2.118.65" port: 44999 } } peers { permanent_uuid: "1e2bbb0219a14ebd8d5554e0e17b6819" member_type: VOTER last_known_addr { host: "127.2.118.66" port: 41415 } } peers { permanent_uuid: "24ca606ad4894b24a00a543512e42c6f" member_type: VOTER last_known_addr { host: "127.2.118.67" port: 39767 } }
I20260601 13:34:18.914606  6541 ts_tablet_manager.cc:1434] T b3dd728dacdc4446992933549bdac373 P 02f624e1a4b0428981b1d38358a3adb2: Time spent starting tablet: real 0.001s	user 0.001s	sys 0.000s
I20260601 13:34:19.057886  6544 raft_consensus.cc:493] T b3dd728dacdc4446992933549bdac373 P 1e2bbb0219a14ebd8d5554e0e17b6819 [term 0 FOLLOWER]: Starting pre-election (no leader contacted us within the election timeout)
I20260601 13:34:19.058051  6544 raft_consensus.cc:515] T b3dd728dacdc4446992933549bdac373 P 1e2bbb0219a14ebd8d5554e0e17b6819 [term 0 FOLLOWER]: Starting pre-election with config: opid_index: -1 OBSOLETE_local: false peers { permanent_uuid: "02f624e1a4b0428981b1d38358a3adb2" member_type: VOTER last_known_addr { host: "127.2.118.65" port: 44999 } } peers { permanent_uuid: "1e2bbb0219a14ebd8d5554e0e17b6819" member_type: VOTER last_known_addr { host: "127.2.118.66" port: 41415 } } peers { permanent_uuid: "24ca606ad4894b24a00a543512e42c6f" member_type: VOTER last_known_addr { host: "127.2.118.67" port: 39767 } }
I20260601 13:34:19.058503  6544 leader_election.cc:290] T b3dd728dacdc4446992933549bdac373 P 1e2bbb0219a14ebd8d5554e0e17b6819 [CANDIDATE]: Term 1 pre-election: Requested pre-vote from peers 02f624e1a4b0428981b1d38358a3adb2 (127.2.118.65:44999), 24ca606ad4894b24a00a543512e42c6f (127.2.118.67:39767)
I20260601 13:34:19.061348  6266 tablet_service.cc:1917] Received RequestConsensusVote() RPC: tablet_id: "b3dd728dacdc4446992933549bdac373" candidate_uuid: "1e2bbb0219a14ebd8d5554e0e17b6819" candidate_term: 1 candidate_status { last_received { term: 0 index: 0 } } ignore_live_leader: false dest_uuid: "02f624e1a4b0428981b1d38358a3adb2" is_pre_election: true
I20260601 13:34:19.061478  6266 raft_consensus.cc:2468] T b3dd728dacdc4446992933549bdac373 P 02f624e1a4b0428981b1d38358a3adb2 [term 0 FOLLOWER]: Leader pre-election vote request: Granting yes vote for candidate 1e2bbb0219a14ebd8d5554e0e17b6819 in term 0.
I20260601 13:34:19.061767  6307 leader_election.cc:304] T b3dd728dacdc4446992933549bdac373 P 1e2bbb0219a14ebd8d5554e0e17b6819 [CANDIDATE]: Term 1 pre-election: Election decided. Result: candidate won. Election summary: received 2 responses out of 3 voters: 2 yes votes; 0 no votes. yes voters: 02f624e1a4b0428981b1d38358a3adb2, 1e2bbb0219a14ebd8d5554e0e17b6819; no voters: 
I20260601 13:34:19.061883  6417 tablet_service.cc:1917] Received RequestConsensusVote() RPC: tablet_id: "b3dd728dacdc4446992933549bdac373" candidate_uuid: "1e2bbb0219a14ebd8d5554e0e17b6819" candidate_term: 1 candidate_status { last_received { term: 0 index: 0 } } ignore_live_leader: false dest_uuid: "24ca606ad4894b24a00a543512e42c6f" is_pre_election: true
I20260601 13:34:19.061951  6544 raft_consensus.cc:2804] T b3dd728dacdc4446992933549bdac373 P 1e2bbb0219a14ebd8d5554e0e17b6819 [term 0 FOLLOWER]: Leader pre-election won for term 1
I20260601 13:34:19.061975  6417 raft_consensus.cc:2468] T b3dd728dacdc4446992933549bdac373 P 24ca606ad4894b24a00a543512e42c6f [term 0 FOLLOWER]: Leader pre-election vote request: Granting yes vote for candidate 1e2bbb0219a14ebd8d5554e0e17b6819 in term 0.
I20260601 13:34:19.061998  6544 raft_consensus.cc:493] T b3dd728dacdc4446992933549bdac373 P 1e2bbb0219a14ebd8d5554e0e17b6819 [term 0 FOLLOWER]: Starting leader election (no leader contacted us within the election timeout)
I20260601 13:34:19.062034  6544 raft_consensus.cc:3060] T b3dd728dacdc4446992933549bdac373 P 1e2bbb0219a14ebd8d5554e0e17b6819 [term 0 FOLLOWER]: Advancing to term 1
I20260601 13:34:19.062769  6544 raft_consensus.cc:515] T b3dd728dacdc4446992933549bdac373 P 1e2bbb0219a14ebd8d5554e0e17b6819 [term 1 FOLLOWER]: Starting leader election with config: opid_index: -1 OBSOLETE_local: false peers { permanent_uuid: "02f624e1a4b0428981b1d38358a3adb2" member_type: VOTER last_known_addr { host: "127.2.118.65" port: 44999 } } peers { permanent_uuid: "1e2bbb0219a14ebd8d5554e0e17b6819" member_type: VOTER last_known_addr { host: "127.2.118.66" port: 41415 } } peers { permanent_uuid: "24ca606ad4894b24a00a543512e42c6f" member_type: VOTER last_known_addr { host: "127.2.118.67" port: 39767 } }
I20260601 13:34:19.063002  6544 leader_election.cc:290] T b3dd728dacdc4446992933549bdac373 P 1e2bbb0219a14ebd8d5554e0e17b6819 [CANDIDATE]: Term 1 election: Requested vote from peers 02f624e1a4b0428981b1d38358a3adb2 (127.2.118.65:44999), 24ca606ad4894b24a00a543512e42c6f (127.2.118.67:39767)
I20260601 13:34:19.063283  6266 tablet_service.cc:1917] Received RequestConsensusVote() RPC: tablet_id: "b3dd728dacdc4446992933549bdac373" candidate_uuid: "1e2bbb0219a14ebd8d5554e0e17b6819" candidate_term: 1 candidate_status { last_received { term: 0 index: 0 } } ignore_live_leader: false dest_uuid: "02f624e1a4b0428981b1d38358a3adb2"
I20260601 13:34:19.063315  6417 tablet_service.cc:1917] Received RequestConsensusVote() RPC: tablet_id: "b3dd728dacdc4446992933549bdac373" candidate_uuid: "1e2bbb0219a14ebd8d5554e0e17b6819" candidate_term: 1 candidate_status { last_received { term: 0 index: 0 } } ignore_live_leader: false dest_uuid: "24ca606ad4894b24a00a543512e42c6f"
I20260601 13:34:19.063364  6266 raft_consensus.cc:3060] T b3dd728dacdc4446992933549bdac373 P 02f624e1a4b0428981b1d38358a3adb2 [term 0 FOLLOWER]: Advancing to term 1
I20260601 13:34:19.063462  6417 raft_consensus.cc:3060] T b3dd728dacdc4446992933549bdac373 P 24ca606ad4894b24a00a543512e42c6f [term 0 FOLLOWER]: Advancing to term 1
I20260601 13:34:19.064100  6266 raft_consensus.cc:2468] T b3dd728dacdc4446992933549bdac373 P 02f624e1a4b0428981b1d38358a3adb2 [term 1 FOLLOWER]: Leader election vote request: Granting yes vote for candidate 1e2bbb0219a14ebd8d5554e0e17b6819 in term 1.
I20260601 13:34:19.064172  6417 raft_consensus.cc:2468] T b3dd728dacdc4446992933549bdac373 P 24ca606ad4894b24a00a543512e42c6f [term 1 FOLLOWER]: Leader election vote request: Granting yes vote for candidate 1e2bbb0219a14ebd8d5554e0e17b6819 in term 1.
I20260601 13:34:19.064313  6307 leader_election.cc:304] T b3dd728dacdc4446992933549bdac373 P 1e2bbb0219a14ebd8d5554e0e17b6819 [CANDIDATE]: Term 1 election: Election decided. Result: candidate won. Election summary: received 2 responses out of 3 voters: 2 yes votes; 0 no votes. yes voters: 02f624e1a4b0428981b1d38358a3adb2, 1e2bbb0219a14ebd8d5554e0e17b6819; no voters: 
I20260601 13:34:19.064461  6544 raft_consensus.cc:2804] T b3dd728dacdc4446992933549bdac373 P 1e2bbb0219a14ebd8d5554e0e17b6819 [term 1 FOLLOWER]: Leader election won for term 1
I20260601 13:34:19.064620  6544 raft_consensus.cc:697] T b3dd728dacdc4446992933549bdac373 P 1e2bbb0219a14ebd8d5554e0e17b6819 [term 1 LEADER]: Becoming Leader. State: Replica: 1e2bbb0219a14ebd8d5554e0e17b6819, State: Running, Role: LEADER
I20260601 13:34:19.064749  6544 consensus_queue.cc:237] T b3dd728dacdc4446992933549bdac373 P 1e2bbb0219a14ebd8d5554e0e17b6819 [LEADER]: Queue going to LEADER mode. State: All replicated index: 0, Majority replicated index: 0, Committed index: 0, Last appended: 0.0, Last appended by leader: 0, Current term: 1, Majority size: 2, State: 0, Mode: LEADER, active raft config: opid_index: -1 OBSOLETE_local: false peers { permanent_uuid: "02f624e1a4b0428981b1d38358a3adb2" member_type: VOTER last_known_addr { host: "127.2.118.65" port: 44999 } } peers { permanent_uuid: "1e2bbb0219a14ebd8d5554e0e17b6819" member_type: VOTER last_known_addr { host: "127.2.118.66" port: 41415 } } peers { permanent_uuid: "24ca606ad4894b24a00a543512e42c6f" member_type: VOTER last_known_addr { host: "127.2.118.67" port: 39767 } }
I20260601 13:34:19.065924  6163 catalog_manager.cc:5696] T b3dd728dacdc4446992933549bdac373 P 1e2bbb0219a14ebd8d5554e0e17b6819 reported cstate change: term changed from 0 to 1, leader changed from <none> to 1e2bbb0219a14ebd8d5554e0e17b6819 (127.2.118.66). New cstate: current_term: 1 leader_uuid: "1e2bbb0219a14ebd8d5554e0e17b6819" committed_config { opid_index: -1 OBSOLETE_local: false peers { permanent_uuid: "02f624e1a4b0428981b1d38358a3adb2" member_type: VOTER last_known_addr { host: "127.2.118.65" port: 44999 } health_report { overall_health: UNKNOWN } } peers { permanent_uuid: "1e2bbb0219a14ebd8d5554e0e17b6819" member_type: VOTER last_known_addr { host: "127.2.118.66" port: 41415 } health_report { overall_health: HEALTHY } } peers { permanent_uuid: "24ca606ad4894b24a00a543512e42c6f" member_type: VOTER last_known_addr { host: "127.2.118.67" port: 39767 } health_report { overall_health: UNKNOWN } } }
I20260601 13:34:19.504947  6544 consensus_queue.cc:1048] T b3dd728dacdc4446992933549bdac373 P 1e2bbb0219a14ebd8d5554e0e17b6819 [LEADER]: Connected to new peer: Peer: permanent_uuid: "02f624e1a4b0428981b1d38358a3adb2" member_type: VOTER last_known_addr { host: "127.2.118.65" port: 44999 }, Status: LMP_MISMATCH, Last received: 0.0, Next index: 1, Last known committed idx: 0, Time since last communication: 0.000s
I20260601 13:34:19.507880  6544 consensus_queue.cc:1048] T b3dd728dacdc4446992933549bdac373 P 1e2bbb0219a14ebd8d5554e0e17b6819 [LEADER]: Connected to new peer: Peer: permanent_uuid: "24ca606ad4894b24a00a543512e42c6f" member_type: VOTER last_known_addr { host: "127.2.118.67" port: 39767 }, Status: LMP_MISMATCH, Last received: 0.0, Next index: 1, Last known committed idx: 0, Time since last communication: 0.000s
I20260601 13:34:19.734956  6217 auto_leader_rebalancer.cc:140] leader rebalance for table test-workload
I20260601 13:34:19.735157  6217 auto_leader_rebalancer.cc:388] table: test-workload, leader rebalance finish, leader transfer count: 0
I20260601 13:34:19.735217  6217 auto_leader_rebalancer.cc:451] All tables' leader rebalancing finished this round
I20260601 13:34:21.735466  6217 auto_leader_rebalancer.cc:140] leader rebalance for table test-workload
I20260601 13:34:21.735735  6217 auto_leader_rebalancer.cc:388] table: test-workload, leader rebalance finish, leader transfer count: 0
I20260601 13:34:21.735785  6217 auto_leader_rebalancer.cc:451] All tables' leader rebalancing finished this round
I20260601 13:34:23.736027  6217 auto_leader_rebalancer.cc:140] leader rebalance for table test-workload
I20260601 13:34:23.736336  6217 auto_leader_rebalancer.cc:388] table: test-workload, leader rebalance finish, leader transfer count: 0
I20260601 13:34:23.736392  6217 auto_leader_rebalancer.cc:451] All tables' leader rebalancing finished this round
I20260601 13:34:25.736646  6217 auto_leader_rebalancer.cc:140] leader rebalance for table test-workload
I20260601 13:34:25.736946  6217 auto_leader_rebalancer.cc:388] table: test-workload, leader rebalance finish, leader transfer count: 0
I20260601 13:34:25.737000  6217 auto_leader_rebalancer.cc:451] All tables' leader rebalancing finished this round
I20260601 13:34:27.737334  6217 auto_leader_rebalancer.cc:140] leader rebalance for table test-workload
I20260601 13:34:27.737651  6217 auto_leader_rebalancer.cc:388] table: test-workload, leader rebalance finish, leader transfer count: 0
I20260601 13:34:27.737715  6217 auto_leader_rebalancer.cc:451] All tables' leader rebalancing finished this round
I20260601 13:34:29.737998  6217 auto_leader_rebalancer.cc:140] leader rebalance for table test-workload
I20260601 13:34:29.738271  6217 auto_leader_rebalancer.cc:388] table: test-workload, leader rebalance finish, leader transfer count: 0
I20260601 13:34:29.738360  6217 auto_leader_rebalancer.cc:451] All tables' leader rebalancing finished this round
I20260601 13:34:30.143510  2521 tablet_server.cc:179] TabletServer@127.2.118.65:0 shutting down...
I20260601 13:34:30.146919  2521 ts_tablet_manager.cc:1507] Shutting down tablet manager...
I20260601 13:34:30.147116  2521 tablet_replica.cc:333] T b3dd728dacdc4446992933549bdac373 P 02f624e1a4b0428981b1d38358a3adb2: stopping tablet replica
I20260601 13:34:30.147235  2521 raft_consensus.cc:2243] T b3dd728dacdc4446992933549bdac373 P 02f624e1a4b0428981b1d38358a3adb2 [term 1 FOLLOWER]: Raft consensus shutting down.
I20260601 13:34:30.147341  2521 raft_consensus.cc:2272] T b3dd728dacdc4446992933549bdac373 P 02f624e1a4b0428981b1d38358a3adb2 [term 1 FOLLOWER]: Raft consensus is shut down!
I20260601 13:34:30.160954  2521 tablet_server.cc:196] TabletServer@127.2.118.65:0 shutdown complete.
I20260601 13:34:30.162708  2521 tablet_server.cc:179] TabletServer@127.2.118.66:0 shutting down...
I20260601 13:34:30.166181  2521 ts_tablet_manager.cc:1507] Shutting down tablet manager...
I20260601 13:34:30.166342  2521 tablet_replica.cc:333] T b3dd728dacdc4446992933549bdac373 P 1e2bbb0219a14ebd8d5554e0e17b6819: stopping tablet replica
I20260601 13:34:30.166455  2521 raft_consensus.cc:2243] T b3dd728dacdc4446992933549bdac373 P 1e2bbb0219a14ebd8d5554e0e17b6819 [term 1 LEADER]: Raft consensus shutting down.
I20260601 13:34:30.166640  2521 raft_consensus.cc:2272] T b3dd728dacdc4446992933549bdac373 P 1e2bbb0219a14ebd8d5554e0e17b6819 [term 1 FOLLOWER]: Raft consensus is shut down!
I20260601 13:34:30.178936  2521 tablet_server.cc:196] TabletServer@127.2.118.66:0 shutdown complete.
I20260601 13:34:30.180516  2521 tablet_server.cc:179] TabletServer@127.2.118.67:0 shutting down...
I20260601 13:34:30.184299  2521 ts_tablet_manager.cc:1507] Shutting down tablet manager...
I20260601 13:34:30.184446  2521 tablet_replica.cc:333] T b3dd728dacdc4446992933549bdac373 P 24ca606ad4894b24a00a543512e42c6f: stopping tablet replica
I20260601 13:34:30.184545  2521 raft_consensus.cc:2243] T b3dd728dacdc4446992933549bdac373 P 24ca606ad4894b24a00a543512e42c6f [term 1 FOLLOWER]: Raft consensus shutting down.
I20260601 13:34:30.184651  2521 raft_consensus.cc:2272] T b3dd728dacdc4446992933549bdac373 P 24ca606ad4894b24a00a543512e42c6f [term 1 FOLLOWER]: Raft consensus is shut down!
I20260601 13:34:30.197300  2521 tablet_server.cc:196] TabletServer@127.2.118.67:0 shutdown complete.
I20260601 13:34:30.198771  2521 tablet_server.cc:179] TabletServer@127.2.118.68:0 shutting down...
I20260601 13:34:30.202518  2521 ts_tablet_manager.cc:1507] Shutting down tablet manager...
I20260601 13:34:30.214178  2521 tablet_server.cc:196] TabletServer@127.2.118.68:0 shutdown complete.
I20260601 13:34:30.215502  2521 master.cc:562] Master@127.2.118.126:40539 shutting down...
I20260601 13:34:30.218488  2521 raft_consensus.cc:2243] T 00000000000000000000000000000000 P 05792baca56e4371bbe97ee1199ed40f [term 1 LEADER]: Raft consensus shutting down.
I20260601 13:34:30.218614  2521 raft_consensus.cc:2272] T 00000000000000000000000000000000 P 05792baca56e4371bbe97ee1199ed40f [term 1 FOLLOWER]: Raft consensus is shut down!
I20260601 13:34:30.218673  2521 tablet_replica.cc:333] T 00000000000000000000000000000000 P 05792baca56e4371bbe97ee1199ed40f: stopping tablet replica
I20260601 13:34:30.231621  2521 master.cc:584] Master@127.2.118.126:40539 shutdown complete.
[       OK ] AutoRebalancerTest.NoReplicaMovesIfLocationLoadSkewedByOne (12535 ms)
[ RUN      ] AutoRebalancerTest.NoReplicaMovesIfCannotFixPlacementPolicy
I20260601 13:34:30.237229  2521 internal_mini_cluster.cc:156] Creating distributed mini masters. Addrs: 127.2.118.126:37517
I20260601 13:34:30.237574  2521 file_cache.cc:492] Constructed file cache file cache with capacity 419430
W20260601 13:34:30.239081  6560 instance_detector.cc:116] could not retrieve AWS instance metadata: Network error: curl error: HTTP response code said error: The requested URL returned error: 404
W20260601 13:34:30.239207  6563 instance_detector.cc:116] could not retrieve OpenStack instance metadata: Network error: curl error: HTTP response code said error: The requested URL returned error: 404
W20260601 13:34:30.239295  6561 instance_detector.cc:116] could not retrieve Azure instance metadata: Network error: curl error: HTTP response code said error: The requested URL returned error: 404
I20260601 13:34:30.239320  2521 server_base.cc:1061] running on GCE node
I20260601 13:34:30.239472  2521 hybrid_clock.cc:584] initializing the hybrid clock with 'system_unsync' time source
W20260601 13:34:30.239504  2521 system_unsync_time.cc:38] NTP support is disabled. Clock error bounds will not be accurate. This configuration is not suitable for distributed clusters.
I20260601 13:34:30.239517  2521 hybrid_clock.cc:648] HybridClock initialized: now 1780320870239517 us; error 0 us; skew 500 ppm
I20260601 13:34:30.240090  2521 webserver.cc:533] Webserver started at http://127.2.118.126:33907/ using document root <none> and password file <none>
I20260601 13:34:30.240224  2521 fs_manager.cc:362] Metadata directory not provided
I20260601 13:34:30.240257  2521 fs_manager.cc:368] Using write-ahead log directory (fs_wal_dir) as metadata directory
I20260601 13:34:30.240299  2521 server_base.cc:909] This appears to be a new deployment of Kudu; creating new FS layout
I20260601 13:34:30.240578  2521 fs_manager.cc:1068] Generated new instance metadata in path /tmp/dist-test-taskOTfowq/test-tmp/auto_rebalancer-test.0.AutoRebalancerTest.NoReplicaMovesIfCannotFixPlacementPolicy.1780320775562790-2521-0/minicluster-data/master-0-root/instance:
uuid: "0b9010b0a9e148fcb4440e9987ee7ada"
format_stamp: "Formatted at 2026-06-01 13:34:30 on dist-test-slave-skv3"
I20260601 13:34:30.241696  2521 fs_manager.cc:696] Time spent creating directory manager: real 0.001s	user 0.000s	sys 0.001s
I20260601 13:34:30.242390  6568 log_block_manager.cc:4031] Time spent loading block containers with low live blocks: real 0.000s	user 0.000s	sys 0.000s
I20260601 13:34:30.242620  2521 fs_manager.cc:730] Time spent opening block manager: real 0.001s	user 0.000s	sys 0.001s
I20260601 13:34:30.242693  2521 fs_manager.cc:647] Opened local filesystem: /tmp/dist-test-taskOTfowq/test-tmp/auto_rebalancer-test.0.AutoRebalancerTest.NoReplicaMovesIfCannotFixPlacementPolicy.1780320775562790-2521-0/minicluster-data/master-0-root
uuid: "0b9010b0a9e148fcb4440e9987ee7ada"
format_stamp: "Formatted at 2026-06-01 13:34:30 on dist-test-slave-skv3"
I20260601 13:34:30.242766  2521 fs_report.cc:389] FS layout report
--------------------
wal directory: /tmp/dist-test-taskOTfowq/test-tmp/auto_rebalancer-test.0.AutoRebalancerTest.NoReplicaMovesIfCannotFixPlacementPolicy.1780320775562790-2521-0/minicluster-data/master-0-root
metadata directory: /tmp/dist-test-taskOTfowq/test-tmp/auto_rebalancer-test.0.AutoRebalancerTest.NoReplicaMovesIfCannotFixPlacementPolicy.1780320775562790-2521-0/minicluster-data/master-0-root
1 data directories: /tmp/dist-test-taskOTfowq/test-tmp/auto_rebalancer-test.0.AutoRebalancerTest.NoReplicaMovesIfCannotFixPlacementPolicy.1780320775562790-2521-0/minicluster-data/master-0-root/data
Total live blocks: 0
Total live bytes: 0
Total live bytes (after alignment): 0
Total number of LBM containers: 0 (0 full)
Did not check for missing blocks
Did not check for orphaned blocks
Total full LBM containers with extra space: 0 (0 repaired)
Total full LBM container extra space in bytes: 0 (0 repaired)
Total incomplete LBM containers: 0 (0 repaired)
Total LBM partial records: 0 (0 repaired)
Total corrupted LBM metadata records in RocksDB: 0 (0 repaired)
I20260601 13:34:30.260076  2521 rpc_server.cc:225] running with OpenSSL 1.1.1  11 Sep 2018
I20260601 13:34:30.260339  2521 kserver.cc:163] Server-wide thread pool size limit: 3276
I20260601 13:34:30.263813  2521 rpc_server.cc:307] RPC server started. Bound to: 127.2.118.126:37517
I20260601 13:34:30.266295  6620 acceptor_pool.cc:272] collecting diagnostics on the listening RPC socket 127.2.118.126:37517 every 8 connection(s)
I20260601 13:34:30.266649  6621 data_dirs.cc:400] Could only allocate 1 dirs of requested 3 for tablet 00000000000000000000000000000000. 1 dirs total, 0 dirs full, 0 dirs failed
I20260601 13:34:30.268182  6621 tablet_bootstrap.cc:492] T 00000000000000000000000000000000 P 0b9010b0a9e148fcb4440e9987ee7ada: Bootstrap starting.
I20260601 13:34:30.268810  6621 tablet_bootstrap.cc:654] T 00000000000000000000000000000000 P 0b9010b0a9e148fcb4440e9987ee7ada: Neither blocks nor log segments found. Creating new log.
I20260601 13:34:30.269562  6621 tablet_bootstrap.cc:492] T 00000000000000000000000000000000 P 0b9010b0a9e148fcb4440e9987ee7ada: No bootstrap required, opened a new log
I20260601 13:34:30.269872  6621 raft_consensus.cc:359] T 00000000000000000000000000000000 P 0b9010b0a9e148fcb4440e9987ee7ada [term 0 FOLLOWER]: Replica starting. Triggering 0 pending ops. Active config: opid_index: -1 OBSOLETE_local: true peers { permanent_uuid: "0b9010b0a9e148fcb4440e9987ee7ada" member_type: VOTER }
I20260601 13:34:30.269959  6621 raft_consensus.cc:385] T 00000000000000000000000000000000 P 0b9010b0a9e148fcb4440e9987ee7ada [term 0 FOLLOWER]: Consensus starting up: Expiring failure detector timer to make a prompt election more likely
I20260601 13:34:30.270000  6621 raft_consensus.cc:740] T 00000000000000000000000000000000 P 0b9010b0a9e148fcb4440e9987ee7ada [term 0 FOLLOWER]: Becoming Follower/Learner. State: Replica: 0b9010b0a9e148fcb4440e9987ee7ada, State: Initialized, Role: FOLLOWER
I20260601 13:34:30.270120  6621 consensus_queue.cc:260] T 00000000000000000000000000000000 P 0b9010b0a9e148fcb4440e9987ee7ada [NON_LEADER]: Queue going to NON_LEADER mode. State: All replicated index: 0, Majority replicated index: 0, Committed index: 0, Last appended: 0.0, Last appended by leader: 0, Current term: 0, Majority size: -1, State: 0, Mode: NON_LEADER, active raft config: opid_index: -1 OBSOLETE_local: true peers { permanent_uuid: "0b9010b0a9e148fcb4440e9987ee7ada" member_type: VOTER }
I20260601 13:34:30.270193  6621 raft_consensus.cc:399] T 00000000000000000000000000000000 P 0b9010b0a9e148fcb4440e9987ee7ada [term 0 FOLLOWER]: Only one voter in the Raft config. Triggering election immediately
I20260601 13:34:30.270231  6621 raft_consensus.cc:493] T 00000000000000000000000000000000 P 0b9010b0a9e148fcb4440e9987ee7ada [term 0 FOLLOWER]: Starting leader election (initial election of a single-replica configuration)
I20260601 13:34:30.270277  6621 raft_consensus.cc:3060] T 00000000000000000000000000000000 P 0b9010b0a9e148fcb4440e9987ee7ada [term 0 FOLLOWER]: Advancing to term 1
I20260601 13:34:30.270823  6621 raft_consensus.cc:515] T 00000000000000000000000000000000 P 0b9010b0a9e148fcb4440e9987ee7ada [term 1 FOLLOWER]: Starting leader election with config: opid_index: -1 OBSOLETE_local: true peers { permanent_uuid: "0b9010b0a9e148fcb4440e9987ee7ada" member_type: VOTER }
I20260601 13:34:30.270949  6621 leader_election.cc:304] T 00000000000000000000000000000000 P 0b9010b0a9e148fcb4440e9987ee7ada [CANDIDATE]: Term 1 election: Election decided. Result: candidate won. Election summary: received 1 responses out of 1 voters: 1 yes votes; 0 no votes. yes voters: 0b9010b0a9e148fcb4440e9987ee7ada; no voters: 
I20260601 13:34:30.271119  6621 leader_election.cc:290] T 00000000000000000000000000000000 P 0b9010b0a9e148fcb4440e9987ee7ada [CANDIDATE]: Term 1 election: Requested vote from peers 
I20260601 13:34:30.271211  6624 raft_consensus.cc:2804] T 00000000000000000000000000000000 P 0b9010b0a9e148fcb4440e9987ee7ada [term 1 FOLLOWER]: Leader election won for term 1
I20260601 13:34:30.271425  6624 raft_consensus.cc:697] T 00000000000000000000000000000000 P 0b9010b0a9e148fcb4440e9987ee7ada [term 1 LEADER]: Becoming Leader. State: Replica: 0b9010b0a9e148fcb4440e9987ee7ada, State: Running, Role: LEADER
I20260601 13:34:30.271504  6621 sys_catalog.cc:565] T 00000000000000000000000000000000 P 0b9010b0a9e148fcb4440e9987ee7ada [sys.catalog]: configured and running, proceeding with master startup.
I20260601 13:34:30.271531  6624 consensus_queue.cc:237] T 00000000000000000000000000000000 P 0b9010b0a9e148fcb4440e9987ee7ada [LEADER]: Queue going to LEADER mode. State: All replicated index: 0, Majority replicated index: 0, Committed index: 0, Last appended: 0.0, Last appended by leader: 0, Current term: 1, Majority size: 1, State: 0, Mode: LEADER, active raft config: opid_index: -1 OBSOLETE_local: true peers { permanent_uuid: "0b9010b0a9e148fcb4440e9987ee7ada" member_type: VOTER }
I20260601 13:34:30.271905  6626 sys_catalog.cc:455] T 00000000000000000000000000000000 P 0b9010b0a9e148fcb4440e9987ee7ada [sys.catalog]: SysCatalogTable state changed. Reason: New leader 0b9010b0a9e148fcb4440e9987ee7ada. Latest consensus state: current_term: 1 leader_uuid: "0b9010b0a9e148fcb4440e9987ee7ada" committed_config { opid_index: -1 OBSOLETE_local: true peers { permanent_uuid: "0b9010b0a9e148fcb4440e9987ee7ada" member_type: VOTER } }
I20260601 13:34:30.271890  6625 sys_catalog.cc:455] T 00000000000000000000000000000000 P 0b9010b0a9e148fcb4440e9987ee7ada [sys.catalog]: SysCatalogTable state changed. Reason: RaftConsensus started. Latest consensus state: current_term: 1 leader_uuid: "0b9010b0a9e148fcb4440e9987ee7ada" committed_config { opid_index: -1 OBSOLETE_local: true peers { permanent_uuid: "0b9010b0a9e148fcb4440e9987ee7ada" member_type: VOTER } }
I20260601 13:34:30.271993  6625 sys_catalog.cc:458] T 00000000000000000000000000000000 P 0b9010b0a9e148fcb4440e9987ee7ada [sys.catalog]: This master's current role is: LEADER
I20260601 13:34:30.271984  6626 sys_catalog.cc:458] T 00000000000000000000000000000000 P 0b9010b0a9e148fcb4440e9987ee7ada [sys.catalog]: This master's current role is: LEADER
I20260601 13:34:30.272248  6630 catalog_manager.cc:1510] Loading table and tablet metadata into memory...
I20260601 13:34:30.272909  6630 catalog_manager.cc:1519] Initializing Kudu cluster ID...
I20260601 13:34:30.273119  2521 internal_mini_cluster.cc:184] Waiting to initialize catalog manager on master 0
I20260601 13:34:30.274408  6630 catalog_manager.cc:1382] Generated new cluster ID: b55f0d52fd9b40a29365dadcf491e315
I20260601 13:34:30.274448  6630 catalog_manager.cc:1530] Initializing Kudu internal certificate authority...
I20260601 13:34:30.281064  6630 catalog_manager.cc:1405] Generated new certificate authority record
I20260601 13:34:30.281495  6630 catalog_manager.cc:1539] Loading token signing keys...
I20260601 13:34:30.286267  6630 catalog_manager.cc:6069] T 00000000000000000000000000000000 P 0b9010b0a9e148fcb4440e9987ee7ada: Generated new TSK 0
I20260601 13:34:30.286412  6630 catalog_manager.cc:1549] Initializing in-progress tserver states...
I20260601 13:34:30.289009  2521 file_cache.cc:492] Constructed file cache file cache with capacity 419430
W20260601 13:34:30.290437  6645 instance_detector.cc:116] could not retrieve OpenStack instance metadata: Network error: curl error: HTTP response code said error: The requested URL returned error: 404
W20260601 13:34:30.290550  6643 instance_detector.cc:116] could not retrieve Azure instance metadata: Network error: curl error: HTTP response code said error: The requested URL returned error: 404
W20260601 13:34:30.290567  6642 instance_detector.cc:116] could not retrieve AWS instance metadata: Network error: curl error: HTTP response code said error: The requested URL returned error: 404
I20260601 13:34:30.290660  2521 server_base.cc:1061] running on GCE node
I20260601 13:34:30.290818  2521 hybrid_clock.cc:584] initializing the hybrid clock with 'system_unsync' time source
W20260601 13:34:30.290855  2521 system_unsync_time.cc:38] NTP support is disabled. Clock error bounds will not be accurate. This configuration is not suitable for distributed clusters.
I20260601 13:34:30.290867  2521 hybrid_clock.cc:648] HybridClock initialized: now 1780320870290868 us; error 0 us; skew 500 ppm
I20260601 13:34:30.291560  2521 webserver.cc:533] Webserver started at http://127.2.118.65:45921/ using document root <none> and password file <none>
I20260601 13:34:30.291699  2521 fs_manager.cc:362] Metadata directory not provided
I20260601 13:34:30.291756  2521 fs_manager.cc:368] Using write-ahead log directory (fs_wal_dir) as metadata directory
I20260601 13:34:30.291815  2521 server_base.cc:909] This appears to be a new deployment of Kudu; creating new FS layout
I20260601 13:34:30.292076  2521 fs_manager.cc:1068] Generated new instance metadata in path /tmp/dist-test-taskOTfowq/test-tmp/auto_rebalancer-test.0.AutoRebalancerTest.NoReplicaMovesIfCannotFixPlacementPolicy.1780320775562790-2521-0/minicluster-data/ts-0-root/instance:
uuid: "c56bada5ccb74713baf0e06f68003a08"
format_stamp: "Formatted at 2026-06-01 13:34:30 on dist-test-slave-skv3"
I20260601 13:34:30.293190  2521 fs_manager.cc:696] Time spent creating directory manager: real 0.001s	user 0.001s	sys 0.000s
I20260601 13:34:30.293867  6650 log_block_manager.cc:4031] Time spent loading block containers with low live blocks: real 0.000s	user 0.000s	sys 0.000s
I20260601 13:34:30.294049  2521 fs_manager.cc:730] Time spent opening block manager: real 0.000s	user 0.001s	sys 0.000s
I20260601 13:34:30.294126  2521 fs_manager.cc:647] Opened local filesystem: /tmp/dist-test-taskOTfowq/test-tmp/auto_rebalancer-test.0.AutoRebalancerTest.NoReplicaMovesIfCannotFixPlacementPolicy.1780320775562790-2521-0/minicluster-data/ts-0-root
uuid: "c56bada5ccb74713baf0e06f68003a08"
format_stamp: "Formatted at 2026-06-01 13:34:30 on dist-test-slave-skv3"
I20260601 13:34:30.294198  2521 fs_report.cc:389] FS layout report
--------------------
wal directory: /tmp/dist-test-taskOTfowq/test-tmp/auto_rebalancer-test.0.AutoRebalancerTest.NoReplicaMovesIfCannotFixPlacementPolicy.1780320775562790-2521-0/minicluster-data/ts-0-root
metadata directory: /tmp/dist-test-taskOTfowq/test-tmp/auto_rebalancer-test.0.AutoRebalancerTest.NoReplicaMovesIfCannotFixPlacementPolicy.1780320775562790-2521-0/minicluster-data/ts-0-root
1 data directories: /tmp/dist-test-taskOTfowq/test-tmp/auto_rebalancer-test.0.AutoRebalancerTest.NoReplicaMovesIfCannotFixPlacementPolicy.1780320775562790-2521-0/minicluster-data/ts-0-root/data
Total live blocks: 0
Total live bytes: 0
Total live bytes (after alignment): 0
Total number of LBM containers: 0 (0 full)
Did not check for missing blocks
Did not check for orphaned blocks
Total full LBM containers with extra space: 0 (0 repaired)
Total full LBM container extra space in bytes: 0 (0 repaired)
Total incomplete LBM containers: 0 (0 repaired)
Total LBM partial records: 0 (0 repaired)
Total corrupted LBM metadata records in RocksDB: 0 (0 repaired)
I20260601 13:34:30.297950  2521 rpc_server.cc:225] running with OpenSSL 1.1.1  11 Sep 2018
I20260601 13:34:30.298204  2521 kserver.cc:163] Server-wide thread pool size limit: 3276
I20260601 13:34:30.298424  2521 txn_system_client.cc:432] TxnSystemClient initialization is disabled...
I20260601 13:34:30.298776  2521 ts_tablet_manager.cc:585] Loaded tablet metadata (0 total tablets, 0 live tablets)
I20260601 13:34:30.298827  2521 ts_tablet_manager.cc:531] Time spent load tablet metadata: real 0.000s	user 0.000s	sys 0.000s
I20260601 13:34:30.298869  2521 ts_tablet_manager.cc:616] Registered 0 tablets
I20260601 13:34:30.298911  2521 ts_tablet_manager.cc:595] Time spent register tablets: real 0.000s	user 0.000s	sys 0.000s
I20260601 13:34:30.302156  2521 rpc_server.cc:307] RPC server started. Bound to: 127.2.118.65:45271
I20260601 13:34:30.302176  6713 acceptor_pool.cc:272] collecting diagnostics on the listening RPC socket 127.2.118.65:45271 every 8 connection(s)
I20260601 13:34:30.302760  2521 file_cache.cc:492] Constructed file cache file cache with capacity 419430
W20260601 13:34:30.304245  6718 instance_detector.cc:116] could not retrieve AWS instance metadata: Network error: curl error: HTTP response code said error: The requested URL returned error: 404
W20260601 13:34:30.304487  6721 instance_detector.cc:116] could not retrieve OpenStack instance metadata: Network error: curl error: HTTP response code said error: The requested URL returned error: 404
I20260601 13:34:30.304471  2521 server_base.cc:1061] running on GCE node
W20260601 13:34:30.304450  6719 instance_detector.cc:116] could not retrieve Azure instance metadata: Network error: curl error: HTTP response code said error: The requested URL returned error: 404
I20260601 13:34:30.304805  2521 hybrid_clock.cc:584] initializing the hybrid clock with 'system_unsync' time source
W20260601 13:34:30.304855  2521 system_unsync_time.cc:38] NTP support is disabled. Clock error bounds will not be accurate. This configuration is not suitable for distributed clusters.
I20260601 13:34:30.304881  2521 hybrid_clock.cc:648] HybridClock initialized: now 1780320870304880 us; error 0 us; skew 500 ppm
I20260601 13:34:30.305629  2521 webserver.cc:533] Webserver started at http://127.2.118.66:44717/ using document root <none> and password file <none>
I20260601 13:34:30.305747  2521 fs_manager.cc:362] Metadata directory not provided
I20260601 13:34:30.305792  2521 fs_manager.cc:368] Using write-ahead log directory (fs_wal_dir) as metadata directory
I20260601 13:34:30.305847  2521 server_base.cc:909] This appears to be a new deployment of Kudu; creating new FS layout
I20260601 13:34:30.306241  2521 fs_manager.cc:1068] Generated new instance metadata in path /tmp/dist-test-taskOTfowq/test-tmp/auto_rebalancer-test.0.AutoRebalancerTest.NoReplicaMovesIfCannotFixPlacementPolicy.1780320775562790-2521-0/minicluster-data/ts-1-root/instance:
uuid: "783118883c9443799e5ca75032f9daac"
format_stamp: "Formatted at 2026-06-01 13:34:30 on dist-test-slave-skv3"
I20260601 13:34:30.308539  2521 fs_manager.cc:696] Time spent creating directory manager: real 0.002s	user 0.000s	sys 0.002s
I20260601 13:34:30.309404  6726 log_block_manager.cc:4031] Time spent loading block containers with low live blocks: real 0.000s	user 0.000s	sys 0.000s
I20260601 13:34:30.309873  2521 fs_manager.cc:730] Time spent opening block manager: real 0.001s	user 0.000s	sys 0.001s
I20260601 13:34:30.309944  2521 fs_manager.cc:647] Opened local filesystem: /tmp/dist-test-taskOTfowq/test-tmp/auto_rebalancer-test.0.AutoRebalancerTest.NoReplicaMovesIfCannotFixPlacementPolicy.1780320775562790-2521-0/minicluster-data/ts-1-root
uuid: "783118883c9443799e5ca75032f9daac"
format_stamp: "Formatted at 2026-06-01 13:34:30 on dist-test-slave-skv3"
I20260601 13:34:30.309996  2521 fs_report.cc:389] FS layout report
--------------------
wal directory: /tmp/dist-test-taskOTfowq/test-tmp/auto_rebalancer-test.0.AutoRebalancerTest.NoReplicaMovesIfCannotFixPlacementPolicy.1780320775562790-2521-0/minicluster-data/ts-1-root
metadata directory: /tmp/dist-test-taskOTfowq/test-tmp/auto_rebalancer-test.0.AutoRebalancerTest.NoReplicaMovesIfCannotFixPlacementPolicy.1780320775562790-2521-0/minicluster-data/ts-1-root
1 data directories: /tmp/dist-test-taskOTfowq/test-tmp/auto_rebalancer-test.0.AutoRebalancerTest.NoReplicaMovesIfCannotFixPlacementPolicy.1780320775562790-2521-0/minicluster-data/ts-1-root/data
Total live blocks: 0
Total live bytes: 0
Total live bytes (after alignment): 0
Total number of LBM containers: 0 (0 full)
Did not check for missing blocks
Did not check for orphaned blocks
Total full LBM containers with extra space: 0 (0 repaired)
Total full LBM container extra space in bytes: 0 (0 repaired)
Total incomplete LBM containers: 0 (0 repaired)
Total LBM partial records: 0 (0 repaired)
Total corrupted LBM metadata records in RocksDB: 0 (0 repaired)
I20260601 13:34:30.310869  6714 heartbeater.cc:344] Connected to a master server at 127.2.118.126:37517
I20260601 13:34:30.315280  2521 rpc_server.cc:225] running with OpenSSL 1.1.1  11 Sep 2018
I20260601 13:34:30.315353  6714 heartbeater.cc:461] Registering TS with master...
I20260601 13:34:30.315570  2521 kserver.cc:163] Server-wide thread pool size limit: 3276
I20260601 13:34:30.315659  6714 heartbeater.cc:507] Master 127.2.118.126:37517 requested a full tablet report, sending...
I20260601 13:34:30.315814  2521 txn_system_client.cc:432] TxnSystemClient initialization is disabled...
I20260601 13:34:30.316193  6585 ts_manager.cc:194] Registered new tserver with Master: c56bada5ccb74713baf0e06f68003a08 (127.2.118.65:45271)
I20260601 13:34:30.316226  2521 ts_tablet_manager.cc:585] Loaded tablet metadata (0 total tablets, 0 live tablets)
I20260601 13:34:30.316252  2521 ts_tablet_manager.cc:531] Time spent load tablet metadata: real 0.000s	user 0.000s	sys 0.000s
I20260601 13:34:30.316282  2521 ts_tablet_manager.cc:616] Registered 0 tablets
I20260601 13:34:30.316298  2521 ts_tablet_manager.cc:595] Time spent register tablets: real 0.000s	user 0.000s	sys 0.000s
I20260601 13:34:30.317878  6585 master_service.cc:502] Signed X509 certificate for tserver {username='slave'} at 127.0.0.1:45258
I20260601 13:34:30.320343  2521 rpc_server.cc:307] RPC server started. Bound to: 127.2.118.66:39171
I20260601 13:34:30.320377  6789 acceptor_pool.cc:272] collecting diagnostics on the listening RPC socket 127.2.118.66:39171 every 8 connection(s)
I20260601 13:34:30.320964  2521 file_cache.cc:492] Constructed file cache file cache with capacity 419430
W20260601 13:34:30.322280  6794 instance_detector.cc:116] could not retrieve Azure instance metadata: Network error: curl error: HTTP response code said error: The requested URL returned error: 404
W20260601 13:34:30.322263  6793 instance_detector.cc:116] could not retrieve AWS instance metadata: Network error: curl error: HTTP response code said error: The requested URL returned error: 404
W20260601 13:34:30.322302  6796 instance_detector.cc:116] could not retrieve OpenStack instance metadata: Network error: curl error: HTTP response code said error: The requested URL returned error: 404
I20260601 13:34:30.322706  2521 server_base.cc:1061] running on GCE node
I20260601 13:34:30.322860  2521 hybrid_clock.cc:584] initializing the hybrid clock with 'system_unsync' time source
W20260601 13:34:30.322891  2521 system_unsync_time.cc:38] NTP support is disabled. Clock error bounds will not be accurate. This configuration is not suitable for distributed clusters.
I20260601 13:34:30.322904  2521 hybrid_clock.cc:648] HybridClock initialized: now 1780320870322904 us; error 0 us; skew 500 ppm
I20260601 13:34:30.323637  2521 webserver.cc:533] Webserver started at http://127.2.118.67:42135/ using document root <none> and password file <none>
I20260601 13:34:30.323755  2521 fs_manager.cc:362] Metadata directory not provided
I20260601 13:34:30.323802  2521 fs_manager.cc:368] Using write-ahead log directory (fs_wal_dir) as metadata directory
I20260601 13:34:30.323881  2521 server_base.cc:909] This appears to be a new deployment of Kudu; creating new FS layout
I20260601 13:34:30.324200  2521 fs_manager.cc:1068] Generated new instance metadata in path /tmp/dist-test-taskOTfowq/test-tmp/auto_rebalancer-test.0.AutoRebalancerTest.NoReplicaMovesIfCannotFixPlacementPolicy.1780320775562790-2521-0/minicluster-data/ts-2-root/instance:
uuid: "6316185770eb480bb29399229017d3b2"
format_stamp: "Formatted at 2026-06-01 13:34:30 on dist-test-slave-skv3"
I20260601 13:34:30.325132  6790 heartbeater.cc:344] Connected to a master server at 127.2.118.126:37517
I20260601 13:34:30.325219  6790 heartbeater.cc:461] Registering TS with master...
I20260601 13:34:30.325397  6790 heartbeater.cc:507] Master 127.2.118.126:37517 requested a full tablet report, sending...
I20260601 13:34:30.325585  2521 fs_manager.cc:696] Time spent creating directory manager: real 0.001s	user 0.002s	sys 0.000s
I20260601 13:34:30.325891  6585 ts_manager.cc:194] Registered new tserver with Master: 783118883c9443799e5ca75032f9daac (127.2.118.66:39171)
I20260601 13:34:30.326413  6585 master_service.cc:502] Signed X509 certificate for tserver {username='slave'} at 127.0.0.1:45274
I20260601 13:34:30.326413  6801 log_block_manager.cc:4031] Time spent loading block containers with low live blocks: real 0.000s	user 0.000s	sys 0.000s
I20260601 13:34:30.326645  2521 fs_manager.cc:730] Time spent opening block manager: real 0.001s	user 0.001s	sys 0.000s
I20260601 13:34:30.326721  2521 fs_manager.cc:647] Opened local filesystem: /tmp/dist-test-taskOTfowq/test-tmp/auto_rebalancer-test.0.AutoRebalancerTest.NoReplicaMovesIfCannotFixPlacementPolicy.1780320775562790-2521-0/minicluster-data/ts-2-root
uuid: "6316185770eb480bb29399229017d3b2"
format_stamp: "Formatted at 2026-06-01 13:34:30 on dist-test-slave-skv3"
I20260601 13:34:30.326789  2521 fs_report.cc:389] FS layout report
--------------------
wal directory: /tmp/dist-test-taskOTfowq/test-tmp/auto_rebalancer-test.0.AutoRebalancerTest.NoReplicaMovesIfCannotFixPlacementPolicy.1780320775562790-2521-0/minicluster-data/ts-2-root
metadata directory: /tmp/dist-test-taskOTfowq/test-tmp/auto_rebalancer-test.0.AutoRebalancerTest.NoReplicaMovesIfCannotFixPlacementPolicy.1780320775562790-2521-0/minicluster-data/ts-2-root
1 data directories: /tmp/dist-test-taskOTfowq/test-tmp/auto_rebalancer-test.0.AutoRebalancerTest.NoReplicaMovesIfCannotFixPlacementPolicy.1780320775562790-2521-0/minicluster-data/ts-2-root/data
Total live blocks: 0
Total live bytes: 0
Total live bytes (after alignment): 0
Total number of LBM containers: 0 (0 full)
Did not check for missing blocks
Did not check for orphaned blocks
Total full LBM containers with extra space: 0 (0 repaired)
Total full LBM container extra space in bytes: 0 (0 repaired)
Total incomplete LBM containers: 0 (0 repaired)
Total LBM partial records: 0 (0 repaired)
Total corrupted LBM metadata records in RocksDB: 0 (0 repaired)
I20260601 13:34:30.332974  2521 rpc_server.cc:225] running with OpenSSL 1.1.1  11 Sep 2018
I20260601 13:34:30.333256  2521 kserver.cc:163] Server-wide thread pool size limit: 3276
I20260601 13:34:30.333487  2521 txn_system_client.cc:432] TxnSystemClient initialization is disabled...
I20260601 13:34:30.333828  2521 ts_tablet_manager.cc:585] Loaded tablet metadata (0 total tablets, 0 live tablets)
