I20260601 13:21:16.179611  6573 raft_consensus.cc:515] T 16913b36e4ae4c8fa75256acf27b1426 P bfd1a41b2ca74fd3ad3e86d5a1ece11b [term 1 FOLLOWER]: Starting leader election with config: opid_index: -1 OBSOLETE_local: false peers { permanent_uuid: "60af4e12fb23441db7c3645ecf960806" member_type: VOTER last_known_addr { host: "127.5.143.129" port: 44531 } } peers { permanent_uuid: "22b0d06cf79e4d499451bd8822acc9ba" member_type: VOTER last_known_addr { host: "127.5.143.130" port: 37761 } } peers { permanent_uuid: "bfd1a41b2ca74fd3ad3e86d5a1ece11b" member_type: VOTER last_known_addr { host: "127.5.143.131" port: 38823 } }
I20260601 13:21:16.178339  6599 leader_election.cc:290] T b2dadaf654c642ad8604e0674edf2970 P bfd1a41b2ca74fd3ad3e86d5a1ece11b [CANDIDATE]: Term 1 election: Requested vote from peers 60af4e12fb23441db7c3645ecf960806 (127.5.143.129:44531), 22b0d06cf79e4d499451bd8822acc9ba (127.5.143.130:37761)
I20260601 13:21:16.182765  6260 catalog_manager.cc:5696] T cb5a25fcf18b42828d956f0702c65852 P bfd1a41b2ca74fd3ad3e86d5a1ece11b reported cstate change: term changed from 0 to 1, leader changed from <none> to bfd1a41b2ca74fd3ad3e86d5a1ece11b (127.5.143.131). New cstate: current_term: 1 leader_uuid: "bfd1a41b2ca74fd3ad3e86d5a1ece11b" committed_config { opid_index: -1 OBSOLETE_local: false peers { permanent_uuid: "60af4e12fb23441db7c3645ecf960806" member_type: VOTER last_known_addr { host: "127.5.143.129" port: 44531 } health_report { overall_health: UNKNOWN } } peers { permanent_uuid: "22b0d06cf79e4d499451bd8822acc9ba" member_type: VOTER last_known_addr { host: "127.5.143.130" port: 37761 } health_report { overall_health: UNKNOWN } } peers { permanent_uuid: "bfd1a41b2ca74fd3ad3e86d5a1ece11b" member_type: VOTER last_known_addr { host: "127.5.143.131" port: 38823 } health_report { overall_health: HEALTHY } } }
I20260601 13:21:16.184947  6328 leader_election.cc:304] T 1086d1eac27f46fda64fcf5fe8fde5d3 P 60af4e12fb23441db7c3645ecf960806 [CANDIDATE]: Term 1 election: Election decided. Result: candidate won. Election summary: received 2 responses out of 3 voters: 2 yes votes; 0 no votes. yes voters: 60af4e12fb23441db7c3645ecf960806, bfd1a41b2ca74fd3ad3e86d5a1ece11b; no voters: 
I20260601 13:21:16.185199  6566 raft_consensus.cc:2804] T 1086d1eac27f46fda64fcf5fe8fde5d3 P 60af4e12fb23441db7c3645ecf960806 [term 1 FOLLOWER]: Leader election won for term 1
I20260601 13:21:16.185309  6439 tablet_service.cc:1917] Received RequestConsensusVote() RPC: tablet_id: "16913b36e4ae4c8fa75256acf27b1426" candidate_uuid: "bfd1a41b2ca74fd3ad3e86d5a1ece11b" candidate_term: 1 candidate_status { last_received { term: 0 index: 0 } } ignore_live_leader: false dest_uuid: "22b0d06cf79e4d499451bd8822acc9ba"
I20260601 13:21:16.185277  6566 raft_consensus.cc:697] T 1086d1eac27f46fda64fcf5fe8fde5d3 P 60af4e12fb23441db7c3645ecf960806 [term 1 LEADER]: Becoming Leader. State: Replica: 60af4e12fb23441db7c3645ecf960806, State: Running, Role: LEADER
I20260601 13:21:16.185413  6439 raft_consensus.cc:3060] T 16913b36e4ae4c8fa75256acf27b1426 P 22b0d06cf79e4d499451bd8822acc9ba [term 0 FOLLOWER]: Advancing to term 1
I20260601 13:21:16.185470  6566 consensus_queue.cc:237] T 1086d1eac27f46fda64fcf5fe8fde5d3 P 60af4e12fb23441db7c3645ecf960806 [LEADER]: Queue going to LEADER mode. State: All replicated index: 0, Majority replicated index: 0, Committed index: 0, Last appended: 0.0, Last appended by leader: 0, Current term: 1, Majority size: 2, State: 0, Mode: LEADER, active raft config: opid_index: -1 OBSOLETE_local: false peers { permanent_uuid: "60af4e12fb23441db7c3645ecf960806" member_type: VOTER last_known_addr { host: "127.5.143.129" port: 44531 } } peers { permanent_uuid: "22b0d06cf79e4d499451bd8822acc9ba" member_type: VOTER last_known_addr { host: "127.5.143.130" port: 37761 } } peers { permanent_uuid: "bfd1a41b2ca74fd3ad3e86d5a1ece11b" member_type: VOTER last_known_addr { host: "127.5.143.131" port: 38823 } }
I20260601 13:21:16.185820  6259 catalog_manager.cc:5696] T 9fe536be63fe49e1a4d40d29b6c5c318 P 22b0d06cf79e4d499451bd8822acc9ba reported cstate change: term changed from 0 to 1, leader changed from <none> to 22b0d06cf79e4d499451bd8822acc9ba (127.5.143.130). New cstate: current_term: 1 leader_uuid: "22b0d06cf79e4d499451bd8822acc9ba" committed_config { opid_index: -1 OBSOLETE_local: false peers { permanent_uuid: "60af4e12fb23441db7c3645ecf960806" member_type: VOTER last_known_addr { host: "127.5.143.129" port: 44531 } health_report { overall_health: UNKNOWN } } peers { permanent_uuid: "22b0d06cf79e4d499451bd8822acc9ba" member_type: VOTER last_known_addr { host: "127.5.143.130" port: 37761 } health_report { overall_health: HEALTHY } } peers { permanent_uuid: "bfd1a41b2ca74fd3ad3e86d5a1ece11b" member_type: VOTER last_known_addr { host: "127.5.143.131" port: 38823 } health_report { overall_health: UNKNOWN } } }
I20260601 13:21:16.184675  6261 catalog_manager.cc:5696] T e3cabecd771748f5b02d236bdd82773d P 60af4e12fb23441db7c3645ecf960806 reported cstate change: term changed from 0 to 1, leader changed from <none> to 60af4e12fb23441db7c3645ecf960806 (127.5.143.129). New cstate: current_term: 1 leader_uuid: "60af4e12fb23441db7c3645ecf960806" committed_config { opid_index: -1 OBSOLETE_local: false peers { permanent_uuid: "60af4e12fb23441db7c3645ecf960806" member_type: VOTER last_known_addr { host: "127.5.143.129" port: 44531 } health_report { overall_health: HEALTHY } } peers { permanent_uuid: "22b0d06cf79e4d499451bd8822acc9ba" member_type: VOTER last_known_addr { host: "127.5.143.130" port: 37761 } health_report { overall_health: UNKNOWN } } peers { permanent_uuid: "bfd1a41b2ca74fd3ad3e86d5a1ece11b" member_type: VOTER last_known_addr { host: "127.5.143.131" port: 38823 } health_report { overall_health: UNKNOWN } } }
I20260601 13:21:16.186400  6439 raft_consensus.cc:2468] T 16913b36e4ae4c8fa75256acf27b1426 P 22b0d06cf79e4d499451bd8822acc9ba [term 1 FOLLOWER]: Leader election vote request: Granting yes vote for candidate bfd1a41b2ca74fd3ad3e86d5a1ece11b in term 1.
I20260601 13:21:16.186765  6573 leader_election.cc:290] T 16913b36e4ae4c8fa75256acf27b1426 P bfd1a41b2ca74fd3ad3e86d5a1ece11b [CANDIDATE]: Term 1 election: Requested vote from peers 60af4e12fb23441db7c3645ecf960806 (127.5.143.129:44531), 22b0d06cf79e4d499451bd8822acc9ba (127.5.143.130:37761)
I20260601 13:21:16.186800  6478 leader_election.cc:304] T 16913b36e4ae4c8fa75256acf27b1426 P bfd1a41b2ca74fd3ad3e86d5a1ece11b [CANDIDATE]: Term 1 election: Election decided. Result: candidate won. Election summary: received 2 responses out of 3 voters: 2 yes votes; 0 no votes. yes voters: 22b0d06cf79e4d499451bd8822acc9ba, bfd1a41b2ca74fd3ad3e86d5a1ece11b; no voters: 
I20260601 13:21:16.184757  6600 raft_consensus.cc:697] T 15167fe5c30146e0bd349053bb0917f9 P 60af4e12fb23441db7c3645ecf960806 [term 1 LEADER]: Becoming Leader. State: Replica: 60af4e12fb23441db7c3645ecf960806, State: Running, Role: LEADER
I20260601 13:21:16.187150  6573 raft_consensus.cc:2804] T 16913b36e4ae4c8fa75256acf27b1426 P bfd1a41b2ca74fd3ad3e86d5a1ece11b [term 1 FOLLOWER]: Leader election won for term 1
I20260601 13:21:16.187168  6600 consensus_queue.cc:237] T 15167fe5c30146e0bd349053bb0917f9 P 60af4e12fb23441db7c3645ecf960806 [LEADER]: Queue going to LEADER mode. State: All replicated index: 0, Majority replicated index: 0, Committed index: 0, Last appended: 0.0, Last appended by leader: 0, Current term: 1, Majority size: 2, State: 0, Mode: LEADER, active raft config: opid_index: -1 OBSOLETE_local: false peers { permanent_uuid: "60af4e12fb23441db7c3645ecf960806" member_type: VOTER last_known_addr { host: "127.5.143.129" port: 44531 } } peers { permanent_uuid: "bfd1a41b2ca74fd3ad3e86d5a1ece11b" member_type: VOTER last_known_addr { host: "127.5.143.131" port: 38823 } } peers { permanent_uuid: "22b0d06cf79e4d499451bd8822acc9ba" member_type: VOTER last_known_addr { host: "127.5.143.130" port: 37761 } }
I20260601 13:21:16.187332  6573 raft_consensus.cc:697] T 16913b36e4ae4c8fa75256acf27b1426 P bfd1a41b2ca74fd3ad3e86d5a1ece11b [term 1 LEADER]: Becoming Leader. State: Replica: bfd1a41b2ca74fd3ad3e86d5a1ece11b, State: Running, Role: LEADER
I20260601 13:21:16.187510  6573 consensus_queue.cc:237] T 16913b36e4ae4c8fa75256acf27b1426 P bfd1a41b2ca74fd3ad3e86d5a1ece11b [LEADER]: Queue going to LEADER mode. State: All replicated index: 0, Majority replicated index: 0, Committed index: 0, Last appended: 0.0, Last appended by leader: 0, Current term: 1, Majority size: 2, State: 0, Mode: LEADER, active raft config: opid_index: -1 OBSOLETE_local: false peers { permanent_uuid: "60af4e12fb23441db7c3645ecf960806" member_type: VOTER last_known_addr { host: "127.5.143.129" port: 44531 } } peers { permanent_uuid: "22b0d06cf79e4d499451bd8822acc9ba" member_type: VOTER last_known_addr { host: "127.5.143.130" port: 37761 } } peers { permanent_uuid: "bfd1a41b2ca74fd3ad3e86d5a1ece11b" member_type: VOTER last_known_addr { host: "127.5.143.131" port: 38823 } }
I20260601 13:21:16.187764  6364 tablet_service.cc:1917] Received RequestConsensusVote() RPC: tablet_id: "16913b36e4ae4c8fa75256acf27b1426" candidate_uuid: "bfd1a41b2ca74fd3ad3e86d5a1ece11b" candidate_term: 1 candidate_status { last_received { term: 0 index: 0 } } ignore_live_leader: false dest_uuid: "60af4e12fb23441db7c3645ecf960806"
I20260601 13:21:16.187871  6364 raft_consensus.cc:3060] T 16913b36e4ae4c8fa75256acf27b1426 P 60af4e12fb23441db7c3645ecf960806 [term 0 FOLLOWER]: Advancing to term 1
I20260601 13:21:16.188907  6364 raft_consensus.cc:2468] T 16913b36e4ae4c8fa75256acf27b1426 P 60af4e12fb23441db7c3645ecf960806 [term 1 FOLLOWER]: Leader election vote request: Granting yes vote for candidate bfd1a41b2ca74fd3ad3e86d5a1ece11b in term 1.
I20260601 13:21:16.190882  6260 catalog_manager.cc:5696] T b2dadaf654c642ad8604e0674edf2970 P bfd1a41b2ca74fd3ad3e86d5a1ece11b reported cstate change: term changed from 0 to 1, leader changed from <none> to bfd1a41b2ca74fd3ad3e86d5a1ece11b (127.5.143.131). New cstate: current_term: 1 leader_uuid: "bfd1a41b2ca74fd3ad3e86d5a1ece11b" committed_config { opid_index: -1 OBSOLETE_local: false peers { permanent_uuid: "60af4e12fb23441db7c3645ecf960806" member_type: VOTER last_known_addr { host: "127.5.143.129" port: 44531 } health_report { overall_health: UNKNOWN } } peers { permanent_uuid: "22b0d06cf79e4d499451bd8822acc9ba" member_type: VOTER last_known_addr { host: "127.5.143.130" port: 37761 } health_report { overall_health: UNKNOWN } } peers { permanent_uuid: "bfd1a41b2ca74fd3ad3e86d5a1ece11b" member_type: VOTER last_known_addr { host: "127.5.143.131" port: 38823 } health_report { overall_health: HEALTHY } } }
I20260601 13:21:16.190894  6261 catalog_manager.cc:5696] T 15167fe5c30146e0bd349053bb0917f9 P 60af4e12fb23441db7c3645ecf960806 reported cstate change: term changed from 0 to 1, leader changed from <none> to 60af4e12fb23441db7c3645ecf960806 (127.5.143.129). New cstate: current_term: 1 leader_uuid: "60af4e12fb23441db7c3645ecf960806" committed_config { opid_index: -1 OBSOLETE_local: false peers { permanent_uuid: "60af4e12fb23441db7c3645ecf960806" member_type: VOTER last_known_addr { host: "127.5.143.129" port: 44531 } health_report { overall_health: HEALTHY } } peers { permanent_uuid: "bfd1a41b2ca74fd3ad3e86d5a1ece11b" member_type: VOTER last_known_addr { host: "127.5.143.131" port: 38823 } health_report { overall_health: UNKNOWN } } peers { permanent_uuid: "22b0d06cf79e4d499451bd8822acc9ba" member_type: VOTER last_known_addr { host: "127.5.143.130" port: 37761 } health_report { overall_health: UNKNOWN } } }
I20260601 13:21:16.191250  6260 catalog_manager.cc:5696] T 16913b36e4ae4c8fa75256acf27b1426 P bfd1a41b2ca74fd3ad3e86d5a1ece11b reported cstate change: term changed from 0 to 1, leader changed from <none> to bfd1a41b2ca74fd3ad3e86d5a1ece11b (127.5.143.131). New cstate: current_term: 1 leader_uuid: "bfd1a41b2ca74fd3ad3e86d5a1ece11b" committed_config { opid_index: -1 OBSOLETE_local: false peers { permanent_uuid: "60af4e12fb23441db7c3645ecf960806" member_type: VOTER last_known_addr { host: "127.5.143.129" port: 44531 } health_report { overall_health: UNKNOWN } } peers { permanent_uuid: "22b0d06cf79e4d499451bd8822acc9ba" member_type: VOTER last_known_addr { host: "127.5.143.130" port: 37761 } health_report { overall_health: UNKNOWN } } peers { permanent_uuid: "bfd1a41b2ca74fd3ad3e86d5a1ece11b" member_type: VOTER last_known_addr { host: "127.5.143.131" port: 38823 } health_report { overall_health: HEALTHY } } }
I20260601 13:21:16.191259  6261 catalog_manager.cc:5696] T 1086d1eac27f46fda64fcf5fe8fde5d3 P 60af4e12fb23441db7c3645ecf960806 reported cstate change: term changed from 0 to 1, leader changed from <none> to 60af4e12fb23441db7c3645ecf960806 (127.5.143.129). New cstate: current_term: 1 leader_uuid: "60af4e12fb23441db7c3645ecf960806" committed_config { opid_index: -1 OBSOLETE_local: false peers { permanent_uuid: "60af4e12fb23441db7c3645ecf960806" member_type: VOTER last_known_addr { host: "127.5.143.129" port: 44531 } health_report { overall_health: HEALTHY } } peers { permanent_uuid: "22b0d06cf79e4d499451bd8822acc9ba" member_type: VOTER last_known_addr { host: "127.5.143.130" port: 37761 } health_report { overall_health: UNKNOWN } } peers { permanent_uuid: "bfd1a41b2ca74fd3ad3e86d5a1ece11b" member_type: VOTER last_known_addr { host: "127.5.143.131" port: 38823 } health_report { overall_health: UNKNOWN } } }
I20260601 13:21:16.228988  6600 raft_consensus.cc:493] T 82035b8b14c944b7ae0fa65df541cc05 P 60af4e12fb23441db7c3645ecf960806 [term 0 FOLLOWER]: Starting pre-election (no leader contacted us within the election timeout)
I20260601 13:21:16.229182  6600 raft_consensus.cc:515] T 82035b8b14c944b7ae0fa65df541cc05 P 60af4e12fb23441db7c3645ecf960806 [term 0 FOLLOWER]: Starting pre-election with config: opid_index: -1 OBSOLETE_local: false peers { permanent_uuid: "60af4e12fb23441db7c3645ecf960806" member_type: VOTER last_known_addr { host: "127.5.143.129" port: 44531 } } peers { permanent_uuid: "22b0d06cf79e4d499451bd8822acc9ba" member_type: VOTER last_known_addr { host: "127.5.143.130" port: 37761 } } peers { permanent_uuid: "bfd1a41b2ca74fd3ad3e86d5a1ece11b" member_type: VOTER last_known_addr { host: "127.5.143.131" port: 38823 } }
I20260601 13:21:16.229775  6600 leader_election.cc:290] T 82035b8b14c944b7ae0fa65df541cc05 P 60af4e12fb23441db7c3645ecf960806 [CANDIDATE]: Term 1 pre-election: Requested pre-vote from peers 22b0d06cf79e4d499451bd8822acc9ba (127.5.143.130:37761), bfd1a41b2ca74fd3ad3e86d5a1ece11b (127.5.143.131:38823)
I20260601 13:21:16.230360  6513 tablet_service.cc:1917] Received RequestConsensusVote() RPC: tablet_id: "82035b8b14c944b7ae0fa65df541cc05" candidate_uuid: "60af4e12fb23441db7c3645ecf960806" candidate_term: 1 candidate_status { last_received { term: 0 index: 0 } } ignore_live_leader: false dest_uuid: "bfd1a41b2ca74fd3ad3e86d5a1ece11b" is_pre_election: true
I20260601 13:21:16.230423  6439 tablet_service.cc:1917] Received RequestConsensusVote() RPC: tablet_id: "82035b8b14c944b7ae0fa65df541cc05" candidate_uuid: "60af4e12fb23441db7c3645ecf960806" candidate_term: 1 candidate_status { last_received { term: 0 index: 0 } } ignore_live_leader: false dest_uuid: "22b0d06cf79e4d499451bd8822acc9ba" is_pre_election: true
I20260601 13:21:16.230553  6513 raft_consensus.cc:2468] T 82035b8b14c944b7ae0fa65df541cc05 P bfd1a41b2ca74fd3ad3e86d5a1ece11b [term 0 FOLLOWER]: Leader pre-election vote request: Granting yes vote for candidate 60af4e12fb23441db7c3645ecf960806 in term 0.
I20260601 13:21:16.230634  6439 raft_consensus.cc:2468] T 82035b8b14c944b7ae0fa65df541cc05 P 22b0d06cf79e4d499451bd8822acc9ba [term 0 FOLLOWER]: Leader pre-election vote request: Granting yes vote for candidate 60af4e12fb23441db7c3645ecf960806 in term 0.
I20260601 13:21:16.231006  6328 leader_election.cc:304] T 82035b8b14c944b7ae0fa65df541cc05 P 60af4e12fb23441db7c3645ecf960806 [CANDIDATE]: Term 1 pre-election: Election decided. Result: candidate won. Election summary: received 2 responses out of 3 voters: 2 yes votes; 0 no votes. yes voters: 60af4e12fb23441db7c3645ecf960806, bfd1a41b2ca74fd3ad3e86d5a1ece11b; no voters: 
I20260601 13:21:16.231215  6600 raft_consensus.cc:2804] T 82035b8b14c944b7ae0fa65df541cc05 P 60af4e12fb23441db7c3645ecf960806 [term 0 FOLLOWER]: Leader pre-election won for term 1
I20260601 13:21:16.231280  6600 raft_consensus.cc:493] T 82035b8b14c944b7ae0fa65df541cc05 P 60af4e12fb23441db7c3645ecf960806 [term 0 FOLLOWER]: Starting leader election (no leader contacted us within the election timeout)
I20260601 13:21:16.231331  6600 raft_consensus.cc:3060] T 82035b8b14c944b7ae0fa65df541cc05 P 60af4e12fb23441db7c3645ecf960806 [term 0 FOLLOWER]: Advancing to term 1
I20260601 13:21:16.232226  6600 raft_consensus.cc:515] T 82035b8b14c944b7ae0fa65df541cc05 P 60af4e12fb23441db7c3645ecf960806 [term 1 FOLLOWER]: Starting leader election with config: opid_index: -1 OBSOLETE_local: false peers { permanent_uuid: "60af4e12fb23441db7c3645ecf960806" member_type: VOTER last_known_addr { host: "127.5.143.129" port: 44531 } } peers { permanent_uuid: "22b0d06cf79e4d499451bd8822acc9ba" member_type: VOTER last_known_addr { host: "127.5.143.130" port: 37761 } } peers { permanent_uuid: "bfd1a41b2ca74fd3ad3e86d5a1ece11b" member_type: VOTER last_known_addr { host: "127.5.143.131" port: 38823 } }
I20260601 13:21:16.232622  6600 leader_election.cc:290] T 82035b8b14c944b7ae0fa65df541cc05 P 60af4e12fb23441db7c3645ecf960806 [CANDIDATE]: Term 1 election: Requested vote from peers 22b0d06cf79e4d499451bd8822acc9ba (127.5.143.130:37761), bfd1a41b2ca74fd3ad3e86d5a1ece11b (127.5.143.131:38823)
I20260601 13:21:16.233040  6513 tablet_service.cc:1917] Received RequestConsensusVote() RPC: tablet_id: "82035b8b14c944b7ae0fa65df541cc05" candidate_uuid: "60af4e12fb23441db7c3645ecf960806" candidate_term: 1 candidate_status { last_received { term: 0 index: 0 } } ignore_live_leader: false dest_uuid: "bfd1a41b2ca74fd3ad3e86d5a1ece11b"
I20260601 13:21:16.233047  6439 tablet_service.cc:1917] Received RequestConsensusVote() RPC: tablet_id: "82035b8b14c944b7ae0fa65df541cc05" candidate_uuid: "60af4e12fb23441db7c3645ecf960806" candidate_term: 1 candidate_status { last_received { term: 0 index: 0 } } ignore_live_leader: false dest_uuid: "22b0d06cf79e4d499451bd8822acc9ba"
I20260601 13:21:16.233196  6513 raft_consensus.cc:3060] T 82035b8b14c944b7ae0fa65df541cc05 P bfd1a41b2ca74fd3ad3e86d5a1ece11b [term 0 FOLLOWER]: Advancing to term 1
I20260601 13:21:16.233234  6439 raft_consensus.cc:3060] T 82035b8b14c944b7ae0fa65df541cc05 P 22b0d06cf79e4d499451bd8822acc9ba [term 0 FOLLOWER]: Advancing to term 1
I20260601 13:21:16.234027  6439 raft_consensus.cc:2468] T 82035b8b14c944b7ae0fa65df541cc05 P 22b0d06cf79e4d499451bd8822acc9ba [term 1 FOLLOWER]: Leader election vote request: Granting yes vote for candidate 60af4e12fb23441db7c3645ecf960806 in term 1.
I20260601 13:21:16.234123  6513 raft_consensus.cc:2468] T 82035b8b14c944b7ae0fa65df541cc05 P bfd1a41b2ca74fd3ad3e86d5a1ece11b [term 1 FOLLOWER]: Leader election vote request: Granting yes vote for candidate 60af4e12fb23441db7c3645ecf960806 in term 1.
I20260601 13:21:16.234380  6327 leader_election.cc:304] T 82035b8b14c944b7ae0fa65df541cc05 P 60af4e12fb23441db7c3645ecf960806 [CANDIDATE]: Term 1 election: Election decided. Result: candidate won. Election summary: received 2 responses out of 3 voters: 2 yes votes; 0 no votes. yes voters: 22b0d06cf79e4d499451bd8822acc9ba, 60af4e12fb23441db7c3645ecf960806; no voters: 
I20260601 13:21:16.234578  6600 raft_consensus.cc:2804] T 82035b8b14c944b7ae0fa65df541cc05 P 60af4e12fb23441db7c3645ecf960806 [term 1 FOLLOWER]: Leader election won for term 1
I20260601 13:21:16.234688  6600 raft_consensus.cc:697] T 82035b8b14c944b7ae0fa65df541cc05 P 60af4e12fb23441db7c3645ecf960806 [term 1 LEADER]: Becoming Leader. State: Replica: 60af4e12fb23441db7c3645ecf960806, State: Running, Role: LEADER
I20260601 13:21:16.234841  6600 consensus_queue.cc:237] T 82035b8b14c944b7ae0fa65df541cc05 P 60af4e12fb23441db7c3645ecf960806 [LEADER]: Queue going to LEADER mode. State: All replicated index: 0, Majority replicated index: 0, Committed index: 0, Last appended: 0.0, Last appended by leader: 0, Current term: 1, Majority size: 2, State: 0, Mode: LEADER, active raft config: opid_index: -1 OBSOLETE_local: false peers { permanent_uuid: "60af4e12fb23441db7c3645ecf960806" member_type: VOTER last_known_addr { host: "127.5.143.129" port: 44531 } } peers { permanent_uuid: "22b0d06cf79e4d499451bd8822acc9ba" member_type: VOTER last_known_addr { host: "127.5.143.130" port: 37761 } } peers { permanent_uuid: "bfd1a41b2ca74fd3ad3e86d5a1ece11b" member_type: VOTER last_known_addr { host: "127.5.143.131" port: 38823 } }
I20260601 13:21:16.236879  6261 catalog_manager.cc:5696] T 82035b8b14c944b7ae0fa65df541cc05 P 60af4e12fb23441db7c3645ecf960806 reported cstate change: term changed from 0 to 1, leader changed from <none> to 60af4e12fb23441db7c3645ecf960806 (127.5.143.129). New cstate: current_term: 1 leader_uuid: "60af4e12fb23441db7c3645ecf960806" committed_config { opid_index: -1 OBSOLETE_local: false peers { permanent_uuid: "60af4e12fb23441db7c3645ecf960806" member_type: VOTER last_known_addr { host: "127.5.143.129" port: 44531 } health_report { overall_health: HEALTHY } } peers { permanent_uuid: "22b0d06cf79e4d499451bd8822acc9ba" member_type: VOTER last_known_addr { host: "127.5.143.130" port: 37761 } health_report { overall_health: UNKNOWN } } peers { permanent_uuid: "bfd1a41b2ca74fd3ad3e86d5a1ece11b" member_type: VOTER last_known_addr { host: "127.5.143.131" port: 38823 } health_report { overall_health: UNKNOWN } } }
I20260601 13:21:16.268047  5694 file_cache.cc:492] Constructed file cache file cache with capacity 419430
W20260601 13:21:16.270305  6612 instance_detector.cc:116] could not retrieve AWS instance metadata: Network error: curl error: HTTP response code said error: The requested URL returned error: 404
W20260601 13:21:16.270478  6613 instance_detector.cc:116] could not retrieve Azure instance metadata: Network error: curl error: HTTP response code said error: The requested URL returned error: 404
W20260601 13:21:16.270305  6615 instance_detector.cc:116] could not retrieve OpenStack instance metadata: Network error: curl error: HTTP response code said error: The requested URL returned error: 404
I20260601 13:21:16.270716  5694 server_base.cc:1061] running on GCE node
I20260601 13:21:16.270941  5694 hybrid_clock.cc:584] initializing the hybrid clock with 'system_unsync' time source
W20260601 13:21:16.270983  5694 system_unsync_time.cc:38] NTP support is disabled. Clock error bounds will not be accurate. This configuration is not suitable for distributed clusters.
I20260601 13:21:16.270999  5694 hybrid_clock.cc:648] HybridClock initialized: now 1780320076271000 us; error 0 us; skew 500 ppm
I20260601 13:21:16.272101  5694 webserver.cc:533] Webserver started at http://127.5.143.132:46505/ using document root <none> and password file <none>
I20260601 13:21:16.272289  5694 fs_manager.cc:362] Metadata directory not provided
I20260601 13:21:16.272338  5694 fs_manager.cc:368] Using write-ahead log directory (fs_wal_dir) as metadata directory
I20260601 13:21:16.272418  5694 server_base.cc:909] This appears to be a new deployment of Kudu; creating new FS layout
I20260601 13:21:16.272869  5694 fs_manager.cc:1068] Generated new instance metadata in path /tmp/dist-test-taskCxanXO/test-tmp/auto_rebalancer-test.0.AutoRebalancerTest.AutoRebalancingTurnOffAndOn.1780320071877367-5694-0/minicluster-data/ts-3-root/instance:
uuid: "81a1ef5636404da39b82ad319e8f03a7"
format_stamp: "Formatted at 2026-06-01 13:21:16 on dist-test-slave-wb77"
I20260601 13:21:16.274509  5694 fs_manager.cc:696] Time spent creating directory manager: real 0.001s	user 0.002s	sys 0.000s
I20260601 13:21:16.275700  6620 log_block_manager.cc:4031] Time spent loading block containers with low live blocks: real 0.000s	user 0.000s	sys 0.000s
I20260601 13:21:16.276026  5694 fs_manager.cc:730] Time spent opening block manager: real 0.001s	user 0.000s	sys 0.000s
I20260601 13:21:16.276103  5694 fs_manager.cc:647] Opened local filesystem: /tmp/dist-test-taskCxanXO/test-tmp/auto_rebalancer-test.0.AutoRebalancerTest.AutoRebalancingTurnOffAndOn.1780320071877367-5694-0/minicluster-data/ts-3-root
uuid: "81a1ef5636404da39b82ad319e8f03a7"
format_stamp: "Formatted at 2026-06-01 13:21:16 on dist-test-slave-wb77"
I20260601 13:21:16.276214  5694 fs_report.cc:389] FS layout report
--------------------
wal directory: /tmp/dist-test-taskCxanXO/test-tmp/auto_rebalancer-test.0.AutoRebalancerTest.AutoRebalancingTurnOffAndOn.1780320071877367-5694-0/minicluster-data/ts-3-root
metadata directory: /tmp/dist-test-taskCxanXO/test-tmp/auto_rebalancer-test.0.AutoRebalancerTest.AutoRebalancingTurnOffAndOn.1780320071877367-5694-0/minicluster-data/ts-3-root
1 data directories: /tmp/dist-test-taskCxanXO/test-tmp/auto_rebalancer-test.0.AutoRebalancerTest.AutoRebalancingTurnOffAndOn.1780320071877367-5694-0/minicluster-data/ts-3-root/data
Total live blocks: 0
Total live bytes: 0
Total live bytes (after alignment): 0
Total number of LBM containers: 0 (0 full)
Did not check for missing blocks
Did not check for orphaned blocks
Total full LBM containers with extra space: 0 (0 repaired)
Total full LBM container extra space in bytes: 0 (0 repaired)
Total incomplete LBM containers: 0 (0 repaired)
Total LBM partial records: 0 (0 repaired)
Total corrupted LBM metadata records in RocksDB: 0 (0 repaired)
I20260601 13:21:16.289168  5694 rpc_server.cc:225] running with OpenSSL 1.1.1  11 Sep 2018
I20260601 13:21:16.289955  5694 kserver.cc:163] Server-wide thread pool size limit: 3276
I20260601 13:21:16.290421  5694 txn_system_client.cc:432] TxnSystemClient initialization is disabled...
I20260601 13:21:16.291249  5694 ts_tablet_manager.cc:585] Loaded tablet metadata (0 total tablets, 0 live tablets)
I20260601 13:21:16.291311  5694 ts_tablet_manager.cc:531] Time spent load tablet metadata: real 0.000s	user 0.000s	sys 0.000s
I20260601 13:21:16.291353  5694 ts_tablet_manager.cc:616] Registered 0 tablets
I20260601 13:21:16.291373  5694 ts_tablet_manager.cc:595] Time spent register tablets: real 0.000s	user 0.000s	sys 0.000s
I20260601 13:21:16.298383  5694 rpc_server.cc:307] RPC server started. Bound to: 127.5.143.132:34497
I20260601 13:21:16.298439  6683 acceptor_pool.cc:272] collecting diagnostics on the listening RPC socket 127.5.143.132:34497 every 8 connection(s)
I20260601 13:21:16.304035  6684 heartbeater.cc:344] Connected to a master server at 127.5.143.190:41047
I20260601 13:21:16.304168  6684 heartbeater.cc:461] Registering TS with master...
I20260601 13:21:16.304414  6684 heartbeater.cc:507] Master 127.5.143.190:41047 requested a full tablet report, sending...
I20260601 13:21:16.305079  6261 ts_manager.cc:194] Registered new tserver with Master: 81a1ef5636404da39b82ad319e8f03a7 (127.5.143.132:34497)
I20260601 13:21:16.305658  6261 master_service.cc:502] Signed X509 certificate for tserver {username='slave'} at 127.0.0.1:53500
I20260601 13:21:16.580116  6571 consensus_queue.cc:1048] T 9fe536be63fe49e1a4d40d29b6c5c318 P 22b0d06cf79e4d499451bd8822acc9ba [LEADER]: Connected to new peer: Peer: permanent_uuid: "60af4e12fb23441db7c3645ecf960806" member_type: VOTER last_known_addr { host: "127.5.143.129" port: 44531 }, Status: LMP_MISMATCH, Last received: 0.0, Next index: 1, Last known committed idx: 0, Time since last communication: 0.000s
I20260601 13:21:16.583345  6569 consensus_queue.cc:1048] T 9fe536be63fe49e1a4d40d29b6c5c318 P 22b0d06cf79e4d499451bd8822acc9ba [LEADER]: Connected to new peer: Peer: permanent_uuid: "bfd1a41b2ca74fd3ad3e86d5a1ece11b" member_type: VOTER last_known_addr { host: "127.5.143.131" port: 38823 }, Status: LMP_MISMATCH, Last received: 0.0, Next index: 1, Last known committed idx: 0, Time since last communication: 0.000s
I20260601 13:21:16.611649  6600 consensus_queue.cc:1048] T 1086d1eac27f46fda64fcf5fe8fde5d3 P 60af4e12fb23441db7c3645ecf960806 [LEADER]: Connected to new peer: Peer: permanent_uuid: "bfd1a41b2ca74fd3ad3e86d5a1ece11b" member_type: VOTER last_known_addr { host: "127.5.143.131" port: 38823 }, Status: LMP_MISMATCH, Last received: 0.0, Next index: 1, Last known committed idx: 0, Time since last communication: 0.000s
I20260601 13:21:16.614729  6600 consensus_queue.cc:1048] T 1086d1eac27f46fda64fcf5fe8fde5d3 P 60af4e12fb23441db7c3645ecf960806 [LEADER]: Connected to new peer: Peer: permanent_uuid: "22b0d06cf79e4d499451bd8822acc9ba" member_type: VOTER last_known_addr { host: "127.5.143.130" port: 37761 }, Status: LMP_MISMATCH, Last received: 0.0, Next index: 1, Last known committed idx: 0, Time since last communication: 0.000s
I20260601 13:21:16.620668  6600 consensus_queue.cc:1048] T 82035b8b14c944b7ae0fa65df541cc05 P 60af4e12fb23441db7c3645ecf960806 [LEADER]: Connected to new peer: Peer: permanent_uuid: "22b0d06cf79e4d499451bd8822acc9ba" member_type: VOTER last_known_addr { host: "127.5.143.130" port: 37761 }, Status: LMP_MISMATCH, Last received: 0.0, Next index: 1, Last known committed idx: 0, Time since last communication: 0.000s
I20260601 13:21:16.621519  6600 consensus_queue.cc:1048] T 82035b8b14c944b7ae0fa65df541cc05 P 60af4e12fb23441db7c3645ecf960806 [LEADER]: Connected to new peer: Peer: permanent_uuid: "bfd1a41b2ca74fd3ad3e86d5a1ece11b" member_type: VOTER last_known_addr { host: "127.5.143.131" port: 38823 }, Status: LMP_MISMATCH, Last received: 0.0, Next index: 1, Last known committed idx: 0, Time since last communication: 0.000s
I20260601 13:21:16.627542  6566 consensus_queue.cc:1048] T e3cabecd771748f5b02d236bdd82773d P 60af4e12fb23441db7c3645ecf960806 [LEADER]: Connected to new peer: Peer: permanent_uuid: "22b0d06cf79e4d499451bd8822acc9ba" member_type: VOTER last_known_addr { host: "127.5.143.130" port: 37761 }, Status: LMP_MISMATCH, Last received: 0.0, Next index: 1, Last known committed idx: 0, Time since last communication: 0.000s
I20260601 13:21:16.630450  6600 consensus_queue.cc:1048] T e3cabecd771748f5b02d236bdd82773d P 60af4e12fb23441db7c3645ecf960806 [LEADER]: Connected to new peer: Peer: permanent_uuid: "bfd1a41b2ca74fd3ad3e86d5a1ece11b" member_type: VOTER last_known_addr { host: "127.5.143.131" port: 38823 }, Status: LMP_MISMATCH, Last received: 0.0, Next index: 1, Last known committed idx: 0, Time since last communication: 0.000s
I20260601 13:21:16.633118  6602 consensus_queue.cc:1048] T cb5a25fcf18b42828d956f0702c65852 P bfd1a41b2ca74fd3ad3e86d5a1ece11b [LEADER]: Connected to new peer: Peer: permanent_uuid: "22b0d06cf79e4d499451bd8822acc9ba" member_type: VOTER last_known_addr { host: "127.5.143.130" port: 37761 }, Status: LMP_MISMATCH, Last received: 0.0, Next index: 1, Last known committed idx: 0, Time since last communication: 0.000s
I20260601 13:21:16.636096  6602 consensus_queue.cc:1048] T cb5a25fcf18b42828d956f0702c65852 P bfd1a41b2ca74fd3ad3e86d5a1ece11b [LEADER]: Connected to new peer: Peer: permanent_uuid: "60af4e12fb23441db7c3645ecf960806" member_type: VOTER last_known_addr { host: "127.5.143.129" port: 44531 }, Status: LMP_MISMATCH, Last received: 0.0, Next index: 1, Last known committed idx: 0, Time since last communication: 0.000s
I20260601 13:21:16.682224  6600 consensus_queue.cc:1048] T 15167fe5c30146e0bd349053bb0917f9 P 60af4e12fb23441db7c3645ecf960806 [LEADER]: Connected to new peer: Peer: permanent_uuid: "22b0d06cf79e4d499451bd8822acc9ba" member_type: VOTER last_known_addr { host: "127.5.143.130" port: 37761 }, Status: LMP_MISMATCH, Last received: 0.0, Next index: 1, Last known committed idx: 0, Time since last communication: 0.000s
I20260601 13:21:16.685541  6702 consensus_queue.cc:1048] T 15167fe5c30146e0bd349053bb0917f9 P 60af4e12fb23441db7c3645ecf960806 [LEADER]: Connected to new peer: Peer: permanent_uuid: "bfd1a41b2ca74fd3ad3e86d5a1ece11b" member_type: VOTER last_known_addr { host: "127.5.143.131" port: 38823 }, Status: LMP_MISMATCH, Last received: 0.0, Next index: 1, Last known committed idx: 0, Time since last communication: 0.000s
I20260601 13:21:16.686703  6315 auto_leader_rebalancer.cc:140] leader rebalance for table test-workload
I20260601 13:21:16.692293  6364 tablet_service.cc:2072] Received LeaderStepDown RPC: tablet_id: "82035b8b14c944b7ae0fa65df541cc05"
dest_uuid: "60af4e12fb23441db7c3645ecf960806"
mode: GRACEFUL
new_leader_uuid: "22b0d06cf79e4d499451bd8822acc9ba"
 from {username='slave'} at 127.0.0.1:46300
I20260601 13:21:16.692472  6364 raft_consensus.cc:606] T 82035b8b14c944b7ae0fa65df541cc05 P 60af4e12fb23441db7c3645ecf960806 [term 1 LEADER]: Received request to transfer leadership to TS 22b0d06cf79e4d499451bd8822acc9ba
I20260601 13:21:16.692886  6315 auto_leader_rebalancer.cc:388] table: test-workload, leader rebalance finish, leader transfer count: 1
I20260601 13:21:16.693135  6315 auto_leader_rebalancer.cc:451] All tables' leader rebalancing finished this round
I20260601 13:21:16.730422  6602 consensus_queue.cc:1048] T b2dadaf654c642ad8604e0674edf2970 P bfd1a41b2ca74fd3ad3e86d5a1ece11b [LEADER]: Connected to new peer: Peer: permanent_uuid: "60af4e12fb23441db7c3645ecf960806" member_type: VOTER last_known_addr { host: "127.5.143.129" port: 44531 }, Status: LMP_MISMATCH, Last received: 0.0, Next index: 1, Last known committed idx: 0, Time since last communication: 0.000s
I20260601 13:21:16.733539  6573 consensus_queue.cc:1048] T b2dadaf654c642ad8604e0674edf2970 P bfd1a41b2ca74fd3ad3e86d5a1ece11b [LEADER]: Connected to new peer: Peer: permanent_uuid: "22b0d06cf79e4d499451bd8822acc9ba" member_type: VOTER last_known_addr { host: "127.5.143.130" port: 37761 }, Status: LMP_MISMATCH, Last received: 0.0, Next index: 1, Last known committed idx: 0, Time since last communication: 0.000s
I20260601 13:21:16.763950  6573 consensus_queue.cc:1048] T 16913b36e4ae4c8fa75256acf27b1426 P bfd1a41b2ca74fd3ad3e86d5a1ece11b [LEADER]: Connected to new peer: Peer: permanent_uuid: "60af4e12fb23441db7c3645ecf960806" member_type: VOTER last_known_addr { host: "127.5.143.129" port: 44531 }, Status: LMP_MISMATCH, Last received: 0.0, Next index: 1, Last known committed idx: 0, Time since last communication: 0.000s
I20260601 13:21:16.767366  6599 consensus_queue.cc:1048] T 16913b36e4ae4c8fa75256acf27b1426 P bfd1a41b2ca74fd3ad3e86d5a1ece11b [LEADER]: Connected to new peer: Peer: permanent_uuid: "22b0d06cf79e4d499451bd8822acc9ba" member_type: VOTER last_known_addr { host: "127.5.143.130" port: 37761 }, Status: LMP_MISMATCH, Last received: 0.0, Next index: 1, Last known committed idx: 0, Time since last communication: 0.000s
I20260601 13:21:17.116886  6594 raft_consensus.cc:993] T 82035b8b14c944b7ae0fa65df541cc05 P 60af4e12fb23441db7c3645ecf960806: : Instructing follower 22b0d06cf79e4d499451bd8822acc9ba to start an election
I20260601 13:21:17.117033  6594 raft_consensus.cc:1081] T 82035b8b14c944b7ae0fa65df541cc05 P 60af4e12fb23441db7c3645ecf960806 [term 1 LEADER]: Signalling peer 22b0d06cf79e4d499451bd8822acc9ba to start an election
I20260601 13:21:17.117617  6439 tablet_service.cc:2044] Received Run Leader Election RPC: tablet_id: "82035b8b14c944b7ae0fa65df541cc05"
dest_uuid: "22b0d06cf79e4d499451bd8822acc9ba"
 from {username='slave'} at 127.0.0.1:56584
I20260601 13:21:17.117764  6439 raft_consensus.cc:493] T 82035b8b14c944b7ae0fa65df541cc05 P 22b0d06cf79e4d499451bd8822acc9ba [term 1 FOLLOWER]: Starting forced leader election (received explicit request)
I20260601 13:21:17.117808  6439 raft_consensus.cc:3060] T 82035b8b14c944b7ae0fa65df541cc05 P 22b0d06cf79e4d499451bd8822acc9ba [term 1 FOLLOWER]: Advancing to term 2
I20260601 13:21:17.118599  6439 raft_consensus.cc:515] T 82035b8b14c944b7ae0fa65df541cc05 P 22b0d06cf79e4d499451bd8822acc9ba [term 2 FOLLOWER]: Starting forced leader election with config: opid_index: -1 OBSOLETE_local: false peers { permanent_uuid: "60af4e12fb23441db7c3645ecf960806" member_type: VOTER last_known_addr { host: "127.5.143.129" port: 44531 } } peers { permanent_uuid: "22b0d06cf79e4d499451bd8822acc9ba" member_type: VOTER last_known_addr { host: "127.5.143.130" port: 37761 } } peers { permanent_uuid: "bfd1a41b2ca74fd3ad3e86d5a1ece11b" member_type: VOTER last_known_addr { host: "127.5.143.131" port: 38823 } }
I20260601 13:21:17.119006  6439 leader_election.cc:290] T 82035b8b14c944b7ae0fa65df541cc05 P 22b0d06cf79e4d499451bd8822acc9ba [CANDIDATE]: Term 2 election: Requested vote from peers 60af4e12fb23441db7c3645ecf960806 (127.5.143.129:44531), bfd1a41b2ca74fd3ad3e86d5a1ece11b (127.5.143.131:38823)
I20260601 13:21:17.119292  6364 tablet_service.cc:1917] Received RequestConsensusVote() RPC: tablet_id: "82035b8b14c944b7ae0fa65df541cc05" candidate_uuid: "22b0d06cf79e4d499451bd8822acc9ba" candidate_term: 2 candidate_status { last_received { term: 1 index: 1 } } ignore_live_leader: true dest_uuid: "60af4e12fb23441db7c3645ecf960806"
I20260601 13:21:17.119400  6513 tablet_service.cc:1917] Received RequestConsensusVote() RPC: tablet_id: "82035b8b14c944b7ae0fa65df541cc05" candidate_uuid: "22b0d06cf79e4d499451bd8822acc9ba" candidate_term: 2 candidate_status { last_received { term: 1 index: 1 } } ignore_live_leader: true dest_uuid: "bfd1a41b2ca74fd3ad3e86d5a1ece11b"
I20260601 13:21:17.119437  6364 raft_consensus.cc:3055] T 82035b8b14c944b7ae0fa65df541cc05 P 60af4e12fb23441db7c3645ecf960806 [term 1 LEADER]: Stepping down as leader of term 1
I20260601 13:21:17.119516  6513 raft_consensus.cc:3060] T 82035b8b14c944b7ae0fa65df541cc05 P bfd1a41b2ca74fd3ad3e86d5a1ece11b [term 1 FOLLOWER]: Advancing to term 2
I20260601 13:21:17.119539  6364 raft_consensus.cc:740] T 82035b8b14c944b7ae0fa65df541cc05 P 60af4e12fb23441db7c3645ecf960806 [term 1 LEADER]: Becoming Follower/Learner. State: Replica: 60af4e12fb23441db7c3645ecf960806, State: Running, Role: LEADER
I20260601 13:21:17.119771  6364 consensus_queue.cc:260] T 82035b8b14c944b7ae0fa65df541cc05 P 60af4e12fb23441db7c3645ecf960806 [NON_LEADER]: Queue going to NON_LEADER mode. State: All replicated index: 0, Majority replicated index: 1, Committed index: 1, Last appended: 1.1, Last appended by leader: 1, Current term: 1, Majority size: -1, State: 0, Mode: NON_LEADER, active raft config: opid_index: -1 OBSOLETE_local: false peers { permanent_uuid: "60af4e12fb23441db7c3645ecf960806" member_type: VOTER last_known_addr { host: "127.5.143.129" port: 44531 } } peers { permanent_uuid: "22b0d06cf79e4d499451bd8822acc9ba" member_type: VOTER last_known_addr { host: "127.5.143.130" port: 37761 } } peers { permanent_uuid: "bfd1a41b2ca74fd3ad3e86d5a1ece11b" member_type: VOTER last_known_addr { host: "127.5.143.131" port: 38823 } }
I20260601 13:21:17.119946  6364 raft_consensus.cc:3060] T 82035b8b14c944b7ae0fa65df541cc05 P 60af4e12fb23441db7c3645ecf960806 [term 1 FOLLOWER]: Advancing to term 2
I20260601 13:21:17.120432  6513 raft_consensus.cc:2468] T 82035b8b14c944b7ae0fa65df541cc05 P bfd1a41b2ca74fd3ad3e86d5a1ece11b [term 2 FOLLOWER]: Leader election vote request: Granting yes vote for candidate 22b0d06cf79e4d499451bd8822acc9ba in term 2.
I20260601 13:21:17.120748  6404 leader_election.cc:304] T 82035b8b14c944b7ae0fa65df541cc05 P 22b0d06cf79e4d499451bd8822acc9ba [CANDIDATE]: Term 2 election: Election decided. Result: candidate won. Election summary: received 2 responses out of 3 voters: 2 yes votes; 0 no votes. yes voters: 22b0d06cf79e4d499451bd8822acc9ba, bfd1a41b2ca74fd3ad3e86d5a1ece11b; no voters: 
I20260601 13:21:17.120771  6364 raft_consensus.cc:2468] T 82035b8b14c944b7ae0fa65df541cc05 P 60af4e12fb23441db7c3645ecf960806 [term 2 FOLLOWER]: Leader election vote request: Granting yes vote for candidate 22b0d06cf79e4d499451bd8822acc9ba in term 2.
I20260601 13:21:17.120968  6569 raft_consensus.cc:2804] T 82035b8b14c944b7ae0fa65df541cc05 P 22b0d06cf79e4d499451bd8822acc9ba [term 2 FOLLOWER]: Leader election won for term 2
I20260601 13:21:17.121181  6569 raft_consensus.cc:697] T 82035b8b14c944b7ae0fa65df541cc05 P 22b0d06cf79e4d499451bd8822acc9ba [term 2 LEADER]: Becoming Leader. State: Replica: 22b0d06cf79e4d499451bd8822acc9ba, State: Running, Role: LEADER
I20260601 13:21:17.121335  6569 consensus_queue.cc:237] T 82035b8b14c944b7ae0fa65df541cc05 P 22b0d06cf79e4d499451bd8822acc9ba [LEADER]: Queue going to LEADER mode. State: All replicated index: 0, Majority replicated index: 1, Committed index: 1, Last appended: 1.1, Last appended by leader: 1, Current term: 2, Majority size: 2, State: 0, Mode: LEADER, active raft config: opid_index: -1 OBSOLETE_local: false peers { permanent_uuid: "60af4e12fb23441db7c3645ecf960806" member_type: VOTER last_known_addr { host: "127.5.143.129" port: 44531 } } peers { permanent_uuid: "22b0d06cf79e4d499451bd8822acc9ba" member_type: VOTER last_known_addr { host: "127.5.143.130" port: 37761 } } peers { permanent_uuid: "bfd1a41b2ca74fd3ad3e86d5a1ece11b" member_type: VOTER last_known_addr { host: "127.5.143.131" port: 38823 } }
I20260601 13:21:17.122700  6259 catalog_manager.cc:5696] T 82035b8b14c944b7ae0fa65df541cc05 P 22b0d06cf79e4d499451bd8822acc9ba reported cstate change: term changed from 1 to 2, leader changed from 60af4e12fb23441db7c3645ecf960806 (127.5.143.129) to 22b0d06cf79e4d499451bd8822acc9ba (127.5.143.130). New cstate: current_term: 2 leader_uuid: "22b0d06cf79e4d499451bd8822acc9ba" committed_config { opid_index: -1 OBSOLETE_local: false peers { permanent_uuid: "60af4e12fb23441db7c3645ecf960806" member_type: VOTER last_known_addr { host: "127.5.143.129" port: 44531 } health_report { overall_health: UNKNOWN } } peers { permanent_uuid: "22b0d06cf79e4d499451bd8822acc9ba" member_type: VOTER last_known_addr { host: "127.5.143.130" port: 37761 } health_report { overall_health: HEALTHY } } peers { permanent_uuid: "bfd1a41b2ca74fd3ad3e86d5a1ece11b" member_type: VOTER last_known_addr { host: "127.5.143.131" port: 38823 } health_report { overall_health: UNKNOWN } } }
I20260601 13:21:17.306794  6684 heartbeater.cc:499] Master 127.5.143.190:41047 was elected leader, sending a full tablet report...
I20260601 13:21:17.669286  6513 raft_consensus.cc:1275] T 82035b8b14c944b7ae0fa65df541cc05 P bfd1a41b2ca74fd3ad3e86d5a1ece11b [term 2 FOLLOWER]: Refusing update from remote peer 22b0d06cf79e4d499451bd8822acc9ba: Log matching property violated. Preceding OpId in replica: term: 1 index: 1. Preceding OpId from leader: term: 2 index: 2. (index mismatch)
I20260601 13:21:17.669898  6714 consensus_queue.cc:1048] T 82035b8b14c944b7ae0fa65df541cc05 P 22b0d06cf79e4d499451bd8822acc9ba [LEADER]: Connected to new peer: Peer: permanent_uuid: "bfd1a41b2ca74fd3ad3e86d5a1ece11b" member_type: VOTER last_known_addr { host: "127.5.143.131" port: 38823 }, Status: LMP_MISMATCH, Last received: 0.0, Next index: 2, Last known committed idx: 1, Time since last communication: 0.000s
I20260601 13:21:17.672922  6364 raft_consensus.cc:1275] T 82035b8b14c944b7ae0fa65df541cc05 P 60af4e12fb23441db7c3645ecf960806 [term 2 FOLLOWER]: Refusing update from remote peer 22b0d06cf79e4d499451bd8822acc9ba: Log matching property violated. Preceding OpId in replica: term: 1 index: 1. Preceding OpId from leader: term: 2 index: 2. (index mismatch)
I20260601 13:21:17.673377  6569 consensus_queue.cc:1048] T 82035b8b14c944b7ae0fa65df541cc05 P 22b0d06cf79e4d499451bd8822acc9ba [LEADER]: Connected to new peer: Peer: permanent_uuid: "60af4e12fb23441db7c3645ecf960806" member_type: VOTER last_known_addr { host: "127.5.143.129" port: 44531 }, Status: LMP_MISMATCH, Last received: 0.0, Next index: 2, Last known committed idx: 1, Time since last communication: 0.000s
I20260601 13:21:18.693430  6315 auto_leader_rebalancer.cc:140] leader rebalance for table test-workload
I20260601 13:21:18.694381  6315 auto_leader_rebalancer.cc:388] table: test-workload, leader rebalance finish, leader transfer count: 0
I20260601 13:21:18.694499  6315 auto_leader_rebalancer.cc:451] All tables' leader rebalancing finished this round
I20260601 13:21:20.694832  6315 auto_leader_rebalancer.cc:140] leader rebalance for table test-workload
I20260601 13:21:20.695705  6315 auto_leader_rebalancer.cc:388] table: test-workload, leader rebalance finish, leader transfer count: 0
I20260601 13:21:20.695818  6315 auto_leader_rebalancer.cc:451] All tables' leader rebalancing finished this round
I20260601 13:21:21.697640  6364 consensus_queue.cc:237] T 15167fe5c30146e0bd349053bb0917f9 P 60af4e12fb23441db7c3645ecf960806 [LEADER]: Queue going to LEADER mode. State: All replicated index: 0, Majority replicated index: 1, Committed index: 1, Last appended: 1.1, Last appended by leader: 0, Current term: 1, Majority size: 2, State: 0, Mode: LEADER, active raft config: opid_index: 2 OBSOLETE_local: false peers { permanent_uuid: "60af4e12fb23441db7c3645ecf960806" member_type: VOTER last_known_addr { host: "127.5.143.129" port: 44531 } } peers { permanent_uuid: "bfd1a41b2ca74fd3ad3e86d5a1ece11b" member_type: VOTER last_known_addr { host: "127.5.143.131" port: 38823 } attrs { replace: true } } peers { permanent_uuid: "22b0d06cf79e4d499451bd8822acc9ba" member_type: VOTER last_known_addr { host: "127.5.143.130" port: 37761 } } peers { permanent_uuid: "81a1ef5636404da39b82ad319e8f03a7" member_type: NON_VOTER last_known_addr { host: "127.5.143.132" port: 34497 } attrs { promote: true } }
I20260601 13:21:21.699481  6439 raft_consensus.cc:1275] T 15167fe5c30146e0bd349053bb0917f9 P 22b0d06cf79e4d499451bd8822acc9ba [term 1 FOLLOWER]: Refusing update from remote peer 60af4e12fb23441db7c3645ecf960806: Log matching property violated. Preceding OpId in replica: term: 1 index: 1. Preceding OpId from leader: term: 1 index: 2. (index mismatch)
I20260601 13:21:21.699855  6725 consensus_queue.cc:1048] T 15167fe5c30146e0bd349053bb0917f9 P 60af4e12fb23441db7c3645ecf960806 [LEADER]: Connected to new peer: Peer: permanent_uuid: "22b0d06cf79e4d499451bd8822acc9ba" member_type: VOTER last_known_addr { host: "127.5.143.130" port: 37761 }, Status: LMP_MISMATCH, Last received: 0.0, Next index: 2, Last known committed idx: 1, Time since last communication: 0.000s
I20260601 13:21:21.700062  6515 raft_consensus.cc:1275] T 15167fe5c30146e0bd349053bb0917f9 P bfd1a41b2ca74fd3ad3e86d5a1ece11b [term 1 FOLLOWER]: Refusing update from remote peer 60af4e12fb23441db7c3645ecf960806: Log matching property violated. Preceding OpId in replica: term: 1 index: 1. Preceding OpId from leader: term: 1 index: 2. (index mismatch)
I20260601 13:21:21.700450  6725 consensus_queue.cc:1048] T 15167fe5c30146e0bd349053bb0917f9 P 60af4e12fb23441db7c3645ecf960806 [LEADER]: Connected to new peer: Peer: permanent_uuid: "bfd1a41b2ca74fd3ad3e86d5a1ece11b" member_type: VOTER last_known_addr { host: "127.5.143.131" port: 38823 } attrs { replace: true }, Status: LMP_MISMATCH, Last received: 0.0, Next index: 2, Last known committed idx: 1, Time since last communication: 0.000s
I20260601 13:21:21.701596  6726 raft_consensus.cc:2955] T 15167fe5c30146e0bd349053bb0917f9 P 60af4e12fb23441db7c3645ecf960806 [term 1 LEADER]: Committing config change with OpId 1.2: config changed from index -1 to 2, NON_VOTER 81a1ef5636404da39b82ad319e8f03a7 (127.5.143.132) added. New config: { opid_index: 2 OBSOLETE_local: false peers { permanent_uuid: "60af4e12fb23441db7c3645ecf960806" member_type: VOTER last_known_addr { host: "127.5.143.129" port: 44531 } } peers { permanent_uuid: "bfd1a41b2ca74fd3ad3e86d5a1ece11b" member_type: VOTER last_known_addr { host: "127.5.143.131" port: 38823 } attrs { replace: true } } peers { permanent_uuid: "22b0d06cf79e4d499451bd8822acc9ba" member_type: VOTER last_known_addr { host: "127.5.143.130" port: 37761 } } peers { permanent_uuid: "81a1ef5636404da39b82ad319e8f03a7" member_type: NON_VOTER last_known_addr { host: "127.5.143.132" port: 34497 } attrs { promote: true } } }
I20260601 13:21:21.702443  6515 raft_consensus.cc:2955] T 15167fe5c30146e0bd349053bb0917f9 P bfd1a41b2ca74fd3ad3e86d5a1ece11b [term 1 FOLLOWER]: Committing config change with OpId 1.2: config changed from index -1 to 2, NON_VOTER 81a1ef5636404da39b82ad319e8f03a7 (127.5.143.132) added. New config: { opid_index: 2 OBSOLETE_local: false peers { permanent_uuid: "60af4e12fb23441db7c3645ecf960806" member_type: VOTER last_known_addr { host: "127.5.143.129" port: 44531 } } peers { permanent_uuid: "bfd1a41b2ca74fd3ad3e86d5a1ece11b" member_type: VOTER last_known_addr { host: "127.5.143.131" port: 38823 } attrs { replace: true } } peers { permanent_uuid: "22b0d06cf79e4d499451bd8822acc9ba" member_type: VOTER last_known_addr { host: "127.5.143.130" port: 37761 } } peers { permanent_uuid: "81a1ef5636404da39b82ad319e8f03a7" member_type: NON_VOTER last_known_addr { host: "127.5.143.132" port: 34497 } attrs { promote: true } } }
I20260601 13:21:21.703936  6439 raft_consensus.cc:2955] T 15167fe5c30146e0bd349053bb0917f9 P 22b0d06cf79e4d499451bd8822acc9ba [term 1 FOLLOWER]: Committing config change with OpId 1.2: config changed from index -1 to 2, NON_VOTER 81a1ef5636404da39b82ad319e8f03a7 (127.5.143.132) added. New config: { opid_index: 2 OBSOLETE_local: false peers { permanent_uuid: "60af4e12fb23441db7c3645ecf960806" member_type: VOTER last_known_addr { host: "127.5.143.129" port: 44531 } } peers { permanent_uuid: "bfd1a41b2ca74fd3ad3e86d5a1ece11b" member_type: VOTER last_known_addr { host: "127.5.143.131" port: 38823 } attrs { replace: true } } peers { permanent_uuid: "22b0d06cf79e4d499451bd8822acc9ba" member_type: VOTER last_known_addr { host: "127.5.143.130" port: 37761 } } peers { permanent_uuid: "81a1ef5636404da39b82ad319e8f03a7" member_type: NON_VOTER last_known_addr { host: "127.5.143.132" port: 34497 } attrs { promote: true } } }
