I20260601 13:34:01.168913 31333 consensus_queue.cc:1048] T ea3c3742d3394805871081601b1a75b9 P 0bfda48bcc5248978c776a06e733630c [LEADER]: Connected to new peer: Peer: permanent_uuid: "45752dfd2e2649b08dd2a4a6f43b5b06" member_type: VOTER last_known_addr { host: "127.27.68.196" port: 44133 } attrs { replace: true }, Status: LMP_MISMATCH, Last received: 0.0, Next index: 2, Last known committed idx: 1, Time since last communication: 0.000s
I20260601 13:34:01.169150 31342 consensus_queue.cc:1048] T ea3c3742d3394805871081601b1a75b9 P 0bfda48bcc5248978c776a06e733630c [LEADER]: Connected to new peer: Peer: permanent_uuid: "cf02272f1b474aa4b1b74ac913cf84db" member_type: VOTER last_known_addr { host: "127.27.68.195" port: 43515 }, Status: LMP_MISMATCH, Last received: 0.0, Next index: 2, Last known committed idx: 1, Time since last communication: 0.000s
I20260601 13:34:01.171048 31343 raft_consensus.cc:2955] T ea3c3742d3394805871081601b1a75b9 P 0bfda48bcc5248978c776a06e733630c [term 1 LEADER]: Committing config change with OpId 1.2: config changed from index -1 to 2, NON_VOTER e17afa3f44bd4bc8a8a6eae59739637c (127.27.68.194) added. New config: { opid_index: 2 OBSOLETE_local: false peers { permanent_uuid: "cf02272f1b474aa4b1b74ac913cf84db" member_type: VOTER last_known_addr { host: "127.27.68.195" port: 43515 } } peers { permanent_uuid: "0bfda48bcc5248978c776a06e733630c" member_type: VOTER last_known_addr { host: "127.27.68.193" port: 43459 } } peers { permanent_uuid: "45752dfd2e2649b08dd2a4a6f43b5b06" member_type: VOTER last_known_addr { host: "127.27.68.196" port: 44133 } attrs { replace: true } } peers { permanent_uuid: "e17afa3f44bd4bc8a8a6eae59739637c" member_type: NON_VOTER last_known_addr { host: "127.27.68.194" port: 46193 } attrs { promote: true } } }
I20260601 13:34:01.171587 31020 raft_consensus.cc:2955] T ea3c3742d3394805871081601b1a75b9 P cf02272f1b474aa4b1b74ac913cf84db [term 1 FOLLOWER]: Committing config change with OpId 1.2: config changed from index -1 to 2, NON_VOTER e17afa3f44bd4bc8a8a6eae59739637c (127.27.68.194) added. New config: { opid_index: 2 OBSOLETE_local: false peers { permanent_uuid: "cf02272f1b474aa4b1b74ac913cf84db" member_type: VOTER last_known_addr { host: "127.27.68.195" port: 43515 } } peers { permanent_uuid: "0bfda48bcc5248978c776a06e733630c" member_type: VOTER last_known_addr { host: "127.27.68.193" port: 43459 } } peers { permanent_uuid: "45752dfd2e2649b08dd2a4a6f43b5b06" member_type: VOTER last_known_addr { host: "127.27.68.196" port: 44133 } attrs { replace: true } } peers { permanent_uuid: "e17afa3f44bd4bc8a8a6eae59739637c" member_type: NON_VOTER last_known_addr { host: "127.27.68.194" port: 46193 } attrs { promote: true } } }
I20260601 13:34:01.171586 31157 raft_consensus.cc:2955] T ea3c3742d3394805871081601b1a75b9 P 45752dfd2e2649b08dd2a4a6f43b5b06 [term 1 FOLLOWER]: Committing config change with OpId 1.2: config changed from index -1 to 2, NON_VOTER e17afa3f44bd4bc8a8a6eae59739637c (127.27.68.194) added. New config: { opid_index: 2 OBSOLETE_local: false peers { permanent_uuid: "cf02272f1b474aa4b1b74ac913cf84db" member_type: VOTER last_known_addr { host: "127.27.68.195" port: 43515 } } peers { permanent_uuid: "0bfda48bcc5248978c776a06e733630c" member_type: VOTER last_known_addr { host: "127.27.68.193" port: 43459 } } peers { permanent_uuid: "45752dfd2e2649b08dd2a4a6f43b5b06" member_type: VOTER last_known_addr { host: "127.27.68.196" port: 44133 } attrs { replace: true } } peers { permanent_uuid: "e17afa3f44bd4bc8a8a6eae59739637c" member_type: NON_VOTER last_known_addr { host: "127.27.68.194" port: 46193 } attrs { promote: true } } }
I20260601 13:34:01.174062 30766 catalog_manager.cc:5696] T ea3c3742d3394805871081601b1a75b9 P 0bfda48bcc5248978c776a06e733630c reported cstate change: config changed from index -1 to 2, NON_VOTER e17afa3f44bd4bc8a8a6eae59739637c (127.27.68.194) added. New cstate: current_term: 1 leader_uuid: "0bfda48bcc5248978c776a06e733630c" committed_config { opid_index: 2 OBSOLETE_local: false peers { permanent_uuid: "cf02272f1b474aa4b1b74ac913cf84db" member_type: VOTER last_known_addr { host: "127.27.68.195" port: 43515 } health_report { overall_health: HEALTHY } } peers { permanent_uuid: "0bfda48bcc5248978c776a06e733630c" member_type: VOTER last_known_addr { host: "127.27.68.193" port: 43459 } health_report { overall_health: HEALTHY } } peers { permanent_uuid: "45752dfd2e2649b08dd2a4a6f43b5b06" member_type: VOTER last_known_addr { host: "127.27.68.196" port: 44133 } attrs { replace: true } health_report { overall_health: HEALTHY } } peers { permanent_uuid: "e17afa3f44bd4bc8a8a6eae59739637c" member_type: NON_VOTER last_known_addr { host: "127.27.68.194" port: 46193 } attrs { promote: true } health_report { overall_health: UNKNOWN } } }
I20260601 13:34:01.174808 30869 consensus_queue.cc:237] T 07ca031d58ae4c73897d7dd16f18e411 P 0bfda48bcc5248978c776a06e733630c [LEADER]: Queue going to LEADER mode. State: All replicated index: 0, Majority replicated index: 2, Committed index: 2, Last appended: 2.2, Last appended by leader: 1, Current term: 2, Majority size: 2, State: 0, Mode: LEADER, active raft config: opid_index: 3 OBSOLETE_local: false peers { permanent_uuid: "0bfda48bcc5248978c776a06e733630c" member_type: VOTER last_known_addr { host: "127.27.68.193" port: 43459 } } peers { permanent_uuid: "e17afa3f44bd4bc8a8a6eae59739637c" member_type: VOTER last_known_addr { host: "127.27.68.194" port: 46193 } attrs { replace: true } } peers { permanent_uuid: "cf02272f1b474aa4b1b74ac913cf84db" member_type: VOTER last_known_addr { host: "127.27.68.195" port: 43515 } } peers { permanent_uuid: "45752dfd2e2649b08dd2a4a6f43b5b06" member_type: NON_VOTER last_known_addr { host: "127.27.68.196" port: 44133 } attrs { promote: true } }
I20260601 13:34:01.176447 30945 raft_consensus.cc:1275] T 07ca031d58ae4c73897d7dd16f18e411 P e17afa3f44bd4bc8a8a6eae59739637c [term 2 FOLLOWER]: Refusing update from remote peer 0bfda48bcc5248978c776a06e733630c: Log matching property violated. Preceding OpId in replica: term: 2 index: 2. Preceding OpId from leader: term: 2 index: 3. (index mismatch)
I20260601 13:34:01.176447 31020 raft_consensus.cc:1275] T 07ca031d58ae4c73897d7dd16f18e411 P cf02272f1b474aa4b1b74ac913cf84db [term 2 FOLLOWER]: Refusing update from remote peer 0bfda48bcc5248978c776a06e733630c: Log matching property violated. Preceding OpId in replica: term: 2 index: 2. Preceding OpId from leader: term: 2 index: 3. (index mismatch)
W20260601 13:34:01.176685 30835 consensus_peers.cc:597] T 07ca031d58ae4c73897d7dd16f18e411 P 0bfda48bcc5248978c776a06e733630c -> Peer 45752dfd2e2649b08dd2a4a6f43b5b06 (127.27.68.196:44133): Couldn't send request to peer 45752dfd2e2649b08dd2a4a6f43b5b06. Error code: TABLET_NOT_FOUND (6). Status: Not found: Tablet not found: 07ca031d58ae4c73897d7dd16f18e411. This is attempt 1: this message will repeat every 5th retry.
I20260601 13:34:01.176852 31333 consensus_queue.cc:1048] T 07ca031d58ae4c73897d7dd16f18e411 P 0bfda48bcc5248978c776a06e733630c [LEADER]: Connected to new peer: Peer: permanent_uuid: "e17afa3f44bd4bc8a8a6eae59739637c" member_type: VOTER last_known_addr { host: "127.27.68.194" port: 46193 } attrs { replace: true }, Status: LMP_MISMATCH, Last received: 0.0, Next index: 3, Last known committed idx: 2, Time since last communication: 0.000s
I20260601 13:34:01.177079 31343 consensus_queue.cc:1048] T 07ca031d58ae4c73897d7dd16f18e411 P 0bfda48bcc5248978c776a06e733630c [LEADER]: Connected to new peer: Peer: permanent_uuid: "cf02272f1b474aa4b1b74ac913cf84db" member_type: VOTER last_known_addr { host: "127.27.68.195" port: 43515 }, Status: LMP_MISMATCH, Last received: 0.0, Next index: 3, Last known committed idx: 2, Time since last communication: 0.000s
I20260601 13:34:01.178961 31342 raft_consensus.cc:2955] T 07ca031d58ae4c73897d7dd16f18e411 P 0bfda48bcc5248978c776a06e733630c [term 2 LEADER]: Committing config change with OpId 2.3: config changed from index -1 to 3, NON_VOTER 45752dfd2e2649b08dd2a4a6f43b5b06 (127.27.68.196) added. New config: { opid_index: 3 OBSOLETE_local: false peers { permanent_uuid: "0bfda48bcc5248978c776a06e733630c" member_type: VOTER last_known_addr { host: "127.27.68.193" port: 43459 } } peers { permanent_uuid: "e17afa3f44bd4bc8a8a6eae59739637c" member_type: VOTER last_known_addr { host: "127.27.68.194" port: 46193 } attrs { replace: true } } peers { permanent_uuid: "cf02272f1b474aa4b1b74ac913cf84db" member_type: VOTER last_known_addr { host: "127.27.68.195" port: 43515 } } peers { permanent_uuid: "45752dfd2e2649b08dd2a4a6f43b5b06" member_type: NON_VOTER last_known_addr { host: "127.27.68.196" port: 44133 } attrs { promote: true } } }
I20260601 13:34:01.180598 31020 raft_consensus.cc:2955] T 07ca031d58ae4c73897d7dd16f18e411 P cf02272f1b474aa4b1b74ac913cf84db [term 2 FOLLOWER]: Committing config change with OpId 2.3: config changed from index -1 to 3, NON_VOTER 45752dfd2e2649b08dd2a4a6f43b5b06 (127.27.68.196) added. New config: { opid_index: 3 OBSOLETE_local: false peers { permanent_uuid: "0bfda48bcc5248978c776a06e733630c" member_type: VOTER last_known_addr { host: "127.27.68.193" port: 43459 } } peers { permanent_uuid: "e17afa3f44bd4bc8a8a6eae59739637c" member_type: VOTER last_known_addr { host: "127.27.68.194" port: 46193 } attrs { replace: true } } peers { permanent_uuid: "cf02272f1b474aa4b1b74ac913cf84db" member_type: VOTER last_known_addr { host: "127.27.68.195" port: 43515 } } peers { permanent_uuid: "45752dfd2e2649b08dd2a4a6f43b5b06" member_type: NON_VOTER last_known_addr { host: "127.27.68.196" port: 44133 } attrs { promote: true } } }
I20260601 13:34:01.181098 30945 raft_consensus.cc:2955] T 07ca031d58ae4c73897d7dd16f18e411 P e17afa3f44bd4bc8a8a6eae59739637c [term 2 FOLLOWER]: Committing config change with OpId 2.3: config changed from index -1 to 3, NON_VOTER 45752dfd2e2649b08dd2a4a6f43b5b06 (127.27.68.196) added. New config: { opid_index: 3 OBSOLETE_local: false peers { permanent_uuid: "0bfda48bcc5248978c776a06e733630c" member_type: VOTER last_known_addr { host: "127.27.68.193" port: 43459 } } peers { permanent_uuid: "e17afa3f44bd4bc8a8a6eae59739637c" member_type: VOTER last_known_addr { host: "127.27.68.194" port: 46193 } attrs { replace: true } } peers { permanent_uuid: "cf02272f1b474aa4b1b74ac913cf84db" member_type: VOTER last_known_addr { host: "127.27.68.195" port: 43515 } } peers { permanent_uuid: "45752dfd2e2649b08dd2a4a6f43b5b06" member_type: NON_VOTER last_known_addr { host: "127.27.68.196" port: 44133 } attrs { promote: true } } }
I20260601 13:34:01.181502 30869 consensus_queue.cc:237] T 071f6662a1ad487c82f2b777f2b9f849 P 0bfda48bcc5248978c776a06e733630c [LEADER]: Queue going to LEADER mode. State: All replicated index: 0, Majority replicated index: 1, Committed index: 1, Last appended: 1.1, Last appended by leader: 0, Current term: 1, Majority size: 2, State: 0, Mode: LEADER, active raft config: opid_index: 2 OBSOLETE_local: false peers { permanent_uuid: "45752dfd2e2649b08dd2a4a6f43b5b06" member_type: VOTER last_known_addr { host: "127.27.68.196" port: 44133 } attrs { replace: true } } peers { permanent_uuid: "0bfda48bcc5248978c776a06e733630c" member_type: VOTER last_known_addr { host: "127.27.68.193" port: 43459 } } peers { permanent_uuid: "e17afa3f44bd4bc8a8a6eae59739637c" member_type: VOTER last_known_addr { host: "127.27.68.194" port: 46193 } } peers { permanent_uuid: "cf02272f1b474aa4b1b74ac913cf84db" member_type: NON_VOTER last_known_addr { host: "127.27.68.195" port: 43515 } attrs { promote: true } }
I20260601 13:34:01.183415 31157 raft_consensus.cc:1275] T 071f6662a1ad487c82f2b777f2b9f849 P 45752dfd2e2649b08dd2a4a6f43b5b06 [term 1 FOLLOWER]: Refusing update from remote peer 0bfda48bcc5248978c776a06e733630c: Log matching property violated. Preceding OpId in replica: term: 1 index: 1. Preceding OpId from leader: term: 1 index: 2. (index mismatch)
I20260601 13:34:01.183310 30764 catalog_manager.cc:5696] T 07ca031d58ae4c73897d7dd16f18e411 P 0bfda48bcc5248978c776a06e733630c reported cstate change: config changed from index -1 to 3, NON_VOTER 45752dfd2e2649b08dd2a4a6f43b5b06 (127.27.68.196) added. New cstate: current_term: 2 leader_uuid: "0bfda48bcc5248978c776a06e733630c" committed_config { opid_index: 3 OBSOLETE_local: false peers { permanent_uuid: "0bfda48bcc5248978c776a06e733630c" member_type: VOTER last_known_addr { host: "127.27.68.193" port: 43459 } health_report { overall_health: HEALTHY } } peers { permanent_uuid: "e17afa3f44bd4bc8a8a6eae59739637c" member_type: VOTER last_known_addr { host: "127.27.68.194" port: 46193 } attrs { replace: true } health_report { overall_health: HEALTHY } } peers { permanent_uuid: "cf02272f1b474aa4b1b74ac913cf84db" member_type: VOTER last_known_addr { host: "127.27.68.195" port: 43515 } health_report { overall_health: HEALTHY } } peers { permanent_uuid: "45752dfd2e2649b08dd2a4a6f43b5b06" member_type: NON_VOTER last_known_addr { host: "127.27.68.196" port: 44133 } attrs { promote: true } health_report { overall_health: UNKNOWN } } }
I20260601 13:34:01.183534 30945 raft_consensus.cc:1275] T 071f6662a1ad487c82f2b777f2b9f849 P e17afa3f44bd4bc8a8a6eae59739637c [term 1 FOLLOWER]: Refusing update from remote peer 0bfda48bcc5248978c776a06e733630c: Log matching property violated. Preceding OpId in replica: term: 1 index: 1. Preceding OpId from leader: term: 1 index: 2. (index mismatch)
I20260601 13:34:01.183823 31333 consensus_queue.cc:1048] T 071f6662a1ad487c82f2b777f2b9f849 P 0bfda48bcc5248978c776a06e733630c [LEADER]: Connected to new peer: Peer: permanent_uuid: "45752dfd2e2649b08dd2a4a6f43b5b06" member_type: VOTER last_known_addr { host: "127.27.68.196" port: 44133 } attrs { replace: true }, Status: LMP_MISMATCH, Last received: 0.0, Next index: 2, Last known committed idx: 1, Time since last communication: 0.000s
I20260601 13:34:01.183975 31342 consensus_queue.cc:1048] T 071f6662a1ad487c82f2b777f2b9f849 P 0bfda48bcc5248978c776a06e733630c [LEADER]: Connected to new peer: Peer: permanent_uuid: "e17afa3f44bd4bc8a8a6eae59739637c" member_type: VOTER last_known_addr { host: "127.27.68.194" port: 46193 }, Status: LMP_MISMATCH, Last received: 0.0, Next index: 2, Last known committed idx: 1, Time since last communication: 0.000s
W20260601 13:34:01.184192 30833 consensus_peers.cc:597] T 071f6662a1ad487c82f2b777f2b9f849 P 0bfda48bcc5248978c776a06e733630c -> Peer cf02272f1b474aa4b1b74ac913cf84db (127.27.68.195:43515): Couldn't send request to peer cf02272f1b474aa4b1b74ac913cf84db. Error code: TABLET_NOT_FOUND (6). Status: Not found: Tablet not found: 071f6662a1ad487c82f2b777f2b9f849. This is attempt 1: this message will repeat every 5th retry.
I20260601 13:34:01.185931 31333 raft_consensus.cc:2955] T 071f6662a1ad487c82f2b777f2b9f849 P 0bfda48bcc5248978c776a06e733630c [term 1 LEADER]: Committing config change with OpId 1.2: config changed from index -1 to 2, NON_VOTER cf02272f1b474aa4b1b74ac913cf84db (127.27.68.195) added. New config: { opid_index: 2 OBSOLETE_local: false peers { permanent_uuid: "45752dfd2e2649b08dd2a4a6f43b5b06" member_type: VOTER last_known_addr { host: "127.27.68.196" port: 44133 } attrs { replace: true } } peers { permanent_uuid: "0bfda48bcc5248978c776a06e733630c" member_type: VOTER last_known_addr { host: "127.27.68.193" port: 43459 } } peers { permanent_uuid: "e17afa3f44bd4bc8a8a6eae59739637c" member_type: VOTER last_known_addr { host: "127.27.68.194" port: 46193 } } peers { permanent_uuid: "cf02272f1b474aa4b1b74ac913cf84db" member_type: NON_VOTER last_known_addr { host: "127.27.68.195" port: 43515 } attrs { promote: true } } }
I20260601 13:34:01.186219 31157 raft_consensus.cc:2955] T 071f6662a1ad487c82f2b777f2b9f849 P 45752dfd2e2649b08dd2a4a6f43b5b06 [term 1 FOLLOWER]: Committing config change with OpId 1.2: config changed from index -1 to 2, NON_VOTER cf02272f1b474aa4b1b74ac913cf84db (127.27.68.195) added. New config: { opid_index: 2 OBSOLETE_local: false peers { permanent_uuid: "45752dfd2e2649b08dd2a4a6f43b5b06" member_type: VOTER last_known_addr { host: "127.27.68.196" port: 44133 } attrs { replace: true } } peers { permanent_uuid: "0bfda48bcc5248978c776a06e733630c" member_type: VOTER last_known_addr { host: "127.27.68.193" port: 43459 } } peers { permanent_uuid: "e17afa3f44bd4bc8a8a6eae59739637c" member_type: VOTER last_known_addr { host: "127.27.68.194" port: 46193 } } peers { permanent_uuid: "cf02272f1b474aa4b1b74ac913cf84db" member_type: NON_VOTER last_known_addr { host: "127.27.68.195" port: 43515 } attrs { promote: true } } }
I20260601 13:34:01.187695 30945 raft_consensus.cc:2955] T 071f6662a1ad487c82f2b777f2b9f849 P e17afa3f44bd4bc8a8a6eae59739637c [term 1 FOLLOWER]: Committing config change with OpId 1.2: config changed from index -1 to 2, NON_VOTER cf02272f1b474aa4b1b74ac913cf84db (127.27.68.195) added. New config: { opid_index: 2 OBSOLETE_local: false peers { permanent_uuid: "45752dfd2e2649b08dd2a4a6f43b5b06" member_type: VOTER last_known_addr { host: "127.27.68.196" port: 44133 } attrs { replace: true } } peers { permanent_uuid: "0bfda48bcc5248978c776a06e733630c" member_type: VOTER last_known_addr { host: "127.27.68.193" port: 43459 } } peers { permanent_uuid: "e17afa3f44bd4bc8a8a6eae59739637c" member_type: VOTER last_known_addr { host: "127.27.68.194" port: 46193 } } peers { permanent_uuid: "cf02272f1b474aa4b1b74ac913cf84db" member_type: NON_VOTER last_known_addr { host: "127.27.68.195" port: 43515 } attrs { promote: true } } }
I20260601 13:34:01.188290 30763 catalog_manager.cc:5696] T 071f6662a1ad487c82f2b777f2b9f849 P 45752dfd2e2649b08dd2a4a6f43b5b06 reported cstate change: config changed from index -1 to 2, NON_VOTER cf02272f1b474aa4b1b74ac913cf84db (127.27.68.195) added. New cstate: current_term: 1 leader_uuid: "0bfda48bcc5248978c776a06e733630c" committed_config { opid_index: 2 OBSOLETE_local: false peers { permanent_uuid: "45752dfd2e2649b08dd2a4a6f43b5b06" member_type: VOTER last_known_addr { host: "127.27.68.196" port: 44133 } attrs { replace: true } } peers { permanent_uuid: "0bfda48bcc5248978c776a06e733630c" member_type: VOTER last_known_addr { host: "127.27.68.193" port: 43459 } } peers { permanent_uuid: "e17afa3f44bd4bc8a8a6eae59739637c" member_type: VOTER last_known_addr { host: "127.27.68.194" port: 46193 } } peers { permanent_uuid: "cf02272f1b474aa4b1b74ac913cf84db" member_type: NON_VOTER last_known_addr { host: "127.27.68.195" port: 43515 } attrs { promote: true } } }
I20260601 13:34:01.188982 30944 consensus_queue.cc:237] T 3c67e4a2c6e44716ac0ca3a7cc1d62cf P e17afa3f44bd4bc8a8a6eae59739637c [LEADER]: Queue going to LEADER mode. State: All replicated index: 0, Majority replicated index: 1, Committed index: 1, Last appended: 1.1, Last appended by leader: 0, Current term: 1, Majority size: 2, State: 0, Mode: LEADER, active raft config: opid_index: 2 OBSOLETE_local: false peers { permanent_uuid: "0bfda48bcc5248978c776a06e733630c" member_type: VOTER last_known_addr { host: "127.27.68.193" port: 43459 } } peers { permanent_uuid: "e17afa3f44bd4bc8a8a6eae59739637c" member_type: VOTER last_known_addr { host: "127.27.68.194" port: 46193 } } peers { permanent_uuid: "cf02272f1b474aa4b1b74ac913cf84db" member_type: VOTER last_known_addr { host: "127.27.68.195" port: 43515 } attrs { replace: true } } peers { permanent_uuid: "45752dfd2e2649b08dd2a4a6f43b5b06" member_type: NON_VOTER last_known_addr { host: "127.27.68.196" port: 44133 } attrs { promote: true } }
I20260601 13:34:01.190424 30869 raft_consensus.cc:1275] T 3c67e4a2c6e44716ac0ca3a7cc1d62cf P 0bfda48bcc5248978c776a06e733630c [term 1 FOLLOWER]: Refusing update from remote peer e17afa3f44bd4bc8a8a6eae59739637c: Log matching property violated. Preceding OpId in replica: term: 1 index: 1. Preceding OpId from leader: term: 1 index: 2. (index mismatch)
W20260601 13:34:01.190502 30911 consensus_peers.cc:597] T 3c67e4a2c6e44716ac0ca3a7cc1d62cf P e17afa3f44bd4bc8a8a6eae59739637c -> Peer 45752dfd2e2649b08dd2a4a6f43b5b06 (127.27.68.196:44133): Couldn't send request to peer 45752dfd2e2649b08dd2a4a6f43b5b06. Error code: TABLET_NOT_FOUND (6). Status: Not found: Tablet not found: 3c67e4a2c6e44716ac0ca3a7cc1d62cf. This is attempt 1: this message will repeat every 5th retry.
I20260601 13:34:01.190788 31360 consensus_queue.cc:1048] T 3c67e4a2c6e44716ac0ca3a7cc1d62cf P e17afa3f44bd4bc8a8a6eae59739637c [LEADER]: Connected to new peer: Peer: permanent_uuid: "0bfda48bcc5248978c776a06e733630c" member_type: VOTER last_known_addr { host: "127.27.68.193" port: 43459 }, Status: LMP_MISMATCH, Last received: 0.0, Next index: 2, Last known committed idx: 1, Time since last communication: 0.000s
I20260601 13:34:01.190420 31020 raft_consensus.cc:1275] T 3c67e4a2c6e44716ac0ca3a7cc1d62cf P cf02272f1b474aa4b1b74ac913cf84db [term 1 FOLLOWER]: Refusing update from remote peer e17afa3f44bd4bc8a8a6eae59739637c: Log matching property violated. Preceding OpId in replica: term: 1 index: 1. Preceding OpId from leader: term: 1 index: 2. (index mismatch)
I20260601 13:34:01.191457 31361 consensus_queue.cc:1048] T 3c67e4a2c6e44716ac0ca3a7cc1d62cf P e17afa3f44bd4bc8a8a6eae59739637c [LEADER]: Connected to new peer: Peer: permanent_uuid: "cf02272f1b474aa4b1b74ac913cf84db" member_type: VOTER last_known_addr { host: "127.27.68.195" port: 43515 } attrs { replace: true }, Status: LMP_MISMATCH, Last received: 0.0, Next index: 2, Last known committed idx: 1, Time since last communication: 0.000s
I20260601 13:34:01.192694 31360 raft_consensus.cc:2955] T 3c67e4a2c6e44716ac0ca3a7cc1d62cf P e17afa3f44bd4bc8a8a6eae59739637c [term 1 LEADER]: Committing config change with OpId 1.2: config changed from index -1 to 2, NON_VOTER 45752dfd2e2649b08dd2a4a6f43b5b06 (127.27.68.196) added. New config: { opid_index: 2 OBSOLETE_local: false peers { permanent_uuid: "0bfda48bcc5248978c776a06e733630c" member_type: VOTER last_known_addr { host: "127.27.68.193" port: 43459 } } peers { permanent_uuid: "e17afa3f44bd4bc8a8a6eae59739637c" member_type: VOTER last_known_addr { host: "127.27.68.194" port: 46193 } } peers { permanent_uuid: "cf02272f1b474aa4b1b74ac913cf84db" member_type: VOTER last_known_addr { host: "127.27.68.195" port: 43515 } attrs { replace: true } } peers { permanent_uuid: "45752dfd2e2649b08dd2a4a6f43b5b06" member_type: NON_VOTER last_known_addr { host: "127.27.68.196" port: 44133 } attrs { promote: true } } }
I20260601 13:34:01.193220 30869 raft_consensus.cc:2955] T 3c67e4a2c6e44716ac0ca3a7cc1d62cf P 0bfda48bcc5248978c776a06e733630c [term 1 FOLLOWER]: Committing config change with OpId 1.2: config changed from index -1 to 2, NON_VOTER 45752dfd2e2649b08dd2a4a6f43b5b06 (127.27.68.196) added. New config: { opid_index: 2 OBSOLETE_local: false peers { permanent_uuid: "0bfda48bcc5248978c776a06e733630c" member_type: VOTER last_known_addr { host: "127.27.68.193" port: 43459 } } peers { permanent_uuid: "e17afa3f44bd4bc8a8a6eae59739637c" member_type: VOTER last_known_addr { host: "127.27.68.194" port: 46193 } } peers { permanent_uuid: "cf02272f1b474aa4b1b74ac913cf84db" member_type: VOTER last_known_addr { host: "127.27.68.195" port: 43515 } attrs { replace: true } } peers { permanent_uuid: "45752dfd2e2649b08dd2a4a6f43b5b06" member_type: NON_VOTER last_known_addr { host: "127.27.68.196" port: 44133 } attrs { promote: true } } }
I20260601 13:34:01.195329 31020 raft_consensus.cc:2955] T 3c67e4a2c6e44716ac0ca3a7cc1d62cf P cf02272f1b474aa4b1b74ac913cf84db [term 1 FOLLOWER]: Committing config change with OpId 1.2: config changed from index -1 to 2, NON_VOTER 45752dfd2e2649b08dd2a4a6f43b5b06 (127.27.68.196) added. New config: { opid_index: 2 OBSOLETE_local: false peers { permanent_uuid: "0bfda48bcc5248978c776a06e733630c" member_type: VOTER last_known_addr { host: "127.27.68.193" port: 43459 } } peers { permanent_uuid: "e17afa3f44bd4bc8a8a6eae59739637c" member_type: VOTER last_known_addr { host: "127.27.68.194" port: 46193 } } peers { permanent_uuid: "cf02272f1b474aa4b1b74ac913cf84db" member_type: VOTER last_known_addr { host: "127.27.68.195" port: 43515 } attrs { replace: true } } peers { permanent_uuid: "45752dfd2e2649b08dd2a4a6f43b5b06" member_type: NON_VOTER last_known_addr { host: "127.27.68.196" port: 44133 } attrs { promote: true } } }
I20260601 13:34:01.195901 30764 catalog_manager.cc:5696] T 3c67e4a2c6e44716ac0ca3a7cc1d62cf P e17afa3f44bd4bc8a8a6eae59739637c reported cstate change: config changed from index -1 to 2, NON_VOTER 45752dfd2e2649b08dd2a4a6f43b5b06 (127.27.68.196) added. New cstate: current_term: 1 leader_uuid: "e17afa3f44bd4bc8a8a6eae59739637c" committed_config { opid_index: 2 OBSOLETE_local: false peers { permanent_uuid: "0bfda48bcc5248978c776a06e733630c" member_type: VOTER last_known_addr { host: "127.27.68.193" port: 43459 } health_report { overall_health: HEALTHY } } peers { permanent_uuid: "e17afa3f44bd4bc8a8a6eae59739637c" member_type: VOTER last_known_addr { host: "127.27.68.194" port: 46193 } health_report { overall_health: HEALTHY } } peers { permanent_uuid: "cf02272f1b474aa4b1b74ac913cf84db" member_type: VOTER last_known_addr { host: "127.27.68.195" port: 43515 } attrs { replace: true } health_report { overall_health: HEALTHY } } peers { permanent_uuid: "45752dfd2e2649b08dd2a4a6f43b5b06" member_type: NON_VOTER last_known_addr { host: "127.27.68.196" port: 44133 } attrs { promote: true } health_report { overall_health: UNKNOWN } } }
I20260601 13:34:01.568140 30820 auto_leader_rebalancer.cc:140] leader rebalance for table range_aware_rebalance_new_range
I20260601 13:34:01.574995 30869 tablet_service.cc:2072] Received LeaderStepDown RPC: tablet_id: "e4730a06b9f345449b838fec7a6986b6"
dest_uuid: "0bfda48bcc5248978c776a06e733630c"
mode: GRACEFUL
new_leader_uuid: "45752dfd2e2649b08dd2a4a6f43b5b06"
 from {username='slave'} at 127.0.0.1:39996
I20260601 13:34:01.575255 30869 raft_consensus.cc:606] T e4730a06b9f345449b838fec7a6986b6 P 0bfda48bcc5248978c776a06e733630c [term 1 LEADER]: Received request to transfer leadership to TS 45752dfd2e2649b08dd2a4a6f43b5b06
I20260601 13:34:01.575639 30820 auto_leader_rebalancer.cc:388] table: range_aware_rebalance_new_range, leader rebalance finish, leader transfer count: 1
I20260601 13:34:01.575803 30820 auto_leader_rebalancer.cc:451] All tables' leader rebalancing finished this round
I20260601 13:34:01.644953 31366 ts_tablet_manager.cc:933] T 071f6662a1ad487c82f2b777f2b9f849 P cf02272f1b474aa4b1b74ac913cf84db: Initiating tablet copy from peer 0bfda48bcc5248978c776a06e733630c (127.27.68.193:43459)
I20260601 13:34:01.645419 31366 tablet_copy_client.cc:323] T 071f6662a1ad487c82f2b777f2b9f849 P cf02272f1b474aa4b1b74ac913cf84db: tablet copy: Beginning tablet copy session from remote peer at address 127.27.68.193:43459
I20260601 13:34:01.646020 30879 tablet_copy_service.cc:140] P 0bfda48bcc5248978c776a06e733630c: Received BeginTabletCopySession request for tablet 071f6662a1ad487c82f2b777f2b9f849 from peer cf02272f1b474aa4b1b74ac913cf84db ({username='slave'} at 127.0.0.1:39970)
I20260601 13:34:01.646132 30879 tablet_copy_service.cc:161] P 0bfda48bcc5248978c776a06e733630c: Beginning new tablet copy session on tablet 071f6662a1ad487c82f2b777f2b9f849 from peer cf02272f1b474aa4b1b74ac913cf84db at {username='slave'} at 127.0.0.1:39970: session id = cf02272f1b474aa4b1b74ac913cf84db-071f6662a1ad487c82f2b777f2b9f849
I20260601 13:34:01.647277 30879 tablet_copy_source_session.cc:215] T 071f6662a1ad487c82f2b777f2b9f849 P 0bfda48bcc5248978c776a06e733630c: Tablet Copy: opened 0 blocks and 1 log segments
I20260601 13:34:01.648178 31366 data_dirs.cc:400] Could only allocate 1 dirs of requested 3 for tablet 071f6662a1ad487c82f2b777f2b9f849. 1 dirs total, 0 dirs full, 0 dirs failed
I20260601 13:34:01.650075 31366 tablet_copy_client.cc:806] T 071f6662a1ad487c82f2b777f2b9f849 P cf02272f1b474aa4b1b74ac913cf84db: tablet copy: Starting download of 0 data blocks...
I20260601 13:34:01.650261 31366 tablet_copy_client.cc:670] T 071f6662a1ad487c82f2b777f2b9f849 P cf02272f1b474aa4b1b74ac913cf84db: tablet copy: Starting download of 1 WAL segments...
I20260601 13:34:01.651477 31366 tablet_copy_client.cc:538] T 071f6662a1ad487c82f2b777f2b9f849 P cf02272f1b474aa4b1b74ac913cf84db: tablet copy: Tablet Copy complete. Replacing tablet superblock.
I20260601 13:34:01.652588 31366 tablet_bootstrap.cc:492] T 071f6662a1ad487c82f2b777f2b9f849 P cf02272f1b474aa4b1b74ac913cf84db: Bootstrap starting.
I20260601 13:34:01.656266 31366 tablet_bootstrap.cc:492] T 071f6662a1ad487c82f2b777f2b9f849 P cf02272f1b474aa4b1b74ac913cf84db: Bootstrap replayed 1/1 log segments. Stats: ops{read=2 overwritten=0 applied=2 ignored=0} inserts{seen=0 ignored=0} mutations{seen=0 ignored=0} orphaned_commits=0. Pending: 0 replicates
I20260601 13:34:01.656535 31366 tablet_bootstrap.cc:492] T 071f6662a1ad487c82f2b777f2b9f849 P cf02272f1b474aa4b1b74ac913cf84db: Bootstrap complete.
I20260601 13:34:01.656755 31366 ts_tablet_manager.cc:1403] T 071f6662a1ad487c82f2b777f2b9f849 P cf02272f1b474aa4b1b74ac913cf84db: Time spent bootstrapping tablet: real 0.004s	user 0.004s	sys 0.000s
I20260601 13:34:01.657255 31366 raft_consensus.cc:359] T 071f6662a1ad487c82f2b777f2b9f849 P cf02272f1b474aa4b1b74ac913cf84db [term 1 LEARNER]: Replica starting. Triggering 0 pending ops. Active config: opid_index: 2 OBSOLETE_local: false peers { permanent_uuid: "45752dfd2e2649b08dd2a4a6f43b5b06" member_type: VOTER last_known_addr { host: "127.27.68.196" port: 44133 } attrs { replace: true } } peers { permanent_uuid: "0bfda48bcc5248978c776a06e733630c" member_type: VOTER last_known_addr { host: "127.27.68.193" port: 43459 } } peers { permanent_uuid: "e17afa3f44bd4bc8a8a6eae59739637c" member_type: VOTER last_known_addr { host: "127.27.68.194" port: 46193 } } peers { permanent_uuid: "cf02272f1b474aa4b1b74ac913cf84db" member_type: NON_VOTER last_known_addr { host: "127.27.68.195" port: 43515 } attrs { promote: true } }
I20260601 13:34:01.657423 31366 raft_consensus.cc:740] T 071f6662a1ad487c82f2b777f2b9f849 P cf02272f1b474aa4b1b74ac913cf84db [term 1 LEARNER]: Becoming Follower/Learner. State: Replica: cf02272f1b474aa4b1b74ac913cf84db, State: Initialized, Role: LEARNER
I20260601 13:34:01.657589 31366 consensus_queue.cc:260] T 071f6662a1ad487c82f2b777f2b9f849 P cf02272f1b474aa4b1b74ac913cf84db [NON_LEADER]: Queue going to NON_LEADER mode. State: All replicated index: 0, Majority replicated index: 0, Committed index: 2, Last appended: 1.2, Last appended by leader: 2, Current term: 0, Majority size: -1, State: 0, Mode: NON_LEADER, active raft config: opid_index: 2 OBSOLETE_local: false peers { permanent_uuid: "45752dfd2e2649b08dd2a4a6f43b5b06" member_type: VOTER last_known_addr { host: "127.27.68.196" port: 44133 } attrs { replace: true } } peers { permanent_uuid: "0bfda48bcc5248978c776a06e733630c" member_type: VOTER last_known_addr { host: "127.27.68.193" port: 43459 } } peers { permanent_uuid: "e17afa3f44bd4bc8a8a6eae59739637c" member_type: VOTER last_known_addr { host: "127.27.68.194" port: 46193 } } peers { permanent_uuid: "cf02272f1b474aa4b1b74ac913cf84db" member_type: NON_VOTER last_known_addr { host: "127.27.68.195" port: 43515 } attrs { promote: true } }
I20260601 13:34:01.657941 31366 ts_tablet_manager.cc:1434] T 071f6662a1ad487c82f2b777f2b9f849 P cf02272f1b474aa4b1b74ac913cf84db: Time spent starting tablet: real 0.001s	user 0.002s	sys 0.000s
I20260601 13:34:01.658540 30879 tablet_copy_service.cc:342] P 0bfda48bcc5248978c776a06e733630c: Request end of tablet copy session cf02272f1b474aa4b1b74ac913cf84db-071f6662a1ad487c82f2b777f2b9f849 received from {username='slave'} at 127.0.0.1:39970
I20260601 13:34:01.658629 30879 tablet_copy_service.cc:434] P 0bfda48bcc5248978c776a06e733630c: ending tablet copy session cf02272f1b474aa4b1b74ac913cf84db-071f6662a1ad487c82f2b777f2b9f849 on tablet 071f6662a1ad487c82f2b777f2b9f849 with peer cf02272f1b474aa4b1b74ac913cf84db
I20260601 13:34:01.676837 31369 ts_tablet_manager.cc:933] T 3c67e4a2c6e44716ac0ca3a7cc1d62cf P 45752dfd2e2649b08dd2a4a6f43b5b06: Initiating tablet copy from peer e17afa3f44bd4bc8a8a6eae59739637c (127.27.68.194:46193)
I20260601 13:34:01.677342 31369 tablet_copy_client.cc:323] T 3c67e4a2c6e44716ac0ca3a7cc1d62cf P 45752dfd2e2649b08dd2a4a6f43b5b06: tablet copy: Beginning tablet copy session from remote peer at address 127.27.68.194:46193
I20260601 13:34:01.677971 30955 tablet_copy_service.cc:140] P e17afa3f44bd4bc8a8a6eae59739637c: Received BeginTabletCopySession request for tablet 3c67e4a2c6e44716ac0ca3a7cc1d62cf from peer 45752dfd2e2649b08dd2a4a6f43b5b06 ({username='slave'} at 127.0.0.1:57836)
I20260601 13:34:01.678084 30955 tablet_copy_service.cc:161] P e17afa3f44bd4bc8a8a6eae59739637c: Beginning new tablet copy session on tablet 3c67e4a2c6e44716ac0ca3a7cc1d62cf from peer 45752dfd2e2649b08dd2a4a6f43b5b06 at {username='slave'} at 127.0.0.1:57836: session id = 45752dfd2e2649b08dd2a4a6f43b5b06-3c67e4a2c6e44716ac0ca3a7cc1d62cf
I20260601 13:34:01.680761 30955 tablet_copy_source_session.cc:215] T 3c67e4a2c6e44716ac0ca3a7cc1d62cf P e17afa3f44bd4bc8a8a6eae59739637c: Tablet Copy: opened 0 blocks and 1 log segments
I20260601 13:34:01.681895 31369 data_dirs.cc:400] Could only allocate 1 dirs of requested 3 for tablet 3c67e4a2c6e44716ac0ca3a7cc1d62cf. 1 dirs total, 0 dirs full, 0 dirs failed
I20260601 13:34:01.684103 31369 tablet_copy_client.cc:806] T 3c67e4a2c6e44716ac0ca3a7cc1d62cf P 45752dfd2e2649b08dd2a4a6f43b5b06: tablet copy: Starting download of 0 data blocks...
I20260601 13:34:01.684314 31369 tablet_copy_client.cc:670] T 3c67e4a2c6e44716ac0ca3a7cc1d62cf P 45752dfd2e2649b08dd2a4a6f43b5b06: tablet copy: Starting download of 1 WAL segments...
I20260601 13:34:01.685676 31369 tablet_copy_client.cc:538] T 3c67e4a2c6e44716ac0ca3a7cc1d62cf P 45752dfd2e2649b08dd2a4a6f43b5b06: tablet copy: Tablet Copy complete. Replacing tablet superblock.
I20260601 13:34:01.686954 31369 tablet_bootstrap.cc:492] T 3c67e4a2c6e44716ac0ca3a7cc1d62cf P 45752dfd2e2649b08dd2a4a6f43b5b06: Bootstrap starting.
I20260601 13:34:01.690245 31369 tablet_bootstrap.cc:492] T 3c67e4a2c6e44716ac0ca3a7cc1d62cf P 45752dfd2e2649b08dd2a4a6f43b5b06: Bootstrap replayed 1/1 log segments. Stats: ops{read=2 overwritten=0 applied=2 ignored=0} inserts{seen=0 ignored=0} mutations{seen=0 ignored=0} orphaned_commits=0. Pending: 0 replicates
I20260601 13:34:01.690510 31369 tablet_bootstrap.cc:492] T 3c67e4a2c6e44716ac0ca3a7cc1d62cf P 45752dfd2e2649b08dd2a4a6f43b5b06: Bootstrap complete.
I20260601 13:34:01.690696 31369 ts_tablet_manager.cc:1403] T 3c67e4a2c6e44716ac0ca3a7cc1d62cf P 45752dfd2e2649b08dd2a4a6f43b5b06: Time spent bootstrapping tablet: real 0.004s	user 0.003s	sys 0.000s
I20260601 13:34:01.691236 31369 raft_consensus.cc:359] T 3c67e4a2c6e44716ac0ca3a7cc1d62cf P 45752dfd2e2649b08dd2a4a6f43b5b06 [term 1 LEARNER]: Replica starting. Triggering 0 pending ops. Active config: opid_index: 2 OBSOLETE_local: false peers { permanent_uuid: "0bfda48bcc5248978c776a06e733630c" member_type: VOTER last_known_addr { host: "127.27.68.193" port: 43459 } } peers { permanent_uuid: "e17afa3f44bd4bc8a8a6eae59739637c" member_type: VOTER last_known_addr { host: "127.27.68.194" port: 46193 } } peers { permanent_uuid: "cf02272f1b474aa4b1b74ac913cf84db" member_type: VOTER last_known_addr { host: "127.27.68.195" port: 43515 } attrs { replace: true } } peers { permanent_uuid: "45752dfd2e2649b08dd2a4a6f43b5b06" member_type: NON_VOTER last_known_addr { host: "127.27.68.196" port: 44133 } attrs { promote: true } }
I20260601 13:34:01.691380 31369 raft_consensus.cc:740] T 3c67e4a2c6e44716ac0ca3a7cc1d62cf P 45752dfd2e2649b08dd2a4a6f43b5b06 [term 1 LEARNER]: Becoming Follower/Learner. State: Replica: 45752dfd2e2649b08dd2a4a6f43b5b06, State: Initialized, Role: LEARNER
I20260601 13:34:01.691531 31369 consensus_queue.cc:260] T 3c67e4a2c6e44716ac0ca3a7cc1d62cf P 45752dfd2e2649b08dd2a4a6f43b5b06 [NON_LEADER]: Queue going to NON_LEADER mode. State: All replicated index: 0, Majority replicated index: 0, Committed index: 2, Last appended: 1.2, Last appended by leader: 2, Current term: 0, Majority size: -1, State: 0, Mode: NON_LEADER, active raft config: opid_index: 2 OBSOLETE_local: false peers { permanent_uuid: "0bfda48bcc5248978c776a06e733630c" member_type: VOTER last_known_addr { host: "127.27.68.193" port: 43459 } } peers { permanent_uuid: "e17afa3f44bd4bc8a8a6eae59739637c" member_type: VOTER last_known_addr { host: "127.27.68.194" port: 46193 } } peers { permanent_uuid: "cf02272f1b474aa4b1b74ac913cf84db" member_type: VOTER last_known_addr { host: "127.27.68.195" port: 43515 } attrs { replace: true } } peers { permanent_uuid: "45752dfd2e2649b08dd2a4a6f43b5b06" member_type: NON_VOTER last_known_addr { host: "127.27.68.196" port: 44133 } attrs { promote: true } }
I20260601 13:34:01.691866 31369 ts_tablet_manager.cc:1434] T 3c67e4a2c6e44716ac0ca3a7cc1d62cf P 45752dfd2e2649b08dd2a4a6f43b5b06: Time spent starting tablet: real 0.001s	user 0.002s	sys 0.000s
I20260601 13:34:01.693202 30955 tablet_copy_service.cc:342] P e17afa3f44bd4bc8a8a6eae59739637c: Request end of tablet copy session 45752dfd2e2649b08dd2a4a6f43b5b06-3c67e4a2c6e44716ac0ca3a7cc1d62cf received from {username='slave'} at 127.0.0.1:57836
I20260601 13:34:01.693293 30955 tablet_copy_service.cc:434] P e17afa3f44bd4bc8a8a6eae59739637c: ending tablet copy session 45752dfd2e2649b08dd2a4a6f43b5b06-3c67e4a2c6e44716ac0ca3a7cc1d62cf on tablet 3c67e4a2c6e44716ac0ca3a7cc1d62cf with peer 45752dfd2e2649b08dd2a4a6f43b5b06
I20260601 13:34:01.738173 31369 ts_tablet_manager.cc:933] T 07ca031d58ae4c73897d7dd16f18e411 P 45752dfd2e2649b08dd2a4a6f43b5b06: Initiating tablet copy from peer 0bfda48bcc5248978c776a06e733630c (127.27.68.193:43459)
I20260601 13:34:01.738588 31369 tablet_copy_client.cc:323] T 07ca031d58ae4c73897d7dd16f18e411 P 45752dfd2e2649b08dd2a4a6f43b5b06: tablet copy: Beginning tablet copy session from remote peer at address 127.27.68.193:43459
I20260601 13:34:01.739128 30879 tablet_copy_service.cc:140] P 0bfda48bcc5248978c776a06e733630c: Received BeginTabletCopySession request for tablet 07ca031d58ae4c73897d7dd16f18e411 from peer 45752dfd2e2649b08dd2a4a6f43b5b06 ({username='slave'} at 127.0.0.1:39984)
I20260601 13:34:01.739316 30879 tablet_copy_service.cc:161] P 0bfda48bcc5248978c776a06e733630c: Beginning new tablet copy session on tablet 07ca031d58ae4c73897d7dd16f18e411 from peer 45752dfd2e2649b08dd2a4a6f43b5b06 at {username='slave'} at 127.0.0.1:39984: session id = 45752dfd2e2649b08dd2a4a6f43b5b06-07ca031d58ae4c73897d7dd16f18e411
I20260601 13:34:01.740267 30879 tablet_copy_source_session.cc:215] T 07ca031d58ae4c73897d7dd16f18e411 P 0bfda48bcc5248978c776a06e733630c: Tablet Copy: opened 0 blocks and 1 log segments
I20260601 13:34:01.741235 31369 data_dirs.cc:400] Could only allocate 1 dirs of requested 3 for tablet 07ca031d58ae4c73897d7dd16f18e411. 1 dirs total, 0 dirs full, 0 dirs failed
I20260601 13:34:01.743713 31369 tablet_copy_client.cc:806] T 07ca031d58ae4c73897d7dd16f18e411 P 45752dfd2e2649b08dd2a4a6f43b5b06: tablet copy: Starting download of 0 data blocks...
I20260601 13:34:01.743873 31369 tablet_copy_client.cc:670] T 07ca031d58ae4c73897d7dd16f18e411 P 45752dfd2e2649b08dd2a4a6f43b5b06: tablet copy: Starting download of 1 WAL segments...
I20260601 13:34:01.745082 31369 tablet_copy_client.cc:538] T 07ca031d58ae4c73897d7dd16f18e411 P 45752dfd2e2649b08dd2a4a6f43b5b06: tablet copy: Tablet Copy complete. Replacing tablet superblock.
I20260601 13:34:01.746358 31369 tablet_bootstrap.cc:492] T 07ca031d58ae4c73897d7dd16f18e411 P 45752dfd2e2649b08dd2a4a6f43b5b06: Bootstrap starting.
I20260601 13:34:01.749776 31369 tablet_bootstrap.cc:492] T 07ca031d58ae4c73897d7dd16f18e411 P 45752dfd2e2649b08dd2a4a6f43b5b06: Bootstrap replayed 1/1 log segments. Stats: ops{read=3 overwritten=0 applied=3 ignored=0} inserts{seen=0 ignored=0} mutations{seen=0 ignored=0} orphaned_commits=0. Pending: 0 replicates
I20260601 13:34:01.750027 31369 tablet_bootstrap.cc:492] T 07ca031d58ae4c73897d7dd16f18e411 P 45752dfd2e2649b08dd2a4a6f43b5b06: Bootstrap complete.
I20260601 13:34:01.750237 31369 ts_tablet_manager.cc:1403] T 07ca031d58ae4c73897d7dd16f18e411 P 45752dfd2e2649b08dd2a4a6f43b5b06: Time spent bootstrapping tablet: real 0.004s	user 0.003s	sys 0.000s
I20260601 13:34:01.750765 31369 raft_consensus.cc:359] T 07ca031d58ae4c73897d7dd16f18e411 P 45752dfd2e2649b08dd2a4a6f43b5b06 [term 2 LEARNER]: Replica starting. Triggering 0 pending ops. Active config: opid_index: 3 OBSOLETE_local: false peers { permanent_uuid: "0bfda48bcc5248978c776a06e733630c" member_type: VOTER last_known_addr { host: "127.27.68.193" port: 43459 } } peers { permanent_uuid: "e17afa3f44bd4bc8a8a6eae59739637c" member_type: VOTER last_known_addr { host: "127.27.68.194" port: 46193 } attrs { replace: true } } peers { permanent_uuid: "cf02272f1b474aa4b1b74ac913cf84db" member_type: VOTER last_known_addr { host: "127.27.68.195" port: 43515 } } peers { permanent_uuid: "45752dfd2e2649b08dd2a4a6f43b5b06" member_type: NON_VOTER last_known_addr { host: "127.27.68.196" port: 44133 } attrs { promote: true } }
I20260601 13:34:01.750902 31369 raft_consensus.cc:740] T 07ca031d58ae4c73897d7dd16f18e411 P 45752dfd2e2649b08dd2a4a6f43b5b06 [term 2 LEARNER]: Becoming Follower/Learner. State: Replica: 45752dfd2e2649b08dd2a4a6f43b5b06, State: Initialized, Role: LEARNER
I20260601 13:34:01.751101 31369 consensus_queue.cc:260] T 07ca031d58ae4c73897d7dd16f18e411 P 45752dfd2e2649b08dd2a4a6f43b5b06 [NON_LEADER]: Queue going to NON_LEADER mode. State: All replicated index: 0, Majority replicated index: 0, Committed index: 3, Last appended: 2.3, Last appended by leader: 3, Current term: 0, Majority size: -1, State: 0, Mode: NON_LEADER, active raft config: opid_index: 3 OBSOLETE_local: false peers { permanent_uuid: "0bfda48bcc5248978c776a06e733630c" member_type: VOTER last_known_addr { host: "127.27.68.193" port: 43459 } } peers { permanent_uuid: "e17afa3f44bd4bc8a8a6eae59739637c" member_type: VOTER last_known_addr { host: "127.27.68.194" port: 46193 } attrs { replace: true } } peers { permanent_uuid: "cf02272f1b474aa4b1b74ac913cf84db" member_type: VOTER last_known_addr { host: "127.27.68.195" port: 43515 } } peers { permanent_uuid: "45752dfd2e2649b08dd2a4a6f43b5b06" member_type: NON_VOTER last_known_addr { host: "127.27.68.196" port: 44133 } attrs { promote: true } }
I20260601 13:34:01.751431 31369 ts_tablet_manager.cc:1434] T 07ca031d58ae4c73897d7dd16f18e411 P 45752dfd2e2649b08dd2a4a6f43b5b06: Time spent starting tablet: real 0.001s	user 0.002s	sys 0.000s
I20260601 13:34:01.751955 30879 tablet_copy_service.cc:342] P 0bfda48bcc5248978c776a06e733630c: Request end of tablet copy session 45752dfd2e2649b08dd2a4a6f43b5b06-07ca031d58ae4c73897d7dd16f18e411 received from {username='slave'} at 127.0.0.1:39984
I20260601 13:34:01.752060 30879 tablet_copy_service.cc:434] P 0bfda48bcc5248978c776a06e733630c: ending tablet copy session 45752dfd2e2649b08dd2a4a6f43b5b06-07ca031d58ae4c73897d7dd16f18e411 on tablet 07ca031d58ae4c73897d7dd16f18e411 with peer 45752dfd2e2649b08dd2a4a6f43b5b06
I20260601 13:34:01.779554 31374 ts_tablet_manager.cc:933] T ea3c3742d3394805871081601b1a75b9 P e17afa3f44bd4bc8a8a6eae59739637c: Initiating tablet copy from peer 0bfda48bcc5248978c776a06e733630c (127.27.68.193:43459)
I20260601 13:34:01.780054 31374 tablet_copy_client.cc:323] T ea3c3742d3394805871081601b1a75b9 P e17afa3f44bd4bc8a8a6eae59739637c: tablet copy: Beginning tablet copy session from remote peer at address 127.27.68.193:43459
I20260601 13:34:01.780606 30879 tablet_copy_service.cc:140] P 0bfda48bcc5248978c776a06e733630c: Received BeginTabletCopySession request for tablet ea3c3742d3394805871081601b1a75b9 from peer e17afa3f44bd4bc8a8a6eae59739637c ({username='slave'} at 127.0.0.1:39954)
I20260601 13:34:01.780718 30879 tablet_copy_service.cc:161] P 0bfda48bcc5248978c776a06e733630c: Beginning new tablet copy session on tablet ea3c3742d3394805871081601b1a75b9 from peer e17afa3f44bd4bc8a8a6eae59739637c at {username='slave'} at 127.0.0.1:39954: session id = e17afa3f44bd4bc8a8a6eae59739637c-ea3c3742d3394805871081601b1a75b9
I20260601 13:34:01.781764 30879 tablet_copy_source_session.cc:215] T ea3c3742d3394805871081601b1a75b9 P 0bfda48bcc5248978c776a06e733630c: Tablet Copy: opened 0 blocks and 1 log segments
I20260601 13:34:01.782759 31374 data_dirs.cc:400] Could only allocate 1 dirs of requested 3 for tablet ea3c3742d3394805871081601b1a75b9. 1 dirs total, 0 dirs full, 0 dirs failed
I20260601 13:34:01.785171 31374 tablet_copy_client.cc:806] T ea3c3742d3394805871081601b1a75b9 P e17afa3f44bd4bc8a8a6eae59739637c: tablet copy: Starting download of 0 data blocks...
I20260601 13:34:01.785392 31374 tablet_copy_client.cc:670] T ea3c3742d3394805871081601b1a75b9 P e17afa3f44bd4bc8a8a6eae59739637c: tablet copy: Starting download of 1 WAL segments...
I20260601 13:34:01.786672 31374 tablet_copy_client.cc:538] T ea3c3742d3394805871081601b1a75b9 P e17afa3f44bd4bc8a8a6eae59739637c: tablet copy: Tablet Copy complete. Replacing tablet superblock.
I20260601 13:34:01.787945 31374 tablet_bootstrap.cc:492] T ea3c3742d3394805871081601b1a75b9 P e17afa3f44bd4bc8a8a6eae59739637c: Bootstrap starting.
I20260601 13:34:01.791517 31374 tablet_bootstrap.cc:492] T ea3c3742d3394805871081601b1a75b9 P e17afa3f44bd4bc8a8a6eae59739637c: Bootstrap replayed 1/1 log segments. Stats: ops{read=2 overwritten=0 applied=2 ignored=0} inserts{seen=0 ignored=0} mutations{seen=0 ignored=0} orphaned_commits=0. Pending: 0 replicates
I20260601 13:34:01.791787 31374 tablet_bootstrap.cc:492] T ea3c3742d3394805871081601b1a75b9 P e17afa3f44bd4bc8a8a6eae59739637c: Bootstrap complete.
I20260601 13:34:01.791988 31374 ts_tablet_manager.cc:1403] T ea3c3742d3394805871081601b1a75b9 P e17afa3f44bd4bc8a8a6eae59739637c: Time spent bootstrapping tablet: real 0.004s	user 0.004s	sys 0.000s
I20260601 13:34:01.792467 31374 raft_consensus.cc:359] T ea3c3742d3394805871081601b1a75b9 P e17afa3f44bd4bc8a8a6eae59739637c [term 1 LEARNER]: Replica starting. Triggering 0 pending ops. Active config: opid_index: 2 OBSOLETE_local: false peers { permanent_uuid: "cf02272f1b474aa4b1b74ac913cf84db" member_type: VOTER last_known_addr { host: "127.27.68.195" port: 43515 } } peers { permanent_uuid: "0bfda48bcc5248978c776a06e733630c" member_type: VOTER last_known_addr { host: "127.27.68.193" port: 43459 } } peers { permanent_uuid: "45752dfd2e2649b08dd2a4a6f43b5b06" member_type: VOTER last_known_addr { host: "127.27.68.196" port: 44133 } attrs { replace: true } } peers { permanent_uuid: "e17afa3f44bd4bc8a8a6eae59739637c" member_type: NON_VOTER last_known_addr { host: "127.27.68.194" port: 46193 } attrs { promote: true } }
I20260601 13:34:01.792582 31374 raft_consensus.cc:740] T ea3c3742d3394805871081601b1a75b9 P e17afa3f44bd4bc8a8a6eae59739637c [term 1 LEARNER]: Becoming Follower/Learner. State: Replica: e17afa3f44bd4bc8a8a6eae59739637c, State: Initialized, Role: LEARNER
I20260601 13:34:01.792714 31374 consensus_queue.cc:260] T ea3c3742d3394805871081601b1a75b9 P e17afa3f44bd4bc8a8a6eae59739637c [NON_LEADER]: Queue going to NON_LEADER mode. State: All replicated index: 0, Majority replicated index: 0, Committed index: 2, Last appended: 1.2, Last appended by leader: 2, Current term: 0, Majority size: -1, State: 0, Mode: NON_LEADER, active raft config: opid_index: 2 OBSOLETE_local: false peers { permanent_uuid: "cf02272f1b474aa4b1b74ac913cf84db" member_type: VOTER last_known_addr { host: "127.27.68.195" port: 43515 } } peers { permanent_uuid: "0bfda48bcc5248978c776a06e733630c" member_type: VOTER last_known_addr { host: "127.27.68.193" port: 43459 } } peers { permanent_uuid: "45752dfd2e2649b08dd2a4a6f43b5b06" member_type: VOTER last_known_addr { host: "127.27.68.196" port: 44133 } attrs { replace: true } } peers { permanent_uuid: "e17afa3f44bd4bc8a8a6eae59739637c" member_type: NON_VOTER last_known_addr { host: "127.27.68.194" port: 46193 } attrs { promote: true } }
I20260601 13:34:01.793044 31374 ts_tablet_manager.cc:1434] T ea3c3742d3394805871081601b1a75b9 P e17afa3f44bd4bc8a8a6eae59739637c: Time spent starting tablet: real 0.001s	user 0.000s	sys 0.000s
I20260601 13:34:01.793731 30879 tablet_copy_service.cc:342] P 0bfda48bcc5248978c776a06e733630c: Request end of tablet copy session e17afa3f44bd4bc8a8a6eae59739637c-ea3c3742d3394805871081601b1a75b9 received from {username='slave'} at 127.0.0.1:39954
I20260601 13:34:01.793820 30879 tablet_copy_service.cc:434] P 0bfda48bcc5248978c776a06e733630c: ending tablet copy session e17afa3f44bd4bc8a8a6eae59739637c-ea3c3742d3394805871081601b1a75b9 on tablet ea3c3742d3394805871081601b1a75b9 with peer e17afa3f44bd4bc8a8a6eae59739637c
I20260601 13:34:02.082837 31342 raft_consensus.cc:993] T e4730a06b9f345449b838fec7a6986b6 P 0bfda48bcc5248978c776a06e733630c: : Instructing follower 45752dfd2e2649b08dd2a4a6f43b5b06 to start an election
I20260601 13:34:02.082983 31342 raft_consensus.cc:1081] T e4730a06b9f345449b838fec7a6986b6 P 0bfda48bcc5248978c776a06e733630c [term 1 LEADER]: Signalling peer 45752dfd2e2649b08dd2a4a6f43b5b06 to start an election
I20260601 13:34:02.083498 31157 tablet_service.cc:2044] Received Run Leader Election RPC: tablet_id: "e4730a06b9f345449b838fec7a6986b6"
dest_uuid: "45752dfd2e2649b08dd2a4a6f43b5b06"
 from {username='slave'} at 127.0.0.1:37660
I20260601 13:34:02.083657 31157 raft_consensus.cc:493] T e4730a06b9f345449b838fec7a6986b6 P 45752dfd2e2649b08dd2a4a6f43b5b06 [term 1 FOLLOWER]: Starting forced leader election (received explicit request)
I20260601 13:34:02.083747 31157 raft_consensus.cc:3060] T e4730a06b9f345449b838fec7a6986b6 P 45752dfd2e2649b08dd2a4a6f43b5b06 [term 1 FOLLOWER]: Advancing to term 2
