I20260601 13:32:47.583159 29715 leader_election.cc:290] T 5269ef5c6efe481c86165f686c9841eb P 3b6c7768194f4261a94785f63773d06c [CANDIDATE]: Term 1 election: Requested vote from peers 079e91dce3cb4e4ba52c225601def2c5 (127.28.36.65:44211), b9d95cf7c785483cbeefe1e5d11b355d (127.28.36.66:40825)
I20260601 13:32:47.583616 29495 tablet_service.cc:1917] Received RequestConsensusVote() RPC: tablet_id: "5269ef5c6efe481c86165f686c9841eb" candidate_uuid: "3b6c7768194f4261a94785f63773d06c" candidate_term: 1 candidate_status { last_received { term: 0 index: 0 } } ignore_live_leader: false dest_uuid: "079e91dce3cb4e4ba52c225601def2c5"
I20260601 13:32:47.583616 29570 tablet_service.cc:1917] Received RequestConsensusVote() RPC: tablet_id: "5269ef5c6efe481c86165f686c9841eb" candidate_uuid: "3b6c7768194f4261a94785f63773d06c" candidate_term: 1 candidate_status { last_received { term: 0 index: 0 } } ignore_live_leader: false dest_uuid: "b9d95cf7c785483cbeefe1e5d11b355d"
I20260601 13:32:47.583783 29495 raft_consensus.cc:3060] T 5269ef5c6efe481c86165f686c9841eb P 079e91dce3cb4e4ba52c225601def2c5 [term 0 FOLLOWER]: Advancing to term 1
I20260601 13:32:47.583892 29570 raft_consensus.cc:3060] T 5269ef5c6efe481c86165f686c9841eb P b9d95cf7c785483cbeefe1e5d11b355d [term 0 FOLLOWER]: Advancing to term 1
I20260601 13:32:47.584633 29495 raft_consensus.cc:2468] T 5269ef5c6efe481c86165f686c9841eb P 079e91dce3cb4e4ba52c225601def2c5 [term 1 FOLLOWER]: Leader election vote request: Granting yes vote for candidate 3b6c7768194f4261a94785f63773d06c in term 1.
I20260601 13:32:47.584686 29570 raft_consensus.cc:2468] T 5269ef5c6efe481c86165f686c9841eb P b9d95cf7c785483cbeefe1e5d11b355d [term 1 FOLLOWER]: Leader election vote request: Granting yes vote for candidate 3b6c7768194f4261a94785f63773d06c in term 1.
I20260601 13:32:47.584985 29610 leader_election.cc:304] T 5269ef5c6efe481c86165f686c9841eb P 3b6c7768194f4261a94785f63773d06c [CANDIDATE]: Term 1 election: Election decided. Result: candidate won. Election summary: received 2 responses out of 3 voters: 2 yes votes; 0 no votes. yes voters: 3b6c7768194f4261a94785f63773d06c, b9d95cf7c785483cbeefe1e5d11b355d; no voters: 
I20260601 13:32:47.585201 29715 raft_consensus.cc:2804] T 5269ef5c6efe481c86165f686c9841eb P 3b6c7768194f4261a94785f63773d06c [term 1 FOLLOWER]: Leader election won for term 1
I20260601 13:32:47.585299 29715 raft_consensus.cc:697] T 5269ef5c6efe481c86165f686c9841eb P 3b6c7768194f4261a94785f63773d06c [term 1 LEADER]: Becoming Leader. State: Replica: 3b6c7768194f4261a94785f63773d06c, State: Running, Role: LEADER
I20260601 13:32:47.585444 29715 consensus_queue.cc:237] T 5269ef5c6efe481c86165f686c9841eb P 3b6c7768194f4261a94785f63773d06c [LEADER]: Queue going to LEADER mode. State: All replicated index: 0, Majority replicated index: 0, Committed index: 0, Last appended: 0.0, Last appended by leader: 0, Current term: 1, Majority size: 2, State: 0, Mode: LEADER, active raft config: opid_index: -1 OBSOLETE_local: false peers { permanent_uuid: "079e91dce3cb4e4ba52c225601def2c5" member_type: VOTER last_known_addr { host: "127.28.36.65" port: 44211 } } peers { permanent_uuid: "b9d95cf7c785483cbeefe1e5d11b355d" member_type: VOTER last_known_addr { host: "127.28.36.66" port: 40825 } } peers { permanent_uuid: "3b6c7768194f4261a94785f63773d06c" member_type: VOTER last_known_addr { host: "127.28.36.67" port: 38867 } }
I20260601 13:32:47.588238 29390 catalog_manager.cc:5696] T 5269ef5c6efe481c86165f686c9841eb P 3b6c7768194f4261a94785f63773d06c reported cstate change: term changed from 0 to 1, leader changed from <none> to 3b6c7768194f4261a94785f63773d06c (127.28.36.67). New cstate: current_term: 1 leader_uuid: "3b6c7768194f4261a94785f63773d06c" committed_config { opid_index: -1 OBSOLETE_local: false peers { permanent_uuid: "079e91dce3cb4e4ba52c225601def2c5" member_type: VOTER last_known_addr { host: "127.28.36.65" port: 44211 } health_report { overall_health: UNKNOWN } } peers { permanent_uuid: "b9d95cf7c785483cbeefe1e5d11b355d" member_type: VOTER last_known_addr { host: "127.28.36.66" port: 40825 } health_report { overall_health: UNKNOWN } } peers { permanent_uuid: "3b6c7768194f4261a94785f63773d06c" member_type: VOTER last_known_addr { host: "127.28.36.67" port: 38867 } health_report { overall_health: HEALTHY } } }
I20260601 13:32:47.601969 29715 raft_consensus.cc:493] T 849b696f44384e7f9d20775b0c1a23bd P 3b6c7768194f4261a94785f63773d06c [term 0 FOLLOWER]: Starting pre-election (no leader contacted us within the election timeout)
I20260601 13:32:47.602305 29715 raft_consensus.cc:515] T 849b696f44384e7f9d20775b0c1a23bd P 3b6c7768194f4261a94785f63773d06c [term 0 FOLLOWER]: Starting pre-election with config: opid_index: -1 OBSOLETE_local: false peers { permanent_uuid: "079e91dce3cb4e4ba52c225601def2c5" member_type: VOTER last_known_addr { host: "127.28.36.65" port: 44211 } } peers { permanent_uuid: "b9d95cf7c785483cbeefe1e5d11b355d" member_type: VOTER last_known_addr { host: "127.28.36.66" port: 40825 } } peers { permanent_uuid: "3b6c7768194f4261a94785f63773d06c" member_type: VOTER last_known_addr { host: "127.28.36.67" port: 38867 } }
I20260601 13:32:47.603379 29715 leader_election.cc:290] T 849b696f44384e7f9d20775b0c1a23bd P 3b6c7768194f4261a94785f63773d06c [CANDIDATE]: Term 1 pre-election: Requested pre-vote from peers 079e91dce3cb4e4ba52c225601def2c5 (127.28.36.65:44211), b9d95cf7c785483cbeefe1e5d11b355d (127.28.36.66:40825)
I20260601 13:32:47.603782 29495 tablet_service.cc:1917] Received RequestConsensusVote() RPC: tablet_id: "849b696f44384e7f9d20775b0c1a23bd" candidate_uuid: "3b6c7768194f4261a94785f63773d06c" candidate_term: 1 candidate_status { last_received { term: 0 index: 0 } } ignore_live_leader: false dest_uuid: "079e91dce3cb4e4ba52c225601def2c5" is_pre_election: true
I20260601 13:32:47.603938 29495 raft_consensus.cc:2468] T 849b696f44384e7f9d20775b0c1a23bd P 079e91dce3cb4e4ba52c225601def2c5 [term 0 FOLLOWER]: Leader pre-election vote request: Granting yes vote for candidate 3b6c7768194f4261a94785f63773d06c in term 0.
I20260601 13:32:47.604022 29570 tablet_service.cc:1917] Received RequestConsensusVote() RPC: tablet_id: "849b696f44384e7f9d20775b0c1a23bd" candidate_uuid: "3b6c7768194f4261a94785f63773d06c" candidate_term: 1 candidate_status { last_received { term: 0 index: 0 } } ignore_live_leader: false dest_uuid: "b9d95cf7c785483cbeefe1e5d11b355d" is_pre_election: true
I20260601 13:32:47.604411 29570 raft_consensus.cc:2468] T 849b696f44384e7f9d20775b0c1a23bd P b9d95cf7c785483cbeefe1e5d11b355d [term 0 FOLLOWER]: Leader pre-election vote request: Granting yes vote for candidate 3b6c7768194f4261a94785f63773d06c in term 0.
I20260601 13:32:47.604480 29611 leader_election.cc:304] T 849b696f44384e7f9d20775b0c1a23bd P 3b6c7768194f4261a94785f63773d06c [CANDIDATE]: Term 1 pre-election: Election decided. Result: candidate won. Election summary: received 2 responses out of 3 voters: 2 yes votes; 0 no votes. yes voters: 079e91dce3cb4e4ba52c225601def2c5, 3b6c7768194f4261a94785f63773d06c; no voters: 
I20260601 13:32:47.604745 29715 raft_consensus.cc:2804] T 849b696f44384e7f9d20775b0c1a23bd P 3b6c7768194f4261a94785f63773d06c [term 0 FOLLOWER]: Leader pre-election won for term 1
I20260601 13:32:47.604852 29715 raft_consensus.cc:493] T 849b696f44384e7f9d20775b0c1a23bd P 3b6c7768194f4261a94785f63773d06c [term 0 FOLLOWER]: Starting leader election (no leader contacted us within the election timeout)
I20260601 13:32:47.604948 29715 raft_consensus.cc:3060] T 849b696f44384e7f9d20775b0c1a23bd P 3b6c7768194f4261a94785f63773d06c [term 0 FOLLOWER]: Advancing to term 1
I20260601 13:32:47.605850 29715 raft_consensus.cc:515] T 849b696f44384e7f9d20775b0c1a23bd P 3b6c7768194f4261a94785f63773d06c [term 1 FOLLOWER]: Starting leader election with config: opid_index: -1 OBSOLETE_local: false peers { permanent_uuid: "079e91dce3cb4e4ba52c225601def2c5" member_type: VOTER last_known_addr { host: "127.28.36.65" port: 44211 } } peers { permanent_uuid: "b9d95cf7c785483cbeefe1e5d11b355d" member_type: VOTER last_known_addr { host: "127.28.36.66" port: 40825 } } peers { permanent_uuid: "3b6c7768194f4261a94785f63773d06c" member_type: VOTER last_known_addr { host: "127.28.36.67" port: 38867 } }
I20260601 13:32:47.606312 29715 leader_election.cc:290] T 849b696f44384e7f9d20775b0c1a23bd P 3b6c7768194f4261a94785f63773d06c [CANDIDATE]: Term 1 election: Requested vote from peers 079e91dce3cb4e4ba52c225601def2c5 (127.28.36.65:44211), b9d95cf7c785483cbeefe1e5d11b355d (127.28.36.66:40825)
I20260601 13:32:47.606782 29495 tablet_service.cc:1917] Received RequestConsensusVote() RPC: tablet_id: "849b696f44384e7f9d20775b0c1a23bd" candidate_uuid: "3b6c7768194f4261a94785f63773d06c" candidate_term: 1 candidate_status { last_received { term: 0 index: 0 } } ignore_live_leader: false dest_uuid: "079e91dce3cb4e4ba52c225601def2c5"
I20260601 13:32:47.606947 29495 raft_consensus.cc:3060] T 849b696f44384e7f9d20775b0c1a23bd P 079e91dce3cb4e4ba52c225601def2c5 [term 0 FOLLOWER]: Advancing to term 1
I20260601 13:32:47.606976 29570 tablet_service.cc:1917] Received RequestConsensusVote() RPC: tablet_id: "849b696f44384e7f9d20775b0c1a23bd" candidate_uuid: "3b6c7768194f4261a94785f63773d06c" candidate_term: 1 candidate_status { last_received { term: 0 index: 0 } } ignore_live_leader: false dest_uuid: "b9d95cf7c785483cbeefe1e5d11b355d"
I20260601 13:32:47.607139 29570 raft_consensus.cc:3060] T 849b696f44384e7f9d20775b0c1a23bd P b9d95cf7c785483cbeefe1e5d11b355d [term 0 FOLLOWER]: Advancing to term 1
I20260601 13:32:47.607867 29495 raft_consensus.cc:2468] T 849b696f44384e7f9d20775b0c1a23bd P 079e91dce3cb4e4ba52c225601def2c5 [term 1 FOLLOWER]: Leader election vote request: Granting yes vote for candidate 3b6c7768194f4261a94785f63773d06c in term 1.
I20260601 13:32:47.607882 29570 raft_consensus.cc:2468] T 849b696f44384e7f9d20775b0c1a23bd P b9d95cf7c785483cbeefe1e5d11b355d [term 1 FOLLOWER]: Leader election vote request: Granting yes vote for candidate 3b6c7768194f4261a94785f63773d06c in term 1.
I20260601 13:32:47.608222 29611 leader_election.cc:304] T 849b696f44384e7f9d20775b0c1a23bd P 3b6c7768194f4261a94785f63773d06c [CANDIDATE]: Term 1 election: Election decided. Result: candidate won. Election summary: received 2 responses out of 3 voters: 2 yes votes; 0 no votes. yes voters: 079e91dce3cb4e4ba52c225601def2c5, 3b6c7768194f4261a94785f63773d06c; no voters: 
I20260601 13:32:47.608438 29715 raft_consensus.cc:2804] T 849b696f44384e7f9d20775b0c1a23bd P 3b6c7768194f4261a94785f63773d06c [term 1 FOLLOWER]: Leader election won for term 1
I20260601 13:32:47.608541 29715 raft_consensus.cc:697] T 849b696f44384e7f9d20775b0c1a23bd P 3b6c7768194f4261a94785f63773d06c [term 1 LEADER]: Becoming Leader. State: Replica: 3b6c7768194f4261a94785f63773d06c, State: Running, Role: LEADER
I20260601 13:32:47.608651 29715 consensus_queue.cc:237] T 849b696f44384e7f9d20775b0c1a23bd P 3b6c7768194f4261a94785f63773d06c [LEADER]: Queue going to LEADER mode. State: All replicated index: 0, Majority replicated index: 0, Committed index: 0, Last appended: 0.0, Last appended by leader: 0, Current term: 1, Majority size: 2, State: 0, Mode: LEADER, active raft config: opid_index: -1 OBSOLETE_local: false peers { permanent_uuid: "079e91dce3cb4e4ba52c225601def2c5" member_type: VOTER last_known_addr { host: "127.28.36.65" port: 44211 } } peers { permanent_uuid: "b9d95cf7c785483cbeefe1e5d11b355d" member_type: VOTER last_known_addr { host: "127.28.36.66" port: 40825 } } peers { permanent_uuid: "3b6c7768194f4261a94785f63773d06c" member_type: VOTER last_known_addr { host: "127.28.36.67" port: 38867 } }
I20260601 13:32:47.611280 29390 catalog_manager.cc:5696] T 849b696f44384e7f9d20775b0c1a23bd P 3b6c7768194f4261a94785f63773d06c reported cstate change: term changed from 0 to 1, leader changed from <none> to 3b6c7768194f4261a94785f63773d06c (127.28.36.67). New cstate: current_term: 1 leader_uuid: "3b6c7768194f4261a94785f63773d06c" committed_config { opid_index: -1 OBSOLETE_local: false peers { permanent_uuid: "079e91dce3cb4e4ba52c225601def2c5" member_type: VOTER last_known_addr { host: "127.28.36.65" port: 44211 } health_report { overall_health: UNKNOWN } } peers { permanent_uuid: "b9d95cf7c785483cbeefe1e5d11b355d" member_type: VOTER last_known_addr { host: "127.28.36.66" port: 40825 } health_report { overall_health: UNKNOWN } } peers { permanent_uuid: "3b6c7768194f4261a94785f63773d06c" member_type: VOTER last_known_addr { host: "127.28.36.67" port: 38867 } health_report { overall_health: HEALTHY } } }
I20260601 13:32:47.649042 29724 raft_consensus.cc:493] T 0a98f7d90fdf4d3db9c7b94067bd06c2 P b9d95cf7c785483cbeefe1e5d11b355d [term 0 FOLLOWER]: Starting pre-election (no leader contacted us within the election timeout)
I20260601 13:32:47.649209 29724 raft_consensus.cc:515] T 0a98f7d90fdf4d3db9c7b94067bd06c2 P b9d95cf7c785483cbeefe1e5d11b355d [term 0 FOLLOWER]: Starting pre-election with config: opid_index: -1 OBSOLETE_local: false peers { permanent_uuid: "079e91dce3cb4e4ba52c225601def2c5" member_type: VOTER last_known_addr { host: "127.28.36.65" port: 44211 } } peers { permanent_uuid: "b9d95cf7c785483cbeefe1e5d11b355d" member_type: VOTER last_known_addr { host: "127.28.36.66" port: 40825 } } peers { permanent_uuid: "3b6c7768194f4261a94785f63773d06c" member_type: VOTER last_known_addr { host: "127.28.36.67" port: 38867 } }
I20260601 13:32:47.649760 29724 leader_election.cc:290] T 0a98f7d90fdf4d3db9c7b94067bd06c2 P b9d95cf7c785483cbeefe1e5d11b355d [CANDIDATE]: Term 1 pre-election: Requested pre-vote from peers 079e91dce3cb4e4ba52c225601def2c5 (127.28.36.65:44211), 3b6c7768194f4261a94785f63773d06c (127.28.36.67:38867)
I20260601 13:32:47.650410 29495 tablet_service.cc:1917] Received RequestConsensusVote() RPC: tablet_id: "0a98f7d90fdf4d3db9c7b94067bd06c2" candidate_uuid: "b9d95cf7c785483cbeefe1e5d11b355d" candidate_term: 1 candidate_status { last_received { term: 0 index: 0 } } ignore_live_leader: false dest_uuid: "079e91dce3cb4e4ba52c225601def2c5" is_pre_election: true
I20260601 13:32:47.650410 29646 tablet_service.cc:1917] Received RequestConsensusVote() RPC: tablet_id: "0a98f7d90fdf4d3db9c7b94067bd06c2" candidate_uuid: "b9d95cf7c785483cbeefe1e5d11b355d" candidate_term: 1 candidate_status { last_received { term: 0 index: 0 } } ignore_live_leader: false dest_uuid: "3b6c7768194f4261a94785f63773d06c" is_pre_election: true
I20260601 13:32:47.650632 29646 raft_consensus.cc:2468] T 0a98f7d90fdf4d3db9c7b94067bd06c2 P 3b6c7768194f4261a94785f63773d06c [term 0 FOLLOWER]: Leader pre-election vote request: Granting yes vote for candidate b9d95cf7c785483cbeefe1e5d11b355d in term 0.
I20260601 13:32:47.650632 29495 raft_consensus.cc:2468] T 0a98f7d90fdf4d3db9c7b94067bd06c2 P 079e91dce3cb4e4ba52c225601def2c5 [term 0 FOLLOWER]: Leader pre-election vote request: Granting yes vote for candidate b9d95cf7c785483cbeefe1e5d11b355d in term 0.
I20260601 13:32:47.650983 29536 leader_election.cc:304] T 0a98f7d90fdf4d3db9c7b94067bd06c2 P b9d95cf7c785483cbeefe1e5d11b355d [CANDIDATE]: Term 1 pre-election: Election decided. Result: candidate won. Election summary: received 2 responses out of 3 voters: 2 yes votes; 0 no votes. yes voters: 3b6c7768194f4261a94785f63773d06c, b9d95cf7c785483cbeefe1e5d11b355d; no voters: 
I20260601 13:32:47.651237 29724 raft_consensus.cc:2804] T 0a98f7d90fdf4d3db9c7b94067bd06c2 P b9d95cf7c785483cbeefe1e5d11b355d [term 0 FOLLOWER]: Leader pre-election won for term 1
I20260601 13:32:47.651299 29724 raft_consensus.cc:493] T 0a98f7d90fdf4d3db9c7b94067bd06c2 P b9d95cf7c785483cbeefe1e5d11b355d [term 0 FOLLOWER]: Starting leader election (no leader contacted us within the election timeout)
I20260601 13:32:47.651340 29724 raft_consensus.cc:3060] T 0a98f7d90fdf4d3db9c7b94067bd06c2 P b9d95cf7c785483cbeefe1e5d11b355d [term 0 FOLLOWER]: Advancing to term 1
I20260601 13:32:47.652228 29724 raft_consensus.cc:515] T 0a98f7d90fdf4d3db9c7b94067bd06c2 P b9d95cf7c785483cbeefe1e5d11b355d [term 1 FOLLOWER]: Starting leader election with config: opid_index: -1 OBSOLETE_local: false peers { permanent_uuid: "079e91dce3cb4e4ba52c225601def2c5" member_type: VOTER last_known_addr { host: "127.28.36.65" port: 44211 } } peers { permanent_uuid: "b9d95cf7c785483cbeefe1e5d11b355d" member_type: VOTER last_known_addr { host: "127.28.36.66" port: 40825 } } peers { permanent_uuid: "3b6c7768194f4261a94785f63773d06c" member_type: VOTER last_known_addr { host: "127.28.36.67" port: 38867 } }
I20260601 13:32:47.652607 29724 leader_election.cc:290] T 0a98f7d90fdf4d3db9c7b94067bd06c2 P b9d95cf7c785483cbeefe1e5d11b355d [CANDIDATE]: Term 1 election: Requested vote from peers 079e91dce3cb4e4ba52c225601def2c5 (127.28.36.65:44211), 3b6c7768194f4261a94785f63773d06c (127.28.36.67:38867)
I20260601 13:32:47.652997 29495 tablet_service.cc:1917] Received RequestConsensusVote() RPC: tablet_id: "0a98f7d90fdf4d3db9c7b94067bd06c2" candidate_uuid: "b9d95cf7c785483cbeefe1e5d11b355d" candidate_term: 1 candidate_status { last_received { term: 0 index: 0 } } ignore_live_leader: false dest_uuid: "079e91dce3cb4e4ba52c225601def2c5"
I20260601 13:32:47.653002 29646 tablet_service.cc:1917] Received RequestConsensusVote() RPC: tablet_id: "0a98f7d90fdf4d3db9c7b94067bd06c2" candidate_uuid: "b9d95cf7c785483cbeefe1e5d11b355d" candidate_term: 1 candidate_status { last_received { term: 0 index: 0 } } ignore_live_leader: false dest_uuid: "3b6c7768194f4261a94785f63773d06c"
I20260601 13:32:47.653153 29495 raft_consensus.cc:3060] T 0a98f7d90fdf4d3db9c7b94067bd06c2 P 079e91dce3cb4e4ba52c225601def2c5 [term 0 FOLLOWER]: Advancing to term 1
I20260601 13:32:47.653173 29646 raft_consensus.cc:3060] T 0a98f7d90fdf4d3db9c7b94067bd06c2 P 3b6c7768194f4261a94785f63773d06c [term 0 FOLLOWER]: Advancing to term 1
I20260601 13:32:47.653956 29646 raft_consensus.cc:2468] T 0a98f7d90fdf4d3db9c7b94067bd06c2 P 3b6c7768194f4261a94785f63773d06c [term 1 FOLLOWER]: Leader election vote request: Granting yes vote for candidate b9d95cf7c785483cbeefe1e5d11b355d in term 1.
I20260601 13:32:47.654268 29536 leader_election.cc:304] T 0a98f7d90fdf4d3db9c7b94067bd06c2 P b9d95cf7c785483cbeefe1e5d11b355d [CANDIDATE]: Term 1 election: Election decided. Result: candidate won. Election summary: received 2 responses out of 3 voters: 2 yes votes; 0 no votes. yes voters: 3b6c7768194f4261a94785f63773d06c, b9d95cf7c785483cbeefe1e5d11b355d; no voters: 
I20260601 13:32:47.654376 29495 raft_consensus.cc:2468] T 0a98f7d90fdf4d3db9c7b94067bd06c2 P 079e91dce3cb4e4ba52c225601def2c5 [term 1 FOLLOWER]: Leader election vote request: Granting yes vote for candidate b9d95cf7c785483cbeefe1e5d11b355d in term 1.
I20260601 13:32:47.654661 29724 raft_consensus.cc:2804] T 0a98f7d90fdf4d3db9c7b94067bd06c2 P b9d95cf7c785483cbeefe1e5d11b355d [term 1 FOLLOWER]: Leader election won for term 1
I20260601 13:32:47.654788 29724 raft_consensus.cc:697] T 0a98f7d90fdf4d3db9c7b94067bd06c2 P b9d95cf7c785483cbeefe1e5d11b355d [term 1 LEADER]: Becoming Leader. State: Replica: b9d95cf7c785483cbeefe1e5d11b355d, State: Running, Role: LEADER
I20260601 13:32:47.654927 29724 consensus_queue.cc:237] T 0a98f7d90fdf4d3db9c7b94067bd06c2 P b9d95cf7c785483cbeefe1e5d11b355d [LEADER]: Queue going to LEADER mode. State: All replicated index: 0, Majority replicated index: 0, Committed index: 0, Last appended: 0.0, Last appended by leader: 0, Current term: 1, Majority size: 2, State: 0, Mode: LEADER, active raft config: opid_index: -1 OBSOLETE_local: false peers { permanent_uuid: "079e91dce3cb4e4ba52c225601def2c5" member_type: VOTER last_known_addr { host: "127.28.36.65" port: 44211 } } peers { permanent_uuid: "b9d95cf7c785483cbeefe1e5d11b355d" member_type: VOTER last_known_addr { host: "127.28.36.66" port: 40825 } } peers { permanent_uuid: "3b6c7768194f4261a94785f63773d06c" member_type: VOTER last_known_addr { host: "127.28.36.67" port: 38867 } }
I20260601 13:32:47.658938 29390 catalog_manager.cc:5696] T 0a98f7d90fdf4d3db9c7b94067bd06c2 P b9d95cf7c785483cbeefe1e5d11b355d reported cstate change: term changed from 0 to 1, leader changed from <none> to b9d95cf7c785483cbeefe1e5d11b355d (127.28.36.66). New cstate: current_term: 1 leader_uuid: "b9d95cf7c785483cbeefe1e5d11b355d" committed_config { opid_index: -1 OBSOLETE_local: false peers { permanent_uuid: "079e91dce3cb4e4ba52c225601def2c5" member_type: VOTER last_known_addr { host: "127.28.36.65" port: 44211 } health_report { overall_health: UNKNOWN } } peers { permanent_uuid: "b9d95cf7c785483cbeefe1e5d11b355d" member_type: VOTER last_known_addr { host: "127.28.36.66" port: 40825 } health_report { overall_health: HEALTHY } } peers { permanent_uuid: "3b6c7768194f4261a94785f63773d06c" member_type: VOTER last_known_addr { host: "127.28.36.67" port: 38867 } health_report { overall_health: UNKNOWN } } }
I20260601 13:32:47.670846 28817 file_cache.cc:492] Constructed file cache file cache with capacity 419430
W20260601 13:32:47.673650 29741 instance_detector.cc:116] could not retrieve Azure instance metadata: Network error: curl error: HTTP response code said error: The requested URL returned error: 404
I20260601 13:32:47.673874 28817 server_base.cc:1061] running on GCE node
W20260601 13:32:47.673887 29743 instance_detector.cc:116] could not retrieve OpenStack instance metadata: Network error: curl error: HTTP response code said error: The requested URL returned error: 404
W20260601 13:32:47.674228 29740 instance_detector.cc:116] could not retrieve AWS instance metadata: Network error: curl error: HTTP response code said error: The requested URL returned error: 404
I20260601 13:32:47.674533 28817 hybrid_clock.cc:584] initializing the hybrid clock with 'system_unsync' time source
W20260601 13:32:47.674588 28817 system_unsync_time.cc:38] NTP support is disabled. Clock error bounds will not be accurate. This configuration is not suitable for distributed clusters.
I20260601 13:32:47.674605 28817 hybrid_clock.cc:648] HybridClock initialized: now 1780320767674605 us; error 0 us; skew 500 ppm
I20260601 13:32:47.676486 28817 webserver.cc:533] Webserver started at http://127.28.36.68:33693/ using document root <none> and password file <none>
I20260601 13:32:47.676779 28817 fs_manager.cc:362] Metadata directory not provided
I20260601 13:32:47.676853 28817 fs_manager.cc:368] Using write-ahead log directory (fs_wal_dir) as metadata directory
I20260601 13:32:47.677043 28817 server_base.cc:909] This appears to be a new deployment of Kudu; creating new FS layout
I20260601 13:32:47.677628 28817 fs_manager.cc:1068] Generated new instance metadata in path /tmp/dist-test-taskLuAAXm/test-tmp/auto_rebalancer-test.0.AutoRebalancerTest.AutoRebalancingTurnOffAndOn.1780320763599517-28817-0/minicluster-data/ts-3-root/instance:
uuid: "06d9b03ca53c4b738389780ae39f47b2"
format_stamp: "Formatted at 2026-06-01 13:32:47 on dist-test-slave-3dt6"
I20260601 13:32:47.680208 28817 fs_manager.cc:696] Time spent creating directory manager: real 0.002s	user 0.002s	sys 0.000s
I20260601 13:32:47.682487 29748 log_block_manager.cc:4031] Time spent loading block containers with low live blocks: real 0.000s	user 0.000s	sys 0.000s
I20260601 13:32:47.683080 28817 fs_manager.cc:730] Time spent opening block manager: real 0.002s	user 0.001s	sys 0.000s
I20260601 13:32:47.683216 28817 fs_manager.cc:647] Opened local filesystem: /tmp/dist-test-taskLuAAXm/test-tmp/auto_rebalancer-test.0.AutoRebalancerTest.AutoRebalancingTurnOffAndOn.1780320763599517-28817-0/minicluster-data/ts-3-root
uuid: "06d9b03ca53c4b738389780ae39f47b2"
format_stamp: "Formatted at 2026-06-01 13:32:47 on dist-test-slave-3dt6"
I20260601 13:32:47.683431 28817 fs_report.cc:389] FS layout report
--------------------
wal directory: /tmp/dist-test-taskLuAAXm/test-tmp/auto_rebalancer-test.0.AutoRebalancerTest.AutoRebalancingTurnOffAndOn.1780320763599517-28817-0/minicluster-data/ts-3-root
metadata directory: /tmp/dist-test-taskLuAAXm/test-tmp/auto_rebalancer-test.0.AutoRebalancerTest.AutoRebalancingTurnOffAndOn.1780320763599517-28817-0/minicluster-data/ts-3-root
1 data directories: /tmp/dist-test-taskLuAAXm/test-tmp/auto_rebalancer-test.0.AutoRebalancerTest.AutoRebalancingTurnOffAndOn.1780320763599517-28817-0/minicluster-data/ts-3-root/data
Total live blocks: 0
Total live bytes: 0
Total live bytes (after alignment): 0
Total number of LBM containers: 0 (0 full)
Did not check for missing blocks
Did not check for orphaned blocks
Total full LBM containers with extra space: 0 (0 repaired)
Total full LBM container extra space in bytes: 0 (0 repaired)
Total incomplete LBM containers: 0 (0 repaired)
Total LBM partial records: 0 (0 repaired)
Total corrupted LBM metadata records in RocksDB: 0 (0 repaired)
I20260601 13:32:47.705466 28817 rpc_server.cc:225] running with OpenSSL 1.1.1  11 Sep 2018
I20260601 13:32:47.706061 28817 kserver.cc:163] Server-wide thread pool size limit: 3276
I20260601 13:32:47.706427 28817 txn_system_client.cc:432] TxnSystemClient initialization is disabled...
I20260601 13:32:47.707036 28817 ts_tablet_manager.cc:585] Loaded tablet metadata (0 total tablets, 0 live tablets)
I20260601 13:32:47.707108 28817 ts_tablet_manager.cc:531] Time spent load tablet metadata: real 0.000s	user 0.000s	sys 0.000s
I20260601 13:32:47.707167 28817 ts_tablet_manager.cc:616] Registered 0 tablets
I20260601 13:32:47.707214 28817 ts_tablet_manager.cc:595] Time spent register tablets: real 0.000s	user 0.000s	sys 0.000s
I20260601 13:32:47.713136 28817 rpc_server.cc:307] RPC server started. Bound to: 127.28.36.68:41211
I20260601 13:32:47.713265 29811 acceptor_pool.cc:272] collecting diagnostics on the listening RPC socket 127.28.36.68:41211 every 8 connection(s)
I20260601 13:32:47.719955 29812 heartbeater.cc:344] Connected to a master server at 127.28.36.126:44921
I20260601 13:32:47.720118 29812 heartbeater.cc:461] Registering TS with master...
I20260601 13:32:47.720424 29812 heartbeater.cc:507] Master 127.28.36.126:44921 requested a full tablet report, sending...
I20260601 13:32:47.721508 29390 ts_manager.cc:194] Registered new tserver with Master: 06d9b03ca53c4b738389780ae39f47b2 (127.28.36.68:41211)
I20260601 13:32:47.722371 29390 master_service.cc:502] Signed X509 certificate for tserver {username='slave'} at 127.0.0.1:55826
I20260601 13:32:47.824131 29715 raft_consensus.cc:493] T 943ad25a4d90461d8fdc29e3fa1e838f P 3b6c7768194f4261a94785f63773d06c [term 0 FOLLOWER]: Starting pre-election (no leader contacted us within the election timeout)
I20260601 13:32:47.824339 29715 raft_consensus.cc:515] T 943ad25a4d90461d8fdc29e3fa1e838f P 3b6c7768194f4261a94785f63773d06c [term 0 FOLLOWER]: Starting pre-election with config: opid_index: -1 OBSOLETE_local: false peers { permanent_uuid: "079e91dce3cb4e4ba52c225601def2c5" member_type: VOTER last_known_addr { host: "127.28.36.65" port: 44211 } } peers { permanent_uuid: "b9d95cf7c785483cbeefe1e5d11b355d" member_type: VOTER last_known_addr { host: "127.28.36.66" port: 40825 } } peers { permanent_uuid: "3b6c7768194f4261a94785f63773d06c" member_type: VOTER last_known_addr { host: "127.28.36.67" port: 38867 } }
I20260601 13:32:47.824862 29715 leader_election.cc:290] T 943ad25a4d90461d8fdc29e3fa1e838f P 3b6c7768194f4261a94785f63773d06c [CANDIDATE]: Term 1 pre-election: Requested pre-vote from peers 079e91dce3cb4e4ba52c225601def2c5 (127.28.36.65:44211), b9d95cf7c785483cbeefe1e5d11b355d (127.28.36.66:40825)
I20260601 13:32:47.825392 29495 tablet_service.cc:1917] Received RequestConsensusVote() RPC: tablet_id: "943ad25a4d90461d8fdc29e3fa1e838f" candidate_uuid: "3b6c7768194f4261a94785f63773d06c" candidate_term: 1 candidate_status { last_received { term: 0 index: 0 } } ignore_live_leader: false dest_uuid: "079e91dce3cb4e4ba52c225601def2c5" is_pre_election: true
I20260601 13:32:47.825459 29570 tablet_service.cc:1917] Received RequestConsensusVote() RPC: tablet_id: "943ad25a4d90461d8fdc29e3fa1e838f" candidate_uuid: "3b6c7768194f4261a94785f63773d06c" candidate_term: 1 candidate_status { last_received { term: 0 index: 0 } } ignore_live_leader: false dest_uuid: "b9d95cf7c785483cbeefe1e5d11b355d" is_pre_election: true
I20260601 13:32:47.825593 29495 raft_consensus.cc:2393] T 943ad25a4d90461d8fdc29e3fa1e838f P 079e91dce3cb4e4ba52c225601def2c5 [term 1 FOLLOWER]: Leader pre-election vote request: Denying vote to candidate 3b6c7768194f4261a94785f63773d06c in current term 1: Already voted for candidate b9d95cf7c785483cbeefe1e5d11b355d in this term.
I20260601 13:32:47.825959 29611 leader_election.cc:304] T 943ad25a4d90461d8fdc29e3fa1e838f P 3b6c7768194f4261a94785f63773d06c [CANDIDATE]: Term 1 pre-election: Election decided. Result: candidate lost. Election summary: received 3 responses out of 3 voters: 1 yes votes; 2 no votes. yes voters: 3b6c7768194f4261a94785f63773d06c; no voters: 079e91dce3cb4e4ba52c225601def2c5, b9d95cf7c785483cbeefe1e5d11b355d
I20260601 13:32:47.826125 29715 raft_consensus.cc:3060] T 943ad25a4d90461d8fdc29e3fa1e838f P 3b6c7768194f4261a94785f63773d06c [term 0 FOLLOWER]: Advancing to term 1
I20260601 13:32:47.827107 29715 raft_consensus.cc:2749] T 943ad25a4d90461d8fdc29e3fa1e838f P 3b6c7768194f4261a94785f63773d06c [term 1 FOLLOWER]: Leader pre-election lost for term 1. Reason: could not achieve majority
I20260601 13:32:47.981335 29701 consensus_queue.cc:1048] T 943ad25a4d90461d8fdc29e3fa1e838f P b9d95cf7c785483cbeefe1e5d11b355d [LEADER]: Connected to new peer: Peer: permanent_uuid: "3b6c7768194f4261a94785f63773d06c" member_type: VOTER last_known_addr { host: "127.28.36.67" port: 38867 }, Status: LMP_MISMATCH, Last received: 0.0, Next index: 1, Last known committed idx: 0, Time since last communication: 0.000s
I20260601 13:32:47.984686 29701 consensus_queue.cc:1048] T 943ad25a4d90461d8fdc29e3fa1e838f P b9d95cf7c785483cbeefe1e5d11b355d [LEADER]: Connected to new peer: Peer: permanent_uuid: "079e91dce3cb4e4ba52c225601def2c5" member_type: VOTER last_known_addr { host: "127.28.36.65" port: 44211 }, Status: LMP_MISMATCH, Last received: 0.0, Next index: 1, Last known committed idx: 0, Time since last communication: 0.000s
I20260601 13:32:48.002911 29715 consensus_queue.cc:1048] T f89b0e6dd039422bace150ef86d881ef P 3b6c7768194f4261a94785f63773d06c [LEADER]: Connected to new peer: Peer: permanent_uuid: "079e91dce3cb4e4ba52c225601def2c5" member_type: VOTER last_known_addr { host: "127.28.36.65" port: 44211 }, Status: LMP_MISMATCH, Last received: 0.0, Next index: 1, Last known committed idx: 0, Time since last communication: 0.000s
I20260601 13:32:48.006773 29702 consensus_queue.cc:1048] T f89b0e6dd039422bace150ef86d881ef P 3b6c7768194f4261a94785f63773d06c [LEADER]: Connected to new peer: Peer: permanent_uuid: "b9d95cf7c785483cbeefe1e5d11b355d" member_type: VOTER last_known_addr { host: "127.28.36.66" port: 40825 }, Status: LMP_MISMATCH, Last received: 0.0, Next index: 1, Last known committed idx: 0, Time since last communication: 0.000s
I20260601 13:32:48.034806 29702 consensus_queue.cc:1048] T 5269ef5c6efe481c86165f686c9841eb P 3b6c7768194f4261a94785f63773d06c [LEADER]: Connected to new peer: Peer: permanent_uuid: "079e91dce3cb4e4ba52c225601def2c5" member_type: VOTER last_known_addr { host: "127.28.36.65" port: 44211 }, Status: LMP_MISMATCH, Last received: 0.0, Next index: 1, Last known committed idx: 0, Time since last communication: 0.000s
I20260601 13:32:48.035650 29701 consensus_queue.cc:1048] T 0a98f7d90fdf4d3db9c7b94067bd06c2 P b9d95cf7c785483cbeefe1e5d11b355d [LEADER]: Connected to new peer: Peer: permanent_uuid: "079e91dce3cb4e4ba52c225601def2c5" member_type: VOTER last_known_addr { host: "127.28.36.65" port: 44211 }, Status: LMP_MISMATCH, Last received: 0.0, Next index: 1, Last known committed idx: 0, Time since last communication: 0.000s
I20260601 13:32:48.039650 29715 consensus_queue.cc:1048] T 5269ef5c6efe481c86165f686c9841eb P 3b6c7768194f4261a94785f63773d06c [LEADER]: Connected to new peer: Peer: permanent_uuid: "b9d95cf7c785483cbeefe1e5d11b355d" member_type: VOTER last_known_addr { host: "127.28.36.66" port: 40825 }, Status: LMP_MISMATCH, Last received: 0.0, Next index: 1, Last known committed idx: 0, Time since last communication: 0.000s
I20260601 13:32:48.039774 29724 consensus_queue.cc:1048] T 0a98f7d90fdf4d3db9c7b94067bd06c2 P b9d95cf7c785483cbeefe1e5d11b355d [LEADER]: Connected to new peer: Peer: permanent_uuid: "3b6c7768194f4261a94785f63773d06c" member_type: VOTER last_known_addr { host: "127.28.36.67" port: 38867 }, Status: LMP_MISMATCH, Last received: 0.0, Next index: 1, Last known committed idx: 0, Time since last communication: 0.000s
I20260601 13:32:48.059773 29715 consensus_queue.cc:1048] T 849b696f44384e7f9d20775b0c1a23bd P 3b6c7768194f4261a94785f63773d06c [LEADER]: Connected to new peer: Peer: permanent_uuid: "079e91dce3cb4e4ba52c225601def2c5" member_type: VOTER last_known_addr { host: "127.28.36.65" port: 44211 }, Status: LMP_MISMATCH, Last received: 0.0, Next index: 1, Last known committed idx: 0, Time since last communication: 0.000s
I20260601 13:32:48.063261 29702 consensus_queue.cc:1048] T 849b696f44384e7f9d20775b0c1a23bd P 3b6c7768194f4261a94785f63773d06c [LEADER]: Connected to new peer: Peer: permanent_uuid: "b9d95cf7c785483cbeefe1e5d11b355d" member_type: VOTER last_known_addr { host: "127.28.36.66" port: 40825 }, Status: LMP_MISMATCH, Last received: 0.0, Next index: 1, Last known committed idx: 0, Time since last communication: 0.000s
I20260601 13:32:48.066238 29702 consensus_queue.cc:1048] T 2d699fa109664bc1ab5085b7c24b2498 P 3b6c7768194f4261a94785f63773d06c [LEADER]: Connected to new peer: Peer: permanent_uuid: "b9d95cf7c785483cbeefe1e5d11b355d" member_type: VOTER last_known_addr { host: "127.28.36.66" port: 40825 }, Status: LMP_MISMATCH, Last received: 0.0, Next index: 1, Last known committed idx: 0, Time since last communication: 0.000s
I20260601 13:32:48.069581 29821 consensus_queue.cc:1048] T 2d699fa109664bc1ab5085b7c24b2498 P 3b6c7768194f4261a94785f63773d06c [LEADER]: Connected to new peer: Peer: permanent_uuid: "079e91dce3cb4e4ba52c225601def2c5" member_type: VOTER last_known_addr { host: "127.28.36.65" port: 44211 }, Status: LMP_MISMATCH, Last received: 0.0, Next index: 1, Last known committed idx: 0, Time since last communication: 0.000s
I20260601 13:32:48.102197 29696 consensus_queue.cc:1048] T c0d72d1f32a247999838d77aa5167cce P 079e91dce3cb4e4ba52c225601def2c5 [LEADER]: Connected to new peer: Peer: permanent_uuid: "3b6c7768194f4261a94785f63773d06c" member_type: VOTER last_known_addr { host: "127.28.36.67" port: 38867 }, Status: LMP_MISMATCH, Last received: 0.0, Next index: 1, Last known committed idx: 0, Time since last communication: 0.000s
I20260601 13:32:48.106107 29570 raft_consensus.cc:3060] T c0d72d1f32a247999838d77aa5167cce P b9d95cf7c785483cbeefe1e5d11b355d [term 0 FOLLOWER]: Advancing to term 1
I20260601 13:32:48.108410 29833 consensus_queue.cc:1048] T c0d72d1f32a247999838d77aa5167cce P 079e91dce3cb4e4ba52c225601def2c5 [LEADER]: Connected to new peer: Peer: permanent_uuid: "b9d95cf7c785483cbeefe1e5d11b355d" member_type: VOTER last_known_addr { host: "127.28.36.66" port: 40825 }, Status: LMP_MISMATCH, Last received: 0.0, Next index: 1, Last known committed idx: 0, Time since last communication: 0.000s
I20260601 13:32:48.133862 29724 consensus_queue.cc:1048] T 8190f6b9b90444c0a77c3a06cbd3ce58 P b9d95cf7c785483cbeefe1e5d11b355d [LEADER]: Connected to new peer: Peer: permanent_uuid: "079e91dce3cb4e4ba52c225601def2c5" member_type: VOTER last_known_addr { host: "127.28.36.65" port: 44211 }, Status: LMP_MISMATCH, Last received: 0.0, Next index: 1, Last known committed idx: 0, Time since last communication: 0.000s
I20260601 13:32:48.137184 29836 consensus_queue.cc:1048] T 8190f6b9b90444c0a77c3a06cbd3ce58 P b9d95cf7c785483cbeefe1e5d11b355d [LEADER]: Connected to new peer: Peer: permanent_uuid: "3b6c7768194f4261a94785f63773d06c" member_type: VOTER last_known_addr { host: "127.28.36.67" port: 38867 }, Status: LMP_MISMATCH, Last received: 0.0, Next index: 1, Last known committed idx: 0, Time since last communication: 0.000s
I20260601 13:32:48.253126 29446 auto_leader_rebalancer.cc:140] leader rebalance for table test-workload
I20260601 13:32:48.258970 29646 tablet_service.cc:2072] Received LeaderStepDown RPC: tablet_id: "f89b0e6dd039422bace150ef86d881ef"
dest_uuid: "3b6c7768194f4261a94785f63773d06c"
mode: GRACEFUL
new_leader_uuid: "079e91dce3cb4e4ba52c225601def2c5"
 from {username='slave'} at 127.0.0.1:53896
I20260601 13:32:48.259238 29646 raft_consensus.cc:606] T f89b0e6dd039422bace150ef86d881ef P 3b6c7768194f4261a94785f63773d06c [term 1 LEADER]: Received request to transfer leadership to TS 079e91dce3cb4e4ba52c225601def2c5
I20260601 13:32:48.259706 29446 auto_leader_rebalancer.cc:388] table: test-workload, leader rebalance finish, leader transfer count: 1
I20260601 13:32:48.259912 29446 auto_leader_rebalancer.cc:451] All tables' leader rebalancing finished this round
I20260601 13:32:48.606554 29821 raft_consensus.cc:993] T f89b0e6dd039422bace150ef86d881ef P 3b6c7768194f4261a94785f63773d06c: : Instructing follower 079e91dce3cb4e4ba52c225601def2c5 to start an election
I20260601 13:32:48.606742 29821 raft_consensus.cc:1081] T f89b0e6dd039422bace150ef86d881ef P 3b6c7768194f4261a94785f63773d06c [term 1 LEADER]: Signalling peer 079e91dce3cb4e4ba52c225601def2c5 to start an election
I20260601 13:32:48.607522 29494 tablet_service.cc:2044] Received Run Leader Election RPC: tablet_id: "f89b0e6dd039422bace150ef86d881ef"
dest_uuid: "079e91dce3cb4e4ba52c225601def2c5"
 from {username='slave'} at 127.0.0.1:57208
I20260601 13:32:48.607697 29494 raft_consensus.cc:493] T f89b0e6dd039422bace150ef86d881ef P 079e91dce3cb4e4ba52c225601def2c5 [term 1 FOLLOWER]: Starting forced leader election (received explicit request)
I20260601 13:32:48.607754 29494 raft_consensus.cc:3060] T f89b0e6dd039422bace150ef86d881ef P 079e91dce3cb4e4ba52c225601def2c5 [term 1 FOLLOWER]: Advancing to term 2
I20260601 13:32:48.608702 29494 raft_consensus.cc:515] T f89b0e6dd039422bace150ef86d881ef P 079e91dce3cb4e4ba52c225601def2c5 [term 2 FOLLOWER]: Starting forced leader election with config: opid_index: -1 OBSOLETE_local: false peers { permanent_uuid: "079e91dce3cb4e4ba52c225601def2c5" member_type: VOTER last_known_addr { host: "127.28.36.65" port: 44211 } } peers { permanent_uuid: "b9d95cf7c785483cbeefe1e5d11b355d" member_type: VOTER last_known_addr { host: "127.28.36.66" port: 40825 } } peers { permanent_uuid: "3b6c7768194f4261a94785f63773d06c" member_type: VOTER last_known_addr { host: "127.28.36.67" port: 38867 } }
I20260601 13:32:48.609205 29494 leader_election.cc:290] T f89b0e6dd039422bace150ef86d881ef P 079e91dce3cb4e4ba52c225601def2c5 [CANDIDATE]: Term 2 election: Requested vote from peers b9d95cf7c785483cbeefe1e5d11b355d (127.28.36.66:40825), 3b6c7768194f4261a94785f63773d06c (127.28.36.67:38867)
I20260601 13:32:48.609617 29646 tablet_service.cc:1917] Received RequestConsensusVote() RPC: tablet_id: "f89b0e6dd039422bace150ef86d881ef" candidate_uuid: "079e91dce3cb4e4ba52c225601def2c5" candidate_term: 2 candidate_status { last_received { term: 1 index: 1 } } ignore_live_leader: true dest_uuid: "3b6c7768194f4261a94785f63773d06c"
I20260601 13:32:48.609598 29570 tablet_service.cc:1917] Received RequestConsensusVote() RPC: tablet_id: "f89b0e6dd039422bace150ef86d881ef" candidate_uuid: "079e91dce3cb4e4ba52c225601def2c5" candidate_term: 2 candidate_status { last_received { term: 1 index: 1 } } ignore_live_leader: true dest_uuid: "b9d95cf7c785483cbeefe1e5d11b355d"
I20260601 13:32:48.609781 29570 raft_consensus.cc:3060] T f89b0e6dd039422bace150ef86d881ef P b9d95cf7c785483cbeefe1e5d11b355d [term 1 FOLLOWER]: Advancing to term 2
I20260601 13:32:48.609745 29646 raft_consensus.cc:3055] T f89b0e6dd039422bace150ef86d881ef P 3b6c7768194f4261a94785f63773d06c [term 1 LEADER]: Stepping down as leader of term 1
I20260601 13:32:48.609930 29646 raft_consensus.cc:740] T f89b0e6dd039422bace150ef86d881ef P 3b6c7768194f4261a94785f63773d06c [term 1 LEADER]: Becoming Follower/Learner. State: Replica: 3b6c7768194f4261a94785f63773d06c, State: Running, Role: LEADER
I20260601 13:32:48.610148 29646 consensus_queue.cc:260] T f89b0e6dd039422bace150ef86d881ef P 3b6c7768194f4261a94785f63773d06c [NON_LEADER]: Queue going to NON_LEADER mode. State: All replicated index: 0, Majority replicated index: 1, Committed index: 1, Last appended: 1.1, Last appended by leader: 1, Current term: 1, Majority size: -1, State: 0, Mode: NON_LEADER, active raft config: opid_index: -1 OBSOLETE_local: false peers { permanent_uuid: "079e91dce3cb4e4ba52c225601def2c5" member_type: VOTER last_known_addr { host: "127.28.36.65" port: 44211 } } peers { permanent_uuid: "b9d95cf7c785483cbeefe1e5d11b355d" member_type: VOTER last_known_addr { host: "127.28.36.66" port: 40825 } } peers { permanent_uuid: "3b6c7768194f4261a94785f63773d06c" member_type: VOTER last_known_addr { host: "127.28.36.67" port: 38867 } }
I20260601 13:32:48.610400 29646 raft_consensus.cc:3060] T f89b0e6dd039422bace150ef86d881ef P 3b6c7768194f4261a94785f63773d06c [term 1 FOLLOWER]: Advancing to term 2
I20260601 13:32:48.610896 29570 raft_consensus.cc:2468] T f89b0e6dd039422bace150ef86d881ef P b9d95cf7c785483cbeefe1e5d11b355d [term 2 FOLLOWER]: Leader election vote request: Granting yes vote for candidate 079e91dce3cb4e4ba52c225601def2c5 in term 2.
I20260601 13:32:48.611246 29646 raft_consensus.cc:2468] T f89b0e6dd039422bace150ef86d881ef P 3b6c7768194f4261a94785f63773d06c [term 2 FOLLOWER]: Leader election vote request: Granting yes vote for candidate 079e91dce3cb4e4ba52c225601def2c5 in term 2.
I20260601 13:32:48.611331 29459 leader_election.cc:304] T f89b0e6dd039422bace150ef86d881ef P 079e91dce3cb4e4ba52c225601def2c5 [CANDIDATE]: Term 2 election: Election decided. Result: candidate won. Election summary: received 2 responses out of 3 voters: 2 yes votes; 0 no votes. yes voters: 079e91dce3cb4e4ba52c225601def2c5, b9d95cf7c785483cbeefe1e5d11b355d; no voters: 
I20260601 13:32:48.611514 29833 raft_consensus.cc:2804] T f89b0e6dd039422bace150ef86d881ef P 079e91dce3cb4e4ba52c225601def2c5 [term 2 FOLLOWER]: Leader election won for term 2
I20260601 13:32:48.611747 29833 raft_consensus.cc:697] T f89b0e6dd039422bace150ef86d881ef P 079e91dce3cb4e4ba52c225601def2c5 [term 2 LEADER]: Becoming Leader. State: Replica: 079e91dce3cb4e4ba52c225601def2c5, State: Running, Role: LEADER
I20260601 13:32:48.611915 29833 consensus_queue.cc:237] T f89b0e6dd039422bace150ef86d881ef P 079e91dce3cb4e4ba52c225601def2c5 [LEADER]: Queue going to LEADER mode. State: All replicated index: 0, Majority replicated index: 1, Committed index: 1, Last appended: 1.1, Last appended by leader: 1, Current term: 2, Majority size: 2, State: 0, Mode: LEADER, active raft config: opid_index: -1 OBSOLETE_local: false peers { permanent_uuid: "079e91dce3cb4e4ba52c225601def2c5" member_type: VOTER last_known_addr { host: "127.28.36.65" port: 44211 } } peers { permanent_uuid: "b9d95cf7c785483cbeefe1e5d11b355d" member_type: VOTER last_known_addr { host: "127.28.36.66" port: 40825 } } peers { permanent_uuid: "3b6c7768194f4261a94785f63773d06c" member_type: VOTER last_known_addr { host: "127.28.36.67" port: 38867 } }
I20260601 13:32:48.613713 29392 catalog_manager.cc:5696] T f89b0e6dd039422bace150ef86d881ef P 079e91dce3cb4e4ba52c225601def2c5 reported cstate change: term changed from 1 to 2, leader changed from 3b6c7768194f4261a94785f63773d06c (127.28.36.67) to 079e91dce3cb4e4ba52c225601def2c5 (127.28.36.65). New cstate: current_term: 2 leader_uuid: "079e91dce3cb4e4ba52c225601def2c5" committed_config { opid_index: -1 OBSOLETE_local: false peers { permanent_uuid: "079e91dce3cb4e4ba52c225601def2c5" member_type: VOTER last_known_addr { host: "127.28.36.65" port: 44211 } health_report { overall_health: HEALTHY } } peers { permanent_uuid: "b9d95cf7c785483cbeefe1e5d11b355d" member_type: VOTER last_known_addr { host: "127.28.36.66" port: 40825 } health_report { overall_health: UNKNOWN } } peers { permanent_uuid: "3b6c7768194f4261a94785f63773d06c" member_type: VOTER last_known_addr { host: "127.28.36.67" port: 38867 } health_report { overall_health: UNKNOWN } } }
I20260601 13:32:48.723678 29812 heartbeater.cc:499] Master 127.28.36.126:44921 was elected leader, sending a full tablet report...
I20260601 13:32:49.058652 29646 raft_consensus.cc:1275] T f89b0e6dd039422bace150ef86d881ef P 3b6c7768194f4261a94785f63773d06c [term 2 FOLLOWER]: Refusing update from remote peer 079e91dce3cb4e4ba52c225601def2c5: Log matching property violated. Preceding OpId in replica: term: 1 index: 1. Preceding OpId from leader: term: 2 index: 2. (index mismatch)
I20260601 13:32:49.059139 29844 consensus_queue.cc:1048] T f89b0e6dd039422bace150ef86d881ef P 079e91dce3cb4e4ba52c225601def2c5 [LEADER]: Connected to new peer: Peer: permanent_uuid: "3b6c7768194f4261a94785f63773d06c" member_type: VOTER last_known_addr { host: "127.28.36.67" port: 38867 }, Status: LMP_MISMATCH, Last received: 0.0, Next index: 2, Last known committed idx: 1, Time since last communication: 0.000s
I20260601 13:32:49.062248 29570 raft_consensus.cc:1275] T f89b0e6dd039422bace150ef86d881ef P b9d95cf7c785483cbeefe1e5d11b355d [term 2 FOLLOWER]: Refusing update from remote peer 079e91dce3cb4e4ba52c225601def2c5: Log matching property violated. Preceding OpId in replica: term: 1 index: 1. Preceding OpId from leader: term: 2 index: 2. (index mismatch)
I20260601 13:32:49.063119 29833 consensus_queue.cc:1048] T f89b0e6dd039422bace150ef86d881ef P 079e91dce3cb4e4ba52c225601def2c5 [LEADER]: Connected to new peer: Peer: permanent_uuid: "b9d95cf7c785483cbeefe1e5d11b355d" member_type: VOTER last_known_addr { host: "127.28.36.66" port: 40825 }, Status: LMP_MISMATCH, Last received: 0.0, Next index: 2, Last known committed idx: 1, Time since last communication: 0.000s
I20260601 13:32:50.260362 29446 auto_leader_rebalancer.cc:140] leader rebalance for table test-workload
I20260601 13:32:50.261252 29446 auto_leader_rebalancer.cc:388] table: test-workload, leader rebalance finish, leader transfer count: 0
I20260601 13:32:50.261345 29446 auto_leader_rebalancer.cc:451] All tables' leader rebalancing finished this round
I20260601 13:32:52.261791 29446 auto_leader_rebalancer.cc:140] leader rebalance for table test-workload
I20260601 13:32:52.263098 29446 auto_leader_rebalancer.cc:388] table: test-workload, leader rebalance finish, leader transfer count: 0
I20260601 13:32:52.263259 29446 auto_leader_rebalancer.cc:451] All tables' leader rebalancing finished this round
I20260601 13:32:53.269095 29645 consensus_queue.cc:237] T 5269ef5c6efe481c86165f686c9841eb P 3b6c7768194f4261a94785f63773d06c [LEADER]: Queue going to LEADER mode. State: All replicated index: 0, Majority replicated index: 1, Committed index: 1, Last appended: 1.1, Last appended by leader: 0, Current term: 1, Majority size: 2, State: 0, Mode: LEADER, active raft config: opid_index: 2 OBSOLETE_local: false peers { permanent_uuid: "079e91dce3cb4e4ba52c225601def2c5" member_type: VOTER last_known_addr { host: "127.28.36.65" port: 44211 } } peers { permanent_uuid: "b9d95cf7c785483cbeefe1e5d11b355d" member_type: VOTER last_known_addr { host: "127.28.36.66" port: 40825 } attrs { replace: true } } peers { permanent_uuid: "3b6c7768194f4261a94785f63773d06c" member_type: VOTER last_known_addr { host: "127.28.36.67" port: 38867 } } peers { permanent_uuid: "06d9b03ca53c4b738389780ae39f47b2" member_type: NON_VOTER last_known_addr { host: "127.28.36.68" port: 41211 } attrs { promote: true } }
I20260601 13:32:53.270798 29494 raft_consensus.cc:1275] T 5269ef5c6efe481c86165f686c9841eb P 079e91dce3cb4e4ba52c225601def2c5 [term 1 FOLLOWER]: Refusing update from remote peer 3b6c7768194f4261a94785f63773d06c: Log matching property violated. Preceding OpId in replica: term: 1 index: 1. Preceding OpId from leader: term: 1 index: 2. (index mismatch)
I20260601 13:32:53.271073 29570 raft_consensus.cc:1275] T 5269ef5c6efe481c86165f686c9841eb P b9d95cf7c785483cbeefe1e5d11b355d [term 1 FOLLOWER]: Refusing update from remote peer 3b6c7768194f4261a94785f63773d06c: Log matching property violated. Preceding OpId in replica: term: 1 index: 1. Preceding OpId from leader: term: 1 index: 2. (index mismatch)
I20260601 13:32:53.271231 29821 consensus_queue.cc:1048] T 5269ef5c6efe481c86165f686c9841eb P 3b6c7768194f4261a94785f63773d06c [LEADER]: Connected to new peer: Peer: permanent_uuid: "079e91dce3cb4e4ba52c225601def2c5" member_type: VOTER last_known_addr { host: "127.28.36.65" port: 44211 }, Status: LMP_MISMATCH, Last received: 0.0, Next index: 2, Last known committed idx: 1, Time since last communication: 0.000s
I20260601 13:32:53.271545 29856 consensus_queue.cc:1048] T 5269ef5c6efe481c86165f686c9841eb P 3b6c7768194f4261a94785f63773d06c [LEADER]: Connected to new peer: Peer: permanent_uuid: "b9d95cf7c785483cbeefe1e5d11b355d" member_type: VOTER last_known_addr { host: "127.28.36.66" port: 40825 } attrs { replace: true }, Status: LMP_MISMATCH, Last received: 0.0, Next index: 2, Last known committed idx: 1, Time since last communication: 0.000s
I20260601 13:32:53.273183 29821 raft_consensus.cc:2955] T 5269ef5c6efe481c86165f686c9841eb P 3b6c7768194f4261a94785f63773d06c [term 1 LEADER]: Committing config change with OpId 1.2: config changed from index -1 to 2, NON_VOTER 06d9b03ca53c4b738389780ae39f47b2 (127.28.36.68) added. New config: { opid_index: 2 OBSOLETE_local: false peers { permanent_uuid: "079e91dce3cb4e4ba52c225601def2c5" member_type: VOTER last_known_addr { host: "127.28.36.65" port: 44211 } } peers { permanent_uuid: "b9d95cf7c785483cbeefe1e5d11b355d" member_type: VOTER last_known_addr { host: "127.28.36.66" port: 40825 } attrs { replace: true } } peers { permanent_uuid: "3b6c7768194f4261a94785f63773d06c" member_type: VOTER last_known_addr { host: "127.28.36.67" port: 38867 } } peers { permanent_uuid: "06d9b03ca53c4b738389780ae39f47b2" member_type: NON_VOTER last_known_addr { host: "127.28.36.68" port: 41211 } attrs { promote: true } } }
