I20260601 13:33:46.403038 16649 raft_consensus.cc:3060] T ae6bb63aa1604db5a98154049988b9b8 P 4232e3a898504c439c85a006d4d85ca5 [term 0 FOLLOWER]: Advancing to term 1
I20260601 13:33:46.403884 16573 raft_consensus.cc:2468] T ae6bb63aa1604db5a98154049988b9b8 P b437b267d82c4e1694fe41901c3baa80 [term 1 FOLLOWER]: Leader election vote request: Granting yes vote for candidate 5ad912be5a6c4f6e80e6d917a94cda3d in term 1.
I20260601 13:33:46.404119 16649 raft_consensus.cc:2468] T ae6bb63aa1604db5a98154049988b9b8 P 4232e3a898504c439c85a006d4d85ca5 [term 1 FOLLOWER]: Leader election vote request: Granting yes vote for candidate 5ad912be5a6c4f6e80e6d917a94cda3d in term 1.
I20260601 13:33:46.404228 16689 leader_election.cc:304] T ae6bb63aa1604db5a98154049988b9b8 P 5ad912be5a6c4f6e80e6d917a94cda3d [CANDIDATE]: Term 1 election: Election decided. Result: candidate won. Election summary: received 2 responses out of 3 voters: 2 yes votes; 0 no votes. yes voters: 5ad912be5a6c4f6e80e6d917a94cda3d, b437b267d82c4e1694fe41901c3baa80; no voters: 
I20260601 13:33:46.404419 16776 raft_consensus.cc:2804] T ae6bb63aa1604db5a98154049988b9b8 P 5ad912be5a6c4f6e80e6d917a94cda3d [term 1 FOLLOWER]: Leader election won for term 1
I20260601 13:33:46.404508 16776 raft_consensus.cc:697] T ae6bb63aa1604db5a98154049988b9b8 P 5ad912be5a6c4f6e80e6d917a94cda3d [term 1 LEADER]: Becoming Leader. State: Replica: 5ad912be5a6c4f6e80e6d917a94cda3d, State: Running, Role: LEADER
I20260601 13:33:46.404686 16776 consensus_queue.cc:237] T ae6bb63aa1604db5a98154049988b9b8 P 5ad912be5a6c4f6e80e6d917a94cda3d [LEADER]: Queue going to LEADER mode. State: All replicated index: 0, Majority replicated index: 0, Committed index: 0, Last appended: 0.0, Last appended by leader: 0, Current term: 1, Majority size: 2, State: 0, Mode: LEADER, active raft config: opid_index: -1 OBSOLETE_local: false peers { permanent_uuid: "b437b267d82c4e1694fe41901c3baa80" member_type: VOTER last_known_addr { host: "127.13.73.129" port: 35915 } } peers { permanent_uuid: "4232e3a898504c439c85a006d4d85ca5" member_type: VOTER last_known_addr { host: "127.13.73.130" port: 37123 } } peers { permanent_uuid: "5ad912be5a6c4f6e80e6d917a94cda3d" member_type: VOTER last_known_addr { host: "127.13.73.131" port: 36505 } }
I20260601 13:33:46.406468 16468 catalog_manager.cc:5696] T ae6bb63aa1604db5a98154049988b9b8 P 5ad912be5a6c4f6e80e6d917a94cda3d reported cstate change: term changed from 0 to 1, leader changed from <none> to 5ad912be5a6c4f6e80e6d917a94cda3d (127.13.73.131). New cstate: current_term: 1 leader_uuid: "5ad912be5a6c4f6e80e6d917a94cda3d" committed_config { opid_index: -1 OBSOLETE_local: false peers { permanent_uuid: "b437b267d82c4e1694fe41901c3baa80" member_type: VOTER last_known_addr { host: "127.13.73.129" port: 35915 } health_report { overall_health: UNKNOWN } } peers { permanent_uuid: "4232e3a898504c439c85a006d4d85ca5" member_type: VOTER last_known_addr { host: "127.13.73.130" port: 37123 } health_report { overall_health: UNKNOWN } } peers { permanent_uuid: "5ad912be5a6c4f6e80e6d917a94cda3d" member_type: VOTER last_known_addr { host: "127.13.73.131" port: 36505 } health_report { overall_health: HEALTHY } } }
I20260601 13:33:46.418699 16781 raft_consensus.cc:493] T 6fc433ed3bad4ae78c84c8844cae5284 P 5ad912be5a6c4f6e80e6d917a94cda3d [term 0 FOLLOWER]: Starting pre-election (no leader contacted us within the election timeout)
I20260601 13:33:46.418989 16781 raft_consensus.cc:515] T 6fc433ed3bad4ae78c84c8844cae5284 P 5ad912be5a6c4f6e80e6d917a94cda3d [term 0 FOLLOWER]: Starting pre-election with config: opid_index: -1 OBSOLETE_local: false peers { permanent_uuid: "b437b267d82c4e1694fe41901c3baa80" member_type: VOTER last_known_addr { host: "127.13.73.129" port: 35915 } } peers { permanent_uuid: "4232e3a898504c439c85a006d4d85ca5" member_type: VOTER last_known_addr { host: "127.13.73.130" port: 37123 } } peers { permanent_uuid: "5ad912be5a6c4f6e80e6d917a94cda3d" member_type: VOTER last_known_addr { host: "127.13.73.131" port: 36505 } }
I20260601 13:33:46.419553 16781 leader_election.cc:290] T 6fc433ed3bad4ae78c84c8844cae5284 P 5ad912be5a6c4f6e80e6d917a94cda3d [CANDIDATE]: Term 1 pre-election: Requested pre-vote from peers b437b267d82c4e1694fe41901c3baa80 (127.13.73.129:35915), 4232e3a898504c439c85a006d4d85ca5 (127.13.73.130:37123)
I20260601 13:33:46.419996 16649 tablet_service.cc:1917] Received RequestConsensusVote() RPC: tablet_id: "6fc433ed3bad4ae78c84c8844cae5284" candidate_uuid: "5ad912be5a6c4f6e80e6d917a94cda3d" candidate_term: 1 candidate_status { last_received { term: 0 index: 0 } } ignore_live_leader: false dest_uuid: "4232e3a898504c439c85a006d4d85ca5" is_pre_election: true
I20260601 13:33:46.420063 16573 tablet_service.cc:1917] Received RequestConsensusVote() RPC: tablet_id: "6fc433ed3bad4ae78c84c8844cae5284" candidate_uuid: "5ad912be5a6c4f6e80e6d917a94cda3d" candidate_term: 1 candidate_status { last_received { term: 0 index: 0 } } ignore_live_leader: false dest_uuid: "b437b267d82c4e1694fe41901c3baa80" is_pre_election: true
I20260601 13:33:46.420136 16649 raft_consensus.cc:2468] T 6fc433ed3bad4ae78c84c8844cae5284 P 4232e3a898504c439c85a006d4d85ca5 [term 0 FOLLOWER]: Leader pre-election vote request: Granting yes vote for candidate 5ad912be5a6c4f6e80e6d917a94cda3d in term 0.
I20260601 13:33:46.420243 16573 raft_consensus.cc:2468] T 6fc433ed3bad4ae78c84c8844cae5284 P b437b267d82c4e1694fe41901c3baa80 [term 0 FOLLOWER]: Leader pre-election vote request: Granting yes vote for candidate 5ad912be5a6c4f6e80e6d917a94cda3d in term 0.
I20260601 13:33:46.420502 16687 leader_election.cc:304] T 6fc433ed3bad4ae78c84c8844cae5284 P 5ad912be5a6c4f6e80e6d917a94cda3d [CANDIDATE]: Term 1 pre-election: Election decided. Result: candidate won. Election summary: received 2 responses out of 3 voters: 2 yes votes; 0 no votes. yes voters: 4232e3a898504c439c85a006d4d85ca5, 5ad912be5a6c4f6e80e6d917a94cda3d; no voters: 
I20260601 13:33:46.420696 16781 raft_consensus.cc:2804] T 6fc433ed3bad4ae78c84c8844cae5284 P 5ad912be5a6c4f6e80e6d917a94cda3d [term 0 FOLLOWER]: Leader pre-election won for term 1
I20260601 13:33:46.420780 16781 raft_consensus.cc:493] T 6fc433ed3bad4ae78c84c8844cae5284 P 5ad912be5a6c4f6e80e6d917a94cda3d [term 0 FOLLOWER]: Starting leader election (no leader contacted us within the election timeout)
I20260601 13:33:46.420842 16781 raft_consensus.cc:3060] T 6fc433ed3bad4ae78c84c8844cae5284 P 5ad912be5a6c4f6e80e6d917a94cda3d [term 0 FOLLOWER]: Advancing to term 1
I20260601 13:33:46.421839 16781 raft_consensus.cc:515] T 6fc433ed3bad4ae78c84c8844cae5284 P 5ad912be5a6c4f6e80e6d917a94cda3d [term 1 FOLLOWER]: Starting leader election with config: opid_index: -1 OBSOLETE_local: false peers { permanent_uuid: "b437b267d82c4e1694fe41901c3baa80" member_type: VOTER last_known_addr { host: "127.13.73.129" port: 35915 } } peers { permanent_uuid: "4232e3a898504c439c85a006d4d85ca5" member_type: VOTER last_known_addr { host: "127.13.73.130" port: 37123 } } peers { permanent_uuid: "5ad912be5a6c4f6e80e6d917a94cda3d" member_type: VOTER last_known_addr { host: "127.13.73.131" port: 36505 } }
I20260601 13:33:46.422238 16781 leader_election.cc:290] T 6fc433ed3bad4ae78c84c8844cae5284 P 5ad912be5a6c4f6e80e6d917a94cda3d [CANDIDATE]: Term 1 election: Requested vote from peers b437b267d82c4e1694fe41901c3baa80 (127.13.73.129:35915), 4232e3a898504c439c85a006d4d85ca5 (127.13.73.130:37123)
I20260601 13:33:46.422636 16573 tablet_service.cc:1917] Received RequestConsensusVote() RPC: tablet_id: "6fc433ed3bad4ae78c84c8844cae5284" candidate_uuid: "5ad912be5a6c4f6e80e6d917a94cda3d" candidate_term: 1 candidate_status { last_received { term: 0 index: 0 } } ignore_live_leader: false dest_uuid: "b437b267d82c4e1694fe41901c3baa80"
I20260601 13:33:46.422660 16649 tablet_service.cc:1917] Received RequestConsensusVote() RPC: tablet_id: "6fc433ed3bad4ae78c84c8844cae5284" candidate_uuid: "5ad912be5a6c4f6e80e6d917a94cda3d" candidate_term: 1 candidate_status { last_received { term: 0 index: 0 } } ignore_live_leader: false dest_uuid: "4232e3a898504c439c85a006d4d85ca5"
I20260601 13:33:46.422796 16573 raft_consensus.cc:3060] T 6fc433ed3bad4ae78c84c8844cae5284 P b437b267d82c4e1694fe41901c3baa80 [term 0 FOLLOWER]: Advancing to term 1
I20260601 13:33:46.422819 16649 raft_consensus.cc:3060] T 6fc433ed3bad4ae78c84c8844cae5284 P 4232e3a898504c439c85a006d4d85ca5 [term 0 FOLLOWER]: Advancing to term 1
I20260601 13:33:46.423761 16649 raft_consensus.cc:2468] T 6fc433ed3bad4ae78c84c8844cae5284 P 4232e3a898504c439c85a006d4d85ca5 [term 1 FOLLOWER]: Leader election vote request: Granting yes vote for candidate 5ad912be5a6c4f6e80e6d917a94cda3d in term 1.
I20260601 13:33:46.423882 16573 raft_consensus.cc:2468] T 6fc433ed3bad4ae78c84c8844cae5284 P b437b267d82c4e1694fe41901c3baa80 [term 1 FOLLOWER]: Leader election vote request: Granting yes vote for candidate 5ad912be5a6c4f6e80e6d917a94cda3d in term 1.
I20260601 13:33:46.424137 16687 leader_election.cc:304] T 6fc433ed3bad4ae78c84c8844cae5284 P 5ad912be5a6c4f6e80e6d917a94cda3d [CANDIDATE]: Term 1 election: Election decided. Result: candidate won. Election summary: received 2 responses out of 3 voters: 2 yes votes; 0 no votes. yes voters: 4232e3a898504c439c85a006d4d85ca5, 5ad912be5a6c4f6e80e6d917a94cda3d; no voters: 
I20260601 13:33:46.424324 16781 raft_consensus.cc:2804] T 6fc433ed3bad4ae78c84c8844cae5284 P 5ad912be5a6c4f6e80e6d917a94cda3d [term 1 FOLLOWER]: Leader election won for term 1
I20260601 13:33:46.424469 16781 raft_consensus.cc:697] T 6fc433ed3bad4ae78c84c8844cae5284 P 5ad912be5a6c4f6e80e6d917a94cda3d [term 1 LEADER]: Becoming Leader. State: Replica: 5ad912be5a6c4f6e80e6d917a94cda3d, State: Running, Role: LEADER
I20260601 13:33:46.424623 16781 consensus_queue.cc:237] T 6fc433ed3bad4ae78c84c8844cae5284 P 5ad912be5a6c4f6e80e6d917a94cda3d [LEADER]: Queue going to LEADER mode. State: All replicated index: 0, Majority replicated index: 0, Committed index: 0, Last appended: 0.0, Last appended by leader: 0, Current term: 1, Majority size: 2, State: 0, Mode: LEADER, active raft config: opid_index: -1 OBSOLETE_local: false peers { permanent_uuid: "b437b267d82c4e1694fe41901c3baa80" member_type: VOTER last_known_addr { host: "127.13.73.129" port: 35915 } } peers { permanent_uuid: "4232e3a898504c439c85a006d4d85ca5" member_type: VOTER last_known_addr { host: "127.13.73.130" port: 37123 } } peers { permanent_uuid: "5ad912be5a6c4f6e80e6d917a94cda3d" member_type: VOTER last_known_addr { host: "127.13.73.131" port: 36505 } }
I20260601 13:33:46.426448 16468 catalog_manager.cc:5696] T 6fc433ed3bad4ae78c84c8844cae5284 P 5ad912be5a6c4f6e80e6d917a94cda3d reported cstate change: term changed from 0 to 1, leader changed from <none> to 5ad912be5a6c4f6e80e6d917a94cda3d (127.13.73.131). New cstate: current_term: 1 leader_uuid: "5ad912be5a6c4f6e80e6d917a94cda3d" committed_config { opid_index: -1 OBSOLETE_local: false peers { permanent_uuid: "b437b267d82c4e1694fe41901c3baa80" member_type: VOTER last_known_addr { host: "127.13.73.129" port: 35915 } health_report { overall_health: UNKNOWN } } peers { permanent_uuid: "4232e3a898504c439c85a006d4d85ca5" member_type: VOTER last_known_addr { host: "127.13.73.130" port: 37123 } health_report { overall_health: UNKNOWN } } peers { permanent_uuid: "5ad912be5a6c4f6e80e6d917a94cda3d" member_type: VOTER last_known_addr { host: "127.13.73.131" port: 36505 } health_report { overall_health: HEALTHY } } }
I20260601 13:33:46.440122 16781 raft_consensus.cc:493] T 96cc77a58dfa449599fab38341474ce4 P 5ad912be5a6c4f6e80e6d917a94cda3d [term 0 FOLLOWER]: Starting pre-election (no leader contacted us within the election timeout)
I20260601 13:33:46.440326 16781 raft_consensus.cc:515] T 96cc77a58dfa449599fab38341474ce4 P 5ad912be5a6c4f6e80e6d917a94cda3d [term 0 FOLLOWER]: Starting pre-election with config: opid_index: -1 OBSOLETE_local: false peers { permanent_uuid: "b437b267d82c4e1694fe41901c3baa80" member_type: VOTER last_known_addr { host: "127.13.73.129" port: 35915 } } peers { permanent_uuid: "4232e3a898504c439c85a006d4d85ca5" member_type: VOTER last_known_addr { host: "127.13.73.130" port: 37123 } } peers { permanent_uuid: "5ad912be5a6c4f6e80e6d917a94cda3d" member_type: VOTER last_known_addr { host: "127.13.73.131" port: 36505 } }
I20260601 13:33:46.440948 16781 leader_election.cc:290] T 96cc77a58dfa449599fab38341474ce4 P 5ad912be5a6c4f6e80e6d917a94cda3d [CANDIDATE]: Term 1 pre-election: Requested pre-vote from peers b437b267d82c4e1694fe41901c3baa80 (127.13.73.129:35915), 4232e3a898504c439c85a006d4d85ca5 (127.13.73.130:37123)
I20260601 13:33:46.441435 16573 tablet_service.cc:1917] Received RequestConsensusVote() RPC: tablet_id: "96cc77a58dfa449599fab38341474ce4" candidate_uuid: "5ad912be5a6c4f6e80e6d917a94cda3d" candidate_term: 1 candidate_status { last_received { term: 0 index: 0 } } ignore_live_leader: false dest_uuid: "b437b267d82c4e1694fe41901c3baa80" is_pre_election: true
I20260601 13:33:46.441488 16649 tablet_service.cc:1917] Received RequestConsensusVote() RPC: tablet_id: "96cc77a58dfa449599fab38341474ce4" candidate_uuid: "5ad912be5a6c4f6e80e6d917a94cda3d" candidate_term: 1 candidate_status { last_received { term: 0 index: 0 } } ignore_live_leader: false dest_uuid: "4232e3a898504c439c85a006d4d85ca5" is_pre_election: true
I20260601 13:33:46.441586 16573 raft_consensus.cc:2468] T 96cc77a58dfa449599fab38341474ce4 P b437b267d82c4e1694fe41901c3baa80 [term 0 FOLLOWER]: Leader pre-election vote request: Granting yes vote for candidate 5ad912be5a6c4f6e80e6d917a94cda3d in term 0.
I20260601 13:33:46.441766 16649 raft_consensus.cc:2468] T 96cc77a58dfa449599fab38341474ce4 P 4232e3a898504c439c85a006d4d85ca5 [term 0 FOLLOWER]: Leader pre-election vote request: Granting yes vote for candidate 5ad912be5a6c4f6e80e6d917a94cda3d in term 0.
I20260601 13:33:46.441874 16689 leader_election.cc:304] T 96cc77a58dfa449599fab38341474ce4 P 5ad912be5a6c4f6e80e6d917a94cda3d [CANDIDATE]: Term 1 pre-election: Election decided. Result: candidate won. Election summary: received 2 responses out of 3 voters: 2 yes votes; 0 no votes. yes voters: 5ad912be5a6c4f6e80e6d917a94cda3d, b437b267d82c4e1694fe41901c3baa80; no voters: 
I20260601 13:33:46.442035 16781 raft_consensus.cc:2804] T 96cc77a58dfa449599fab38341474ce4 P 5ad912be5a6c4f6e80e6d917a94cda3d [term 0 FOLLOWER]: Leader pre-election won for term 1
I20260601 13:33:46.442095 16781 raft_consensus.cc:493] T 96cc77a58dfa449599fab38341474ce4 P 5ad912be5a6c4f6e80e6d917a94cda3d [term 0 FOLLOWER]: Starting leader election (no leader contacted us within the election timeout)
I20260601 13:33:46.442147 16781 raft_consensus.cc:3060] T 96cc77a58dfa449599fab38341474ce4 P 5ad912be5a6c4f6e80e6d917a94cda3d [term 0 FOLLOWER]: Advancing to term 1
I20260601 13:33:46.443004 16781 raft_consensus.cc:515] T 96cc77a58dfa449599fab38341474ce4 P 5ad912be5a6c4f6e80e6d917a94cda3d [term 1 FOLLOWER]: Starting leader election with config: opid_index: -1 OBSOLETE_local: false peers { permanent_uuid: "b437b267d82c4e1694fe41901c3baa80" member_type: VOTER last_known_addr { host: "127.13.73.129" port: 35915 } } peers { permanent_uuid: "4232e3a898504c439c85a006d4d85ca5" member_type: VOTER last_known_addr { host: "127.13.73.130" port: 37123 } } peers { permanent_uuid: "5ad912be5a6c4f6e80e6d917a94cda3d" member_type: VOTER last_known_addr { host: "127.13.73.131" port: 36505 } }
I20260601 13:33:46.443431 16781 leader_election.cc:290] T 96cc77a58dfa449599fab38341474ce4 P 5ad912be5a6c4f6e80e6d917a94cda3d [CANDIDATE]: Term 1 election: Requested vote from peers b437b267d82c4e1694fe41901c3baa80 (127.13.73.129:35915), 4232e3a898504c439c85a006d4d85ca5 (127.13.73.130:37123)
I20260601 13:33:46.443738 16573 tablet_service.cc:1917] Received RequestConsensusVote() RPC: tablet_id: "96cc77a58dfa449599fab38341474ce4" candidate_uuid: "5ad912be5a6c4f6e80e6d917a94cda3d" candidate_term: 1 candidate_status { last_received { term: 0 index: 0 } } ignore_live_leader: false dest_uuid: "b437b267d82c4e1694fe41901c3baa80"
I20260601 13:33:46.443822 16649 tablet_service.cc:1917] Received RequestConsensusVote() RPC: tablet_id: "96cc77a58dfa449599fab38341474ce4" candidate_uuid: "5ad912be5a6c4f6e80e6d917a94cda3d" candidate_term: 1 candidate_status { last_received { term: 0 index: 0 } } ignore_live_leader: false dest_uuid: "4232e3a898504c439c85a006d4d85ca5"
I20260601 13:33:46.443876 16573 raft_consensus.cc:3060] T 96cc77a58dfa449599fab38341474ce4 P b437b267d82c4e1694fe41901c3baa80 [term 0 FOLLOWER]: Advancing to term 1
I20260601 13:33:46.443962 16649 raft_consensus.cc:3060] T 96cc77a58dfa449599fab38341474ce4 P 4232e3a898504c439c85a006d4d85ca5 [term 0 FOLLOWER]: Advancing to term 1
I20260601 13:33:46.444651 16573 raft_consensus.cc:2468] T 96cc77a58dfa449599fab38341474ce4 P b437b267d82c4e1694fe41901c3baa80 [term 1 FOLLOWER]: Leader election vote request: Granting yes vote for candidate 5ad912be5a6c4f6e80e6d917a94cda3d in term 1.
I20260601 13:33:46.444774 16649 raft_consensus.cc:2468] T 96cc77a58dfa449599fab38341474ce4 P 4232e3a898504c439c85a006d4d85ca5 [term 1 FOLLOWER]: Leader election vote request: Granting yes vote for candidate 5ad912be5a6c4f6e80e6d917a94cda3d in term 1.
I20260601 13:33:46.445070 16689 leader_election.cc:304] T 96cc77a58dfa449599fab38341474ce4 P 5ad912be5a6c4f6e80e6d917a94cda3d [CANDIDATE]: Term 1 election: Election decided. Result: candidate won. Election summary: received 2 responses out of 3 voters: 2 yes votes; 0 no votes. yes voters: 5ad912be5a6c4f6e80e6d917a94cda3d, b437b267d82c4e1694fe41901c3baa80; no voters: 
I20260601 13:33:46.445331 16781 raft_consensus.cc:2804] T 96cc77a58dfa449599fab38341474ce4 P 5ad912be5a6c4f6e80e6d917a94cda3d [term 1 FOLLOWER]: Leader election won for term 1
I20260601 13:33:46.445432 16781 raft_consensus.cc:697] T 96cc77a58dfa449599fab38341474ce4 P 5ad912be5a6c4f6e80e6d917a94cda3d [term 1 LEADER]: Becoming Leader. State: Replica: 5ad912be5a6c4f6e80e6d917a94cda3d, State: Running, Role: LEADER
I20260601 13:33:46.445569 16781 consensus_queue.cc:237] T 96cc77a58dfa449599fab38341474ce4 P 5ad912be5a6c4f6e80e6d917a94cda3d [LEADER]: Queue going to LEADER mode. State: All replicated index: 0, Majority replicated index: 0, Committed index: 0, Last appended: 0.0, Last appended by leader: 0, Current term: 1, Majority size: 2, State: 0, Mode: LEADER, active raft config: opid_index: -1 OBSOLETE_local: false peers { permanent_uuid: "b437b267d82c4e1694fe41901c3baa80" member_type: VOTER last_known_addr { host: "127.13.73.129" port: 35915 } } peers { permanent_uuid: "4232e3a898504c439c85a006d4d85ca5" member_type: VOTER last_known_addr { host: "127.13.73.130" port: 37123 } } peers { permanent_uuid: "5ad912be5a6c4f6e80e6d917a94cda3d" member_type: VOTER last_known_addr { host: "127.13.73.131" port: 36505 } }
I20260601 13:33:46.447297 16468 catalog_manager.cc:5696] T 96cc77a58dfa449599fab38341474ce4 P 5ad912be5a6c4f6e80e6d917a94cda3d reported cstate change: term changed from 0 to 1, leader changed from <none> to 5ad912be5a6c4f6e80e6d917a94cda3d (127.13.73.131). New cstate: current_term: 1 leader_uuid: "5ad912be5a6c4f6e80e6d917a94cda3d" committed_config { opid_index: -1 OBSOLETE_local: false peers { permanent_uuid: "b437b267d82c4e1694fe41901c3baa80" member_type: VOTER last_known_addr { host: "127.13.73.129" port: 35915 } health_report { overall_health: UNKNOWN } } peers { permanent_uuid: "4232e3a898504c439c85a006d4d85ca5" member_type: VOTER last_known_addr { host: "127.13.73.130" port: 37123 } health_report { overall_health: UNKNOWN } } peers { permanent_uuid: "5ad912be5a6c4f6e80e6d917a94cda3d" member_type: VOTER last_known_addr { host: "127.13.73.131" port: 36505 } health_report { overall_health: HEALTHY } } }
I20260601 13:33:46.466598 16784 raft_consensus.cc:493] T 4205cb7b195d4d0dbc7b69d7c834d1e5 P 4232e3a898504c439c85a006d4d85ca5 [term 0 FOLLOWER]: Starting pre-election (no leader contacted us within the election timeout)
I20260601 13:33:46.466816 16784 raft_consensus.cc:515] T 4205cb7b195d4d0dbc7b69d7c834d1e5 P 4232e3a898504c439c85a006d4d85ca5 [term 0 FOLLOWER]: Starting pre-election with config: opid_index: -1 OBSOLETE_local: false peers { permanent_uuid: "4232e3a898504c439c85a006d4d85ca5" member_type: VOTER last_known_addr { host: "127.13.73.130" port: 37123 } } peers { permanent_uuid: "b437b267d82c4e1694fe41901c3baa80" member_type: VOTER last_known_addr { host: "127.13.73.129" port: 35915 } } peers { permanent_uuid: "5ad912be5a6c4f6e80e6d917a94cda3d" member_type: VOTER last_known_addr { host: "127.13.73.131" port: 36505 } }
I20260601 13:33:46.467361 16784 leader_election.cc:290] T 4205cb7b195d4d0dbc7b69d7c834d1e5 P 4232e3a898504c439c85a006d4d85ca5 [CANDIDATE]: Term 1 pre-election: Requested pre-vote from peers b437b267d82c4e1694fe41901c3baa80 (127.13.73.129:35915), 5ad912be5a6c4f6e80e6d917a94cda3d (127.13.73.131:36505)
I20260601 13:33:46.467911 16724 tablet_service.cc:1917] Received RequestConsensusVote() RPC: tablet_id: "4205cb7b195d4d0dbc7b69d7c834d1e5" candidate_uuid: "4232e3a898504c439c85a006d4d85ca5" candidate_term: 1 candidate_status { last_received { term: 0 index: 0 } } ignore_live_leader: false dest_uuid: "5ad912be5a6c4f6e80e6d917a94cda3d" is_pre_election: true
I20260601 13:33:46.467973 16573 tablet_service.cc:1917] Received RequestConsensusVote() RPC: tablet_id: "4205cb7b195d4d0dbc7b69d7c834d1e5" candidate_uuid: "4232e3a898504c439c85a006d4d85ca5" candidate_term: 1 candidate_status { last_received { term: 0 index: 0 } } ignore_live_leader: false dest_uuid: "b437b267d82c4e1694fe41901c3baa80" is_pre_election: true
I20260601 13:33:46.468037 16724 raft_consensus.cc:2468] T 4205cb7b195d4d0dbc7b69d7c834d1e5 P 5ad912be5a6c4f6e80e6d917a94cda3d [term 0 FOLLOWER]: Leader pre-election vote request: Granting yes vote for candidate 4232e3a898504c439c85a006d4d85ca5 in term 0.
I20260601 13:33:46.468225 16573 raft_consensus.cc:2468] T 4205cb7b195d4d0dbc7b69d7c834d1e5 P b437b267d82c4e1694fe41901c3baa80 [term 0 FOLLOWER]: Leader pre-election vote request: Granting yes vote for candidate 4232e3a898504c439c85a006d4d85ca5 in term 0.
I20260601 13:33:46.468532 16612 leader_election.cc:304] T 4205cb7b195d4d0dbc7b69d7c834d1e5 P 4232e3a898504c439c85a006d4d85ca5 [CANDIDATE]: Term 1 pre-election: Election decided. Result: candidate won. Election summary: received 2 responses out of 3 voters: 2 yes votes; 0 no votes. yes voters: 4232e3a898504c439c85a006d4d85ca5, 5ad912be5a6c4f6e80e6d917a94cda3d; no voters: 
I20260601 13:33:46.468740 16784 raft_consensus.cc:2804] T 4205cb7b195d4d0dbc7b69d7c834d1e5 P 4232e3a898504c439c85a006d4d85ca5 [term 0 FOLLOWER]: Leader pre-election won for term 1
I20260601 13:33:46.468832 16784 raft_consensus.cc:493] T 4205cb7b195d4d0dbc7b69d7c834d1e5 P 4232e3a898504c439c85a006d4d85ca5 [term 0 FOLLOWER]: Starting leader election (no leader contacted us within the election timeout)
I20260601 13:33:46.468897 16784 raft_consensus.cc:3060] T 4205cb7b195d4d0dbc7b69d7c834d1e5 P 4232e3a898504c439c85a006d4d85ca5 [term 0 FOLLOWER]: Advancing to term 1
I20260601 13:33:46.469902 16784 raft_consensus.cc:515] T 4205cb7b195d4d0dbc7b69d7c834d1e5 P 4232e3a898504c439c85a006d4d85ca5 [term 1 FOLLOWER]: Starting leader election with config: opid_index: -1 OBSOLETE_local: false peers { permanent_uuid: "4232e3a898504c439c85a006d4d85ca5" member_type: VOTER last_known_addr { host: "127.13.73.130" port: 37123 } } peers { permanent_uuid: "b437b267d82c4e1694fe41901c3baa80" member_type: VOTER last_known_addr { host: "127.13.73.129" port: 35915 } } peers { permanent_uuid: "5ad912be5a6c4f6e80e6d917a94cda3d" member_type: VOTER last_known_addr { host: "127.13.73.131" port: 36505 } }
I20260601 13:33:46.470309 16784 leader_election.cc:290] T 4205cb7b195d4d0dbc7b69d7c834d1e5 P 4232e3a898504c439c85a006d4d85ca5 [CANDIDATE]: Term 1 election: Requested vote from peers b437b267d82c4e1694fe41901c3baa80 (127.13.73.129:35915), 5ad912be5a6c4f6e80e6d917a94cda3d (127.13.73.131:36505)
I20260601 13:33:46.470685 16573 tablet_service.cc:1917] Received RequestConsensusVote() RPC: tablet_id: "4205cb7b195d4d0dbc7b69d7c834d1e5" candidate_uuid: "4232e3a898504c439c85a006d4d85ca5" candidate_term: 1 candidate_status { last_received { term: 0 index: 0 } } ignore_live_leader: false dest_uuid: "b437b267d82c4e1694fe41901c3baa80"
I20260601 13:33:46.470726 16724 tablet_service.cc:1917] Received RequestConsensusVote() RPC: tablet_id: "4205cb7b195d4d0dbc7b69d7c834d1e5" candidate_uuid: "4232e3a898504c439c85a006d4d85ca5" candidate_term: 1 candidate_status { last_received { term: 0 index: 0 } } ignore_live_leader: false dest_uuid: "5ad912be5a6c4f6e80e6d917a94cda3d"
I20260601 13:33:46.470803 16573 raft_consensus.cc:3060] T 4205cb7b195d4d0dbc7b69d7c834d1e5 P b437b267d82c4e1694fe41901c3baa80 [term 0 FOLLOWER]: Advancing to term 1
I20260601 13:33:46.470846 16724 raft_consensus.cc:3060] T 4205cb7b195d4d0dbc7b69d7c834d1e5 P 5ad912be5a6c4f6e80e6d917a94cda3d [term 0 FOLLOWER]: Advancing to term 1
I20260601 13:33:46.471726 16573 raft_consensus.cc:2468] T 4205cb7b195d4d0dbc7b69d7c834d1e5 P b437b267d82c4e1694fe41901c3baa80 [term 1 FOLLOWER]: Leader election vote request: Granting yes vote for candidate 4232e3a898504c439c85a006d4d85ca5 in term 1.
I20260601 13:33:46.471801 16724 raft_consensus.cc:2468] T 4205cb7b195d4d0dbc7b69d7c834d1e5 P 5ad912be5a6c4f6e80e6d917a94cda3d [term 1 FOLLOWER]: Leader election vote request: Granting yes vote for candidate 4232e3a898504c439c85a006d4d85ca5 in term 1.
I20260601 13:33:46.472119 16612 leader_election.cc:304] T 4205cb7b195d4d0dbc7b69d7c834d1e5 P 4232e3a898504c439c85a006d4d85ca5 [CANDIDATE]: Term 1 election: Election decided. Result: candidate won. Election summary: received 2 responses out of 3 voters: 2 yes votes; 0 no votes. yes voters: 4232e3a898504c439c85a006d4d85ca5, 5ad912be5a6c4f6e80e6d917a94cda3d; no voters: 
I20260601 13:33:46.472349 16784 raft_consensus.cc:2804] T 4205cb7b195d4d0dbc7b69d7c834d1e5 P 4232e3a898504c439c85a006d4d85ca5 [term 1 FOLLOWER]: Leader election won for term 1
I20260601 13:33:46.472455 16784 raft_consensus.cc:697] T 4205cb7b195d4d0dbc7b69d7c834d1e5 P 4232e3a898504c439c85a006d4d85ca5 [term 1 LEADER]: Becoming Leader. State: Replica: 4232e3a898504c439c85a006d4d85ca5, State: Running, Role: LEADER
I20260601 13:33:46.472596 16784 consensus_queue.cc:237] T 4205cb7b195d4d0dbc7b69d7c834d1e5 P 4232e3a898504c439c85a006d4d85ca5 [LEADER]: Queue going to LEADER mode. State: All replicated index: 0, Majority replicated index: 0, Committed index: 0, Last appended: 0.0, Last appended by leader: 0, Current term: 1, Majority size: 2, State: 0, Mode: LEADER, active raft config: opid_index: -1 OBSOLETE_local: false peers { permanent_uuid: "4232e3a898504c439c85a006d4d85ca5" member_type: VOTER last_known_addr { host: "127.13.73.130" port: 37123 } } peers { permanent_uuid: "b437b267d82c4e1694fe41901c3baa80" member_type: VOTER last_known_addr { host: "127.13.73.129" port: 35915 } } peers { permanent_uuid: "5ad912be5a6c4f6e80e6d917a94cda3d" member_type: VOTER last_known_addr { host: "127.13.73.131" port: 36505 } }
I20260601 13:33:46.474352 16468 catalog_manager.cc:5696] T 4205cb7b195d4d0dbc7b69d7c834d1e5 P 4232e3a898504c439c85a006d4d85ca5 reported cstate change: term changed from 0 to 1, leader changed from <none> to 4232e3a898504c439c85a006d4d85ca5 (127.13.73.130). New cstate: current_term: 1 leader_uuid: "4232e3a898504c439c85a006d4d85ca5" committed_config { opid_index: -1 OBSOLETE_local: false peers { permanent_uuid: "4232e3a898504c439c85a006d4d85ca5" member_type: VOTER last_known_addr { host: "127.13.73.130" port: 37123 } health_report { overall_health: HEALTHY } } peers { permanent_uuid: "b437b267d82c4e1694fe41901c3baa80" member_type: VOTER last_known_addr { host: "127.13.73.129" port: 35915 } health_report { overall_health: UNKNOWN } } peers { permanent_uuid: "5ad912be5a6c4f6e80e6d917a94cda3d" member_type: VOTER last_known_addr { host: "127.13.73.131" port: 36505 } health_report { overall_health: UNKNOWN } } }
I20260601 13:33:46.571945 16784 raft_consensus.cc:493] T 70f2d4f88bf44e7a830347c73f7fccb1 P 4232e3a898504c439c85a006d4d85ca5 [term 0 FOLLOWER]: Starting pre-election (no leader contacted us within the election timeout)
I20260601 13:33:46.572118 16784 raft_consensus.cc:515] T 70f2d4f88bf44e7a830347c73f7fccb1 P 4232e3a898504c439c85a006d4d85ca5 [term 0 FOLLOWER]: Starting pre-election with config: opid_index: -1 OBSOLETE_local: false peers { permanent_uuid: "4232e3a898504c439c85a006d4d85ca5" member_type: VOTER last_known_addr { host: "127.13.73.130" port: 37123 } } peers { permanent_uuid: "b437b267d82c4e1694fe41901c3baa80" member_type: VOTER last_known_addr { host: "127.13.73.129" port: 35915 } } peers { permanent_uuid: "5ad912be5a6c4f6e80e6d917a94cda3d" member_type: VOTER last_known_addr { host: "127.13.73.131" port: 36505 } }
I20260601 13:33:46.572825 16784 leader_election.cc:290] T 70f2d4f88bf44e7a830347c73f7fccb1 P 4232e3a898504c439c85a006d4d85ca5 [CANDIDATE]: Term 1 pre-election: Requested pre-vote from peers b437b267d82c4e1694fe41901c3baa80 (127.13.73.129:35915), 5ad912be5a6c4f6e80e6d917a94cda3d (127.13.73.131:36505)
I20260601 13:33:46.573199 16573 tablet_service.cc:1917] Received RequestConsensusVote() RPC: tablet_id: "70f2d4f88bf44e7a830347c73f7fccb1" candidate_uuid: "4232e3a898504c439c85a006d4d85ca5" candidate_term: 1 candidate_status { last_received { term: 0 index: 0 } } ignore_live_leader: false dest_uuid: "b437b267d82c4e1694fe41901c3baa80" is_pre_election: true
I20260601 13:33:46.573275 16724 tablet_service.cc:1917] Received RequestConsensusVote() RPC: tablet_id: "70f2d4f88bf44e7a830347c73f7fccb1" candidate_uuid: "4232e3a898504c439c85a006d4d85ca5" candidate_term: 1 candidate_status { last_received { term: 0 index: 0 } } ignore_live_leader: false dest_uuid: "5ad912be5a6c4f6e80e6d917a94cda3d" is_pre_election: true
I20260601 13:33:46.573354 16724 raft_consensus.cc:2468] T 70f2d4f88bf44e7a830347c73f7fccb1 P 5ad912be5a6c4f6e80e6d917a94cda3d [term 0 FOLLOWER]: Leader pre-election vote request: Granting yes vote for candidate 4232e3a898504c439c85a006d4d85ca5 in term 0.
I20260601 13:33:46.573351 16573 raft_consensus.cc:2468] T 70f2d4f88bf44e7a830347c73f7fccb1 P b437b267d82c4e1694fe41901c3baa80 [term 0 FOLLOWER]: Leader pre-election vote request: Granting yes vote for candidate 4232e3a898504c439c85a006d4d85ca5 in term 0.
I20260601 13:33:46.573768 16612 leader_election.cc:304] T 70f2d4f88bf44e7a830347c73f7fccb1 P 4232e3a898504c439c85a006d4d85ca5 [CANDIDATE]: Term 1 pre-election: Election decided. Result: candidate won. Election summary: received 2 responses out of 3 voters: 2 yes votes; 0 no votes. yes voters: 4232e3a898504c439c85a006d4d85ca5, 5ad912be5a6c4f6e80e6d917a94cda3d; no voters: 
I20260601 13:33:46.573967 16784 raft_consensus.cc:2804] T 70f2d4f88bf44e7a830347c73f7fccb1 P 4232e3a898504c439c85a006d4d85ca5 [term 0 FOLLOWER]: Leader pre-election won for term 1
I20260601 13:33:46.574034 16784 raft_consensus.cc:493] T 70f2d4f88bf44e7a830347c73f7fccb1 P 4232e3a898504c439c85a006d4d85ca5 [term 0 FOLLOWER]: Starting leader election (no leader contacted us within the election timeout)
I20260601 13:33:46.574064 16784 raft_consensus.cc:3060] T 70f2d4f88bf44e7a830347c73f7fccb1 P 4232e3a898504c439c85a006d4d85ca5 [term 0 FOLLOWER]: Advancing to term 1
I20260601 13:33:46.574924 16784 raft_consensus.cc:515] T 70f2d4f88bf44e7a830347c73f7fccb1 P 4232e3a898504c439c85a006d4d85ca5 [term 1 FOLLOWER]: Starting leader election with config: opid_index: -1 OBSOLETE_local: false peers { permanent_uuid: "4232e3a898504c439c85a006d4d85ca5" member_type: VOTER last_known_addr { host: "127.13.73.130" port: 37123 } } peers { permanent_uuid: "b437b267d82c4e1694fe41901c3baa80" member_type: VOTER last_known_addr { host: "127.13.73.129" port: 35915 } } peers { permanent_uuid: "5ad912be5a6c4f6e80e6d917a94cda3d" member_type: VOTER last_known_addr { host: "127.13.73.131" port: 36505 } }
I20260601 13:33:46.575309 16784 leader_election.cc:290] T 70f2d4f88bf44e7a830347c73f7fccb1 P 4232e3a898504c439c85a006d4d85ca5 [CANDIDATE]: Term 1 election: Requested vote from peers b437b267d82c4e1694fe41901c3baa80 (127.13.73.129:35915), 5ad912be5a6c4f6e80e6d917a94cda3d (127.13.73.131:36505)
I20260601 13:33:46.575672 16724 tablet_service.cc:1917] Received RequestConsensusVote() RPC: tablet_id: "70f2d4f88bf44e7a830347c73f7fccb1" candidate_uuid: "4232e3a898504c439c85a006d4d85ca5" candidate_term: 1 candidate_status { last_received { term: 0 index: 0 } } ignore_live_leader: false dest_uuid: "5ad912be5a6c4f6e80e6d917a94cda3d"
I20260601 13:33:46.575783 16724 raft_consensus.cc:3060] T 70f2d4f88bf44e7a830347c73f7fccb1 P 5ad912be5a6c4f6e80e6d917a94cda3d [term 0 FOLLOWER]: Advancing to term 1
I20260601 13:33:46.575739 16573 tablet_service.cc:1917] Received RequestConsensusVote() RPC: tablet_id: "70f2d4f88bf44e7a830347c73f7fccb1" candidate_uuid: "4232e3a898504c439c85a006d4d85ca5" candidate_term: 1 candidate_status { last_received { term: 0 index: 0 } } ignore_live_leader: false dest_uuid: "b437b267d82c4e1694fe41901c3baa80"
I20260601 13:33:46.575879 16573 raft_consensus.cc:3060] T 70f2d4f88bf44e7a830347c73f7fccb1 P b437b267d82c4e1694fe41901c3baa80 [term 0 FOLLOWER]: Advancing to term 1
I20260601 13:33:46.576541 16724 raft_consensus.cc:2468] T 70f2d4f88bf44e7a830347c73f7fccb1 P 5ad912be5a6c4f6e80e6d917a94cda3d [term 1 FOLLOWER]: Leader election vote request: Granting yes vote for candidate 4232e3a898504c439c85a006d4d85ca5 in term 1.
I20260601 13:33:46.576836 16573 raft_consensus.cc:2468] T 70f2d4f88bf44e7a830347c73f7fccb1 P b437b267d82c4e1694fe41901c3baa80 [term 1 FOLLOWER]: Leader election vote request: Granting yes vote for candidate 4232e3a898504c439c85a006d4d85ca5 in term 1.
I20260601 13:33:46.576876 16612 leader_election.cc:304] T 70f2d4f88bf44e7a830347c73f7fccb1 P 4232e3a898504c439c85a006d4d85ca5 [CANDIDATE]: Term 1 election: Election decided. Result: candidate won. Election summary: received 2 responses out of 3 voters: 2 yes votes; 0 no votes. yes voters: 4232e3a898504c439c85a006d4d85ca5, 5ad912be5a6c4f6e80e6d917a94cda3d; no voters: 
I20260601 13:33:46.577064 16784 raft_consensus.cc:2804] T 70f2d4f88bf44e7a830347c73f7fccb1 P 4232e3a898504c439c85a006d4d85ca5 [term 1 FOLLOWER]: Leader election won for term 1
I20260601 13:33:46.577267 16784 raft_consensus.cc:697] T 70f2d4f88bf44e7a830347c73f7fccb1 P 4232e3a898504c439c85a006d4d85ca5 [term 1 LEADER]: Becoming Leader. State: Replica: 4232e3a898504c439c85a006d4d85ca5, State: Running, Role: LEADER
I20260601 13:33:46.577433 16784 consensus_queue.cc:237] T 70f2d4f88bf44e7a830347c73f7fccb1 P 4232e3a898504c439c85a006d4d85ca5 [LEADER]: Queue going to LEADER mode. State: All replicated index: 0, Majority replicated index: 0, Committed index: 0, Last appended: 0.0, Last appended by leader: 0, Current term: 1, Majority size: 2, State: 0, Mode: LEADER, active raft config: opid_index: -1 OBSOLETE_local: false peers { permanent_uuid: "4232e3a898504c439c85a006d4d85ca5" member_type: VOTER last_known_addr { host: "127.13.73.130" port: 37123 } } peers { permanent_uuid: "b437b267d82c4e1694fe41901c3baa80" member_type: VOTER last_known_addr { host: "127.13.73.129" port: 35915 } } peers { permanent_uuid: "5ad912be5a6c4f6e80e6d917a94cda3d" member_type: VOTER last_known_addr { host: "127.13.73.131" port: 36505 } }
I20260601 13:33:46.579181 16468 catalog_manager.cc:5696] T 70f2d4f88bf44e7a830347c73f7fccb1 P 4232e3a898504c439c85a006d4d85ca5 reported cstate change: term changed from 0 to 1, leader changed from <none> to 4232e3a898504c439c85a006d4d85ca5 (127.13.73.130). New cstate: current_term: 1 leader_uuid: "4232e3a898504c439c85a006d4d85ca5" committed_config { opid_index: -1 OBSOLETE_local: false peers { permanent_uuid: "4232e3a898504c439c85a006d4d85ca5" member_type: VOTER last_known_addr { host: "127.13.73.130" port: 37123 } health_report { overall_health: HEALTHY } } peers { permanent_uuid: "b437b267d82c4e1694fe41901c3baa80" member_type: VOTER last_known_addr { host: "127.13.73.129" port: 35915 } health_report { overall_health: UNKNOWN } } peers { permanent_uuid: "5ad912be5a6c4f6e80e6d917a94cda3d" member_type: VOTER last_known_addr { host: "127.13.73.131" port: 36505 } health_report { overall_health: UNKNOWN } } }
I20260601 13:33:46.592134 16784 raft_consensus.cc:493] T 44bc7153ea0a482da72d7a5d780ffc7e P 4232e3a898504c439c85a006d4d85ca5 [term 0 FOLLOWER]: Starting pre-election (no leader contacted us within the election timeout)
I20260601 13:33:46.592317 16784 raft_consensus.cc:515] T 44bc7153ea0a482da72d7a5d780ffc7e P 4232e3a898504c439c85a006d4d85ca5 [term 0 FOLLOWER]: Starting pre-election with config: opid_index: -1 OBSOLETE_local: false peers { permanent_uuid: "b437b267d82c4e1694fe41901c3baa80" member_type: VOTER last_known_addr { host: "127.13.73.129" port: 35915 } } peers { permanent_uuid: "4232e3a898504c439c85a006d4d85ca5" member_type: VOTER last_known_addr { host: "127.13.73.130" port: 37123 } } peers { permanent_uuid: "5ad912be5a6c4f6e80e6d917a94cda3d" member_type: VOTER last_known_addr { host: "127.13.73.131" port: 36505 } }
I20260601 13:33:46.592871 16784 leader_election.cc:290] T 44bc7153ea0a482da72d7a5d780ffc7e P 4232e3a898504c439c85a006d4d85ca5 [CANDIDATE]: Term 1 pre-election: Requested pre-vote from peers b437b267d82c4e1694fe41901c3baa80 (127.13.73.129:35915), 5ad912be5a6c4f6e80e6d917a94cda3d (127.13.73.131:36505)
I20260601 13:33:46.593315 16573 tablet_service.cc:1917] Received RequestConsensusVote() RPC: tablet_id: "44bc7153ea0a482da72d7a5d780ffc7e" candidate_uuid: "4232e3a898504c439c85a006d4d85ca5" candidate_term: 1 candidate_status { last_received { term: 0 index: 0 } } ignore_live_leader: false dest_uuid: "b437b267d82c4e1694fe41901c3baa80" is_pre_election: true
I20260601 13:33:46.593341 16724 tablet_service.cc:1917] Received RequestConsensusVote() RPC: tablet_id: "44bc7153ea0a482da72d7a5d780ffc7e" candidate_uuid: "4232e3a898504c439c85a006d4d85ca5" candidate_term: 1 candidate_status { last_received { term: 0 index: 0 } } ignore_live_leader: false dest_uuid: "5ad912be5a6c4f6e80e6d917a94cda3d" is_pre_election: true
I20260601 13:33:46.593499 16573 raft_consensus.cc:2468] T 44bc7153ea0a482da72d7a5d780ffc7e P b437b267d82c4e1694fe41901c3baa80 [term 0 FOLLOWER]: Leader pre-election vote request: Granting yes vote for candidate 4232e3a898504c439c85a006d4d85ca5 in term 0.
I20260601 13:33:46.593530 16724 raft_consensus.cc:2468] T 44bc7153ea0a482da72d7a5d780ffc7e P 5ad912be5a6c4f6e80e6d917a94cda3d [term 0 FOLLOWER]: Leader pre-election vote request: Granting yes vote for candidate 4232e3a898504c439c85a006d4d85ca5 in term 0.
I20260601 13:33:46.593909 16614 leader_election.cc:304] T 44bc7153ea0a482da72d7a5d780ffc7e P 4232e3a898504c439c85a006d4d85ca5 [CANDIDATE]: Term 1 pre-election: Election decided. Result: candidate won. Election summary: received 2 responses out of 3 voters: 2 yes votes; 0 no votes. yes voters: 4232e3a898504c439c85a006d4d85ca5, b437b267d82c4e1694fe41901c3baa80; no voters: 
I20260601 13:33:46.594100 16784 raft_consensus.cc:2804] T 44bc7153ea0a482da72d7a5d780ffc7e P 4232e3a898504c439c85a006d4d85ca5 [term 0 FOLLOWER]: Leader pre-election won for term 1
I20260601 13:33:46.594164 16784 raft_consensus.cc:493] T 44bc7153ea0a482da72d7a5d780ffc7e P 4232e3a898504c439c85a006d4d85ca5 [term 0 FOLLOWER]: Starting leader election (no leader contacted us within the election timeout)
I20260601 13:33:46.594223 16784 raft_consensus.cc:3060] T 44bc7153ea0a482da72d7a5d780ffc7e P 4232e3a898504c439c85a006d4d85ca5 [term 0 FOLLOWER]: Advancing to term 1
I20260601 13:33:46.595086 16784 raft_consensus.cc:515] T 44bc7153ea0a482da72d7a5d780ffc7e P 4232e3a898504c439c85a006d4d85ca5 [term 1 FOLLOWER]: Starting leader election with config: opid_index: -1 OBSOLETE_local: false peers { permanent_uuid: "b437b267d82c4e1694fe41901c3baa80" member_type: VOTER last_known_addr { host: "127.13.73.129" port: 35915 } } peers { permanent_uuid: "4232e3a898504c439c85a006d4d85ca5" member_type: VOTER last_known_addr { host: "127.13.73.130" port: 37123 } } peers { permanent_uuid: "5ad912be5a6c4f6e80e6d917a94cda3d" member_type: VOTER last_known_addr { host: "127.13.73.131" port: 36505 } }
I20260601 13:33:46.595485 16784 leader_election.cc:290] T 44bc7153ea0a482da72d7a5d780ffc7e P 4232e3a898504c439c85a006d4d85ca5 [CANDIDATE]: Term 1 election: Requested vote from peers b437b267d82c4e1694fe41901c3baa80 (127.13.73.129:35915), 5ad912be5a6c4f6e80e6d917a94cda3d (127.13.73.131:36505)
I20260601 13:33:46.596088 16573 tablet_service.cc:1917] Received RequestConsensusVote() RPC: tablet_id: "44bc7153ea0a482da72d7a5d780ffc7e" candidate_uuid: "4232e3a898504c439c85a006d4d85ca5" candidate_term: 1 candidate_status { last_received { term: 0 index: 0 } } ignore_live_leader: false dest_uuid: "b437b267d82c4e1694fe41901c3baa80"
I20260601 13:33:46.596086 16724 tablet_service.cc:1917] Received RequestConsensusVote() RPC: tablet_id: "44bc7153ea0a482da72d7a5d780ffc7e" candidate_uuid: "4232e3a898504c439c85a006d4d85ca5" candidate_term: 1 candidate_status { last_received { term: 0 index: 0 } } ignore_live_leader: false dest_uuid: "5ad912be5a6c4f6e80e6d917a94cda3d"
I20260601 13:33:46.596240 16573 raft_consensus.cc:3060] T 44bc7153ea0a482da72d7a5d780ffc7e P b437b267d82c4e1694fe41901c3baa80 [term 0 FOLLOWER]: Advancing to term 1
I20260601 13:33:46.596295 16724 raft_consensus.cc:3060] T 44bc7153ea0a482da72d7a5d780ffc7e P 5ad912be5a6c4f6e80e6d917a94cda3d [term 0 FOLLOWER]: Advancing to term 1
I20260601 13:33:46.597084 16573 raft_consensus.cc:2468] T 44bc7153ea0a482da72d7a5d780ffc7e P b437b267d82c4e1694fe41901c3baa80 [term 1 FOLLOWER]: Leader election vote request: Granting yes vote for candidate 4232e3a898504c439c85a006d4d85ca5 in term 1.
I20260601 13:33:46.597100 16724 raft_consensus.cc:2468] T 44bc7153ea0a482da72d7a5d780ffc7e P 5ad912be5a6c4f6e80e6d917a94cda3d [term 1 FOLLOWER]: Leader election vote request: Granting yes vote for candidate 4232e3a898504c439c85a006d4d85ca5 in term 1.
I20260601 13:33:46.597415 16614 leader_election.cc:304] T 44bc7153ea0a482da72d7a5d780ffc7e P 4232e3a898504c439c85a006d4d85ca5 [CANDIDATE]: Term 1 election: Election decided. Result: candidate won. Election summary: received 2 responses out of 3 voters: 2 yes votes; 0 no votes. yes voters: 4232e3a898504c439c85a006d4d85ca5, b437b267d82c4e1694fe41901c3baa80; no voters: 
I20260601 13:33:46.597591 16784 raft_consensus.cc:2804] T 44bc7153ea0a482da72d7a5d780ffc7e P 4232e3a898504c439c85a006d4d85ca5 [term 1 FOLLOWER]: Leader election won for term 1
I20260601 13:33:46.597680 16784 raft_consensus.cc:697] T 44bc7153ea0a482da72d7a5d780ffc7e P 4232e3a898504c439c85a006d4d85ca5 [term 1 LEADER]: Becoming Leader. State: Replica: 4232e3a898504c439c85a006d4d85ca5, State: Running, Role: LEADER
I20260601 13:33:46.598050 16784 consensus_queue.cc:237] T 44bc7153ea0a482da72d7a5d780ffc7e P 4232e3a898504c439c85a006d4d85ca5 [LEADER]: Queue going to LEADER mode. State: All replicated index: 0, Majority replicated index: 0, Committed index: 0, Last appended: 0.0, Last appended by leader: 0, Current term: 1, Majority size: 2, State: 0, Mode: LEADER, active raft config: opid_index: -1 OBSOLETE_local: false peers { permanent_uuid: "b437b267d82c4e1694fe41901c3baa80" member_type: VOTER last_known_addr { host: "127.13.73.129" port: 35915 } } peers { permanent_uuid: "4232e3a898504c439c85a006d4d85ca5" member_type: VOTER last_known_addr { host: "127.13.73.130" port: 37123 } } peers { permanent_uuid: "5ad912be5a6c4f6e80e6d917a94cda3d" member_type: VOTER last_known_addr { host: "127.13.73.131" port: 36505 } }
I20260601 13:33:46.600147 16468 catalog_manager.cc:5696] T 44bc7153ea0a482da72d7a5d780ffc7e P 4232e3a898504c439c85a006d4d85ca5 reported cstate change: term changed from 0 to 1, leader changed from <none> to 4232e3a898504c439c85a006d4d85ca5 (127.13.73.130). New cstate: current_term: 1 leader_uuid: "4232e3a898504c439c85a006d4d85ca5" committed_config { opid_index: -1 OBSOLETE_local: false peers { permanent_uuid: "b437b267d82c4e1694fe41901c3baa80" member_type: VOTER last_known_addr { host: "127.13.73.129" port: 35915 } health_report { overall_health: UNKNOWN } } peers { permanent_uuid: "4232e3a898504c439c85a006d4d85ca5" member_type: VOTER last_known_addr { host: "127.13.73.130" port: 37123 } health_report { overall_health: HEALTHY } } peers { permanent_uuid: "5ad912be5a6c4f6e80e6d917a94cda3d" member_type: VOTER last_known_addr { host: "127.13.73.131" port: 36505 } health_report { overall_health: UNKNOWN } } }
I20260601 13:33:46.621708 13606 file_cache.cc:492] Constructed file cache file cache with capacity 419430
W20260601 13:33:46.623952 16814 instance_detector.cc:116] could not retrieve AWS instance metadata: Network error: curl error: HTTP response code said error: The requested URL returned error: 404
W20260601 13:33:46.624075 16815 instance_detector.cc:116] could not retrieve Azure instance metadata: Network error: curl error: HTTP response code said error: The requested URL returned error: 404
W20260601 13:33:46.624101 16817 instance_detector.cc:116] could not retrieve OpenStack instance metadata: Network error: curl error: HTTP response code said error: The requested URL returned error: 404
I20260601 13:33:46.624516 13606 server_base.cc:1061] running on GCE node
I20260601 13:33:46.624694 13606 hybrid_clock.cc:584] initializing the hybrid clock with 'system_unsync' time source
W20260601 13:33:46.624733 13606 system_unsync_time.cc:38] NTP support is disabled. Clock error bounds will not be accurate. This configuration is not suitable for distributed clusters.
I20260601 13:33:46.624751 13606 hybrid_clock.cc:648] HybridClock initialized: now 1780320826624751 us; error 0 us; skew 500 ppm
I20260601 13:33:46.625976 13606 webserver.cc:533] Webserver started at http://127.13.73.132:33277/ using document root <none> and password file <none>
I20260601 13:33:46.626178 13606 fs_manager.cc:362] Metadata directory not provided
I20260601 13:33:46.626233 13606 fs_manager.cc:368] Using write-ahead log directory (fs_wal_dir) as metadata directory
I20260601 13:33:46.626291 13606 server_base.cc:909] This appears to be a new deployment of Kudu; creating new FS layout
I20260601 13:33:46.626797 13606 fs_manager.cc:1068] Generated new instance metadata in path /tmp/dist-test-taskIe95OO/test-tmp/auto_rebalancer-test.0.AutoRebalancerTest.RangeAwareRebalancesNewRangeReplicas.1780320755874759-13606-0/minicluster-data/ts-3-root/instance:
uuid: "c2be19a7cda344feb5ca22b8efc13c56"
format_stamp: "Formatted at 2026-06-01 13:33:46 on dist-test-slave-5057"
I20260601 13:33:46.628584 13606 fs_manager.cc:696] Time spent creating directory manager: real 0.002s	user 0.002s	sys 0.000s
I20260601 13:33:46.629666 16822 log_block_manager.cc:4031] Time spent loading block containers with low live blocks: real 0.000s	user 0.000s	sys 0.000s
I20260601 13:33:46.630136 13606 fs_manager.cc:730] Time spent opening block manager: real 0.001s	user 0.001s	sys 0.000s
I20260601 13:33:46.630206 13606 fs_manager.cc:647] Opened local filesystem: /tmp/dist-test-taskIe95OO/test-tmp/auto_rebalancer-test.0.AutoRebalancerTest.RangeAwareRebalancesNewRangeReplicas.1780320755874759-13606-0/minicluster-data/ts-3-root
uuid: "c2be19a7cda344feb5ca22b8efc13c56"
format_stamp: "Formatted at 2026-06-01 13:33:46 on dist-test-slave-5057"
I20260601 13:33:46.630314 13606 fs_report.cc:389] FS layout report
--------------------
wal directory: /tmp/dist-test-taskIe95OO/test-tmp/auto_rebalancer-test.0.AutoRebalancerTest.RangeAwareRebalancesNewRangeReplicas.1780320755874759-13606-0/minicluster-data/ts-3-root
metadata directory: /tmp/dist-test-taskIe95OO/test-tmp/auto_rebalancer-test.0.AutoRebalancerTest.RangeAwareRebalancesNewRangeReplicas.1780320755874759-13606-0/minicluster-data/ts-3-root
1 data directories: /tmp/dist-test-taskIe95OO/test-tmp/auto_rebalancer-test.0.AutoRebalancerTest.RangeAwareRebalancesNewRangeReplicas.1780320755874759-13606-0/minicluster-data/ts-3-root/data
Total live blocks: 0
Total live bytes: 0
Total live bytes (after alignment): 0
Total number of LBM containers: 0 (0 full)
Did not check for missing blocks
Did not check for orphaned blocks
Total full LBM containers with extra space: 0 (0 repaired)
Total full LBM container extra space in bytes: 0 (0 repaired)
Total incomplete LBM containers: 0 (0 repaired)
Total LBM partial records: 0 (0 repaired)
Total corrupted LBM metadata records in RocksDB: 0 (0 repaired)
I20260601 13:33:46.650240 13606 rpc_server.cc:225] running with OpenSSL 1.1.1  11 Sep 2018
I20260601 13:33:46.650837 13606 kserver.cc:163] Server-wide thread pool size limit: 3276
I20260601 13:33:46.651213 13606 txn_system_client.cc:432] TxnSystemClient initialization is disabled...
I20260601 13:33:46.651881 13606 ts_tablet_manager.cc:585] Loaded tablet metadata (0 total tablets, 0 live tablets)
I20260601 13:33:46.651925 13606 ts_tablet_manager.cc:531] Time spent load tablet metadata: real 0.000s	user 0.000s	sys 0.000s
I20260601 13:33:46.651961 13606 ts_tablet_manager.cc:616] Registered 0 tablets
I20260601 13:33:46.652026 13606 ts_tablet_manager.cc:595] Time spent register tablets: real 0.000s	user 0.000s	sys 0.000s
I20260601 13:33:46.657640 13606 rpc_server.cc:307] RPC server started. Bound to: 127.13.73.132:37157
I20260601 13:33:46.657794 16885 acceptor_pool.cc:272] collecting diagnostics on the listening RPC socket 127.13.73.132:37157 every 8 connection(s)
I20260601 13:33:46.659356 16468 catalog_manager.cc:3569] Servicing AlterTable request from {username='slave'} at 127.0.0.1:33856:
table { table_name: "range_aware_rebalance_new_range" } alter_schema_steps { type: ADD_RANGE_PARTITION add_range_partition { range_bounds { rows: "\006\001\n\000\000\000\007\001\024\000\000\000""\006\001\n\000\000\000\007\001\024\000\000\000" indirect_data: """" } } } schema { columns { name: "key" type: INT32 is_key: true is_nullable: false encoding: AUTO_ENCODING compression: DEFAULT_COMPRESSION cfile_block_size: 0 immutable: false } } modify_external_catalogs: true
I20260601 13:33:46.663151 16886 heartbeater.cc:344] Connected to a master server at 127.13.73.190:36623
