I20260601 13:22:16.679579 27733 log_block_manager.cc:4031] Time spent loading block containers with low live blocks: real 0.000s	user 0.000s	sys 0.000s
I20260601 13:22:16.679916 25253 fs_manager.cc:730] Time spent opening block manager: real 0.001s	user 0.001s	sys 0.000s
I20260601 13:22:16.679999 25253 fs_manager.cc:647] Opened local filesystem: /tmp/dist-test-taskDRmqdo/test-tmp/auto_rebalancer-test.0.AutoRebalancerTest.RangeAwareBuildClusterInfoGroupsByRange.1780320068879951-25253-0/minicluster-data/master-0-root
uuid: "d42dd7f8726243c6a7dae650f30fbf7e"
format_stamp: "Formatted at 2026-06-01 13:22:16 on dist-test-slave-7123"
I20260601 13:22:16.680089 25253 fs_report.cc:389] FS layout report
--------------------
wal directory: /tmp/dist-test-taskDRmqdo/test-tmp/auto_rebalancer-test.0.AutoRebalancerTest.RangeAwareBuildClusterInfoGroupsByRange.1780320068879951-25253-0/minicluster-data/master-0-root
metadata directory: /tmp/dist-test-taskDRmqdo/test-tmp/auto_rebalancer-test.0.AutoRebalancerTest.RangeAwareBuildClusterInfoGroupsByRange.1780320068879951-25253-0/minicluster-data/master-0-root
1 data directories: /tmp/dist-test-taskDRmqdo/test-tmp/auto_rebalancer-test.0.AutoRebalancerTest.RangeAwareBuildClusterInfoGroupsByRange.1780320068879951-25253-0/minicluster-data/master-0-root/data
Total live blocks: 0
Total live bytes: 0
Total live bytes (after alignment): 0
Total number of LBM containers: 0 (0 full)
Did not check for missing blocks
Did not check for orphaned blocks
Total full LBM containers with extra space: 0 (0 repaired)
Total full LBM container extra space in bytes: 0 (0 repaired)
Total incomplete LBM containers: 0 (0 repaired)
Total LBM partial records: 0 (0 repaired)
Total corrupted LBM metadata records in RocksDB: 0 (0 repaired)
I20260601 13:22:16.691000 25253 rpc_server.cc:225] running with OpenSSL 1.1.1  11 Sep 2018
I20260601 13:22:16.691401 25253 kserver.cc:163] Server-wide thread pool size limit: 3276
I20260601 13:22:16.695704 25253 rpc_server.cc:307] RPC server started. Bound to: 127.24.169.126:44765
I20260601 13:22:16.697443 27785 acceptor_pool.cc:272] collecting diagnostics on the listening RPC socket 127.24.169.126:44765 every 8 connection(s)
I20260601 13:22:16.697857 27786 data_dirs.cc:400] Could only allocate 1 dirs of requested 3 for tablet 00000000000000000000000000000000. 1 dirs total, 0 dirs full, 0 dirs failed
I20260601 13:22:16.699611 27786 tablet_bootstrap.cc:492] T 00000000000000000000000000000000 P d42dd7f8726243c6a7dae650f30fbf7e: Bootstrap starting.
I20260601 13:22:16.700354 27786 tablet_bootstrap.cc:654] T 00000000000000000000000000000000 P d42dd7f8726243c6a7dae650f30fbf7e: Neither blocks nor log segments found. Creating new log.
I20260601 13:22:16.701262 27786 tablet_bootstrap.cc:492] T 00000000000000000000000000000000 P d42dd7f8726243c6a7dae650f30fbf7e: No bootstrap required, opened a new log
I20260601 13:22:16.701608 27786 raft_consensus.cc:359] T 00000000000000000000000000000000 P d42dd7f8726243c6a7dae650f30fbf7e [term 0 FOLLOWER]: Replica starting. Triggering 0 pending ops. Active config: opid_index: -1 OBSOLETE_local: true peers { permanent_uuid: "d42dd7f8726243c6a7dae650f30fbf7e" member_type: VOTER }
I20260601 13:22:16.701689 27786 raft_consensus.cc:385] T 00000000000000000000000000000000 P d42dd7f8726243c6a7dae650f30fbf7e [term 0 FOLLOWER]: Consensus starting up: Expiring failure detector timer to make a prompt election more likely
I20260601 13:22:16.701710 27786 raft_consensus.cc:740] T 00000000000000000000000000000000 P d42dd7f8726243c6a7dae650f30fbf7e [term 0 FOLLOWER]: Becoming Follower/Learner. State: Replica: d42dd7f8726243c6a7dae650f30fbf7e, State: Initialized, Role: FOLLOWER
I20260601 13:22:16.701802 27786 consensus_queue.cc:260] T 00000000000000000000000000000000 P d42dd7f8726243c6a7dae650f30fbf7e [NON_LEADER]: Queue going to NON_LEADER mode. State: All replicated index: 0, Majority replicated index: 0, Committed index: 0, Last appended: 0.0, Last appended by leader: 0, Current term: 0, Majority size: -1, State: 0, Mode: NON_LEADER, active raft config: opid_index: -1 OBSOLETE_local: true peers { permanent_uuid: "d42dd7f8726243c6a7dae650f30fbf7e" member_type: VOTER }
I20260601 13:22:16.701855 27786 raft_consensus.cc:399] T 00000000000000000000000000000000 P d42dd7f8726243c6a7dae650f30fbf7e [term 0 FOLLOWER]: Only one voter in the Raft config. Triggering election immediately
I20260601 13:22:16.701876 27786 raft_consensus.cc:493] T 00000000000000000000000000000000 P d42dd7f8726243c6a7dae650f30fbf7e [term 0 FOLLOWER]: Starting leader election (initial election of a single-replica configuration)
I20260601 13:22:16.701952 27786 raft_consensus.cc:3060] T 00000000000000000000000000000000 P d42dd7f8726243c6a7dae650f30fbf7e [term 0 FOLLOWER]: Advancing to term 1
I20260601 13:22:16.702575 27786 raft_consensus.cc:515] T 00000000000000000000000000000000 P d42dd7f8726243c6a7dae650f30fbf7e [term 1 FOLLOWER]: Starting leader election with config: opid_index: -1 OBSOLETE_local: true peers { permanent_uuid: "d42dd7f8726243c6a7dae650f30fbf7e" member_type: VOTER }
I20260601 13:22:16.702682 27786 leader_election.cc:304] T 00000000000000000000000000000000 P d42dd7f8726243c6a7dae650f30fbf7e [CANDIDATE]: Term 1 election: Election decided. Result: candidate won. Election summary: received 1 responses out of 1 voters: 1 yes votes; 0 no votes. yes voters: d42dd7f8726243c6a7dae650f30fbf7e; no voters: 
I20260601 13:22:16.702839 27786 leader_election.cc:290] T 00000000000000000000000000000000 P d42dd7f8726243c6a7dae650f30fbf7e [CANDIDATE]: Term 1 election: Requested vote from peers 
I20260601 13:22:16.702919 27789 raft_consensus.cc:2804] T 00000000000000000000000000000000 P d42dd7f8726243c6a7dae650f30fbf7e [term 1 FOLLOWER]: Leader election won for term 1
I20260601 13:22:16.703081 27789 raft_consensus.cc:697] T 00000000000000000000000000000000 P d42dd7f8726243c6a7dae650f30fbf7e [term 1 LEADER]: Becoming Leader. State: Replica: d42dd7f8726243c6a7dae650f30fbf7e, State: Running, Role: LEADER
I20260601 13:22:16.703255 27789 consensus_queue.cc:237] T 00000000000000000000000000000000 P d42dd7f8726243c6a7dae650f30fbf7e [LEADER]: Queue going to LEADER mode. State: All replicated index: 0, Majority replicated index: 0, Committed index: 0, Last appended: 0.0, Last appended by leader: 0, Current term: 1, Majority size: 1, State: 0, Mode: LEADER, active raft config: opid_index: -1 OBSOLETE_local: true peers { permanent_uuid: "d42dd7f8726243c6a7dae650f30fbf7e" member_type: VOTER }
I20260601 13:22:16.703320 27786 sys_catalog.cc:565] T 00000000000000000000000000000000 P d42dd7f8726243c6a7dae650f30fbf7e [sys.catalog]: configured and running, proceeding with master startup.
I20260601 13:22:16.703713 27790 sys_catalog.cc:455] T 00000000000000000000000000000000 P d42dd7f8726243c6a7dae650f30fbf7e [sys.catalog]: SysCatalogTable state changed. Reason: RaftConsensus started. Latest consensus state: current_term: 1 leader_uuid: "d42dd7f8726243c6a7dae650f30fbf7e" committed_config { opid_index: -1 OBSOLETE_local: true peers { permanent_uuid: "d42dd7f8726243c6a7dae650f30fbf7e" member_type: VOTER } }
I20260601 13:22:16.703760 27791 sys_catalog.cc:455] T 00000000000000000000000000000000 P d42dd7f8726243c6a7dae650f30fbf7e [sys.catalog]: SysCatalogTable state changed. Reason: New leader d42dd7f8726243c6a7dae650f30fbf7e. Latest consensus state: current_term: 1 leader_uuid: "d42dd7f8726243c6a7dae650f30fbf7e" committed_config { opid_index: -1 OBSOLETE_local: true peers { permanent_uuid: "d42dd7f8726243c6a7dae650f30fbf7e" member_type: VOTER } }
I20260601 13:22:16.703868 27790 sys_catalog.cc:458] T 00000000000000000000000000000000 P d42dd7f8726243c6a7dae650f30fbf7e [sys.catalog]: This master's current role is: LEADER
I20260601 13:22:16.703920 27791 sys_catalog.cc:458] T 00000000000000000000000000000000 P d42dd7f8726243c6a7dae650f30fbf7e [sys.catalog]: This master's current role is: LEADER
I20260601 13:22:16.704236 27794 catalog_manager.cc:1510] Loading table and tablet metadata into memory...
I20260601 13:22:16.705195 27794 catalog_manager.cc:1519] Initializing Kudu cluster ID...
I20260601 13:22:16.705348 25253 internal_mini_cluster.cc:184] Waiting to initialize catalog manager on master 0
I20260601 13:22:16.707077 27794 catalog_manager.cc:1382] Generated new cluster ID: 9624bffc67b9436788bcd50dc5843e8f
I20260601 13:22:16.707134 27794 catalog_manager.cc:1530] Initializing Kudu internal certificate authority...
I20260601 13:22:16.720032 27794 catalog_manager.cc:1405] Generated new certificate authority record
I20260601 13:22:16.720618 27794 catalog_manager.cc:1539] Loading token signing keys...
I20260601 13:22:16.726684 27794 catalog_manager.cc:6069] T 00000000000000000000000000000000 P d42dd7f8726243c6a7dae650f30fbf7e: Generated new TSK 0
I20260601 13:22:16.726881 27794 catalog_manager.cc:1549] Initializing in-progress tserver states...
I20260601 13:22:16.737666 25253 file_cache.cc:492] Constructed file cache file cache with capacity 419430
I20260601 13:22:16.739995 25253 server_base.cc:1061] running on GCE node
W20260601 13:22:16.739961 27808 instance_detector.cc:116] could not retrieve Azure instance metadata: Network error: curl error: HTTP response code said error: The requested URL returned error: 404
W20260601 13:22:16.739972 27810 instance_detector.cc:116] could not retrieve OpenStack instance metadata: Network error: curl error: HTTP response code said error: The requested URL returned error: 404
W20260601 13:22:16.740008 27807 instance_detector.cc:116] could not retrieve AWS instance metadata: Network error: curl error: HTTP response code said error: The requested URL returned error: 404
I20260601 13:22:16.740480 25253 hybrid_clock.cc:584] initializing the hybrid clock with 'system_unsync' time source
W20260601 13:22:16.740527 25253 system_unsync_time.cc:38] NTP support is disabled. Clock error bounds will not be accurate. This configuration is not suitable for distributed clusters.
I20260601 13:22:16.740543 25253 hybrid_clock.cc:648] HybridClock initialized: now 1780320136740543 us; error 0 us; skew 500 ppm
I20260601 13:22:16.741355 25253 webserver.cc:533] Webserver started at http://127.24.169.65:45083/ using document root <none> and password file <none>
I20260601 13:22:16.741537 25253 fs_manager.cc:362] Metadata directory not provided
I20260601 13:22:16.741586 25253 fs_manager.cc:368] Using write-ahead log directory (fs_wal_dir) as metadata directory
I20260601 13:22:16.741693 25253 server_base.cc:909] This appears to be a new deployment of Kudu; creating new FS layout
I20260601 13:22:16.742172 25253 fs_manager.cc:1068] Generated new instance metadata in path /tmp/dist-test-taskDRmqdo/test-tmp/auto_rebalancer-test.0.AutoRebalancerTest.RangeAwareBuildClusterInfoGroupsByRange.1780320068879951-25253-0/minicluster-data/ts-0-root/instance:
uuid: "daf9a4d2f190428dac88a8872514a234"
format_stamp: "Formatted at 2026-06-01 13:22:16 on dist-test-slave-7123"
I20260601 13:22:16.743719 25253 fs_manager.cc:696] Time spent creating directory manager: real 0.001s	user 0.001s	sys 0.000s
I20260601 13:22:16.744813 27815 log_block_manager.cc:4031] Time spent loading block containers with low live blocks: real 0.000s	user 0.000s	sys 0.000s
I20260601 13:22:16.745141 25253 fs_manager.cc:730] Time spent opening block manager: real 0.001s	user 0.001s	sys 0.000s
I20260601 13:22:16.745208 25253 fs_manager.cc:647] Opened local filesystem: /tmp/dist-test-taskDRmqdo/test-tmp/auto_rebalancer-test.0.AutoRebalancerTest.RangeAwareBuildClusterInfoGroupsByRange.1780320068879951-25253-0/minicluster-data/ts-0-root
uuid: "daf9a4d2f190428dac88a8872514a234"
format_stamp: "Formatted at 2026-06-01 13:22:16 on dist-test-slave-7123"
I20260601 13:22:16.745313 25253 fs_report.cc:389] FS layout report
--------------------
wal directory: /tmp/dist-test-taskDRmqdo/test-tmp/auto_rebalancer-test.0.AutoRebalancerTest.RangeAwareBuildClusterInfoGroupsByRange.1780320068879951-25253-0/minicluster-data/ts-0-root
metadata directory: /tmp/dist-test-taskDRmqdo/test-tmp/auto_rebalancer-test.0.AutoRebalancerTest.RangeAwareBuildClusterInfoGroupsByRange.1780320068879951-25253-0/minicluster-data/ts-0-root
1 data directories: /tmp/dist-test-taskDRmqdo/test-tmp/auto_rebalancer-test.0.AutoRebalancerTest.RangeAwareBuildClusterInfoGroupsByRange.1780320068879951-25253-0/minicluster-data/ts-0-root/data
Total live blocks: 0
Total live bytes: 0
Total live bytes (after alignment): 0
Total number of LBM containers: 0 (0 full)
Did not check for missing blocks
Did not check for orphaned blocks
Total full LBM containers with extra space: 0 (0 repaired)
Total full LBM container extra space in bytes: 0 (0 repaired)
Total incomplete LBM containers: 0 (0 repaired)
Total LBM partial records: 0 (0 repaired)
Total corrupted LBM metadata records in RocksDB: 0 (0 repaired)
I20260601 13:22:16.760104 25253 rpc_server.cc:225] running with OpenSSL 1.1.1  11 Sep 2018
I20260601 13:22:16.760538 25253 kserver.cc:163] Server-wide thread pool size limit: 3276
I20260601 13:22:16.760836 25253 txn_system_client.cc:432] TxnSystemClient initialization is disabled...
I20260601 13:22:16.761297 25253 ts_tablet_manager.cc:585] Loaded tablet metadata (0 total tablets, 0 live tablets)
I20260601 13:22:16.761361 25253 ts_tablet_manager.cc:531] Time spent load tablet metadata: real 0.000s	user 0.000s	sys 0.000s
I20260601 13:22:16.761428 25253 ts_tablet_manager.cc:616] Registered 0 tablets
I20260601 13:22:16.761483 25253 ts_tablet_manager.cc:595] Time spent register tablets: real 0.000s	user 0.000s	sys 0.000s
I20260601 13:22:16.765782 25253 rpc_server.cc:307] RPC server started. Bound to: 127.24.169.65:34447
I20260601 13:22:16.765821 27878 acceptor_pool.cc:272] collecting diagnostics on the listening RPC socket 127.24.169.65:34447 every 8 connection(s)
I20260601 13:22:16.766638 25253 file_cache.cc:492] Constructed file cache file cache with capacity 419430
W20260601 13:22:16.768623 27884 instance_detector.cc:116] could not retrieve Azure instance metadata: Network error: curl error: HTTP response code said error: The requested URL returned error: 404
W20260601 13:22:16.768668 27886 instance_detector.cc:116] could not retrieve OpenStack instance metadata: Network error: curl error: HTTP response code said error: The requested URL returned error: 404
I20260601 13:22:16.768847 25253 server_base.cc:1061] running on GCE node
W20260601 13:22:16.768798 27883 instance_detector.cc:116] could not retrieve AWS instance metadata: Network error: curl error: HTTP response code said error: The requested URL returned error: 404
I20260601 13:22:16.769115 25253 hybrid_clock.cc:584] initializing the hybrid clock with 'system_unsync' time source
W20260601 13:22:16.769181 25253 system_unsync_time.cc:38] NTP support is disabled. Clock error bounds will not be accurate. This configuration is not suitable for distributed clusters.
I20260601 13:22:16.769215 25253 hybrid_clock.cc:648] HybridClock initialized: now 1780320136769214 us; error 0 us; skew 500 ppm
I20260601 13:22:16.770154 25253 webserver.cc:533] Webserver started at http://127.24.169.66:39387/ using document root <none> and password file <none>
I20260601 13:22:16.770313 25253 fs_manager.cc:362] Metadata directory not provided
I20260601 13:22:16.770372 25253 fs_manager.cc:368] Using write-ahead log directory (fs_wal_dir) as metadata directory
I20260601 13:22:16.770470 25253 server_base.cc:909] This appears to be a new deployment of Kudu; creating new FS layout
I20260601 13:22:16.770968 25253 fs_manager.cc:1068] Generated new instance metadata in path /tmp/dist-test-taskDRmqdo/test-tmp/auto_rebalancer-test.0.AutoRebalancerTest.RangeAwareBuildClusterInfoGroupsByRange.1780320068879951-25253-0/minicluster-data/ts-1-root/instance:
uuid: "0de0b660e3604e3b8b06342e74e66a62"
format_stamp: "Formatted at 2026-06-01 13:22:16 on dist-test-slave-7123"
I20260601 13:22:16.771657 27879 heartbeater.cc:344] Connected to a master server at 127.24.169.126:44765
I20260601 13:22:16.771765 27879 heartbeater.cc:461] Registering TS with master...
I20260601 13:22:16.772012 27879 heartbeater.cc:507] Master 127.24.169.126:44765 requested a full tablet report, sending...
I20260601 13:22:16.772621 27750 ts_manager.cc:194] Registered new tserver with Master: daf9a4d2f190428dac88a8872514a234 (127.24.169.65:34447)
I20260601 13:22:16.773310 27750 master_service.cc:502] Signed X509 certificate for tserver {username='slave'} at 127.0.0.1:34704
I20260601 13:22:16.773852 25253 fs_manager.cc:696] Time spent creating directory manager: real 0.003s	user 0.002s	sys 0.000s
I20260601 13:22:16.774830 27891 log_block_manager.cc:4031] Time spent loading block containers with low live blocks: real 0.000s	user 0.000s	sys 0.000s
I20260601 13:22:16.775068 25253 fs_manager.cc:730] Time spent opening block manager: real 0.001s	user 0.001s	sys 0.000s
I20260601 13:22:16.775148 25253 fs_manager.cc:647] Opened local filesystem: /tmp/dist-test-taskDRmqdo/test-tmp/auto_rebalancer-test.0.AutoRebalancerTest.RangeAwareBuildClusterInfoGroupsByRange.1780320068879951-25253-0/minicluster-data/ts-1-root
uuid: "0de0b660e3604e3b8b06342e74e66a62"
format_stamp: "Formatted at 2026-06-01 13:22:16 on dist-test-slave-7123"
I20260601 13:22:16.775233 25253 fs_report.cc:389] FS layout report
--------------------
wal directory: /tmp/dist-test-taskDRmqdo/test-tmp/auto_rebalancer-test.0.AutoRebalancerTest.RangeAwareBuildClusterInfoGroupsByRange.1780320068879951-25253-0/minicluster-data/ts-1-root
metadata directory: /tmp/dist-test-taskDRmqdo/test-tmp/auto_rebalancer-test.0.AutoRebalancerTest.RangeAwareBuildClusterInfoGroupsByRange.1780320068879951-25253-0/minicluster-data/ts-1-root
1 data directories: /tmp/dist-test-taskDRmqdo/test-tmp/auto_rebalancer-test.0.AutoRebalancerTest.RangeAwareBuildClusterInfoGroupsByRange.1780320068879951-25253-0/minicluster-data/ts-1-root/data
Total live blocks: 0
Total live bytes: 0
Total live bytes (after alignment): 0
Total number of LBM containers: 0 (0 full)
Did not check for missing blocks
Did not check for orphaned blocks
Total full LBM containers with extra space: 0 (0 repaired)
Total full LBM container extra space in bytes: 0 (0 repaired)
Total incomplete LBM containers: 0 (0 repaired)
Total LBM partial records: 0 (0 repaired)
Total corrupted LBM metadata records in RocksDB: 0 (0 repaired)
I20260601 13:22:16.790366 25253 rpc_server.cc:225] running with OpenSSL 1.1.1  11 Sep 2018
I20260601 13:22:16.790773 25253 kserver.cc:163] Server-wide thread pool size limit: 3276
I20260601 13:22:16.791075 25253 txn_system_client.cc:432] TxnSystemClient initialization is disabled...
I20260601 13:22:16.791541 25253 ts_tablet_manager.cc:585] Loaded tablet metadata (0 total tablets, 0 live tablets)
I20260601 13:22:16.791599 25253 ts_tablet_manager.cc:531] Time spent load tablet metadata: real 0.000s	user 0.000s	sys 0.000s
I20260601 13:22:16.791654 25253 ts_tablet_manager.cc:616] Registered 0 tablets
I20260601 13:22:16.791687 25253 ts_tablet_manager.cc:595] Time spent register tablets: real 0.000s	user 0.000s	sys 0.000s
I20260601 13:22:16.796043 25253 rpc_server.cc:307] RPC server started. Bound to: 127.24.169.66:34733
I20260601 13:22:16.796108 27954 acceptor_pool.cc:272] collecting diagnostics on the listening RPC socket 127.24.169.66:34733 every 8 connection(s)
I20260601 13:22:16.796993 25253 file_cache.cc:492] Constructed file cache file cache with capacity 419430
W20260601 13:22:16.798987 27958 instance_detector.cc:116] could not retrieve AWS instance metadata: Network error: curl error: HTTP response code said error: The requested URL returned error: 404
W20260601 13:22:16.799021 27961 instance_detector.cc:116] could not retrieve OpenStack instance metadata: Network error: curl error: HTTP response code said error: The requested URL returned error: 404
W20260601 13:22:16.799014 27959 instance_detector.cc:116] could not retrieve Azure instance metadata: Network error: curl error: HTTP response code said error: The requested URL returned error: 404
I20260601 13:22:16.800418 25253 server_base.cc:1061] running on GCE node
I20260601 13:22:16.800606 25253 hybrid_clock.cc:584] initializing the hybrid clock with 'system_unsync' time source
W20260601 13:22:16.800657 25253 system_unsync_time.cc:38] NTP support is disabled. Clock error bounds will not be accurate. This configuration is not suitable for distributed clusters.
I20260601 13:22:16.800685 25253 hybrid_clock.cc:648] HybridClock initialized: now 1780320136800684 us; error 0 us; skew 500 ppm
I20260601 13:22:16.801468 27955 heartbeater.cc:344] Connected to a master server at 127.24.169.126:44765
I20260601 13:22:16.801558 27955 heartbeater.cc:461] Registering TS with master...
I20260601 13:22:16.801560 25253 webserver.cc:533] Webserver started at http://127.24.169.67:44147/ using document root <none> and password file <none>
I20260601 13:22:16.801753 25253 fs_manager.cc:362] Metadata directory not provided
I20260601 13:22:16.801808 25253 fs_manager.cc:368] Using write-ahead log directory (fs_wal_dir) as metadata directory
I20260601 13:22:16.801780 27955 heartbeater.cc:507] Master 127.24.169.126:44765 requested a full tablet report, sending...
I20260601 13:22:16.801920 25253 server_base.cc:909] This appears to be a new deployment of Kudu; creating new FS layout
I20260601 13:22:16.802284 25253 fs_manager.cc:1068] Generated new instance metadata in path /tmp/dist-test-taskDRmqdo/test-tmp/auto_rebalancer-test.0.AutoRebalancerTest.RangeAwareBuildClusterInfoGroupsByRange.1780320068879951-25253-0/minicluster-data/ts-2-root/instance:
uuid: "ea036c2d65af4044962f7f26756593e1"
format_stamp: "Formatted at 2026-06-01 13:22:16 on dist-test-slave-7123"
I20260601 13:22:16.803114 27750 ts_manager.cc:194] Registered new tserver with Master: 0de0b660e3604e3b8b06342e74e66a62 (127.24.169.66:34733)
I20260601 13:22:16.803782 27750 master_service.cc:502] Signed X509 certificate for tserver {username='slave'} at 127.0.0.1:34710
I20260601 13:22:16.804066 25253 fs_manager.cc:696] Time spent creating directory manager: real 0.002s	user 0.002s	sys 0.000s
I20260601 13:22:16.805171 27966 log_block_manager.cc:4031] Time spent loading block containers with low live blocks: real 0.000s	user 0.000s	sys 0.000s
I20260601 13:22:16.805424 25253 fs_manager.cc:730] Time spent opening block manager: real 0.001s	user 0.001s	sys 0.000s
I20260601 13:22:16.805482 25253 fs_manager.cc:647] Opened local filesystem: /tmp/dist-test-taskDRmqdo/test-tmp/auto_rebalancer-test.0.AutoRebalancerTest.RangeAwareBuildClusterInfoGroupsByRange.1780320068879951-25253-0/minicluster-data/ts-2-root
uuid: "ea036c2d65af4044962f7f26756593e1"
format_stamp: "Formatted at 2026-06-01 13:22:16 on dist-test-slave-7123"
I20260601 13:22:16.805572 25253 fs_report.cc:389] FS layout report
--------------------
wal directory: /tmp/dist-test-taskDRmqdo/test-tmp/auto_rebalancer-test.0.AutoRebalancerTest.RangeAwareBuildClusterInfoGroupsByRange.1780320068879951-25253-0/minicluster-data/ts-2-root
metadata directory: /tmp/dist-test-taskDRmqdo/test-tmp/auto_rebalancer-test.0.AutoRebalancerTest.RangeAwareBuildClusterInfoGroupsByRange.1780320068879951-25253-0/minicluster-data/ts-2-root
1 data directories: /tmp/dist-test-taskDRmqdo/test-tmp/auto_rebalancer-test.0.AutoRebalancerTest.RangeAwareBuildClusterInfoGroupsByRange.1780320068879951-25253-0/minicluster-data/ts-2-root/data
Total live blocks: 0
Total live bytes: 0
Total live bytes (after alignment): 0
Total number of LBM containers: 0 (0 full)
Did not check for missing blocks
Did not check for orphaned blocks
Total full LBM containers with extra space: 0 (0 repaired)
Total full LBM container extra space in bytes: 0 (0 repaired)
Total incomplete LBM containers: 0 (0 repaired)
Total LBM partial records: 0 (0 repaired)
Total corrupted LBM metadata records in RocksDB: 0 (0 repaired)
I20260601 13:22:16.819092 25253 rpc_server.cc:225] running with OpenSSL 1.1.1  11 Sep 2018
I20260601 13:22:16.819542 25253 kserver.cc:163] Server-wide thread pool size limit: 3276
I20260601 13:22:16.819854 25253 txn_system_client.cc:432] TxnSystemClient initialization is disabled...
I20260601 13:22:16.820333 25253 ts_tablet_manager.cc:585] Loaded tablet metadata (0 total tablets, 0 live tablets)
I20260601 13:22:16.820371 25253 ts_tablet_manager.cc:531] Time spent load tablet metadata: real 0.000s	user 0.000s	sys 0.000s
I20260601 13:22:16.820428 25253 ts_tablet_manager.cc:616] Registered 0 tablets
I20260601 13:22:16.820472 25253 ts_tablet_manager.cc:595] Time spent register tablets: real 0.000s	user 0.000s	sys 0.000s
I20260601 13:22:16.825369 25253 rpc_server.cc:307] RPC server started. Bound to: 127.24.169.67:41149
I20260601 13:22:16.825670 28029 acceptor_pool.cc:272] collecting diagnostics on the listening RPC socket 127.24.169.67:41149 every 8 connection(s)
I20260601 13:22:16.830128 28030 heartbeater.cc:344] Connected to a master server at 127.24.169.126:44765
I20260601 13:22:16.830250 28030 heartbeater.cc:461] Registering TS with master...
I20260601 13:22:16.830565 28030 heartbeater.cc:507] Master 127.24.169.126:44765 requested a full tablet report, sending...
I20260601 13:22:16.831281 27750 ts_manager.cc:194] Registered new tserver with Master: ea036c2d65af4044962f7f26756593e1 (127.24.169.67:41149)
I20260601 13:22:16.831540 25253 internal_mini_cluster.cc:371] 3 TS(s) registered with all masters after 0.005620645s
I20260601 13:22:16.832096 27750 master_service.cc:502] Signed X509 certificate for tserver {username='slave'} at 127.0.0.1:34720
I20260601 13:22:17.774312 27879 heartbeater.cc:499] Master 127.24.169.126:44765 was elected leader, sending a full tablet report...
I20260601 13:22:17.804857 27955 heartbeater.cc:499] Master 127.24.169.126:44765 was elected leader, sending a full tablet report...
I20260601 13:22:17.832993 28030 heartbeater.cc:499] Master 127.24.169.126:44765 was elected leader, sending a full tablet report...
I20260601 13:22:17.866393 27750 catalog_manager.cc:2282] Servicing CreateTable request from {username='slave'} at 127.0.0.1:34726:
name: "range_aware_auto_rebalancer_test"
schema {
  columns {
    name: "key"
    type: INT32
    is_key: true
    is_nullable: false
    encoding: AUTO_ENCODING
    compression: DEFAULT_COMPRESSION
    cfile_block_size: 0
    immutable: false
  }
}
num_replicas: 3
split_rows_range_bounds {
  rows: "\006\001\000\000\000\000\007\001\n\000\000\000\006\001\n\000\000\000\007\001\024\000\000\000""\006\001\000\000\000\000\007\001\n\000\000\000\006\001\n\000\000\000\007\001\024\000\000\000"
  indirect_data: """"
}
partition_schema {
  hash_schema {
    columns {
      name: "key"
    }
    num_buckets: 2
    seed: 0
  }
  range_schema {
    columns {
      name: "key"
    }
  }
}
W20260601 13:22:17.867237 27750 catalog_manager.cc:7076] The number of live tablet servers is not enough to re-replicate a tablet replica of the newly created table range_aware_auto_rebalancer_test in case of a server failure: 4 tablet servers would be needed, 3 are available. Consider bringing up more tablet servers.
I20260601 13:22:17.878063 27843 tablet_service.cc:1511] Processing CreateTablet for tablet 69118ce30a1b47c0879e38ab16a19fb5 (DEFAULT_TABLE table=range_aware_auto_rebalancer_test [id=1996a9f892d24655a939b102eab40832]), partition=HASH (key) PARTITION 0, RANGE (key) PARTITION 0 <= VALUES < 10
I20260601 13:22:17.878491 27843 data_dirs.cc:400] Could only allocate 1 dirs of requested 3 for tablet 69118ce30a1b47c0879e38ab16a19fb5. 1 dirs total, 0 dirs full, 0 dirs failed
I20260601 13:22:17.878854 27994 tablet_service.cc:1511] Processing CreateTablet for tablet 69118ce30a1b47c0879e38ab16a19fb5 (DEFAULT_TABLE table=range_aware_auto_rebalancer_test [id=1996a9f892d24655a939b102eab40832]), partition=HASH (key) PARTITION 0, RANGE (key) PARTITION 0 <= VALUES < 10
I20260601 13:22:17.878952 27993 tablet_service.cc:1511] Processing CreateTablet for tablet 561223fa999048b18d04acb8c4332f0e (DEFAULT_TABLE table=range_aware_auto_rebalancer_test [id=1996a9f892d24655a939b102eab40832]), partition=HASH (key) PARTITION 0, RANGE (key) PARTITION 10 <= VALUES < 20
I20260601 13:22:17.879164 27994 data_dirs.cc:400] Could only allocate 1 dirs of requested 3 for tablet 69118ce30a1b47c0879e38ab16a19fb5. 1 dirs total, 0 dirs full, 0 dirs failed
I20260601 13:22:17.879350 27992 tablet_service.cc:1511] Processing CreateTablet for tablet 6fd479d608934ad6b9ffd6f2b3d71766 (DEFAULT_TABLE table=range_aware_auto_rebalancer_test [id=1996a9f892d24655a939b102eab40832]), partition=HASH (key) PARTITION 1, RANGE (key) PARTITION 0 <= VALUES < 10
I20260601 13:22:17.879596 27992 data_dirs.cc:400] Could only allocate 1 dirs of requested 3 for tablet 6fd479d608934ad6b9ffd6f2b3d71766. 1 dirs total, 0 dirs full, 0 dirs failed
I20260601 13:22:17.880996 28050 tablet_bootstrap.cc:492] T 69118ce30a1b47c0879e38ab16a19fb5 P daf9a4d2f190428dac88a8872514a234: Bootstrap starting.
I20260601 13:22:17.881194 27842 tablet_service.cc:1511] Processing CreateTablet for tablet 561223fa999048b18d04acb8c4332f0e (DEFAULT_TABLE table=range_aware_auto_rebalancer_test [id=1996a9f892d24655a939b102eab40832]), partition=HASH (key) PARTITION 0, RANGE (key) PARTITION 10 <= VALUES < 20
I20260601 13:22:17.881462 27842 data_dirs.cc:400] Could only allocate 1 dirs of requested 3 for tablet 561223fa999048b18d04acb8c4332f0e. 1 dirs total, 0 dirs full, 0 dirs failed
I20260601 13:22:17.881795 27991 tablet_service.cc:1511] Processing CreateTablet for tablet a5ac3182a6cd4bf3b67320b613b88bcf (DEFAULT_TABLE table=range_aware_auto_rebalancer_test [id=1996a9f892d24655a939b102eab40832]), partition=HASH (key) PARTITION 1, RANGE (key) PARTITION 10 <= VALUES < 20
I20260601 13:22:17.882051 27991 data_dirs.cc:400] Could only allocate 1 dirs of requested 3 for tablet a5ac3182a6cd4bf3b67320b613b88bcf. 1 dirs total, 0 dirs full, 0 dirs failed
I20260601 13:22:17.882133 27841 tablet_service.cc:1511] Processing CreateTablet for tablet 6fd479d608934ad6b9ffd6f2b3d71766 (DEFAULT_TABLE table=range_aware_auto_rebalancer_test [id=1996a9f892d24655a939b102eab40832]), partition=HASH (key) PARTITION 1, RANGE (key) PARTITION 0 <= VALUES < 10
I20260601 13:22:17.882351 27841 data_dirs.cc:400] Could only allocate 1 dirs of requested 3 for tablet 6fd479d608934ad6b9ffd6f2b3d71766. 1 dirs total, 0 dirs full, 0 dirs failed
I20260601 13:22:17.882378 28050 tablet_bootstrap.cc:654] T 69118ce30a1b47c0879e38ab16a19fb5 P daf9a4d2f190428dac88a8872514a234: Neither blocks nor log segments found. Creating new log.
I20260601 13:22:17.883401 28050 tablet_bootstrap.cc:492] T 69118ce30a1b47c0879e38ab16a19fb5 P daf9a4d2f190428dac88a8872514a234: No bootstrap required, opened a new log
I20260601 13:22:17.883519 28050 ts_tablet_manager.cc:1403] T 69118ce30a1b47c0879e38ab16a19fb5 P daf9a4d2f190428dac88a8872514a234: Time spent bootstrapping tablet: real 0.003s	user 0.000s	sys 0.002s
I20260601 13:22:17.883904 28050 raft_consensus.cc:359] T 69118ce30a1b47c0879e38ab16a19fb5 P daf9a4d2f190428dac88a8872514a234 [term 0 FOLLOWER]: Replica starting. Triggering 0 pending ops. Active config: opid_index: -1 OBSOLETE_local: false peers { permanent_uuid: "daf9a4d2f190428dac88a8872514a234" member_type: VOTER last_known_addr { host: "127.24.169.65" port: 34447 } } peers { permanent_uuid: "0de0b660e3604e3b8b06342e74e66a62" member_type: VOTER last_known_addr { host: "127.24.169.66" port: 34733 } } peers { permanent_uuid: "ea036c2d65af4044962f7f26756593e1" member_type: VOTER last_known_addr { host: "127.24.169.67" port: 41149 } }
I20260601 13:22:17.884038 28050 raft_consensus.cc:385] T 69118ce30a1b47c0879e38ab16a19fb5 P daf9a4d2f190428dac88a8872514a234 [term 0 FOLLOWER]: Consensus starting up: Expiring failure detector timer to make a prompt election more likely
I20260601 13:22:17.884083 28050 raft_consensus.cc:740] T 69118ce30a1b47c0879e38ab16a19fb5 P daf9a4d2f190428dac88a8872514a234 [term 0 FOLLOWER]: Becoming Follower/Learner. State: Replica: daf9a4d2f190428dac88a8872514a234, State: Initialized, Role: FOLLOWER
I20260601 13:22:17.884123 27993 data_dirs.cc:400] Could only allocate 1 dirs of requested 3 for tablet 561223fa999048b18d04acb8c4332f0e. 1 dirs total, 0 dirs full, 0 dirs failed
I20260601 13:22:17.884202 28050 consensus_queue.cc:260] T 69118ce30a1b47c0879e38ab16a19fb5 P daf9a4d2f190428dac88a8872514a234 [NON_LEADER]: Queue going to NON_LEADER mode. State: All replicated index: 0, Majority replicated index: 0, Committed index: 0, Last appended: 0.0, Last appended by leader: 0, Current term: 0, Majority size: -1, State: 0, Mode: NON_LEADER, active raft config: opid_index: -1 OBSOLETE_local: false peers { permanent_uuid: "daf9a4d2f190428dac88a8872514a234" member_type: VOTER last_known_addr { host: "127.24.169.65" port: 34447 } } peers { permanent_uuid: "0de0b660e3604e3b8b06342e74e66a62" member_type: VOTER last_known_addr { host: "127.24.169.66" port: 34733 } } peers { permanent_uuid: "ea036c2d65af4044962f7f26756593e1" member_type: VOTER last_known_addr { host: "127.24.169.67" port: 41149 } }
I20260601 13:22:17.884351 27840 tablet_service.cc:1511] Processing CreateTablet for tablet a5ac3182a6cd4bf3b67320b613b88bcf (DEFAULT_TABLE table=range_aware_auto_rebalancer_test [id=1996a9f892d24655a939b102eab40832]), partition=HASH (key) PARTITION 1, RANGE (key) PARTITION 10 <= VALUES < 20
I20260601 13:22:17.884599 27840 data_dirs.cc:400] Could only allocate 1 dirs of requested 3 for tablet a5ac3182a6cd4bf3b67320b613b88bcf. 1 dirs total, 0 dirs full, 0 dirs failed
I20260601 13:22:17.884629 28050 ts_tablet_manager.cc:1434] T 69118ce30a1b47c0879e38ab16a19fb5 P daf9a4d2f190428dac88a8872514a234: Time spent starting tablet: real 0.001s	user 0.000s	sys 0.001s
I20260601 13:22:17.884770 28050 tablet_bootstrap.cc:492] T 6fd479d608934ad6b9ffd6f2b3d71766 P daf9a4d2f190428dac88a8872514a234: Bootstrap starting.
I20260601 13:22:17.885591 28050 tablet_bootstrap.cc:654] T 6fd479d608934ad6b9ffd6f2b3d71766 P daf9a4d2f190428dac88a8872514a234: Neither blocks nor log segments found. Creating new log.
I20260601 13:22:17.886296 28051 tablet_bootstrap.cc:492] T 69118ce30a1b47c0879e38ab16a19fb5 P ea036c2d65af4044962f7f26756593e1: Bootstrap starting.
I20260601 13:22:17.887346 28051 tablet_bootstrap.cc:654] T 69118ce30a1b47c0879e38ab16a19fb5 P ea036c2d65af4044962f7f26756593e1: Neither blocks nor log segments found. Creating new log.
I20260601 13:22:17.888998 28051 tablet_bootstrap.cc:492] T 69118ce30a1b47c0879e38ab16a19fb5 P ea036c2d65af4044962f7f26756593e1: No bootstrap required, opened a new log
I20260601 13:22:17.889094 28051 ts_tablet_manager.cc:1403] T 69118ce30a1b47c0879e38ab16a19fb5 P ea036c2d65af4044962f7f26756593e1: Time spent bootstrapping tablet: real 0.006s	user 0.002s	sys 0.000s
I20260601 13:22:17.889305 28050 tablet_bootstrap.cc:492] T 6fd479d608934ad6b9ffd6f2b3d71766 P daf9a4d2f190428dac88a8872514a234: No bootstrap required, opened a new log
I20260601 13:22:17.889396 28050 ts_tablet_manager.cc:1403] T 6fd479d608934ad6b9ffd6f2b3d71766 P daf9a4d2f190428dac88a8872514a234: Time spent bootstrapping tablet: real 0.005s	user 0.000s	sys 0.001s
I20260601 13:22:17.889554 28051 raft_consensus.cc:359] T 69118ce30a1b47c0879e38ab16a19fb5 P ea036c2d65af4044962f7f26756593e1 [term 0 FOLLOWER]: Replica starting. Triggering 0 pending ops. Active config: opid_index: -1 OBSOLETE_local: false peers { permanent_uuid: "daf9a4d2f190428dac88a8872514a234" member_type: VOTER last_known_addr { host: "127.24.169.65" port: 34447 } } peers { permanent_uuid: "0de0b660e3604e3b8b06342e74e66a62" member_type: VOTER last_known_addr { host: "127.24.169.66" port: 34733 } } peers { permanent_uuid: "ea036c2d65af4044962f7f26756593e1" member_type: VOTER last_known_addr { host: "127.24.169.67" port: 41149 } }
I20260601 13:22:17.889654 28051 raft_consensus.cc:385] T 69118ce30a1b47c0879e38ab16a19fb5 P ea036c2d65af4044962f7f26756593e1 [term 0 FOLLOWER]: Consensus starting up: Expiring failure detector timer to make a prompt election more likely
I20260601 13:22:17.889693 28051 raft_consensus.cc:740] T 69118ce30a1b47c0879e38ab16a19fb5 P ea036c2d65af4044962f7f26756593e1 [term 0 FOLLOWER]: Becoming Follower/Learner. State: Replica: ea036c2d65af4044962f7f26756593e1, State: Initialized, Role: FOLLOWER
I20260601 13:22:17.889799 28050 raft_consensus.cc:359] T 6fd479d608934ad6b9ffd6f2b3d71766 P daf9a4d2f190428dac88a8872514a234 [term 0 FOLLOWER]: Replica starting. Triggering 0 pending ops. Active config: opid_index: -1 OBSOLETE_local: false peers { permanent_uuid: "daf9a4d2f190428dac88a8872514a234" member_type: VOTER last_known_addr { host: "127.24.169.65" port: 34447 } } peers { permanent_uuid: "0de0b660e3604e3b8b06342e74e66a62" member_type: VOTER last_known_addr { host: "127.24.169.66" port: 34733 } } peers { permanent_uuid: "ea036c2d65af4044962f7f26756593e1" member_type: VOTER last_known_addr { host: "127.24.169.67" port: 41149 } }
I20260601 13:22:17.889891 28050 raft_consensus.cc:385] T 6fd479d608934ad6b9ffd6f2b3d71766 P daf9a4d2f190428dac88a8872514a234 [term 0 FOLLOWER]: Consensus starting up: Expiring failure detector timer to make a prompt election more likely
I20260601 13:22:17.889865 28051 consensus_queue.cc:260] T 69118ce30a1b47c0879e38ab16a19fb5 P ea036c2d65af4044962f7f26756593e1 [NON_LEADER]: Queue going to NON_LEADER mode. State: All replicated index: 0, Majority replicated index: 0, Committed index: 0, Last appended: 0.0, Last appended by leader: 0, Current term: 0, Majority size: -1, State: 0, Mode: NON_LEADER, active raft config: opid_index: -1 OBSOLETE_local: false peers { permanent_uuid: "daf9a4d2f190428dac88a8872514a234" member_type: VOTER last_known_addr { host: "127.24.169.65" port: 34447 } } peers { permanent_uuid: "0de0b660e3604e3b8b06342e74e66a62" member_type: VOTER last_known_addr { host: "127.24.169.66" port: 34733 } } peers { permanent_uuid: "ea036c2d65af4044962f7f26756593e1" member_type: VOTER last_known_addr { host: "127.24.169.67" port: 41149 } }
I20260601 13:22:17.889963 28050 raft_consensus.cc:740] T 6fd479d608934ad6b9ffd6f2b3d71766 P daf9a4d2f190428dac88a8872514a234 [term 0 FOLLOWER]: Becoming Follower/Learner. State: Replica: daf9a4d2f190428dac88a8872514a234, State: Initialized, Role: FOLLOWER
I20260601 13:22:17.890121 28050 consensus_queue.cc:260] T 6fd479d608934ad6b9ffd6f2b3d71766 P daf9a4d2f190428dac88a8872514a234 [NON_LEADER]: Queue going to NON_LEADER mode. State: All replicated index: 0, Majority replicated index: 0, Committed index: 0, Last appended: 0.0, Last appended by leader: 0, Current term: 0, Majority size: -1, State: 0, Mode: NON_LEADER, active raft config: opid_index: -1 OBSOLETE_local: false peers { permanent_uuid: "daf9a4d2f190428dac88a8872514a234" member_type: VOTER last_known_addr { host: "127.24.169.65" port: 34447 } } peers { permanent_uuid: "0de0b660e3604e3b8b06342e74e66a62" member_type: VOTER last_known_addr { host: "127.24.169.66" port: 34733 } } peers { permanent_uuid: "ea036c2d65af4044962f7f26756593e1" member_type: VOTER last_known_addr { host: "127.24.169.67" port: 41149 } }
I20260601 13:22:17.890245 28051 ts_tablet_manager.cc:1434] T 69118ce30a1b47c0879e38ab16a19fb5 P ea036c2d65af4044962f7f26756593e1: Time spent starting tablet: real 0.001s	user 0.001s	sys 0.000s
I20260601 13:22:17.890364 28050 ts_tablet_manager.cc:1434] T 6fd479d608934ad6b9ffd6f2b3d71766 P daf9a4d2f190428dac88a8872514a234: Time spent starting tablet: real 0.001s	user 0.000s	sys 0.001s
I20260601 13:22:17.890805 28050 tablet_bootstrap.cc:492] T a5ac3182a6cd4bf3b67320b613b88bcf P daf9a4d2f190428dac88a8872514a234: Bootstrap starting.
I20260601 13:22:17.891211 27917 tablet_service.cc:1511] Processing CreateTablet for tablet 6fd479d608934ad6b9ffd6f2b3d71766 (DEFAULT_TABLE table=range_aware_auto_rebalancer_test [id=1996a9f892d24655a939b102eab40832]), partition=HASH (key) PARTITION 1, RANGE (key) PARTITION 0 <= VALUES < 10
I20260601 13:22:17.891206 27918 tablet_service.cc:1511] Processing CreateTablet for tablet 561223fa999048b18d04acb8c4332f0e (DEFAULT_TABLE table=range_aware_auto_rebalancer_test [id=1996a9f892d24655a939b102eab40832]), partition=HASH (key) PARTITION 0, RANGE (key) PARTITION 10 <= VALUES < 20
I20260601 13:22:17.891510 27917 data_dirs.cc:400] Could only allocate 1 dirs of requested 3 for tablet 6fd479d608934ad6b9ffd6f2b3d71766. 1 dirs total, 0 dirs full, 0 dirs failed
I20260601 13:22:17.891662 27918 data_dirs.cc:400] Could only allocate 1 dirs of requested 3 for tablet 561223fa999048b18d04acb8c4332f0e. 1 dirs total, 0 dirs full, 0 dirs failed
I20260601 13:22:17.891830 28050 tablet_bootstrap.cc:654] T a5ac3182a6cd4bf3b67320b613b88bcf P daf9a4d2f190428dac88a8872514a234: Neither blocks nor log segments found. Creating new log.
I20260601 13:22:17.891978 27919 tablet_service.cc:1511] Processing CreateTablet for tablet 69118ce30a1b47c0879e38ab16a19fb5 (DEFAULT_TABLE table=range_aware_auto_rebalancer_test [id=1996a9f892d24655a939b102eab40832]), partition=HASH (key) PARTITION 0, RANGE (key) PARTITION 0 <= VALUES < 10
I20260601 13:22:17.892221 27919 data_dirs.cc:400] Could only allocate 1 dirs of requested 3 for tablet 69118ce30a1b47c0879e38ab16a19fb5. 1 dirs total, 0 dirs full, 0 dirs failed
I20260601 13:22:17.893827 28058 tablet_bootstrap.cc:492] T 561223fa999048b18d04acb8c4332f0e P 0de0b660e3604e3b8b06342e74e66a62: Bootstrap starting.
I20260601 13:22:17.893946 27916 tablet_service.cc:1511] Processing CreateTablet for tablet a5ac3182a6cd4bf3b67320b613b88bcf (DEFAULT_TABLE table=range_aware_auto_rebalancer_test [id=1996a9f892d24655a939b102eab40832]), partition=HASH (key) PARTITION 1, RANGE (key) PARTITION 10 <= VALUES < 20
I20260601 13:22:17.894217 27916 data_dirs.cc:400] Could only allocate 1 dirs of requested 3 for tablet a5ac3182a6cd4bf3b67320b613b88bcf. 1 dirs total, 0 dirs full, 0 dirs failed
I20260601 13:22:17.894790 28058 tablet_bootstrap.cc:654] T 561223fa999048b18d04acb8c4332f0e P 0de0b660e3604e3b8b06342e74e66a62: Neither blocks nor log segments found. Creating new log.
I20260601 13:22:17.895797 28058 tablet_bootstrap.cc:492] T 561223fa999048b18d04acb8c4332f0e P 0de0b660e3604e3b8b06342e74e66a62: No bootstrap required, opened a new log
I20260601 13:22:17.895905 28058 ts_tablet_manager.cc:1403] T 561223fa999048b18d04acb8c4332f0e P 0de0b660e3604e3b8b06342e74e66a62: Time spent bootstrapping tablet: real 0.002s	user 0.002s	sys 0.000s
I20260601 13:22:17.896287 28058 raft_consensus.cc:359] T 561223fa999048b18d04acb8c4332f0e P 0de0b660e3604e3b8b06342e74e66a62 [term 0 FOLLOWER]: Replica starting. Triggering 0 pending ops. Active config: opid_index: -1 OBSOLETE_local: false peers { permanent_uuid: "daf9a4d2f190428dac88a8872514a234" member_type: VOTER last_known_addr { host: "127.24.169.65" port: 34447 } } peers { permanent_uuid: "0de0b660e3604e3b8b06342e74e66a62" member_type: VOTER last_known_addr { host: "127.24.169.66" port: 34733 } } peers { permanent_uuid: "ea036c2d65af4044962f7f26756593e1" member_type: VOTER last_known_addr { host: "127.24.169.67" port: 41149 } }
I20260601 13:22:17.896395 28058 raft_consensus.cc:385] T 561223fa999048b18d04acb8c4332f0e P 0de0b660e3604e3b8b06342e74e66a62 [term 0 FOLLOWER]: Consensus starting up: Expiring failure detector timer to make a prompt election more likely
I20260601 13:22:17.896442 28058 raft_consensus.cc:740] T 561223fa999048b18d04acb8c4332f0e P 0de0b660e3604e3b8b06342e74e66a62 [term 0 FOLLOWER]: Becoming Follower/Learner. State: Replica: 0de0b660e3604e3b8b06342e74e66a62, State: Initialized, Role: FOLLOWER
I20260601 13:22:17.896637 28058 consensus_queue.cc:260] T 561223fa999048b18d04acb8c4332f0e P 0de0b660e3604e3b8b06342e74e66a62 [NON_LEADER]: Queue going to NON_LEADER mode. State: All replicated index: 0, Majority replicated index: 0, Committed index: 0, Last appended: 0.0, Last appended by leader: 0, Current term: 0, Majority size: -1, State: 0, Mode: NON_LEADER, active raft config: opid_index: -1 OBSOLETE_local: false peers { permanent_uuid: "daf9a4d2f190428dac88a8872514a234" member_type: VOTER last_known_addr { host: "127.24.169.65" port: 34447 } } peers { permanent_uuid: "0de0b660e3604e3b8b06342e74e66a62" member_type: VOTER last_known_addr { host: "127.24.169.66" port: 34733 } } peers { permanent_uuid: "ea036c2d65af4044962f7f26756593e1" member_type: VOTER last_known_addr { host: "127.24.169.67" port: 41149 } }
I20260601 13:22:17.897089 28058 ts_tablet_manager.cc:1434] T 561223fa999048b18d04acb8c4332f0e P 0de0b660e3604e3b8b06342e74e66a62: Time spent starting tablet: real 0.001s	user 0.001s	sys 0.000s
I20260601 13:22:17.897614 28051 tablet_bootstrap.cc:492] T 6fd479d608934ad6b9ffd6f2b3d71766 P ea036c2d65af4044962f7f26756593e1: Bootstrap starting.
I20260601 13:22:17.898089 28058 tablet_bootstrap.cc:492] T 6fd479d608934ad6b9ffd6f2b3d71766 P 0de0b660e3604e3b8b06342e74e66a62: Bootstrap starting.
I20260601 13:22:17.898929 28051 tablet_bootstrap.cc:654] T 6fd479d608934ad6b9ffd6f2b3d71766 P ea036c2d65af4044962f7f26756593e1: Neither blocks nor log segments found. Creating new log.
I20260601 13:22:17.899188 28058 tablet_bootstrap.cc:654] T 6fd479d608934ad6b9ffd6f2b3d71766 P 0de0b660e3604e3b8b06342e74e66a62: Neither blocks nor log segments found. Creating new log.
I20260601 13:22:17.900050 28051 tablet_bootstrap.cc:492] T 6fd479d608934ad6b9ffd6f2b3d71766 P ea036c2d65af4044962f7f26756593e1: No bootstrap required, opened a new log
I20260601 13:22:17.900173 28051 ts_tablet_manager.cc:1403] T 6fd479d608934ad6b9ffd6f2b3d71766 P ea036c2d65af4044962f7f26756593e1: Time spent bootstrapping tablet: real 0.003s	user 0.001s	sys 0.000s
I20260601 13:22:17.900542 28051 raft_consensus.cc:359] T 6fd479d608934ad6b9ffd6f2b3d71766 P ea036c2d65af4044962f7f26756593e1 [term 0 FOLLOWER]: Replica starting. Triggering 0 pending ops. Active config: opid_index: -1 OBSOLETE_local: false peers { permanent_uuid: "daf9a4d2f190428dac88a8872514a234" member_type: VOTER last_known_addr { host: "127.24.169.65" port: 34447 } } peers { permanent_uuid: "0de0b660e3604e3b8b06342e74e66a62" member_type: VOTER last_known_addr { host: "127.24.169.66" port: 34733 } } peers { permanent_uuid: "ea036c2d65af4044962f7f26756593e1" member_type: VOTER last_known_addr { host: "127.24.169.67" port: 41149 } }
I20260601 13:22:17.900599 28058 tablet_bootstrap.cc:492] T 6fd479d608934ad6b9ffd6f2b3d71766 P 0de0b660e3604e3b8b06342e74e66a62: No bootstrap required, opened a new log
I20260601 13:22:17.900661 28051 raft_consensus.cc:385] T 6fd479d608934ad6b9ffd6f2b3d71766 P ea036c2d65af4044962f7f26756593e1 [term 0 FOLLOWER]: Consensus starting up: Expiring failure detector timer to make a prompt election more likely
I20260601 13:22:17.900710 28058 ts_tablet_manager.cc:1403] T 6fd479d608934ad6b9ffd6f2b3d71766 P 0de0b660e3604e3b8b06342e74e66a62: Time spent bootstrapping tablet: real 0.003s	user 0.002s	sys 0.000s
I20260601 13:22:17.900714 28051 raft_consensus.cc:740] T 6fd479d608934ad6b9ffd6f2b3d71766 P ea036c2d65af4044962f7f26756593e1 [term 0 FOLLOWER]: Becoming Follower/Learner. State: Replica: ea036c2d65af4044962f7f26756593e1, State: Initialized, Role: FOLLOWER
I20260601 13:22:17.900995 28051 consensus_queue.cc:260] T 6fd479d608934ad6b9ffd6f2b3d71766 P ea036c2d65af4044962f7f26756593e1 [NON_LEADER]: Queue going to NON_LEADER mode. State: All replicated index: 0, Majority replicated index: 0, Committed index: 0, Last appended: 0.0, Last appended by leader: 0, Current term: 0, Majority size: -1, State: 0, Mode: NON_LEADER, active raft config: opid_index: -1 OBSOLETE_local: false peers { permanent_uuid: "daf9a4d2f190428dac88a8872514a234" member_type: VOTER last_known_addr { host: "127.24.169.65" port: 34447 } } peers { permanent_uuid: "0de0b660e3604e3b8b06342e74e66a62" member_type: VOTER last_known_addr { host: "127.24.169.66" port: 34733 } } peers { permanent_uuid: "ea036c2d65af4044962f7f26756593e1" member_type: VOTER last_known_addr { host: "127.24.169.67" port: 41149 } }
I20260601 13:22:17.901297 28051 ts_tablet_manager.cc:1434] T 6fd479d608934ad6b9ffd6f2b3d71766 P ea036c2d65af4044962f7f26756593e1: Time spent starting tablet: real 0.001s	user 0.001s	sys 0.000s
I20260601 13:22:17.901479 28051 tablet_bootstrap.cc:492] T a5ac3182a6cd4bf3b67320b613b88bcf P ea036c2d65af4044962f7f26756593e1: Bootstrap starting.
I20260601 13:22:17.901454 28058 raft_consensus.cc:359] T 6fd479d608934ad6b9ffd6f2b3d71766 P 0de0b660e3604e3b8b06342e74e66a62 [term 0 FOLLOWER]: Replica starting. Triggering 0 pending ops. Active config: opid_index: -1 OBSOLETE_local: false peers { permanent_uuid: "daf9a4d2f190428dac88a8872514a234" member_type: VOTER last_known_addr { host: "127.24.169.65" port: 34447 } } peers { permanent_uuid: "0de0b660e3604e3b8b06342e74e66a62" member_type: VOTER last_known_addr { host: "127.24.169.66" port: 34733 } } peers { permanent_uuid: "ea036c2d65af4044962f7f26756593e1" member_type: VOTER last_known_addr { host: "127.24.169.67" port: 41149 } }
I20260601 13:22:17.901557 28058 raft_consensus.cc:385] T 6fd479d608934ad6b9ffd6f2b3d71766 P 0de0b660e3604e3b8b06342e74e66a62 [term 0 FOLLOWER]: Consensus starting up: Expiring failure detector timer to make a prompt election more likely
I20260601 13:22:17.901587 28058 raft_consensus.cc:740] T 6fd479d608934ad6b9ffd6f2b3d71766 P 0de0b660e3604e3b8b06342e74e66a62 [term 0 FOLLOWER]: Becoming Follower/Learner. State: Replica: 0de0b660e3604e3b8b06342e74e66a62, State: Initialized, Role: FOLLOWER
