I20260601 13:33:49.796161  8036 log.cc:1199] T 7afc87ce010a493b8988fb89646bb3f2 P e9ffa029d5334dc6b2fd2ad32ccbb089: Deleting WAL directory at /tmp/dist-test-taskg6oddu/test-tmp/auto_rebalancer-test.0.AutoRebalancerTest.RangeAwareRebalancesNewRangeReplicas.1780320753613816-4538-0/minicluster-data/ts-1-root/wals/7afc87ce010a493b8988fb89646bb3f2
I20260601 13:33:49.796747  7379 catalog_manager.cc:5027] TS e9ffa029d5334dc6b2fd2ad32ccbb089 (127.4.110.130:45673): tablet 7afc87ce010a493b8988fb89646bb3f2 (table range_aware_rebalance_new_range [id=f6ce4a3e30b14ecf8a248ce40f52d7a4]) successfully deleted
I20260601 13:33:49.796773  7378 catalog_manager.cc:5209] ChangeConfig:REMOVE_PEER RPC for tablet 7faa7c6432df4a3d9c93f2ff9e5f53df with cas_config_opid_index 3: ChangeConfig:REMOVE_PEER succeeded (attempt 1)
I20260601 13:33:49.797274  7571 raft_consensus.cc:2955] T 7faa7c6432df4a3d9c93f2ff9e5f53df P e9ffa029d5334dc6b2fd2ad32ccbb089 [term 1 FOLLOWER]: Committing config change with OpId 1.4: config changed from index 3 to 4, VOTER dd44a9e37f1e47209290945c51a4bb37 (127.4.110.132) evicted. New config: { opid_index: 4 OBSOLETE_local: false peers { permanent_uuid: "26d4d9663bf34cdc83058c4537dc934a" member_type: VOTER last_known_addr { host: "127.4.110.129" port: 42163 } } peers { permanent_uuid: "e9ffa029d5334dc6b2fd2ad32ccbb089" member_type: VOTER last_known_addr { host: "127.4.110.130" port: 45673 } } peers { permanent_uuid: "a351042230ca48adb3dcd81137758b3c" member_type: VOTER last_known_addr { host: "127.4.110.131" port: 38917 } attrs { promote: false } } }
I20260601 13:33:49.797736  7646 raft_consensus.cc:2955] T 7faa7c6432df4a3d9c93f2ff9e5f53df P a351042230ca48adb3dcd81137758b3c [term 1 FOLLOWER]: Committing config change with OpId 1.4: config changed from index 3 to 4, VOTER dd44a9e37f1e47209290945c51a4bb37 (127.4.110.132) evicted. New config: { opid_index: 4 OBSOLETE_local: false peers { permanent_uuid: "26d4d9663bf34cdc83058c4537dc934a" member_type: VOTER last_known_addr { host: "127.4.110.129" port: 42163 } } peers { permanent_uuid: "e9ffa029d5334dc6b2fd2ad32ccbb089" member_type: VOTER last_known_addr { host: "127.4.110.130" port: 45673 } } peers { permanent_uuid: "a351042230ca48adb3dcd81137758b3c" member_type: VOTER last_known_addr { host: "127.4.110.131" port: 38917 } attrs { promote: false } } }
I20260601 13:33:49.797890  7391 catalog_manager.cc:5696] T 7faa7c6432df4a3d9c93f2ff9e5f53df P 26d4d9663bf34cdc83058c4537dc934a reported cstate change: config changed from index 3 to 4, VOTER dd44a9e37f1e47209290945c51a4bb37 (127.4.110.132) evicted. New cstate: current_term: 1 leader_uuid: "26d4d9663bf34cdc83058c4537dc934a" committed_config { opid_index: 4 OBSOLETE_local: false peers { permanent_uuid: "26d4d9663bf34cdc83058c4537dc934a" member_type: VOTER last_known_addr { host: "127.4.110.129" port: 42163 } health_report { overall_health: HEALTHY } } peers { permanent_uuid: "e9ffa029d5334dc6b2fd2ad32ccbb089" member_type: VOTER last_known_addr { host: "127.4.110.130" port: 45673 } health_report { overall_health: HEALTHY } } peers { permanent_uuid: "a351042230ca48adb3dcd81137758b3c" member_type: VOTER last_known_addr { host: "127.4.110.131" port: 38917 } attrs { promote: false } health_report { overall_health: UNKNOWN } } }
I20260601 13:33:49.801695  7772 tablet_service.cc:1558] Processing DeleteTablet for tablet 7faa7c6432df4a3d9c93f2ff9e5f53df with delete_type TABLET_DATA_TOMBSTONED (TS dd44a9e37f1e47209290945c51a4bb37 not found in new config with opid_index 4) from {username='slave'} at 127.0.0.1:36766
I20260601 13:33:49.803617  8037 tablet_replica.cc:333] T 7faa7c6432df4a3d9c93f2ff9e5f53df P dd44a9e37f1e47209290945c51a4bb37: stopping tablet replica
I20260601 13:33:49.803853  8037 raft_consensus.cc:2243] T 7faa7c6432df4a3d9c93f2ff9e5f53df P dd44a9e37f1e47209290945c51a4bb37 [term 1 FOLLOWER]: Raft consensus shutting down.
I20260601 13:33:49.804055  8037 raft_consensus.cc:2272] T 7faa7c6432df4a3d9c93f2ff9e5f53df P dd44a9e37f1e47209290945c51a4bb37 [term 1 FOLLOWER]: Raft consensus is shut down!
I20260601 13:33:49.804898  8037 ts_tablet_manager.cc:1916] T 7faa7c6432df4a3d9c93f2ff9e5f53df P dd44a9e37f1e47209290945c51a4bb37: Deleting tablet data with delete state TABLET_DATA_TOMBSTONED
I20260601 13:33:49.807019  8037 ts_tablet_manager.cc:1929] T 7faa7c6432df4a3d9c93f2ff9e5f53df P dd44a9e37f1e47209290945c51a4bb37: tablet deleted with delete type TABLET_DATA_TOMBSTONED: last-logged OpId 1.3
I20260601 13:33:49.807138  8037 log.cc:1199] T 7faa7c6432df4a3d9c93f2ff9e5f53df P dd44a9e37f1e47209290945c51a4bb37: Deleting WAL directory at /tmp/dist-test-taskg6oddu/test-tmp/auto_rebalancer-test.0.AutoRebalancerTest.RangeAwareRebalancesNewRangeReplicas.1780320753613816-4538-0/minicluster-data/ts-3-root/wals/7faa7c6432df4a3d9c93f2ff9e5f53df
I20260601 13:33:49.807843  7377 catalog_manager.cc:5027] TS dd44a9e37f1e47209290945c51a4bb37 (127.4.110.132:37291): tablet 7faa7c6432df4a3d9c93f2ff9e5f53df (table range_aware_rebalance_new_range [id=f6ce4a3e30b14ecf8a248ce40f52d7a4]) successfully deleted
I20260601 13:33:49.931140  8008 raft_consensus.cc:1064] T 59493539d7074cd89fe6c2eca66804ca P e9ffa029d5334dc6b2fd2ad32ccbb089: attempting to promote NON_VOTER dd44a9e37f1e47209290945c51a4bb37 to VOTER
I20260601 13:33:49.931734  8008 consensus_queue.cc:237] T 59493539d7074cd89fe6c2eca66804ca P e9ffa029d5334dc6b2fd2ad32ccbb089 [LEADER]: Queue going to LEADER mode. State: All replicated index: 0, Majority replicated index: 3, Committed index: 3, Last appended: 2.3, Last appended by leader: 1, Current term: 2, Majority size: 3, State: 0, Mode: LEADER, active raft config: opid_index: 4 OBSOLETE_local: false peers { permanent_uuid: "26d4d9663bf34cdc83058c4537dc934a" member_type: VOTER last_known_addr { host: "127.4.110.129" port: 42163 } } peers { permanent_uuid: "e9ffa029d5334dc6b2fd2ad32ccbb089" member_type: VOTER last_known_addr { host: "127.4.110.130" port: 45673 } } peers { permanent_uuid: "a351042230ca48adb3dcd81137758b3c" member_type: VOTER last_known_addr { host: "127.4.110.131" port: 38917 } attrs { replace: true } } peers { permanent_uuid: "dd44a9e37f1e47209290945c51a4bb37" member_type: VOTER last_known_addr { host: "127.4.110.132" port: 37291 } attrs { promote: false } }
I20260601 13:33:49.933717  7494 raft_consensus.cc:1275] T 59493539d7074cd89fe6c2eca66804ca P 26d4d9663bf34cdc83058c4537dc934a [term 2 FOLLOWER]: Refusing update from remote peer e9ffa029d5334dc6b2fd2ad32ccbb089: Log matching property violated. Preceding OpId in replica: term: 2 index: 3. Preceding OpId from leader: term: 2 index: 4. (index mismatch)
I20260601 13:33:49.933733  7646 raft_consensus.cc:1275] T 59493539d7074cd89fe6c2eca66804ca P a351042230ca48adb3dcd81137758b3c [term 2 FOLLOWER]: Refusing update from remote peer e9ffa029d5334dc6b2fd2ad32ccbb089: Log matching property violated. Preceding OpId in replica: term: 2 index: 3. Preceding OpId from leader: term: 2 index: 4. (index mismatch)
I20260601 13:33:49.934043  7784 raft_consensus.cc:1275] T 59493539d7074cd89fe6c2eca66804ca P dd44a9e37f1e47209290945c51a4bb37 [term 2 LEARNER]: Refusing update from remote peer e9ffa029d5334dc6b2fd2ad32ccbb089: Log matching property violated. Preceding OpId in replica: term: 2 index: 3. Preceding OpId from leader: term: 2 index: 4. (index mismatch)
I20260601 13:33:49.934223  8008 consensus_queue.cc:1048] T 59493539d7074cd89fe6c2eca66804ca P e9ffa029d5334dc6b2fd2ad32ccbb089 [LEADER]: Connected to new peer: Peer: permanent_uuid: "a351042230ca48adb3dcd81137758b3c" member_type: VOTER last_known_addr { host: "127.4.110.131" port: 38917 } attrs { replace: true }, Status: LMP_MISMATCH, Last received: 0.0, Next index: 4, Last known committed idx: 3, Time since last communication: 0.000s
I20260601 13:33:49.934643  8038 consensus_queue.cc:1048] T 59493539d7074cd89fe6c2eca66804ca P e9ffa029d5334dc6b2fd2ad32ccbb089 [LEADER]: Connected to new peer: Peer: permanent_uuid: "dd44a9e37f1e47209290945c51a4bb37" member_type: VOTER last_known_addr { host: "127.4.110.132" port: 37291 } attrs { promote: false }, Status: LMP_MISMATCH, Last received: 0.0, Next index: 4, Last known committed idx: 3, Time since last communication: 0.000s
I20260601 13:33:49.935425  8040 consensus_queue.cc:1048] T 59493539d7074cd89fe6c2eca66804ca P e9ffa029d5334dc6b2fd2ad32ccbb089 [LEADER]: Connected to new peer: Peer: permanent_uuid: "26d4d9663bf34cdc83058c4537dc934a" member_type: VOTER last_known_addr { host: "127.4.110.129" port: 42163 }, Status: LMP_MISMATCH, Last received: 0.0, Next index: 4, Last known committed idx: 3, Time since last communication: 0.000s
I20260601 13:33:49.936810  8040 raft_consensus.cc:2955] T 59493539d7074cd89fe6c2eca66804ca P e9ffa029d5334dc6b2fd2ad32ccbb089 [term 2 LEADER]: Committing config change with OpId 2.4: config changed from index 3 to 4, dd44a9e37f1e47209290945c51a4bb37 (127.4.110.132) changed from NON_VOTER to VOTER. New config: { opid_index: 4 OBSOLETE_local: false peers { permanent_uuid: "26d4d9663bf34cdc83058c4537dc934a" member_type: VOTER last_known_addr { host: "127.4.110.129" port: 42163 } } peers { permanent_uuid: "e9ffa029d5334dc6b2fd2ad32ccbb089" member_type: VOTER last_known_addr { host: "127.4.110.130" port: 45673 } } peers { permanent_uuid: "a351042230ca48adb3dcd81137758b3c" member_type: VOTER last_known_addr { host: "127.4.110.131" port: 38917 } attrs { replace: true } } peers { permanent_uuid: "dd44a9e37f1e47209290945c51a4bb37" member_type: VOTER last_known_addr { host: "127.4.110.132" port: 37291 } attrs { promote: false } } }
I20260601 13:33:49.937273  7784 raft_consensus.cc:2955] T 59493539d7074cd89fe6c2eca66804ca P dd44a9e37f1e47209290945c51a4bb37 [term 2 FOLLOWER]: Committing config change with OpId 2.4: config changed from index 3 to 4, dd44a9e37f1e47209290945c51a4bb37 (127.4.110.132) changed from NON_VOTER to VOTER. New config: { opid_index: 4 OBSOLETE_local: false peers { permanent_uuid: "26d4d9663bf34cdc83058c4537dc934a" member_type: VOTER last_known_addr { host: "127.4.110.129" port: 42163 } } peers { permanent_uuid: "e9ffa029d5334dc6b2fd2ad32ccbb089" member_type: VOTER last_known_addr { host: "127.4.110.130" port: 45673 } } peers { permanent_uuid: "a351042230ca48adb3dcd81137758b3c" member_type: VOTER last_known_addr { host: "127.4.110.131" port: 38917 } attrs { replace: true } } peers { permanent_uuid: "dd44a9e37f1e47209290945c51a4bb37" member_type: VOTER last_known_addr { host: "127.4.110.132" port: 37291 } attrs { promote: false } } }
I20260601 13:33:49.937767  7494 raft_consensus.cc:2955] T 59493539d7074cd89fe6c2eca66804ca P 26d4d9663bf34cdc83058c4537dc934a [term 2 FOLLOWER]: Committing config change with OpId 2.4: config changed from index 3 to 4, dd44a9e37f1e47209290945c51a4bb37 (127.4.110.132) changed from NON_VOTER to VOTER. New config: { opid_index: 4 OBSOLETE_local: false peers { permanent_uuid: "26d4d9663bf34cdc83058c4537dc934a" member_type: VOTER last_known_addr { host: "127.4.110.129" port: 42163 } } peers { permanent_uuid: "e9ffa029d5334dc6b2fd2ad32ccbb089" member_type: VOTER last_known_addr { host: "127.4.110.130" port: 45673 } } peers { permanent_uuid: "a351042230ca48adb3dcd81137758b3c" member_type: VOTER last_known_addr { host: "127.4.110.131" port: 38917 } attrs { replace: true } } peers { permanent_uuid: "dd44a9e37f1e47209290945c51a4bb37" member_type: VOTER last_known_addr { host: "127.4.110.132" port: 37291 } attrs { promote: false } } }
I20260601 13:33:49.940068  7389 catalog_manager.cc:5696] T 59493539d7074cd89fe6c2eca66804ca P dd44a9e37f1e47209290945c51a4bb37 reported cstate change: config changed from index 3 to 4, dd44a9e37f1e47209290945c51a4bb37 (127.4.110.132) changed from NON_VOTER to VOTER. New cstate: current_term: 2 leader_uuid: "e9ffa029d5334dc6b2fd2ad32ccbb089" committed_config { opid_index: 4 OBSOLETE_local: false peers { permanent_uuid: "26d4d9663bf34cdc83058c4537dc934a" member_type: VOTER last_known_addr { host: "127.4.110.129" port: 42163 } } peers { permanent_uuid: "e9ffa029d5334dc6b2fd2ad32ccbb089" member_type: VOTER last_known_addr { host: "127.4.110.130" port: 45673 } } peers { permanent_uuid: "a351042230ca48adb3dcd81137758b3c" member_type: VOTER last_known_addr { host: "127.4.110.131" port: 38917 } attrs { replace: true } } peers { permanent_uuid: "dd44a9e37f1e47209290945c51a4bb37" member_type: VOTER last_known_addr { host: "127.4.110.132" port: 37291 } attrs { promote: false } } }
I20260601 13:33:49.941066  7646 raft_consensus.cc:2955] T 59493539d7074cd89fe6c2eca66804ca P a351042230ca48adb3dcd81137758b3c [term 2 FOLLOWER]: Committing config change with OpId 2.4: config changed from index 3 to 4, dd44a9e37f1e47209290945c51a4bb37 (127.4.110.132) changed from NON_VOTER to VOTER. New config: { opid_index: 4 OBSOLETE_local: false peers { permanent_uuid: "26d4d9663bf34cdc83058c4537dc934a" member_type: VOTER last_known_addr { host: "127.4.110.129" port: 42163 } } peers { permanent_uuid: "e9ffa029d5334dc6b2fd2ad32ccbb089" member_type: VOTER last_known_addr { host: "127.4.110.130" port: 45673 } } peers { permanent_uuid: "a351042230ca48adb3dcd81137758b3c" member_type: VOTER last_known_addr { host: "127.4.110.131" port: 38917 } attrs { replace: true } } peers { permanent_uuid: "dd44a9e37f1e47209290945c51a4bb37" member_type: VOTER last_known_addr { host: "127.4.110.132" port: 37291 } attrs { promote: false } } }
I20260601 13:33:49.944716  7571 consensus_queue.cc:237] T 59493539d7074cd89fe6c2eca66804ca P e9ffa029d5334dc6b2fd2ad32ccbb089 [LEADER]: Queue going to LEADER mode. State: All replicated index: 0, Majority replicated index: 4, Committed index: 4, Last appended: 2.4, Last appended by leader: 1, Current term: 2, Majority size: 2, State: 0, Mode: LEADER, active raft config: opid_index: 5 OBSOLETE_local: false peers { permanent_uuid: "26d4d9663bf34cdc83058c4537dc934a" member_type: VOTER last_known_addr { host: "127.4.110.129" port: 42163 } } peers { permanent_uuid: "e9ffa029d5334dc6b2fd2ad32ccbb089" member_type: VOTER last_known_addr { host: "127.4.110.130" port: 45673 } } peers { permanent_uuid: "dd44a9e37f1e47209290945c51a4bb37" member_type: VOTER last_known_addr { host: "127.4.110.132" port: 37291 } attrs { promote: false } }
I20260601 13:33:49.945989  7784 raft_consensus.cc:1275] T 59493539d7074cd89fe6c2eca66804ca P dd44a9e37f1e47209290945c51a4bb37 [term 2 FOLLOWER]: Refusing update from remote peer e9ffa029d5334dc6b2fd2ad32ccbb089: Log matching property violated. Preceding OpId in replica: term: 2 index: 4. Preceding OpId from leader: term: 2 index: 5. (index mismatch)
I20260601 13:33:49.946013  7494 raft_consensus.cc:1275] T 59493539d7074cd89fe6c2eca66804ca P 26d4d9663bf34cdc83058c4537dc934a [term 2 FOLLOWER]: Refusing update from remote peer e9ffa029d5334dc6b2fd2ad32ccbb089: Log matching property violated. Preceding OpId in replica: term: 2 index: 4. Preceding OpId from leader: term: 2 index: 5. (index mismatch)
I20260601 13:33:49.946411  8008 consensus_queue.cc:1048] T 59493539d7074cd89fe6c2eca66804ca P e9ffa029d5334dc6b2fd2ad32ccbb089 [LEADER]: Connected to new peer: Peer: permanent_uuid: "26d4d9663bf34cdc83058c4537dc934a" member_type: VOTER last_known_addr { host: "127.4.110.129" port: 42163 }, Status: LMP_MISMATCH, Last received: 0.0, Next index: 5, Last known committed idx: 4, Time since last communication: 0.000s
I20260601 13:33:49.946594  8041 consensus_queue.cc:1048] T 59493539d7074cd89fe6c2eca66804ca P e9ffa029d5334dc6b2fd2ad32ccbb089 [LEADER]: Connected to new peer: Peer: permanent_uuid: "dd44a9e37f1e47209290945c51a4bb37" member_type: VOTER last_known_addr { host: "127.4.110.132" port: 37291 } attrs { promote: false }, Status: LMP_MISMATCH, Last received: 0.0, Next index: 5, Last known committed idx: 4, Time since last communication: 0.000s
I20260601 13:33:49.948264  8040 raft_consensus.cc:2955] T 59493539d7074cd89fe6c2eca66804ca P e9ffa029d5334dc6b2fd2ad32ccbb089 [term 2 LEADER]: Committing config change with OpId 2.5: config changed from index 4 to 5, VOTER a351042230ca48adb3dcd81137758b3c (127.4.110.131) evicted. New config: { opid_index: 5 OBSOLETE_local: false peers { permanent_uuid: "26d4d9663bf34cdc83058c4537dc934a" member_type: VOTER last_known_addr { host: "127.4.110.129" port: 42163 } } peers { permanent_uuid: "e9ffa029d5334dc6b2fd2ad32ccbb089" member_type: VOTER last_known_addr { host: "127.4.110.130" port: 45673 } } peers { permanent_uuid: "dd44a9e37f1e47209290945c51a4bb37" member_type: VOTER last_known_addr { host: "127.4.110.132" port: 37291 } attrs { promote: false } } }
I20260601 13:33:49.948702  7784 raft_consensus.cc:2955] T 59493539d7074cd89fe6c2eca66804ca P dd44a9e37f1e47209290945c51a4bb37 [term 2 FOLLOWER]: Committing config change with OpId 2.5: config changed from index 4 to 5, VOTER a351042230ca48adb3dcd81137758b3c (127.4.110.131) evicted. New config: { opid_index: 5 OBSOLETE_local: false peers { permanent_uuid: "26d4d9663bf34cdc83058c4537dc934a" member_type: VOTER last_known_addr { host: "127.4.110.129" port: 42163 } } peers { permanent_uuid: "e9ffa029d5334dc6b2fd2ad32ccbb089" member_type: VOTER last_known_addr { host: "127.4.110.130" port: 45673 } } peers { permanent_uuid: "dd44a9e37f1e47209290945c51a4bb37" member_type: VOTER last_known_addr { host: "127.4.110.132" port: 37291 } attrs { promote: false } } }
I20260601 13:33:49.948714  7494 raft_consensus.cc:2955] T 59493539d7074cd89fe6c2eca66804ca P 26d4d9663bf34cdc83058c4537dc934a [term 2 FOLLOWER]: Committing config change with OpId 2.5: config changed from index 4 to 5, VOTER a351042230ca48adb3dcd81137758b3c (127.4.110.131) evicted. New config: { opid_index: 5 OBSOLETE_local: false peers { permanent_uuid: "26d4d9663bf34cdc83058c4537dc934a" member_type: VOTER last_known_addr { host: "127.4.110.129" port: 42163 } } peers { permanent_uuid: "e9ffa029d5334dc6b2fd2ad32ccbb089" member_type: VOTER last_known_addr { host: "127.4.110.130" port: 45673 } } peers { permanent_uuid: "dd44a9e37f1e47209290945c51a4bb37" member_type: VOTER last_known_addr { host: "127.4.110.132" port: 37291 } attrs { promote: false } } }
I20260601 13:33:49.950383  7379 catalog_manager.cc:5209] ChangeConfig:REMOVE_PEER RPC for tablet 59493539d7074cd89fe6c2eca66804ca with cas_config_opid_index 4: ChangeConfig:REMOVE_PEER succeeded (attempt 1)
I20260601 13:33:49.951570  7392 catalog_manager.cc:5696] T 59493539d7074cd89fe6c2eca66804ca P e9ffa029d5334dc6b2fd2ad32ccbb089 reported cstate change: config changed from index 4 to 5, VOTER a351042230ca48adb3dcd81137758b3c (127.4.110.131) evicted. New cstate: current_term: 2 leader_uuid: "e9ffa029d5334dc6b2fd2ad32ccbb089" committed_config { opid_index: 5 OBSOLETE_local: false peers { permanent_uuid: "26d4d9663bf34cdc83058c4537dc934a" member_type: VOTER last_known_addr { host: "127.4.110.129" port: 42163 } health_report { overall_health: HEALTHY } } peers { permanent_uuid: "e9ffa029d5334dc6b2fd2ad32ccbb089" member_type: VOTER last_known_addr { host: "127.4.110.130" port: 45673 } health_report { overall_health: HEALTHY } } peers { permanent_uuid: "dd44a9e37f1e47209290945c51a4bb37" member_type: VOTER last_known_addr { host: "127.4.110.132" port: 37291 } attrs { promote: false } health_report { overall_health: HEALTHY } } }
I20260601 13:33:49.954370  7632 tablet_service.cc:1558] Processing DeleteTablet for tablet 59493539d7074cd89fe6c2eca66804ca with delete_type TABLET_DATA_TOMBSTONED (TS a351042230ca48adb3dcd81137758b3c not found in new config with opid_index 5) from {username='slave'} at 127.0.0.1:45290
I20260601 13:33:49.954798  8046 tablet_replica.cc:333] T 59493539d7074cd89fe6c2eca66804ca P a351042230ca48adb3dcd81137758b3c: stopping tablet replica
I20260601 13:33:49.954995  8046 raft_consensus.cc:2243] T 59493539d7074cd89fe6c2eca66804ca P a351042230ca48adb3dcd81137758b3c [term 2 FOLLOWER]: Raft consensus shutting down.
I20260601 13:33:49.955210  8046 raft_consensus.cc:2272] T 59493539d7074cd89fe6c2eca66804ca P a351042230ca48adb3dcd81137758b3c [term 2 FOLLOWER]: Raft consensus is shut down!
I20260601 13:33:49.955814  8046 ts_tablet_manager.cc:1916] T 59493539d7074cd89fe6c2eca66804ca P a351042230ca48adb3dcd81137758b3c: Deleting tablet data with delete state TABLET_DATA_TOMBSTONED
I20260601 13:33:49.958040  8046 ts_tablet_manager.cc:1929] T 59493539d7074cd89fe6c2eca66804ca P a351042230ca48adb3dcd81137758b3c: tablet deleted with delete type TABLET_DATA_TOMBSTONED: last-logged OpId 2.4
I20260601 13:33:49.958154  8046 log.cc:1199] T 59493539d7074cd89fe6c2eca66804ca P a351042230ca48adb3dcd81137758b3c: Deleting WAL directory at /tmp/dist-test-taskg6oddu/test-tmp/auto_rebalancer-test.0.AutoRebalancerTest.RangeAwareRebalancesNewRangeReplicas.1780320753613816-4538-0/minicluster-data/ts-2-root/wals/59493539d7074cd89fe6c2eca66804ca
I20260601 13:33:49.958843  7379 catalog_manager.cc:5027] TS a351042230ca48adb3dcd81137758b3c (127.4.110.131:38917): tablet 59493539d7074cd89fe6c2eca66804ca (table range_aware_rebalance_new_range [id=f6ce4a3e30b14ecf8a248ce40f52d7a4]) successfully deleted
I20260601 13:33:49.994800  8006 raft_consensus.cc:1064] T 0de84847d522405191a22f6ba9915be4 P 26d4d9663bf34cdc83058c4537dc934a: attempting to promote NON_VOTER e9ffa029d5334dc6b2fd2ad32ccbb089 to VOTER
I20260601 13:33:49.995774  8006 consensus_queue.cc:237] T 0de84847d522405191a22f6ba9915be4 P 26d4d9663bf34cdc83058c4537dc934a [LEADER]: Queue going to LEADER mode. State: All replicated index: 0, Majority replicated index: 2, Committed index: 2, Last appended: 1.2, Last appended by leader: 0, Current term: 1, Majority size: 3, State: 0, Mode: LEADER, active raft config: opid_index: 3 OBSOLETE_local: false peers { permanent_uuid: "a351042230ca48adb3dcd81137758b3c" member_type: VOTER last_known_addr { host: "127.4.110.131" port: 38917 } } peers { permanent_uuid: "dd44a9e37f1e47209290945c51a4bb37" member_type: VOTER last_known_addr { host: "127.4.110.132" port: 37291 } attrs { replace: true } } peers { permanent_uuid: "26d4d9663bf34cdc83058c4537dc934a" member_type: VOTER last_known_addr { host: "127.4.110.129" port: 42163 } } peers { permanent_uuid: "e9ffa029d5334dc6b2fd2ad32ccbb089" member_type: VOTER last_known_addr { host: "127.4.110.130" port: 45673 } attrs { promote: false } }
I20260601 13:33:49.998087  7646 raft_consensus.cc:1275] T 0de84847d522405191a22f6ba9915be4 P a351042230ca48adb3dcd81137758b3c [term 1 FOLLOWER]: Refusing update from remote peer 26d4d9663bf34cdc83058c4537dc934a: Log matching property violated. Preceding OpId in replica: term: 1 index: 2. Preceding OpId from leader: term: 1 index: 3. (index mismatch)
I20260601 13:33:49.998219  7784 raft_consensus.cc:1275] T 0de84847d522405191a22f6ba9915be4 P dd44a9e37f1e47209290945c51a4bb37 [term 1 FOLLOWER]: Refusing update from remote peer 26d4d9663bf34cdc83058c4537dc934a: Log matching property violated. Preceding OpId in replica: term: 1 index: 2. Preceding OpId from leader: term: 1 index: 3. (index mismatch)
I20260601 13:33:49.998310  7570 raft_consensus.cc:1275] T 0de84847d522405191a22f6ba9915be4 P e9ffa029d5334dc6b2fd2ad32ccbb089 [term 1 LEARNER]: Refusing update from remote peer 26d4d9663bf34cdc83058c4537dc934a: Log matching property violated. Preceding OpId in replica: term: 1 index: 2. Preceding OpId from leader: term: 1 index: 3. (index mismatch)
I20260601 13:33:49.998646  8007 consensus_queue.cc:1048] T 0de84847d522405191a22f6ba9915be4 P 26d4d9663bf34cdc83058c4537dc934a [LEADER]: Connected to new peer: Peer: permanent_uuid: "a351042230ca48adb3dcd81137758b3c" member_type: VOTER last_known_addr { host: "127.4.110.131" port: 38917 }, Status: LMP_MISMATCH, Last received: 0.0, Next index: 3, Last known committed idx: 2, Time since last communication: 0.000s
I20260601 13:33:49.998884  8032 consensus_queue.cc:1048] T 0de84847d522405191a22f6ba9915be4 P 26d4d9663bf34cdc83058c4537dc934a [LEADER]: Connected to new peer: Peer: permanent_uuid: "e9ffa029d5334dc6b2fd2ad32ccbb089" member_type: VOTER last_known_addr { host: "127.4.110.130" port: 45673 } attrs { promote: false }, Status: LMP_MISMATCH, Last received: 0.0, Next index: 3, Last known committed idx: 2, Time since last communication: 0.000s
I20260601 13:33:49.999060  7931 consensus_queue.cc:1048] T 0de84847d522405191a22f6ba9915be4 P 26d4d9663bf34cdc83058c4537dc934a [LEADER]: Connected to new peer: Peer: permanent_uuid: "dd44a9e37f1e47209290945c51a4bb37" member_type: VOTER last_known_addr { host: "127.4.110.132" port: 37291 } attrs { replace: true }, Status: LMP_MISMATCH, Last received: 0.0, Next index: 3, Last known committed idx: 2, Time since last communication: 0.000s
I20260601 13:33:50.001541  7931 raft_consensus.cc:2955] T 0de84847d522405191a22f6ba9915be4 P 26d4d9663bf34cdc83058c4537dc934a [term 1 LEADER]: Committing config change with OpId 1.3: config changed from index 2 to 3, e9ffa029d5334dc6b2fd2ad32ccbb089 (127.4.110.130) changed from NON_VOTER to VOTER. New config: { opid_index: 3 OBSOLETE_local: false peers { permanent_uuid: "a351042230ca48adb3dcd81137758b3c" member_type: VOTER last_known_addr { host: "127.4.110.131" port: 38917 } } peers { permanent_uuid: "dd44a9e37f1e47209290945c51a4bb37" member_type: VOTER last_known_addr { host: "127.4.110.132" port: 37291 } attrs { replace: true } } peers { permanent_uuid: "26d4d9663bf34cdc83058c4537dc934a" member_type: VOTER last_known_addr { host: "127.4.110.129" port: 42163 } } peers { permanent_uuid: "e9ffa029d5334dc6b2fd2ad32ccbb089" member_type: VOTER last_known_addr { host: "127.4.110.130" port: 45673 } attrs { promote: false } } }
I20260601 13:33:50.002022  7646 raft_consensus.cc:2955] T 0de84847d522405191a22f6ba9915be4 P a351042230ca48adb3dcd81137758b3c [term 1 FOLLOWER]: Committing config change with OpId 1.3: config changed from index 2 to 3, e9ffa029d5334dc6b2fd2ad32ccbb089 (127.4.110.130) changed from NON_VOTER to VOTER. New config: { opid_index: 3 OBSOLETE_local: false peers { permanent_uuid: "a351042230ca48adb3dcd81137758b3c" member_type: VOTER last_known_addr { host: "127.4.110.131" port: 38917 } } peers { permanent_uuid: "dd44a9e37f1e47209290945c51a4bb37" member_type: VOTER last_known_addr { host: "127.4.110.132" port: 37291 } attrs { replace: true } } peers { permanent_uuid: "26d4d9663bf34cdc83058c4537dc934a" member_type: VOTER last_known_addr { host: "127.4.110.129" port: 42163 } } peers { permanent_uuid: "e9ffa029d5334dc6b2fd2ad32ccbb089" member_type: VOTER last_known_addr { host: "127.4.110.130" port: 45673 } attrs { promote: false } } }
I20260601 13:33:50.003842  7570 raft_consensus.cc:2955] T 0de84847d522405191a22f6ba9915be4 P e9ffa029d5334dc6b2fd2ad32ccbb089 [term 1 FOLLOWER]: Committing config change with OpId 1.3: config changed from index 2 to 3, e9ffa029d5334dc6b2fd2ad32ccbb089 (127.4.110.130) changed from NON_VOTER to VOTER. New config: { opid_index: 3 OBSOLETE_local: false peers { permanent_uuid: "a351042230ca48adb3dcd81137758b3c" member_type: VOTER last_known_addr { host: "127.4.110.131" port: 38917 } } peers { permanent_uuid: "dd44a9e37f1e47209290945c51a4bb37" member_type: VOTER last_known_addr { host: "127.4.110.132" port: 37291 } attrs { replace: true } } peers { permanent_uuid: "26d4d9663bf34cdc83058c4537dc934a" member_type: VOTER last_known_addr { host: "127.4.110.129" port: 42163 } } peers { permanent_uuid: "e9ffa029d5334dc6b2fd2ad32ccbb089" member_type: VOTER last_known_addr { host: "127.4.110.130" port: 45673 } attrs { promote: false } } }
I20260601 13:33:50.004663  7389 catalog_manager.cc:5696] T 0de84847d522405191a22f6ba9915be4 P a351042230ca48adb3dcd81137758b3c reported cstate change: config changed from index 2 to 3, e9ffa029d5334dc6b2fd2ad32ccbb089 (127.4.110.130) changed from NON_VOTER to VOTER. New cstate: current_term: 1 leader_uuid: "26d4d9663bf34cdc83058c4537dc934a" committed_config { opid_index: 3 OBSOLETE_local: false peers { permanent_uuid: "a351042230ca48adb3dcd81137758b3c" member_type: VOTER last_known_addr { host: "127.4.110.131" port: 38917 } } peers { permanent_uuid: "dd44a9e37f1e47209290945c51a4bb37" member_type: VOTER last_known_addr { host: "127.4.110.132" port: 37291 } attrs { replace: true } } peers { permanent_uuid: "26d4d9663bf34cdc83058c4537dc934a" member_type: VOTER last_known_addr { host: "127.4.110.129" port: 42163 } } peers { permanent_uuid: "e9ffa029d5334dc6b2fd2ad32ccbb089" member_type: VOTER last_known_addr { host: "127.4.110.130" port: 45673 } attrs { promote: false } } }
I20260601 13:33:50.007459  7784 raft_consensus.cc:2955] T 0de84847d522405191a22f6ba9915be4 P dd44a9e37f1e47209290945c51a4bb37 [term 1 FOLLOWER]: Committing config change with OpId 1.3: config changed from index 2 to 3, e9ffa029d5334dc6b2fd2ad32ccbb089 (127.4.110.130) changed from NON_VOTER to VOTER. New config: { opid_index: 3 OBSOLETE_local: false peers { permanent_uuid: "a351042230ca48adb3dcd81137758b3c" member_type: VOTER last_known_addr { host: "127.4.110.131" port: 38917 } } peers { permanent_uuid: "dd44a9e37f1e47209290945c51a4bb37" member_type: VOTER last_known_addr { host: "127.4.110.132" port: 37291 } attrs { replace: true } } peers { permanent_uuid: "26d4d9663bf34cdc83058c4537dc934a" member_type: VOTER last_known_addr { host: "127.4.110.129" port: 42163 } } peers { permanent_uuid: "e9ffa029d5334dc6b2fd2ad32ccbb089" member_type: VOTER last_known_addr { host: "127.4.110.130" port: 45673 } attrs { promote: false } } }
I20260601 13:33:50.010896  7494 consensus_queue.cc:237] T 0de84847d522405191a22f6ba9915be4 P 26d4d9663bf34cdc83058c4537dc934a [LEADER]: Queue going to LEADER mode. State: All replicated index: 0, Majority replicated index: 3, Committed index: 3, Last appended: 1.3, Last appended by leader: 0, Current term: 1, Majority size: 2, State: 0, Mode: LEADER, active raft config: opid_index: 4 OBSOLETE_local: false peers { permanent_uuid: "a351042230ca48adb3dcd81137758b3c" member_type: VOTER last_known_addr { host: "127.4.110.131" port: 38917 } } peers { permanent_uuid: "26d4d9663bf34cdc83058c4537dc934a" member_type: VOTER last_known_addr { host: "127.4.110.129" port: 42163 } } peers { permanent_uuid: "e9ffa029d5334dc6b2fd2ad32ccbb089" member_type: VOTER last_known_addr { host: "127.4.110.130" port: 45673 } attrs { promote: false } }
I20260601 13:33:50.012207  7646 raft_consensus.cc:1275] T 0de84847d522405191a22f6ba9915be4 P a351042230ca48adb3dcd81137758b3c [term 1 FOLLOWER]: Refusing update from remote peer 26d4d9663bf34cdc83058c4537dc934a: Log matching property violated. Preceding OpId in replica: term: 1 index: 3. Preceding OpId from leader: term: 1 index: 4. (index mismatch)
I20260601 13:33:50.012226  7570 raft_consensus.cc:1275] T 0de84847d522405191a22f6ba9915be4 P e9ffa029d5334dc6b2fd2ad32ccbb089 [term 1 FOLLOWER]: Refusing update from remote peer 26d4d9663bf34cdc83058c4537dc934a: Log matching property violated. Preceding OpId in replica: term: 1 index: 3. Preceding OpId from leader: term: 1 index: 4. (index mismatch)
I20260601 13:33:50.012624  7931 consensus_queue.cc:1048] T 0de84847d522405191a22f6ba9915be4 P 26d4d9663bf34cdc83058c4537dc934a [LEADER]: Connected to new peer: Peer: permanent_uuid: "e9ffa029d5334dc6b2fd2ad32ccbb089" member_type: VOTER last_known_addr { host: "127.4.110.130" port: 45673 } attrs { promote: false }, Status: LMP_MISMATCH, Last received: 0.0, Next index: 4, Last known committed idx: 3, Time since last communication: 0.000s
I20260601 13:33:50.012825  8007 consensus_queue.cc:1048] T 0de84847d522405191a22f6ba9915be4 P 26d4d9663bf34cdc83058c4537dc934a [LEADER]: Connected to new peer: Peer: permanent_uuid: "a351042230ca48adb3dcd81137758b3c" member_type: VOTER last_known_addr { host: "127.4.110.131" port: 38917 }, Status: LMP_MISMATCH, Last received: 0.0, Next index: 4, Last known committed idx: 3, Time since last communication: 0.000s
I20260601 13:33:50.014448  8007 raft_consensus.cc:2955] T 0de84847d522405191a22f6ba9915be4 P 26d4d9663bf34cdc83058c4537dc934a [term 1 LEADER]: Committing config change with OpId 1.4: config changed from index 3 to 4, VOTER dd44a9e37f1e47209290945c51a4bb37 (127.4.110.132) evicted. New config: { opid_index: 4 OBSOLETE_local: false peers { permanent_uuid: "a351042230ca48adb3dcd81137758b3c" member_type: VOTER last_known_addr { host: "127.4.110.131" port: 38917 } } peers { permanent_uuid: "26d4d9663bf34cdc83058c4537dc934a" member_type: VOTER last_known_addr { host: "127.4.110.129" port: 42163 } } peers { permanent_uuid: "e9ffa029d5334dc6b2fd2ad32ccbb089" member_type: VOTER last_known_addr { host: "127.4.110.130" port: 45673 } attrs { promote: false } } }
I20260601 13:33:50.015002  7646 raft_consensus.cc:2955] T 0de84847d522405191a22f6ba9915be4 P a351042230ca48adb3dcd81137758b3c [term 1 FOLLOWER]: Committing config change with OpId 1.4: config changed from index 3 to 4, VOTER dd44a9e37f1e47209290945c51a4bb37 (127.4.110.132) evicted. New config: { opid_index: 4 OBSOLETE_local: false peers { permanent_uuid: "a351042230ca48adb3dcd81137758b3c" member_type: VOTER last_known_addr { host: "127.4.110.131" port: 38917 } } peers { permanent_uuid: "26d4d9663bf34cdc83058c4537dc934a" member_type: VOTER last_known_addr { host: "127.4.110.129" port: 42163 } } peers { permanent_uuid: "e9ffa029d5334dc6b2fd2ad32ccbb089" member_type: VOTER last_known_addr { host: "127.4.110.130" port: 45673 } attrs { promote: false } } }
I20260601 13:33:50.015064  7570 raft_consensus.cc:2955] T 0de84847d522405191a22f6ba9915be4 P e9ffa029d5334dc6b2fd2ad32ccbb089 [term 1 FOLLOWER]: Committing config change with OpId 1.4: config changed from index 3 to 4, VOTER dd44a9e37f1e47209290945c51a4bb37 (127.4.110.132) evicted. New config: { opid_index: 4 OBSOLETE_local: false peers { permanent_uuid: "a351042230ca48adb3dcd81137758b3c" member_type: VOTER last_known_addr { host: "127.4.110.131" port: 38917 } } peers { permanent_uuid: "26d4d9663bf34cdc83058c4537dc934a" member_type: VOTER last_known_addr { host: "127.4.110.129" port: 42163 } } peers { permanent_uuid: "e9ffa029d5334dc6b2fd2ad32ccbb089" member_type: VOTER last_known_addr { host: "127.4.110.130" port: 45673 } attrs { promote: false } } }
I20260601 13:33:50.016505  7378 catalog_manager.cc:5209] ChangeConfig:REMOVE_PEER RPC for tablet 0de84847d522405191a22f6ba9915be4 with cas_config_opid_index 3: ChangeConfig:REMOVE_PEER succeeded (attempt 1)
I20260601 13:33:50.017858  7390 catalog_manager.cc:5696] T 0de84847d522405191a22f6ba9915be4 P 26d4d9663bf34cdc83058c4537dc934a reported cstate change: config changed from index 3 to 4, VOTER dd44a9e37f1e47209290945c51a4bb37 (127.4.110.132) evicted. New cstate: current_term: 1 leader_uuid: "26d4d9663bf34cdc83058c4537dc934a" committed_config { opid_index: 4 OBSOLETE_local: false peers { permanent_uuid: "a351042230ca48adb3dcd81137758b3c" member_type: VOTER last_known_addr { host: "127.4.110.131" port: 38917 } health_report { overall_health: HEALTHY } } peers { permanent_uuid: "26d4d9663bf34cdc83058c4537dc934a" member_type: VOTER last_known_addr { host: "127.4.110.129" port: 42163 } health_report { overall_health: HEALTHY } } peers { permanent_uuid: "e9ffa029d5334dc6b2fd2ad32ccbb089" member_type: VOTER last_known_addr { host: "127.4.110.130" port: 45673 } attrs { promote: false } health_report { overall_health: HEALTHY } } }
I20260601 13:33:50.020889  7772 tablet_service.cc:1558] Processing DeleteTablet for tablet 0de84847d522405191a22f6ba9915be4 with delete_type TABLET_DATA_TOMBSTONED (TS dd44a9e37f1e47209290945c51a4bb37 not found in new config with opid_index 4) from {username='slave'} at 127.0.0.1:36766
I20260601 13:33:50.021178  8037 tablet_replica.cc:333] T 0de84847d522405191a22f6ba9915be4 P dd44a9e37f1e47209290945c51a4bb37: stopping tablet replica
I20260601 13:33:50.021355  8037 raft_consensus.cc:2243] T 0de84847d522405191a22f6ba9915be4 P dd44a9e37f1e47209290945c51a4bb37 [term 1 FOLLOWER]: Raft consensus shutting down.
I20260601 13:33:50.021682  8037 raft_consensus.cc:2272] T 0de84847d522405191a22f6ba9915be4 P dd44a9e37f1e47209290945c51a4bb37 [term 1 FOLLOWER]: Raft consensus is shut down!
I20260601 13:33:50.022325  8037 ts_tablet_manager.cc:1916] T 0de84847d522405191a22f6ba9915be4 P dd44a9e37f1e47209290945c51a4bb37: Deleting tablet data with delete state TABLET_DATA_TOMBSTONED
I20260601 13:33:50.024879  8037 ts_tablet_manager.cc:1929] T 0de84847d522405191a22f6ba9915be4 P dd44a9e37f1e47209290945c51a4bb37: tablet deleted with delete type TABLET_DATA_TOMBSTONED: last-logged OpId 1.3
I20260601 13:33:50.024971  8037 log.cc:1199] T 0de84847d522405191a22f6ba9915be4 P dd44a9e37f1e47209290945c51a4bb37: Deleting WAL directory at /tmp/dist-test-taskg6oddu/test-tmp/auto_rebalancer-test.0.AutoRebalancerTest.RangeAwareRebalancesNewRangeReplicas.1780320753613816-4538-0/minicluster-data/ts-3-root/wals/0de84847d522405191a22f6ba9915be4
I20260601 13:33:50.025640  7377 catalog_manager.cc:5027] TS dd44a9e37f1e47209290945c51a4bb37 (127.4.110.132:37291): tablet 0de84847d522405191a22f6ba9915be4 (table range_aware_rebalance_new_range [id=f6ce4a3e30b14ecf8a248ce40f52d7a4]) successfully deleted
I20260601 13:33:50.088312  4538 tablet_server.cc:179] TabletServer@127.4.110.129:0 shutting down...
I20260601 13:33:50.093719  4538 ts_tablet_manager.cc:1507] Shutting down tablet manager...
I20260601 13:33:50.094081  4538 tablet_replica.cc:333] T 91f8a15154624c96924c34d495d25786 P 26d4d9663bf34cdc83058c4537dc934a: stopping tablet replica
I20260601 13:33:50.094236  4538 raft_consensus.cc:2243] T 91f8a15154624c96924c34d495d25786 P 26d4d9663bf34cdc83058c4537dc934a [term 1 FOLLOWER]: Raft consensus shutting down.
I20260601 13:33:50.094386  4538 raft_consensus.cc:2272] T 91f8a15154624c96924c34d495d25786 P 26d4d9663bf34cdc83058c4537dc934a [term 1 FOLLOWER]: Raft consensus is shut down!
I20260601 13:33:50.094925  4538 tablet_replica.cc:333] T 7faa7c6432df4a3d9c93f2ff9e5f53df P 26d4d9663bf34cdc83058c4537dc934a: stopping tablet replica
I20260601 13:33:50.095033  4538 raft_consensus.cc:2243] T 7faa7c6432df4a3d9c93f2ff9e5f53df P 26d4d9663bf34cdc83058c4537dc934a [term 1 LEADER]: Raft consensus shutting down.
I20260601 13:33:50.095289  4538 raft_consensus.cc:2272] T 7faa7c6432df4a3d9c93f2ff9e5f53df P 26d4d9663bf34cdc83058c4537dc934a [term 1 FOLLOWER]: Raft consensus is shut down!
I20260601 13:33:50.095796  4538 tablet_replica.cc:333] T bcaeb16d6be7416a93db2d3c730f1a7c P 26d4d9663bf34cdc83058c4537dc934a: stopping tablet replica
I20260601 13:33:50.095917  4538 raft_consensus.cc:2243] T bcaeb16d6be7416a93db2d3c730f1a7c P 26d4d9663bf34cdc83058c4537dc934a [term 2 FOLLOWER]: Raft consensus shutting down.
I20260601 13:33:50.096031  4538 raft_consensus.cc:2272] T bcaeb16d6be7416a93db2d3c730f1a7c P 26d4d9663bf34cdc83058c4537dc934a [term 2 FOLLOWER]: Raft consensus is shut down!
I20260601 13:33:50.096436  4538 tablet_replica.cc:333] T 97b87f62edb04ecaafa7c18a896c32be P 26d4d9663bf34cdc83058c4537dc934a: stopping tablet replica
I20260601 13:33:50.096555  4538 raft_consensus.cc:2243] T 97b87f62edb04ecaafa7c18a896c32be P 26d4d9663bf34cdc83058c4537dc934a [term 1 LEADER]: Raft consensus shutting down.
I20260601 13:33:50.096740  4538 raft_consensus.cc:2272] T 97b87f62edb04ecaafa7c18a896c32be P 26d4d9663bf34cdc83058c4537dc934a [term 1 FOLLOWER]: Raft consensus is shut down!
I20260601 13:33:50.097060  4538 tablet_replica.cc:333] T 0de84847d522405191a22f6ba9915be4 P 26d4d9663bf34cdc83058c4537dc934a: stopping tablet replica
I20260601 13:33:50.097187  4538 raft_consensus.cc:2243] T 0de84847d522405191a22f6ba9915be4 P 26d4d9663bf34cdc83058c4537dc934a [term 1 LEADER]: Raft consensus shutting down.
I20260601 13:33:50.097361  4538 raft_consensus.cc:2272] T 0de84847d522405191a22f6ba9915be4 P 26d4d9663bf34cdc83058c4537dc934a [term 1 FOLLOWER]: Raft consensus is shut down!
I20260601 13:33:50.097879  4538 tablet_replica.cc:333] T 57f062dd130d45879d6ad97d9e3e3cbf P 26d4d9663bf34cdc83058c4537dc934a: stopping tablet replica
I20260601 13:33:50.097977  4538 raft_consensus.cc:2243] T 57f062dd130d45879d6ad97d9e3e3cbf P 26d4d9663bf34cdc83058c4537dc934a [term 3 FOLLOWER]: Raft consensus shutting down.
I20260601 13:33:50.098040  4538 raft_consensus.cc:2272] T 57f062dd130d45879d6ad97d9e3e3cbf P 26d4d9663bf34cdc83058c4537dc934a [term 3 FOLLOWER]: Raft consensus is shut down!
I20260601 13:33:50.098592  4538 tablet_replica.cc:333] T 83540e65466c4d0c9a396e838a1a7835 P 26d4d9663bf34cdc83058c4537dc934a: stopping tablet replica
I20260601 13:33:50.098693  4538 raft_consensus.cc:2243] T 83540e65466c4d0c9a396e838a1a7835 P 26d4d9663bf34cdc83058c4537dc934a [term 1 FOLLOWER]: Raft consensus shutting down.
I20260601 13:33:50.098766  4538 raft_consensus.cc:2272] T 83540e65466c4d0c9a396e838a1a7835 P 26d4d9663bf34cdc83058c4537dc934a [term 1 FOLLOWER]: Raft consensus is shut down!
I20260601 13:33:50.099030  4538 tablet_replica.cc:333] T 7afc87ce010a493b8988fb89646bb3f2 P 26d4d9663bf34cdc83058c4537dc934a: stopping tablet replica
I20260601 13:33:50.099107  4538 raft_consensus.cc:2243] T 7afc87ce010a493b8988fb89646bb3f2 P 26d4d9663bf34cdc83058c4537dc934a [term 1 FOLLOWER]: Raft consensus shutting down.
I20260601 13:33:50.099267  4538 raft_consensus.cc:2272] T 7afc87ce010a493b8988fb89646bb3f2 P 26d4d9663bf34cdc83058c4537dc934a [term 1 FOLLOWER]: Raft consensus is shut down!
I20260601 13:33:50.099869  4538 tablet_replica.cc:333] T e3cbe3d375644ded8f3cdcfe45be14ec P 26d4d9663bf34cdc83058c4537dc934a: stopping tablet replica
I20260601 13:33:50.099948  4538 raft_consensus.cc:2243] T e3cbe3d375644ded8f3cdcfe45be14ec P 26d4d9663bf34cdc83058c4537dc934a [term 1 LEADER]: Raft consensus shutting down.
I20260601 13:33:50.100085  4538 raft_consensus.cc:2272] T e3cbe3d375644ded8f3cdcfe45be14ec P 26d4d9663bf34cdc83058c4537dc934a [term 1 FOLLOWER]: Raft consensus is shut down!
I20260601 13:33:50.100361  4538 tablet_replica.cc:333] T 7ee011401d1c40c7b588863e56dc6b97 P 26d4d9663bf34cdc83058c4537dc934a: stopping tablet replica
I20260601 13:33:50.100443  4538 raft_consensus.cc:2243] T 7ee011401d1c40c7b588863e56dc6b97 P 26d4d9663bf34cdc83058c4537dc934a [term 2 FOLLOWER]: Raft consensus shutting down.
I20260601 13:33:50.100510  4538 raft_consensus.cc:2272] T 7ee011401d1c40c7b588863e56dc6b97 P 26d4d9663bf34cdc83058c4537dc934a [term 2 FOLLOWER]: Raft consensus is shut down!
I20260601 13:33:50.100765  4538 tablet_replica.cc:333] T c25a966e500646859a7cc294c14c783f P 26d4d9663bf34cdc83058c4537dc934a: stopping tablet replica
I20260601 13:33:50.100832  4538 raft_consensus.cc:2243] T c25a966e500646859a7cc294c14c783f P 26d4d9663bf34cdc83058c4537dc934a [term 1 FOLLOWER]: Raft consensus shutting down.
I20260601 13:33:50.100914  4538 raft_consensus.cc:2272] T c25a966e500646859a7cc294c14c783f P 26d4d9663bf34cdc83058c4537dc934a [term 1 FOLLOWER]: Raft consensus is shut down!
I20260601 13:33:50.101168  4538 tablet_replica.cc:333] T 59493539d7074cd89fe6c2eca66804ca P 26d4d9663bf34cdc83058c4537dc934a: stopping tablet replica
I20260601 13:33:50.101238  4538 raft_consensus.cc:2243] T 59493539d7074cd89fe6c2eca66804ca P 26d4d9663bf34cdc83058c4537dc934a [term 2 FOLLOWER]: Raft consensus shutting down.
I20260601 13:33:50.101327  4538 raft_consensus.cc:2272] T 59493539d7074cd89fe6c2eca66804ca P 26d4d9663bf34cdc83058c4537dc934a [term 2 FOLLOWER]: Raft consensus is shut down!
W20260601 13:33:50.112829  7750 proxy.cc:239] Call had error, refreshing address and retrying: Network error: Client connection negotiation failed: client connection to 127.4.110.129:42163: connect: Connection refused (error 111) [suppressed 1 similar messages]
W20260601 13:33:50.113705  7750 consensus_peers.cc:597] T 91f8a15154624c96924c34d495d25786 P dd44a9e37f1e47209290945c51a4bb37 -> Peer 26d4d9663bf34cdc83058c4537dc934a (127.4.110.129:42163): Couldn't send request to peer 26d4d9663bf34cdc83058c4537dc934a. Status: Network error: Client connection negotiation failed: client connection to 127.4.110.129:42163: connect: Connection refused (error 111). This is attempt 1: this message will repeat every 5th retry.
I20260601 13:33:50.119277  4538 tablet_server.cc:196] TabletServer@127.4.110.129:0 shutdown complete.
I20260601 13:33:50.124218  4538 tablet_server.cc:179] TabletServer@127.4.110.130:0 shutting down...
I20260601 13:33:50.130947  4538 ts_tablet_manager.cc:1507] Shutting down tablet manager...
I20260601 13:33:50.131440  4538 tablet_replica.cc:333] T 580568d224284b2392636d94a1803eef P e9ffa029d5334dc6b2fd2ad32ccbb089: stopping tablet replica
I20260601 13:33:50.131598  4538 raft_consensus.cc:2243] T 580568d224284b2392636d94a1803eef P e9ffa029d5334dc6b2fd2ad32ccbb089 [term 1 LEADER]: Raft consensus shutting down.
I20260601 13:33:50.131943  4538 raft_consensus.cc:2272] T 580568d224284b2392636d94a1803eef P e9ffa029d5334dc6b2fd2ad32ccbb089 [term 1 FOLLOWER]: Raft consensus is shut down!
I20260601 13:33:50.132493  4538 tablet_replica.cc:333] T 7faa7c6432df4a3d9c93f2ff9e5f53df P e9ffa029d5334dc6b2fd2ad32ccbb089: stopping tablet replica
I20260601 13:33:50.132603  4538 raft_consensus.cc:2243] T 7faa7c6432df4a3d9c93f2ff9e5f53df P e9ffa029d5334dc6b2fd2ad32ccbb089 [term 1 FOLLOWER]: Raft consensus shutting down.
I20260601 13:33:50.132902  4538 raft_consensus.cc:2272] T 7faa7c6432df4a3d9c93f2ff9e5f53df P e9ffa029d5334dc6b2fd2ad32ccbb089 [term 1 FOLLOWER]: Raft consensus is shut down!
I20260601 13:33:50.133682  4538 tablet_replica.cc:333] T a1b766204c8b4199b9edefaa5b2ca14e P e9ffa029d5334dc6b2fd2ad32ccbb089: stopping tablet replica
I20260601 13:33:50.133778  4538 raft_consensus.cc:2243] T a1b766204c8b4199b9edefaa5b2ca14e P e9ffa029d5334dc6b2fd2ad32ccbb089 [term 1 FOLLOWER]: Raft consensus shutting down.
I20260601 13:33:50.133853  4538 raft_consensus.cc:2272] T a1b766204c8b4199b9edefaa5b2ca14e P e9ffa029d5334dc6b2fd2ad32ccbb089 [term 1 FOLLOWER]: Raft consensus is shut down!
I20260601 13:33:50.134140  4538 tablet_replica.cc:333] T 83540e65466c4d0c9a396e838a1a7835 P e9ffa029d5334dc6b2fd2ad32ccbb089: stopping tablet replica
I20260601 13:33:50.134282  4538 raft_consensus.cc:2243] T 83540e65466c4d0c9a396e838a1a7835 P e9ffa029d5334dc6b2fd2ad32ccbb089 [term 1 FOLLOWER]: Raft consensus shutting down.
I20260601 13:33:50.134366  4538 raft_consensus.cc:2272] T 83540e65466c4d0c9a396e838a1a7835 P e9ffa029d5334dc6b2fd2ad32ccbb089 [term 1 FOLLOWER]: Raft consensus is shut down!
I20260601 13:33:50.134629  4538 tablet_replica.cc:333] T 97b87f62edb04ecaafa7c18a896c32be P e9ffa029d5334dc6b2fd2ad32ccbb089: stopping tablet replica
I20260601 13:33:50.134708  4538 raft_consensus.cc:2243] T 97b87f62edb04ecaafa7c18a896c32be P e9ffa029d5334dc6b2fd2ad32ccbb089 [term 1 FOLLOWER]: Raft consensus shutting down.
I20260601 13:33:50.134769  4538 raft_consensus.cc:2272] T 97b87f62edb04ecaafa7c18a896c32be P e9ffa029d5334dc6b2fd2ad32ccbb089 [term 1 FOLLOWER]: Raft consensus is shut down!
I20260601 13:33:50.135025  4538 tablet_replica.cc:333] T 9442bf9ee9374a85bdf418e6f0a2f767 P e9ffa029d5334dc6b2fd2ad32ccbb089: stopping tablet replica
I20260601 13:33:50.135113  4538 raft_consensus.cc:2243] T 9442bf9ee9374a85bdf418e6f0a2f767 P e9ffa029d5334dc6b2fd2ad32ccbb089 [term 1 FOLLOWER]: Raft consensus shutting down.
I20260601 13:33:50.135282  4538 raft_consensus.cc:2272] T 9442bf9ee9374a85bdf418e6f0a2f767 P e9ffa029d5334dc6b2fd2ad32ccbb089 [term 1 FOLLOWER]: Raft consensus is shut down!
I20260601 13:33:50.135562  4538 tablet_replica.cc:333] T e3cbe3d375644ded8f3cdcfe45be14ec P e9ffa029d5334dc6b2fd2ad32ccbb089: stopping tablet replica
I20260601 13:33:50.135640  4538 raft_consensus.cc:2243] T e3cbe3d375644ded8f3cdcfe45be14ec P e9ffa029d5334dc6b2fd2ad32ccbb089 [term 1 FOLLOWER]: Raft consensus shutting down.
I20260601 13:33:50.135703  4538 raft_consensus.cc:2272] T e3cbe3d375644ded8f3cdcfe45be14ec P e9ffa029d5334dc6b2fd2ad32ccbb089 [term 1 FOLLOWER]: Raft consensus is shut down!
I20260601 13:33:50.135942  4538 tablet_replica.cc:333] T 0de84847d522405191a22f6ba9915be4 P e9ffa029d5334dc6b2fd2ad32ccbb089: stopping tablet replica
I20260601 13:33:50.136011  4538 raft_consensus.cc:2243] T 0de84847d522405191a22f6ba9915be4 P e9ffa029d5334dc6b2fd2ad32ccbb089 [term 1 FOLLOWER]: Raft consensus shutting down.
I20260601 13:33:50.136087  4538 raft_consensus.cc:2272] T 0de84847d522405191a22f6ba9915be4 P e9ffa029d5334dc6b2fd2ad32ccbb089 [term 1 FOLLOWER]: Raft consensus is shut down!
I20260601 13:33:50.136572  4538 tablet_replica.cc:333] T 57f062dd130d45879d6ad97d9e3e3cbf P e9ffa029d5334dc6b2fd2ad32ccbb089: stopping tablet replica
I20260601 13:33:50.136654  4538 raft_consensus.cc:2243] T 57f062dd130d45879d6ad97d9e3e3cbf P e9ffa029d5334dc6b2fd2ad32ccbb089 [term 3 FOLLOWER]: Raft consensus shutting down.
I20260601 13:33:50.136833  4538 raft_consensus.cc:2272] T 57f062dd130d45879d6ad97d9e3e3cbf P e9ffa029d5334dc6b2fd2ad32ccbb089 [term 3 FOLLOWER]: Raft consensus is shut down!
I20260601 13:33:50.137437  4538 tablet_replica.cc:333] T 3ef0b3e1485f4316a691458686d2a7b8 P e9ffa029d5334dc6b2fd2ad32ccbb089: stopping tablet replica
I20260601 13:33:50.137518  4538 raft_consensus.cc:2243] T 3ef0b3e1485f4316a691458686d2a7b8 P e9ffa029d5334dc6b2fd2ad32ccbb089 [term 1 LEADER]: Raft consensus shutting down.
I20260601 13:33:50.137694  4538 raft_consensus.cc:2272] T 3ef0b3e1485f4316a691458686d2a7b8 P e9ffa029d5334dc6b2fd2ad32ccbb089 [term 1 FOLLOWER]: Raft consensus is shut down!
I20260601 13:33:50.138242  4538 tablet_replica.cc:333] T 7ee011401d1c40c7b588863e56dc6b97 P e9ffa029d5334dc6b2fd2ad32ccbb089: stopping tablet replica
I20260601 13:33:50.138336  4538 raft_consensus.cc:2243] T 7ee011401d1c40c7b588863e56dc6b97 P e9ffa029d5334dc6b2fd2ad32ccbb089 [term 2 LEADER]: Raft consensus shutting down.
I20260601 13:33:50.138475  4538 raft_consensus.cc:2272] T 7ee011401d1c40c7b588863e56dc6b97 P e9ffa029d5334dc6b2fd2ad32ccbb089 [term 2 FOLLOWER]: Raft consensus is shut down!
I20260601 13:33:50.138779  4538 tablet_replica.cc:333] T 59493539d7074cd89fe6c2eca66804ca P e9ffa029d5334dc6b2fd2ad32ccbb089: stopping tablet replica
I20260601 13:33:50.138851  4538 raft_consensus.cc:2243] T 59493539d7074cd89fe6c2eca66804ca P e9ffa029d5334dc6b2fd2ad32ccbb089 [term 2 LEADER]: Raft consensus shutting down.
I20260601 13:33:50.138967  4538 raft_consensus.cc:2272] T 59493539d7074cd89fe6c2eca66804ca P e9ffa029d5334dc6b2fd2ad32ccbb089 [term 2 FOLLOWER]: Raft consensus is shut down!
