I20260601 13:32:28.976395 22802 raft_consensus.cc:359] T 72a671271d5a4853805f97cf7df4dfee P 4b96a9bcd86b46dbb7dc3751a411daec [term 0 FOLLOWER]: Replica starting. Triggering 0 pending ops. Active config: opid_index: -1 OBSOLETE_local: false peers { permanent_uuid: "4b96a9bcd86b46dbb7dc3751a411daec" member_type: VOTER last_known_addr { host: "127.21.107.129" port: 36799 } } peers { permanent_uuid: "a48b624a38f24664a1ec2ba2ae0d8c6b" member_type: VOTER last_known_addr { host: "127.21.107.130" port: 43399 } } peers { permanent_uuid: "47687f6071394280981fc04334361b54" member_type: VOTER last_known_addr { host: "127.21.107.131" port: 42233 } }
I20260601 13:32:28.976544 22804 ts_tablet_manager.cc:1434] T 72a671271d5a4853805f97cf7df4dfee P a48b624a38f24664a1ec2ba2ae0d8c6b: Time spent starting tablet: real 0.002s	user 0.000s	sys 0.001s
I20260601 13:32:28.976606 22802 raft_consensus.cc:385] T 72a671271d5a4853805f97cf7df4dfee P 4b96a9bcd86b46dbb7dc3751a411daec [term 0 FOLLOWER]: Consensus starting up: Expiring failure detector timer to make a prompt election more likely
I20260601 13:32:28.976562 22805 raft_consensus.cc:385] T 8b3b65887eab4995b0ddf0f42422fccb P 47687f6071394280981fc04334361b54 [term 0 FOLLOWER]: Consensus starting up: Expiring failure detector timer to make a prompt election more likely
I20260601 13:32:28.976653 22802 raft_consensus.cc:740] T 72a671271d5a4853805f97cf7df4dfee P 4b96a9bcd86b46dbb7dc3751a411daec [term 0 FOLLOWER]: Becoming Follower/Learner. State: Replica: 4b96a9bcd86b46dbb7dc3751a411daec, State: Initialized, Role: FOLLOWER
I20260601 13:32:28.976783 22805 raft_consensus.cc:740] T 8b3b65887eab4995b0ddf0f42422fccb P 47687f6071394280981fc04334361b54 [term 0 FOLLOWER]: Becoming Follower/Learner. State: Replica: 47687f6071394280981fc04334361b54, State: Initialized, Role: FOLLOWER
I20260601 13:32:28.976959 22802 consensus_queue.cc:260] T 72a671271d5a4853805f97cf7df4dfee P 4b96a9bcd86b46dbb7dc3751a411daec [NON_LEADER]: Queue going to NON_LEADER mode. State: All replicated index: 0, Majority replicated index: 0, Committed index: 0, Last appended: 0.0, Last appended by leader: 0, Current term: 0, Majority size: -1, State: 0, Mode: NON_LEADER, active raft config: opid_index: -1 OBSOLETE_local: false peers { permanent_uuid: "4b96a9bcd86b46dbb7dc3751a411daec" member_type: VOTER last_known_addr { host: "127.21.107.129" port: 36799 } } peers { permanent_uuid: "a48b624a38f24664a1ec2ba2ae0d8c6b" member_type: VOTER last_known_addr { host: "127.21.107.130" port: 43399 } } peers { permanent_uuid: "47687f6071394280981fc04334361b54" member_type: VOTER last_known_addr { host: "127.21.107.131" port: 42233 } }
I20260601 13:32:28.977136 22805 consensus_queue.cc:260] T 8b3b65887eab4995b0ddf0f42422fccb P 47687f6071394280981fc04334361b54 [NON_LEADER]: Queue going to NON_LEADER mode. State: All replicated index: 0, Majority replicated index: 0, Committed index: 0, Last appended: 0.0, Last appended by leader: 0, Current term: 0, Majority size: -1, State: 0, Mode: NON_LEADER, active raft config: opid_index: -1 OBSOLETE_local: false peers { permanent_uuid: "4b96a9bcd86b46dbb7dc3751a411daec" member_type: VOTER last_known_addr { host: "127.21.107.129" port: 36799 } } peers { permanent_uuid: "a48b624a38f24664a1ec2ba2ae0d8c6b" member_type: VOTER last_known_addr { host: "127.21.107.130" port: 43399 } } peers { permanent_uuid: "47687f6071394280981fc04334361b54" member_type: VOTER last_known_addr { host: "127.21.107.131" port: 42233 } }
I20260601 13:32:28.977245 22802 ts_tablet_manager.cc:1434] T 72a671271d5a4853805f97cf7df4dfee P 4b96a9bcd86b46dbb7dc3751a411daec: Time spent starting tablet: real 0.001s	user 0.000s	sys 0.001s
I20260601 13:32:28.977432 22802 tablet_bootstrap.cc:492] T f00b7b0ff31a4ad5a4306560744fe4aa P 4b96a9bcd86b46dbb7dc3751a411daec: Bootstrap starting.
I20260601 13:32:28.977568 22805 ts_tablet_manager.cc:1434] T 8b3b65887eab4995b0ddf0f42422fccb P 47687f6071394280981fc04334361b54: Time spent starting tablet: real 0.002s	user 0.001s	sys 0.000s
I20260601 13:32:28.977758 22805 tablet_bootstrap.cc:492] T 72a671271d5a4853805f97cf7df4dfee P 47687f6071394280981fc04334361b54: Bootstrap starting.
I20260601 13:32:28.978452 22804 tablet_bootstrap.cc:492] T ae3472bebc094329b1f388d2f521c58a P a48b624a38f24664a1ec2ba2ae0d8c6b: Bootstrap starting.
I20260601 13:32:28.978513 22802 tablet_bootstrap.cc:654] T f00b7b0ff31a4ad5a4306560744fe4aa P 4b96a9bcd86b46dbb7dc3751a411daec: Neither blocks nor log segments found. Creating new log.
I20260601 13:32:28.978806 22805 tablet_bootstrap.cc:654] T 72a671271d5a4853805f97cf7df4dfee P 47687f6071394280981fc04334361b54: Neither blocks nor log segments found. Creating new log.
I20260601 13:32:28.979511 22804 tablet_bootstrap.cc:654] T ae3472bebc094329b1f388d2f521c58a P a48b624a38f24664a1ec2ba2ae0d8c6b: Neither blocks nor log segments found. Creating new log.
I20260601 13:32:28.980264 22805 tablet_bootstrap.cc:492] T 72a671271d5a4853805f97cf7df4dfee P 47687f6071394280981fc04334361b54: No bootstrap required, opened a new log
I20260601 13:32:28.980348 22805 ts_tablet_manager.cc:1403] T 72a671271d5a4853805f97cf7df4dfee P 47687f6071394280981fc04334361b54: Time spent bootstrapping tablet: real 0.003s	user 0.002s	sys 0.000s
I20260601 13:32:28.980377 22802 tablet_bootstrap.cc:492] T f00b7b0ff31a4ad5a4306560744fe4aa P 4b96a9bcd86b46dbb7dc3751a411daec: No bootstrap required, opened a new log
I20260601 13:32:28.980477 22802 ts_tablet_manager.cc:1403] T f00b7b0ff31a4ad5a4306560744fe4aa P 4b96a9bcd86b46dbb7dc3751a411daec: Time spent bootstrapping tablet: real 0.003s	user 0.000s	sys 0.002s
I20260601 13:32:28.980772 22805 raft_consensus.cc:359] T 72a671271d5a4853805f97cf7df4dfee P 47687f6071394280981fc04334361b54 [term 0 FOLLOWER]: Replica starting. Triggering 0 pending ops. Active config: opid_index: -1 OBSOLETE_local: false peers { permanent_uuid: "4b96a9bcd86b46dbb7dc3751a411daec" member_type: VOTER last_known_addr { host: "127.21.107.129" port: 36799 } } peers { permanent_uuid: "a48b624a38f24664a1ec2ba2ae0d8c6b" member_type: VOTER last_known_addr { host: "127.21.107.130" port: 43399 } } peers { permanent_uuid: "47687f6071394280981fc04334361b54" member_type: VOTER last_known_addr { host: "127.21.107.131" port: 42233 } }
I20260601 13:32:28.980921 22805 raft_consensus.cc:385] T 72a671271d5a4853805f97cf7df4dfee P 47687f6071394280981fc04334361b54 [term 0 FOLLOWER]: Consensus starting up: Expiring failure detector timer to make a prompt election more likely
I20260601 13:32:28.980962 22805 raft_consensus.cc:740] T 72a671271d5a4853805f97cf7df4dfee P 47687f6071394280981fc04334361b54 [term 0 FOLLOWER]: Becoming Follower/Learner. State: Replica: 47687f6071394280981fc04334361b54, State: Initialized, Role: FOLLOWER
I20260601 13:32:28.981130 22805 consensus_queue.cc:260] T 72a671271d5a4853805f97cf7df4dfee P 47687f6071394280981fc04334361b54 [NON_LEADER]: Queue going to NON_LEADER mode. State: All replicated index: 0, Majority replicated index: 0, Committed index: 0, Last appended: 0.0, Last appended by leader: 0, Current term: 0, Majority size: -1, State: 0, Mode: NON_LEADER, active raft config: opid_index: -1 OBSOLETE_local: false peers { permanent_uuid: "4b96a9bcd86b46dbb7dc3751a411daec" member_type: VOTER last_known_addr { host: "127.21.107.129" port: 36799 } } peers { permanent_uuid: "a48b624a38f24664a1ec2ba2ae0d8c6b" member_type: VOTER last_known_addr { host: "127.21.107.130" port: 43399 } } peers { permanent_uuid: "47687f6071394280981fc04334361b54" member_type: VOTER last_known_addr { host: "127.21.107.131" port: 42233 } }
I20260601 13:32:28.981449 22805 ts_tablet_manager.cc:1434] T 72a671271d5a4853805f97cf7df4dfee P 47687f6071394280981fc04334361b54: Time spent starting tablet: real 0.001s	user 0.000s	sys 0.001s
I20260601 13:32:28.981658 22805 tablet_bootstrap.cc:492] T b8d0990235d74d28a013d7baede47354 P 47687f6071394280981fc04334361b54: Bootstrap starting.
I20260601 13:32:28.981789 22802 raft_consensus.cc:359] T f00b7b0ff31a4ad5a4306560744fe4aa P 4b96a9bcd86b46dbb7dc3751a411daec [term 0 FOLLOWER]: Replica starting. Triggering 0 pending ops. Active config: opid_index: -1 OBSOLETE_local: false peers { permanent_uuid: "47687f6071394280981fc04334361b54" member_type: VOTER last_known_addr { host: "127.21.107.131" port: 42233 } } peers { permanent_uuid: "a48b624a38f24664a1ec2ba2ae0d8c6b" member_type: VOTER last_known_addr { host: "127.21.107.130" port: 43399 } } peers { permanent_uuid: "4b96a9bcd86b46dbb7dc3751a411daec" member_type: VOTER last_known_addr { host: "127.21.107.129" port: 36799 } }
I20260601 13:32:28.981905 22802 raft_consensus.cc:385] T f00b7b0ff31a4ad5a4306560744fe4aa P 4b96a9bcd86b46dbb7dc3751a411daec [term 0 FOLLOWER]: Consensus starting up: Expiring failure detector timer to make a prompt election more likely
I20260601 13:32:28.981962 22802 raft_consensus.cc:740] T f00b7b0ff31a4ad5a4306560744fe4aa P 4b96a9bcd86b46dbb7dc3751a411daec [term 0 FOLLOWER]: Becoming Follower/Learner. State: Replica: 4b96a9bcd86b46dbb7dc3751a411daec, State: Initialized, Role: FOLLOWER
I20260601 13:32:28.982086 22802 consensus_queue.cc:260] T f00b7b0ff31a4ad5a4306560744fe4aa P 4b96a9bcd86b46dbb7dc3751a411daec [NON_LEADER]: Queue going to NON_LEADER mode. State: All replicated index: 0, Majority replicated index: 0, Committed index: 0, Last appended: 0.0, Last appended by leader: 0, Current term: 0, Majority size: -1, State: 0, Mode: NON_LEADER, active raft config: opid_index: -1 OBSOLETE_local: false peers { permanent_uuid: "47687f6071394280981fc04334361b54" member_type: VOTER last_known_addr { host: "127.21.107.131" port: 42233 } } peers { permanent_uuid: "a48b624a38f24664a1ec2ba2ae0d8c6b" member_type: VOTER last_known_addr { host: "127.21.107.130" port: 43399 } } peers { permanent_uuid: "4b96a9bcd86b46dbb7dc3751a411daec" member_type: VOTER last_known_addr { host: "127.21.107.129" port: 36799 } }
I20260601 13:32:28.982373 22802 ts_tablet_manager.cc:1434] T f00b7b0ff31a4ad5a4306560744fe4aa P 4b96a9bcd86b46dbb7dc3751a411daec: Time spent starting tablet: real 0.002s	user 0.001s	sys 0.000s
I20260601 13:32:28.982578 22802 tablet_bootstrap.cc:492] T e919016f3ba54eafa363abb5ae139936 P 4b96a9bcd86b46dbb7dc3751a411daec: Bootstrap starting.
I20260601 13:32:28.982843 22805 tablet_bootstrap.cc:654] T b8d0990235d74d28a013d7baede47354 P 47687f6071394280981fc04334361b54: Neither blocks nor log segments found. Creating new log.
I20260601 13:32:28.983661 22802 tablet_bootstrap.cc:654] T e919016f3ba54eafa363abb5ae139936 P 4b96a9bcd86b46dbb7dc3751a411daec: Neither blocks nor log segments found. Creating new log.
I20260601 13:32:28.984406 22805 tablet_bootstrap.cc:492] T b8d0990235d74d28a013d7baede47354 P 47687f6071394280981fc04334361b54: No bootstrap required, opened a new log
I20260601 13:32:28.984508 22805 ts_tablet_manager.cc:1403] T b8d0990235d74d28a013d7baede47354 P 47687f6071394280981fc04334361b54: Time spent bootstrapping tablet: real 0.003s	user 0.000s	sys 0.002s
I20260601 13:32:28.984787 22804 tablet_bootstrap.cc:492] T ae3472bebc094329b1f388d2f521c58a P a48b624a38f24664a1ec2ba2ae0d8c6b: No bootstrap required, opened a new log
I20260601 13:32:28.984872 22804 ts_tablet_manager.cc:1403] T ae3472bebc094329b1f388d2f521c58a P a48b624a38f24664a1ec2ba2ae0d8c6b: Time spent bootstrapping tablet: real 0.006s	user 0.000s	sys 0.002s
I20260601 13:32:28.984944 22802 tablet_bootstrap.cc:492] T e919016f3ba54eafa363abb5ae139936 P 4b96a9bcd86b46dbb7dc3751a411daec: No bootstrap required, opened a new log
I20260601 13:32:28.985018 22802 ts_tablet_manager.cc:1403] T e919016f3ba54eafa363abb5ae139936 P 4b96a9bcd86b46dbb7dc3751a411daec: Time spent bootstrapping tablet: real 0.002s	user 0.002s	sys 0.000s
I20260601 13:32:28.985033 22805 raft_consensus.cc:359] T b8d0990235d74d28a013d7baede47354 P 47687f6071394280981fc04334361b54 [term 0 FOLLOWER]: Replica starting. Triggering 0 pending ops. Active config: opid_index: -1 OBSOLETE_local: false peers { permanent_uuid: "4b96a9bcd86b46dbb7dc3751a411daec" member_type: VOTER last_known_addr { host: "127.21.107.129" port: 36799 } } peers { permanent_uuid: "a48b624a38f24664a1ec2ba2ae0d8c6b" member_type: VOTER last_known_addr { host: "127.21.107.130" port: 43399 } } peers { permanent_uuid: "47687f6071394280981fc04334361b54" member_type: VOTER last_known_addr { host: "127.21.107.131" port: 42233 } }
I20260601 13:32:28.985129 22805 raft_consensus.cc:385] T b8d0990235d74d28a013d7baede47354 P 47687f6071394280981fc04334361b54 [term 0 FOLLOWER]: Consensus starting up: Expiring failure detector timer to make a prompt election more likely
I20260601 13:32:28.985165 22805 raft_consensus.cc:740] T b8d0990235d74d28a013d7baede47354 P 47687f6071394280981fc04334361b54 [term 0 FOLLOWER]: Becoming Follower/Learner. State: Replica: 47687f6071394280981fc04334361b54, State: Initialized, Role: FOLLOWER
I20260601 13:32:28.985284 22805 consensus_queue.cc:260] T b8d0990235d74d28a013d7baede47354 P 47687f6071394280981fc04334361b54 [NON_LEADER]: Queue going to NON_LEADER mode. State: All replicated index: 0, Majority replicated index: 0, Committed index: 0, Last appended: 0.0, Last appended by leader: 0, Current term: 0, Majority size: -1, State: 0, Mode: NON_LEADER, active raft config: opid_index: -1 OBSOLETE_local: false peers { permanent_uuid: "4b96a9bcd86b46dbb7dc3751a411daec" member_type: VOTER last_known_addr { host: "127.21.107.129" port: 36799 } } peers { permanent_uuid: "a48b624a38f24664a1ec2ba2ae0d8c6b" member_type: VOTER last_known_addr { host: "127.21.107.130" port: 43399 } } peers { permanent_uuid: "47687f6071394280981fc04334361b54" member_type: VOTER last_known_addr { host: "127.21.107.131" port: 42233 } }
I20260601 13:32:28.985337 22804 raft_consensus.cc:359] T ae3472bebc094329b1f388d2f521c58a P a48b624a38f24664a1ec2ba2ae0d8c6b [term 0 FOLLOWER]: Replica starting. Triggering 0 pending ops. Active config: opid_index: -1 OBSOLETE_local: false peers { permanent_uuid: "4b96a9bcd86b46dbb7dc3751a411daec" member_type: VOTER last_known_addr { host: "127.21.107.129" port: 36799 } } peers { permanent_uuid: "a48b624a38f24664a1ec2ba2ae0d8c6b" member_type: VOTER last_known_addr { host: "127.21.107.130" port: 43399 } } peers { permanent_uuid: "47687f6071394280981fc04334361b54" member_type: VOTER last_known_addr { host: "127.21.107.131" port: 42233 } }
I20260601 13:32:28.985432 22804 raft_consensus.cc:385] T ae3472bebc094329b1f388d2f521c58a P a48b624a38f24664a1ec2ba2ae0d8c6b [term 0 FOLLOWER]: Consensus starting up: Expiring failure detector timer to make a prompt election more likely
I20260601 13:32:28.985479 22804 raft_consensus.cc:740] T ae3472bebc094329b1f388d2f521c58a P a48b624a38f24664a1ec2ba2ae0d8c6b [term 0 FOLLOWER]: Becoming Follower/Learner. State: Replica: a48b624a38f24664a1ec2ba2ae0d8c6b, State: Initialized, Role: FOLLOWER
I20260601 13:32:28.985453 22802 raft_consensus.cc:359] T e919016f3ba54eafa363abb5ae139936 P 4b96a9bcd86b46dbb7dc3751a411daec [term 0 FOLLOWER]: Replica starting. Triggering 0 pending ops. Active config: opid_index: -1 OBSOLETE_local: false peers { permanent_uuid: "4b96a9bcd86b46dbb7dc3751a411daec" member_type: VOTER last_known_addr { host: "127.21.107.129" port: 36799 } } peers { permanent_uuid: "a48b624a38f24664a1ec2ba2ae0d8c6b" member_type: VOTER last_known_addr { host: "127.21.107.130" port: 43399 } } peers { permanent_uuid: "47687f6071394280981fc04334361b54" member_type: VOTER last_known_addr { host: "127.21.107.131" port: 42233 } }
I20260601 13:32:28.985534 22802 raft_consensus.cc:385] T e919016f3ba54eafa363abb5ae139936 P 4b96a9bcd86b46dbb7dc3751a411daec [term 0 FOLLOWER]: Consensus starting up: Expiring failure detector timer to make a prompt election more likely
I20260601 13:32:28.985586 22802 raft_consensus.cc:740] T e919016f3ba54eafa363abb5ae139936 P 4b96a9bcd86b46dbb7dc3751a411daec [term 0 FOLLOWER]: Becoming Follower/Learner. State: Replica: 4b96a9bcd86b46dbb7dc3751a411daec, State: Initialized, Role: FOLLOWER
I20260601 13:32:28.985541 22805 ts_tablet_manager.cc:1434] T b8d0990235d74d28a013d7baede47354 P 47687f6071394280981fc04334361b54: Time spent starting tablet: real 0.001s	user 0.000s	sys 0.001s
I20260601 13:32:28.985605 22804 consensus_queue.cc:260] T ae3472bebc094329b1f388d2f521c58a P a48b624a38f24664a1ec2ba2ae0d8c6b [NON_LEADER]: Queue going to NON_LEADER mode. State: All replicated index: 0, Majority replicated index: 0, Committed index: 0, Last appended: 0.0, Last appended by leader: 0, Current term: 0, Majority size: -1, State: 0, Mode: NON_LEADER, active raft config: opid_index: -1 OBSOLETE_local: false peers { permanent_uuid: "4b96a9bcd86b46dbb7dc3751a411daec" member_type: VOTER last_known_addr { host: "127.21.107.129" port: 36799 } } peers { permanent_uuid: "a48b624a38f24664a1ec2ba2ae0d8c6b" member_type: VOTER last_known_addr { host: "127.21.107.130" port: 43399 } } peers { permanent_uuid: "47687f6071394280981fc04334361b54" member_type: VOTER last_known_addr { host: "127.21.107.131" port: 42233 } }
I20260601 13:32:28.985702 22802 consensus_queue.cc:260] T e919016f3ba54eafa363abb5ae139936 P 4b96a9bcd86b46dbb7dc3751a411daec [NON_LEADER]: Queue going to NON_LEADER mode. State: All replicated index: 0, Majority replicated index: 0, Committed index: 0, Last appended: 0.0, Last appended by leader: 0, Current term: 0, Majority size: -1, State: 0, Mode: NON_LEADER, active raft config: opid_index: -1 OBSOLETE_local: false peers { permanent_uuid: "4b96a9bcd86b46dbb7dc3751a411daec" member_type: VOTER last_known_addr { host: "127.21.107.129" port: 36799 } } peers { permanent_uuid: "a48b624a38f24664a1ec2ba2ae0d8c6b" member_type: VOTER last_known_addr { host: "127.21.107.130" port: 43399 } } peers { permanent_uuid: "47687f6071394280981fc04334361b54" member_type: VOTER last_known_addr { host: "127.21.107.131" port: 42233 } }
I20260601 13:32:28.985805 22805 tablet_bootstrap.cc:492] T ae3472bebc094329b1f388d2f521c58a P 47687f6071394280981fc04334361b54: Bootstrap starting.
I20260601 13:32:28.985882 22804 ts_tablet_manager.cc:1434] T ae3472bebc094329b1f388d2f521c58a P a48b624a38f24664a1ec2ba2ae0d8c6b: Time spent starting tablet: real 0.001s	user 0.000s	sys 0.001s
I20260601 13:32:28.985951 22802 ts_tablet_manager.cc:1434] T e919016f3ba54eafa363abb5ae139936 P 4b96a9bcd86b46dbb7dc3751a411daec: Time spent starting tablet: real 0.001s	user 0.000s	sys 0.000s
I20260601 13:32:28.986053 22804 tablet_bootstrap.cc:492] T 05f74d6b1e184845b74536441edfeb90 P a48b624a38f24664a1ec2ba2ae0d8c6b: Bootstrap starting.
I20260601 13:32:28.986097 22802 tablet_bootstrap.cc:492] T ae3472bebc094329b1f388d2f521c58a P 4b96a9bcd86b46dbb7dc3751a411daec: Bootstrap starting.
I20260601 13:32:28.986881 22805 tablet_bootstrap.cc:654] T ae3472bebc094329b1f388d2f521c58a P 47687f6071394280981fc04334361b54: Neither blocks nor log segments found. Creating new log.
I20260601 13:32:28.987025 22802 tablet_bootstrap.cc:654] T ae3472bebc094329b1f388d2f521c58a P 4b96a9bcd86b46dbb7dc3751a411daec: Neither blocks nor log segments found. Creating new log.
I20260601 13:32:28.987083 22804 tablet_bootstrap.cc:654] T 05f74d6b1e184845b74536441edfeb90 P a48b624a38f24664a1ec2ba2ae0d8c6b: Neither blocks nor log segments found. Creating new log.
I20260601 13:32:28.988698 22804 tablet_bootstrap.cc:492] T 05f74d6b1e184845b74536441edfeb90 P a48b624a38f24664a1ec2ba2ae0d8c6b: No bootstrap required, opened a new log
I20260601 13:32:28.988794 22804 ts_tablet_manager.cc:1403] T 05f74d6b1e184845b74536441edfeb90 P a48b624a38f24664a1ec2ba2ae0d8c6b: Time spent bootstrapping tablet: real 0.003s	user 0.000s	sys 0.002s
I20260601 13:32:28.989332 22804 raft_consensus.cc:359] T 05f74d6b1e184845b74536441edfeb90 P a48b624a38f24664a1ec2ba2ae0d8c6b [term 0 FOLLOWER]: Replica starting. Triggering 0 pending ops. Active config: opid_index: -1 OBSOLETE_local: false peers { permanent_uuid: "4b96a9bcd86b46dbb7dc3751a411daec" member_type: VOTER last_known_addr { host: "127.21.107.129" port: 36799 } } peers { permanent_uuid: "a48b624a38f24664a1ec2ba2ae0d8c6b" member_type: VOTER last_known_addr { host: "127.21.107.130" port: 43399 } } peers { permanent_uuid: "47687f6071394280981fc04334361b54" member_type: VOTER last_known_addr { host: "127.21.107.131" port: 42233 } }
I20260601 13:32:28.989491 22804 raft_consensus.cc:385] T 05f74d6b1e184845b74536441edfeb90 P a48b624a38f24664a1ec2ba2ae0d8c6b [term 0 FOLLOWER]: Consensus starting up: Expiring failure detector timer to make a prompt election more likely
I20260601 13:32:28.989545 22804 raft_consensus.cc:740] T 05f74d6b1e184845b74536441edfeb90 P a48b624a38f24664a1ec2ba2ae0d8c6b [term 0 FOLLOWER]: Becoming Follower/Learner. State: Replica: a48b624a38f24664a1ec2ba2ae0d8c6b, State: Initialized, Role: FOLLOWER
I20260601 13:32:28.989665 22804 consensus_queue.cc:260] T 05f74d6b1e184845b74536441edfeb90 P a48b624a38f24664a1ec2ba2ae0d8c6b [NON_LEADER]: Queue going to NON_LEADER mode. State: All replicated index: 0, Majority replicated index: 0, Committed index: 0, Last appended: 0.0, Last appended by leader: 0, Current term: 0, Majority size: -1, State: 0, Mode: NON_LEADER, active raft config: opid_index: -1 OBSOLETE_local: false peers { permanent_uuid: "4b96a9bcd86b46dbb7dc3751a411daec" member_type: VOTER last_known_addr { host: "127.21.107.129" port: 36799 } } peers { permanent_uuid: "a48b624a38f24664a1ec2ba2ae0d8c6b" member_type: VOTER last_known_addr { host: "127.21.107.130" port: 43399 } } peers { permanent_uuid: "47687f6071394280981fc04334361b54" member_type: VOTER last_known_addr { host: "127.21.107.131" port: 42233 } }
I20260601 13:32:28.989989 22804 ts_tablet_manager.cc:1434] T 05f74d6b1e184845b74536441edfeb90 P a48b624a38f24664a1ec2ba2ae0d8c6b: Time spent starting tablet: real 0.001s	user 0.000s	sys 0.001s
I20260601 13:32:28.990180 22804 tablet_bootstrap.cc:492] T f00b7b0ff31a4ad5a4306560744fe4aa P a48b624a38f24664a1ec2ba2ae0d8c6b: Bootstrap starting.
I20260601 13:32:28.991254 22804 tablet_bootstrap.cc:654] T f00b7b0ff31a4ad5a4306560744fe4aa P a48b624a38f24664a1ec2ba2ae0d8c6b: Neither blocks nor log segments found. Creating new log.
I20260601 13:32:28.992297 22804 tablet_bootstrap.cc:492] T f00b7b0ff31a4ad5a4306560744fe4aa P a48b624a38f24664a1ec2ba2ae0d8c6b: No bootstrap required, opened a new log
I20260601 13:32:28.992405 22804 ts_tablet_manager.cc:1403] T f00b7b0ff31a4ad5a4306560744fe4aa P a48b624a38f24664a1ec2ba2ae0d8c6b: Time spent bootstrapping tablet: real 0.002s	user 0.000s	sys 0.002s
I20260601 13:32:28.992409 22802 tablet_bootstrap.cc:492] T ae3472bebc094329b1f388d2f521c58a P 4b96a9bcd86b46dbb7dc3751a411daec: No bootstrap required, opened a new log
I20260601 13:32:28.992522 22802 ts_tablet_manager.cc:1403] T ae3472bebc094329b1f388d2f521c58a P 4b96a9bcd86b46dbb7dc3751a411daec: Time spent bootstrapping tablet: real 0.006s	user 0.002s	sys 0.000s
I20260601 13:32:28.992847 22804 raft_consensus.cc:359] T f00b7b0ff31a4ad5a4306560744fe4aa P a48b624a38f24664a1ec2ba2ae0d8c6b [term 0 FOLLOWER]: Replica starting. Triggering 0 pending ops. Active config: opid_index: -1 OBSOLETE_local: false peers { permanent_uuid: "47687f6071394280981fc04334361b54" member_type: VOTER last_known_addr { host: "127.21.107.131" port: 42233 } } peers { permanent_uuid: "a48b624a38f24664a1ec2ba2ae0d8c6b" member_type: VOTER last_known_addr { host: "127.21.107.130" port: 43399 } } peers { permanent_uuid: "4b96a9bcd86b46dbb7dc3751a411daec" member_type: VOTER last_known_addr { host: "127.21.107.129" port: 36799 } }
I20260601 13:32:28.993026 22804 raft_consensus.cc:385] T f00b7b0ff31a4ad5a4306560744fe4aa P a48b624a38f24664a1ec2ba2ae0d8c6b [term 0 FOLLOWER]: Consensus starting up: Expiring failure detector timer to make a prompt election more likely
I20260601 13:32:28.992972 22802 raft_consensus.cc:359] T ae3472bebc094329b1f388d2f521c58a P 4b96a9bcd86b46dbb7dc3751a411daec [term 0 FOLLOWER]: Replica starting. Triggering 0 pending ops. Active config: opid_index: -1 OBSOLETE_local: false peers { permanent_uuid: "4b96a9bcd86b46dbb7dc3751a411daec" member_type: VOTER last_known_addr { host: "127.21.107.129" port: 36799 } } peers { permanent_uuid: "a48b624a38f24664a1ec2ba2ae0d8c6b" member_type: VOTER last_known_addr { host: "127.21.107.130" port: 43399 } } peers { permanent_uuid: "47687f6071394280981fc04334361b54" member_type: VOTER last_known_addr { host: "127.21.107.131" port: 42233 } }
I20260601 13:32:28.993074 22804 raft_consensus.cc:740] T f00b7b0ff31a4ad5a4306560744fe4aa P a48b624a38f24664a1ec2ba2ae0d8c6b [term 0 FOLLOWER]: Becoming Follower/Learner. State: Replica: a48b624a38f24664a1ec2ba2ae0d8c6b, State: Initialized, Role: FOLLOWER
I20260601 13:32:28.993089 22802 raft_consensus.cc:385] T ae3472bebc094329b1f388d2f521c58a P 4b96a9bcd86b46dbb7dc3751a411daec [term 0 FOLLOWER]: Consensus starting up: Expiring failure detector timer to make a prompt election more likely
I20260601 13:32:28.993125 22802 raft_consensus.cc:740] T ae3472bebc094329b1f388d2f521c58a P 4b96a9bcd86b46dbb7dc3751a411daec [term 0 FOLLOWER]: Becoming Follower/Learner. State: Replica: 4b96a9bcd86b46dbb7dc3751a411daec, State: Initialized, Role: FOLLOWER
I20260601 13:32:28.993214 22804 consensus_queue.cc:260] T f00b7b0ff31a4ad5a4306560744fe4aa P a48b624a38f24664a1ec2ba2ae0d8c6b [NON_LEADER]: Queue going to NON_LEADER mode. State: All replicated index: 0, Majority replicated index: 0, Committed index: 0, Last appended: 0.0, Last appended by leader: 0, Current term: 0, Majority size: -1, State: 0, Mode: NON_LEADER, active raft config: opid_index: -1 OBSOLETE_local: false peers { permanent_uuid: "47687f6071394280981fc04334361b54" member_type: VOTER last_known_addr { host: "127.21.107.131" port: 42233 } } peers { permanent_uuid: "a48b624a38f24664a1ec2ba2ae0d8c6b" member_type: VOTER last_known_addr { host: "127.21.107.130" port: 43399 } } peers { permanent_uuid: "4b96a9bcd86b46dbb7dc3751a411daec" member_type: VOTER last_known_addr { host: "127.21.107.129" port: 36799 } }
I20260601 13:32:28.993263 22802 consensus_queue.cc:260] T ae3472bebc094329b1f388d2f521c58a P 4b96a9bcd86b46dbb7dc3751a411daec [NON_LEADER]: Queue going to NON_LEADER mode. State: All replicated index: 0, Majority replicated index: 0, Committed index: 0, Last appended: 0.0, Last appended by leader: 0, Current term: 0, Majority size: -1, State: 0, Mode: NON_LEADER, active raft config: opid_index: -1 OBSOLETE_local: false peers { permanent_uuid: "4b96a9bcd86b46dbb7dc3751a411daec" member_type: VOTER last_known_addr { host: "127.21.107.129" port: 36799 } } peers { permanent_uuid: "a48b624a38f24664a1ec2ba2ae0d8c6b" member_type: VOTER last_known_addr { host: "127.21.107.130" port: 43399 } } peers { permanent_uuid: "47687f6071394280981fc04334361b54" member_type: VOTER last_known_addr { host: "127.21.107.131" port: 42233 } }
I20260601 13:32:28.993536 22804 ts_tablet_manager.cc:1434] T f00b7b0ff31a4ad5a4306560744fe4aa P a48b624a38f24664a1ec2ba2ae0d8c6b: Time spent starting tablet: real 0.001s	user 0.001s	sys 0.000s
I20260601 13:32:28.993553 22802 ts_tablet_manager.cc:1434] T ae3472bebc094329b1f388d2f521c58a P 4b96a9bcd86b46dbb7dc3751a411daec: Time spent starting tablet: real 0.001s	user 0.000s	sys 0.000s
I20260601 13:32:28.993748 22802 tablet_bootstrap.cc:492] T dc10f06e533145be881692244c606f9d P 4b96a9bcd86b46dbb7dc3751a411daec: Bootstrap starting.
I20260601 13:32:28.993755 22804 tablet_bootstrap.cc:492] T 8b3b65887eab4995b0ddf0f42422fccb P a48b624a38f24664a1ec2ba2ae0d8c6b: Bootstrap starting.
I20260601 13:32:28.994369 22805 tablet_bootstrap.cc:492] T ae3472bebc094329b1f388d2f521c58a P 47687f6071394280981fc04334361b54: No bootstrap required, opened a new log
I20260601 13:32:28.994450 22805 ts_tablet_manager.cc:1403] T ae3472bebc094329b1f388d2f521c58a P 47687f6071394280981fc04334361b54: Time spent bootstrapping tablet: real 0.009s	user 0.001s	sys 0.001s
I20260601 13:32:28.994901 22802 tablet_bootstrap.cc:654] T dc10f06e533145be881692244c606f9d P 4b96a9bcd86b46dbb7dc3751a411daec: Neither blocks nor log segments found. Creating new log.
I20260601 13:32:28.994894 22804 tablet_bootstrap.cc:654] T 8b3b65887eab4995b0ddf0f42422fccb P a48b624a38f24664a1ec2ba2ae0d8c6b: Neither blocks nor log segments found. Creating new log.
I20260601 13:32:28.994916 22805 raft_consensus.cc:359] T ae3472bebc094329b1f388d2f521c58a P 47687f6071394280981fc04334361b54 [term 0 FOLLOWER]: Replica starting. Triggering 0 pending ops. Active config: opid_index: -1 OBSOLETE_local: false peers { permanent_uuid: "4b96a9bcd86b46dbb7dc3751a411daec" member_type: VOTER last_known_addr { host: "127.21.107.129" port: 36799 } } peers { permanent_uuid: "a48b624a38f24664a1ec2ba2ae0d8c6b" member_type: VOTER last_known_addr { host: "127.21.107.130" port: 43399 } } peers { permanent_uuid: "47687f6071394280981fc04334361b54" member_type: VOTER last_known_addr { host: "127.21.107.131" port: 42233 } }
I20260601 13:32:28.995723 22805 raft_consensus.cc:385] T ae3472bebc094329b1f388d2f521c58a P 47687f6071394280981fc04334361b54 [term 0 FOLLOWER]: Consensus starting up: Expiring failure detector timer to make a prompt election more likely
I20260601 13:32:28.995774 22805 raft_consensus.cc:740] T ae3472bebc094329b1f388d2f521c58a P 47687f6071394280981fc04334361b54 [term 0 FOLLOWER]: Becoming Follower/Learner. State: Replica: 47687f6071394280981fc04334361b54, State: Initialized, Role: FOLLOWER
I20260601 13:32:28.995977 22805 consensus_queue.cc:260] T ae3472bebc094329b1f388d2f521c58a P 47687f6071394280981fc04334361b54 [NON_LEADER]: Queue going to NON_LEADER mode. State: All replicated index: 0, Majority replicated index: 0, Committed index: 0, Last appended: 0.0, Last appended by leader: 0, Current term: 0, Majority size: -1, State: 0, Mode: NON_LEADER, active raft config: opid_index: -1 OBSOLETE_local: false peers { permanent_uuid: "4b96a9bcd86b46dbb7dc3751a411daec" member_type: VOTER last_known_addr { host: "127.21.107.129" port: 36799 } } peers { permanent_uuid: "a48b624a38f24664a1ec2ba2ae0d8c6b" member_type: VOTER last_known_addr { host: "127.21.107.130" port: 43399 } } peers { permanent_uuid: "47687f6071394280981fc04334361b54" member_type: VOTER last_known_addr { host: "127.21.107.131" port: 42233 } }
I20260601 13:32:28.996224 22804 tablet_bootstrap.cc:492] T 8b3b65887eab4995b0ddf0f42422fccb P a48b624a38f24664a1ec2ba2ae0d8c6b: No bootstrap required, opened a new log
I20260601 13:32:28.996307 22804 ts_tablet_manager.cc:1403] T 8b3b65887eab4995b0ddf0f42422fccb P a48b624a38f24664a1ec2ba2ae0d8c6b: Time spent bootstrapping tablet: real 0.003s	user 0.001s	sys 0.000s
I20260601 13:32:28.996801 22804 raft_consensus.cc:359] T 8b3b65887eab4995b0ddf0f42422fccb P a48b624a38f24664a1ec2ba2ae0d8c6b [term 0 FOLLOWER]: Replica starting. Triggering 0 pending ops. Active config: opid_index: -1 OBSOLETE_local: false peers { permanent_uuid: "4b96a9bcd86b46dbb7dc3751a411daec" member_type: VOTER last_known_addr { host: "127.21.107.129" port: 36799 } } peers { permanent_uuid: "a48b624a38f24664a1ec2ba2ae0d8c6b" member_type: VOTER last_known_addr { host: "127.21.107.130" port: 43399 } } peers { permanent_uuid: "47687f6071394280981fc04334361b54" member_type: VOTER last_known_addr { host: "127.21.107.131" port: 42233 } }
I20260601 13:32:28.996959 22804 raft_consensus.cc:385] T 8b3b65887eab4995b0ddf0f42422fccb P a48b624a38f24664a1ec2ba2ae0d8c6b [term 0 FOLLOWER]: Consensus starting up: Expiring failure detector timer to make a prompt election more likely
I20260601 13:32:28.997001 22804 raft_consensus.cc:740] T 8b3b65887eab4995b0ddf0f42422fccb P a48b624a38f24664a1ec2ba2ae0d8c6b [term 0 FOLLOWER]: Becoming Follower/Learner. State: Replica: a48b624a38f24664a1ec2ba2ae0d8c6b, State: Initialized, Role: FOLLOWER
I20260601 13:32:28.997133 22804 consensus_queue.cc:260] T 8b3b65887eab4995b0ddf0f42422fccb P a48b624a38f24664a1ec2ba2ae0d8c6b [NON_LEADER]: Queue going to NON_LEADER mode. State: All replicated index: 0, Majority replicated index: 0, Committed index: 0, Last appended: 0.0, Last appended by leader: 0, Current term: 0, Majority size: -1, State: 0, Mode: NON_LEADER, active raft config: opid_index: -1 OBSOLETE_local: false peers { permanent_uuid: "4b96a9bcd86b46dbb7dc3751a411daec" member_type: VOTER last_known_addr { host: "127.21.107.129" port: 36799 } } peers { permanent_uuid: "a48b624a38f24664a1ec2ba2ae0d8c6b" member_type: VOTER last_known_addr { host: "127.21.107.130" port: 43399 } } peers { permanent_uuid: "47687f6071394280981fc04334361b54" member_type: VOTER last_known_addr { host: "127.21.107.131" port: 42233 } }
I20260601 13:32:28.997359 22802 tablet_bootstrap.cc:492] T dc10f06e533145be881692244c606f9d P 4b96a9bcd86b46dbb7dc3751a411daec: No bootstrap required, opened a new log
I20260601 13:32:28.997411 22804 ts_tablet_manager.cc:1434] T 8b3b65887eab4995b0ddf0f42422fccb P a48b624a38f24664a1ec2ba2ae0d8c6b: Time spent starting tablet: real 0.001s	user 0.001s	sys 0.000s
I20260601 13:32:28.997442 22802 ts_tablet_manager.cc:1403] T dc10f06e533145be881692244c606f9d P 4b96a9bcd86b46dbb7dc3751a411daec: Time spent bootstrapping tablet: real 0.004s	user 0.002s	sys 0.000s
I20260601 13:32:28.997591 22804 tablet_bootstrap.cc:492] T dc10f06e533145be881692244c606f9d P a48b624a38f24664a1ec2ba2ae0d8c6b: Bootstrap starting.
I20260601 13:32:28.997838 22802 raft_consensus.cc:359] T dc10f06e533145be881692244c606f9d P 4b96a9bcd86b46dbb7dc3751a411daec [term 0 FOLLOWER]: Replica starting. Triggering 0 pending ops. Active config: opid_index: -1 OBSOLETE_local: false peers { permanent_uuid: "4b96a9bcd86b46dbb7dc3751a411daec" member_type: VOTER last_known_addr { host: "127.21.107.129" port: 36799 } } peers { permanent_uuid: "a48b624a38f24664a1ec2ba2ae0d8c6b" member_type: VOTER last_known_addr { host: "127.21.107.130" port: 43399 } } peers { permanent_uuid: "47687f6071394280981fc04334361b54" member_type: VOTER last_known_addr { host: "127.21.107.131" port: 42233 } }
I20260601 13:32:28.997938 22802 raft_consensus.cc:385] T dc10f06e533145be881692244c606f9d P 4b96a9bcd86b46dbb7dc3751a411daec [term 0 FOLLOWER]: Consensus starting up: Expiring failure detector timer to make a prompt election more likely
I20260601 13:32:28.997987 22802 raft_consensus.cc:740] T dc10f06e533145be881692244c606f9d P 4b96a9bcd86b46dbb7dc3751a411daec [term 0 FOLLOWER]: Becoming Follower/Learner. State: Replica: 4b96a9bcd86b46dbb7dc3751a411daec, State: Initialized, Role: FOLLOWER
I20260601 13:32:28.998118 22802 consensus_queue.cc:260] T dc10f06e533145be881692244c606f9d P 4b96a9bcd86b46dbb7dc3751a411daec [NON_LEADER]: Queue going to NON_LEADER mode. State: All replicated index: 0, Majority replicated index: 0, Committed index: 0, Last appended: 0.0, Last appended by leader: 0, Current term: 0, Majority size: -1, State: 0, Mode: NON_LEADER, active raft config: opid_index: -1 OBSOLETE_local: false peers { permanent_uuid: "4b96a9bcd86b46dbb7dc3751a411daec" member_type: VOTER last_known_addr { host: "127.21.107.129" port: 36799 } } peers { permanent_uuid: "a48b624a38f24664a1ec2ba2ae0d8c6b" member_type: VOTER last_known_addr { host: "127.21.107.130" port: 43399 } } peers { permanent_uuid: "47687f6071394280981fc04334361b54" member_type: VOTER last_known_addr { host: "127.21.107.131" port: 42233 } }
I20260601 13:32:28.998708 22804 tablet_bootstrap.cc:654] T dc10f06e533145be881692244c606f9d P a48b624a38f24664a1ec2ba2ae0d8c6b: Neither blocks nor log segments found. Creating new log.
I20260601 13:32:28.998793 22802 ts_tablet_manager.cc:1434] T dc10f06e533145be881692244c606f9d P 4b96a9bcd86b46dbb7dc3751a411daec: Time spent starting tablet: real 0.001s	user 0.001s	sys 0.000s
I20260601 13:32:28.998991 22802 tablet_bootstrap.cc:492] T 8b3b65887eab4995b0ddf0f42422fccb P 4b96a9bcd86b46dbb7dc3751a411daec: Bootstrap starting.
I20260601 13:32:28.996307 22805 ts_tablet_manager.cc:1434] T ae3472bebc094329b1f388d2f521c58a P 47687f6071394280981fc04334361b54: Time spent starting tablet: real 0.002s	user 0.001s	sys 0.000s
I20260601 13:32:28.999516 22805 tablet_bootstrap.cc:492] T dc10f06e533145be881692244c606f9d P 47687f6071394280981fc04334361b54: Bootstrap starting.
I20260601 13:32:29.000028 22802 tablet_bootstrap.cc:654] T 8b3b65887eab4995b0ddf0f42422fccb P 4b96a9bcd86b46dbb7dc3751a411daec: Neither blocks nor log segments found. Creating new log.
I20260601 13:32:29.000069 22804 tablet_bootstrap.cc:492] T dc10f06e533145be881692244c606f9d P a48b624a38f24664a1ec2ba2ae0d8c6b: No bootstrap required, opened a new log
I20260601 13:32:29.000268 22804 ts_tablet_manager.cc:1403] T dc10f06e533145be881692244c606f9d P a48b624a38f24664a1ec2ba2ae0d8c6b: Time spent bootstrapping tablet: real 0.003s	user 0.002s	sys 0.000s
I20260601 13:32:29.000583 22805 tablet_bootstrap.cc:654] T dc10f06e533145be881692244c606f9d P 47687f6071394280981fc04334361b54: Neither blocks nor log segments found. Creating new log.
I20260601 13:32:29.000844 22804 raft_consensus.cc:359] T dc10f06e533145be881692244c606f9d P a48b624a38f24664a1ec2ba2ae0d8c6b [term 0 FOLLOWER]: Replica starting. Triggering 0 pending ops. Active config: opid_index: -1 OBSOLETE_local: false peers { permanent_uuid: "4b96a9bcd86b46dbb7dc3751a411daec" member_type: VOTER last_known_addr { host: "127.21.107.129" port: 36799 } } peers { permanent_uuid: "a48b624a38f24664a1ec2ba2ae0d8c6b" member_type: VOTER last_known_addr { host: "127.21.107.130" port: 43399 } } peers { permanent_uuid: "47687f6071394280981fc04334361b54" member_type: VOTER last_known_addr { host: "127.21.107.131" port: 42233 } }
I20260601 13:32:29.001034 22804 raft_consensus.cc:385] T dc10f06e533145be881692244c606f9d P a48b624a38f24664a1ec2ba2ae0d8c6b [term 0 FOLLOWER]: Consensus starting up: Expiring failure detector timer to make a prompt election more likely
I20260601 13:32:29.001086 22804 raft_consensus.cc:740] T dc10f06e533145be881692244c606f9d P a48b624a38f24664a1ec2ba2ae0d8c6b [term 0 FOLLOWER]: Becoming Follower/Learner. State: Replica: a48b624a38f24664a1ec2ba2ae0d8c6b, State: Initialized, Role: FOLLOWER
I20260601 13:32:29.001221 22804 consensus_queue.cc:260] T dc10f06e533145be881692244c606f9d P a48b624a38f24664a1ec2ba2ae0d8c6b [NON_LEADER]: Queue going to NON_LEADER mode. State: All replicated index: 0, Majority replicated index: 0, Committed index: 0, Last appended: 0.0, Last appended by leader: 0, Current term: 0, Majority size: -1, State: 0, Mode: NON_LEADER, active raft config: opid_index: -1 OBSOLETE_local: false peers { permanent_uuid: "4b96a9bcd86b46dbb7dc3751a411daec" member_type: VOTER last_known_addr { host: "127.21.107.129" port: 36799 } } peers { permanent_uuid: "a48b624a38f24664a1ec2ba2ae0d8c6b" member_type: VOTER last_known_addr { host: "127.21.107.130" port: 43399 } } peers { permanent_uuid: "47687f6071394280981fc04334361b54" member_type: VOTER last_known_addr { host: "127.21.107.131" port: 42233 } }
I20260601 13:32:29.001538 22804 ts_tablet_manager.cc:1434] T dc10f06e533145be881692244c606f9d P a48b624a38f24664a1ec2ba2ae0d8c6b: Time spent starting tablet: real 0.001s	user 0.001s	sys 0.000s
I20260601 13:32:29.001711 22804 tablet_bootstrap.cc:492] T b8d0990235d74d28a013d7baede47354 P a48b624a38f24664a1ec2ba2ae0d8c6b: Bootstrap starting.
I20260601 13:32:29.001761 22805 tablet_bootstrap.cc:492] T dc10f06e533145be881692244c606f9d P 47687f6071394280981fc04334361b54: No bootstrap required, opened a new log
I20260601 13:32:29.001827 22805 ts_tablet_manager.cc:1403] T dc10f06e533145be881692244c606f9d P 47687f6071394280981fc04334361b54: Time spent bootstrapping tablet: real 0.002s	user 0.002s	sys 0.000s
I20260601 13:32:29.001951 22802 tablet_bootstrap.cc:492] T 8b3b65887eab4995b0ddf0f42422fccb P 4b96a9bcd86b46dbb7dc3751a411daec: No bootstrap required, opened a new log
I20260601 13:32:29.002034 22802 ts_tablet_manager.cc:1403] T 8b3b65887eab4995b0ddf0f42422fccb P 4b96a9bcd86b46dbb7dc3751a411daec: Time spent bootstrapping tablet: real 0.003s	user 0.001s	sys 0.000s
I20260601 13:32:29.002251 22805 raft_consensus.cc:359] T dc10f06e533145be881692244c606f9d P 47687f6071394280981fc04334361b54 [term 0 FOLLOWER]: Replica starting. Triggering 0 pending ops. Active config: opid_index: -1 OBSOLETE_local: false peers { permanent_uuid: "4b96a9bcd86b46dbb7dc3751a411daec" member_type: VOTER last_known_addr { host: "127.21.107.129" port: 36799 } } peers { permanent_uuid: "a48b624a38f24664a1ec2ba2ae0d8c6b" member_type: VOTER last_known_addr { host: "127.21.107.130" port: 43399 } } peers { permanent_uuid: "47687f6071394280981fc04334361b54" member_type: VOTER last_known_addr { host: "127.21.107.131" port: 42233 } }
I20260601 13:32:29.002377 22805 raft_consensus.cc:385] T dc10f06e533145be881692244c606f9d P 47687f6071394280981fc04334361b54 [term 0 FOLLOWER]: Consensus starting up: Expiring failure detector timer to make a prompt election more likely
I20260601 13:32:29.002414 22805 raft_consensus.cc:740] T dc10f06e533145be881692244c606f9d P 47687f6071394280981fc04334361b54 [term 0 FOLLOWER]: Becoming Follower/Learner. State: Replica: 47687f6071394280981fc04334361b54, State: Initialized, Role: FOLLOWER
I20260601 13:32:29.002458 22802 raft_consensus.cc:359] T 8b3b65887eab4995b0ddf0f42422fccb P 4b96a9bcd86b46dbb7dc3751a411daec [term 0 FOLLOWER]: Replica starting. Triggering 0 pending ops. Active config: opid_index: -1 OBSOLETE_local: false peers { permanent_uuid: "4b96a9bcd86b46dbb7dc3751a411daec" member_type: VOTER last_known_addr { host: "127.21.107.129" port: 36799 } } peers { permanent_uuid: "a48b624a38f24664a1ec2ba2ae0d8c6b" member_type: VOTER last_known_addr { host: "127.21.107.130" port: 43399 } } peers { permanent_uuid: "47687f6071394280981fc04334361b54" member_type: VOTER last_known_addr { host: "127.21.107.131" port: 42233 } }
I20260601 13:32:29.002578 22802 raft_consensus.cc:385] T 8b3b65887eab4995b0ddf0f42422fccb P 4b96a9bcd86b46dbb7dc3751a411daec [term 0 FOLLOWER]: Consensus starting up: Expiring failure detector timer to make a prompt election more likely
I20260601 13:32:29.002615 22802 raft_consensus.cc:740] T 8b3b65887eab4995b0ddf0f42422fccb P 4b96a9bcd86b46dbb7dc3751a411daec [term 0 FOLLOWER]: Becoming Follower/Learner. State: Replica: 4b96a9bcd86b46dbb7dc3751a411daec, State: Initialized, Role: FOLLOWER
I20260601 13:32:29.002738 22804 tablet_bootstrap.cc:654] T b8d0990235d74d28a013d7baede47354 P a48b624a38f24664a1ec2ba2ae0d8c6b: Neither blocks nor log segments found. Creating new log.
I20260601 13:32:29.002796 22802 consensus_queue.cc:260] T 8b3b65887eab4995b0ddf0f42422fccb P 4b96a9bcd86b46dbb7dc3751a411daec [NON_LEADER]: Queue going to NON_LEADER mode. State: All replicated index: 0, Majority replicated index: 0, Committed index: 0, Last appended: 0.0, Last appended by leader: 0, Current term: 0, Majority size: -1, State: 0, Mode: NON_LEADER, active raft config: opid_index: -1 OBSOLETE_local: false peers { permanent_uuid: "4b96a9bcd86b46dbb7dc3751a411daec" member_type: VOTER last_known_addr { host: "127.21.107.129" port: 36799 } } peers { permanent_uuid: "a48b624a38f24664a1ec2ba2ae0d8c6b" member_type: VOTER last_known_addr { host: "127.21.107.130" port: 43399 } } peers { permanent_uuid: "47687f6071394280981fc04334361b54" member_type: VOTER last_known_addr { host: "127.21.107.131" port: 42233 } }
I20260601 13:32:29.002737 22805 consensus_queue.cc:260] T dc10f06e533145be881692244c606f9d P 47687f6071394280981fc04334361b54 [NON_LEADER]: Queue going to NON_LEADER mode. State: All replicated index: 0, Majority replicated index: 0, Committed index: 0, Last appended: 0.0, Last appended by leader: 0, Current term: 0, Majority size: -1, State: 0, Mode: NON_LEADER, active raft config: opid_index: -1 OBSOLETE_local: false peers { permanent_uuid: "4b96a9bcd86b46dbb7dc3751a411daec" member_type: VOTER last_known_addr { host: "127.21.107.129" port: 36799 } } peers { permanent_uuid: "a48b624a38f24664a1ec2ba2ae0d8c6b" member_type: VOTER last_known_addr { host: "127.21.107.130" port: 43399 } } peers { permanent_uuid: "47687f6071394280981fc04334361b54" member_type: VOTER last_known_addr { host: "127.21.107.131" port: 42233 } }
I20260601 13:32:29.003127 22805 ts_tablet_manager.cc:1434] T dc10f06e533145be881692244c606f9d P 47687f6071394280981fc04334361b54: Time spent starting tablet: real 0.001s	user 0.001s	sys 0.000s
I20260601 13:32:29.003391 22807 raft_consensus.cc:493] T f00b7b0ff31a4ad5a4306560744fe4aa P a48b624a38f24664a1ec2ba2ae0d8c6b [term 0 FOLLOWER]: Starting pre-election (no leader contacted us within the election timeout)
I20260601 13:32:29.003456 22805 tablet_bootstrap.cc:492] T e919016f3ba54eafa363abb5ae139936 P 47687f6071394280981fc04334361b54: Bootstrap starting.
I20260601 13:32:29.003508 22807 raft_consensus.cc:515] T f00b7b0ff31a4ad5a4306560744fe4aa P a48b624a38f24664a1ec2ba2ae0d8c6b [term 0 FOLLOWER]: Starting pre-election with config: opid_index: -1 OBSOLETE_local: false peers { permanent_uuid: "47687f6071394280981fc04334361b54" member_type: VOTER last_known_addr { host: "127.21.107.131" port: 42233 } } peers { permanent_uuid: "a48b624a38f24664a1ec2ba2ae0d8c6b" member_type: VOTER last_known_addr { host: "127.21.107.130" port: 43399 } } peers { permanent_uuid: "4b96a9bcd86b46dbb7dc3751a411daec" member_type: VOTER last_known_addr { host: "127.21.107.129" port: 36799 } }
I20260601 13:32:29.003988 22807 leader_election.cc:290] T f00b7b0ff31a4ad5a4306560744fe4aa P a48b624a38f24664a1ec2ba2ae0d8c6b [CANDIDATE]: Term 1 pre-election: Requested pre-vote from peers 47687f6071394280981fc04334361b54 (127.21.107.131:42233), 4b96a9bcd86b46dbb7dc3751a411daec (127.21.107.129:36799)
I20260601 13:32:29.004522 22805 tablet_bootstrap.cc:654] T e919016f3ba54eafa363abb5ae139936 P 47687f6071394280981fc04334361b54: Neither blocks nor log segments found. Creating new log.
I20260601 13:32:29.005071 22810 raft_consensus.cc:493] T 72a671271d5a4853805f97cf7df4dfee P 47687f6071394280981fc04334361b54 [term 0 FOLLOWER]: Starting pre-election (no leader contacted us within the election timeout)
I20260601 13:32:29.005177 22810 raft_consensus.cc:515] T 72a671271d5a4853805f97cf7df4dfee P 47687f6071394280981fc04334361b54 [term 0 FOLLOWER]: Starting pre-election with config: opid_index: -1 OBSOLETE_local: false peers { permanent_uuid: "4b96a9bcd86b46dbb7dc3751a411daec" member_type: VOTER last_known_addr { host: "127.21.107.129" port: 36799 } } peers { permanent_uuid: "a48b624a38f24664a1ec2ba2ae0d8c6b" member_type: VOTER last_known_addr { host: "127.21.107.130" port: 43399 } } peers { permanent_uuid: "47687f6071394280981fc04334361b54" member_type: VOTER last_known_addr { host: "127.21.107.131" port: 42233 } }
I20260601 13:32:29.005401 22802 ts_tablet_manager.cc:1434] T 8b3b65887eab4995b0ddf0f42422fccb P 4b96a9bcd86b46dbb7dc3751a411daec: Time spent starting tablet: real 0.003s	user 0.001s	sys 0.000s
I20260601 13:32:29.005618 22802 tablet_bootstrap.cc:492] T b8d0990235d74d28a013d7baede47354 P 4b96a9bcd86b46dbb7dc3751a411daec: Bootstrap starting.
I20260601 13:32:29.005698 22810 leader_election.cc:290] T 72a671271d5a4853805f97cf7df4dfee P 47687f6071394280981fc04334361b54 [CANDIDATE]: Term 1 pre-election: Requested pre-vote from peers 4b96a9bcd86b46dbb7dc3751a411daec (127.21.107.129:36799), a48b624a38f24664a1ec2ba2ae0d8c6b (127.21.107.130:43399)
I20260601 13:32:29.007014 22802 tablet_bootstrap.cc:654] T b8d0990235d74d28a013d7baede47354 P 4b96a9bcd86b46dbb7dc3751a411daec: Neither blocks nor log segments found. Creating new log.
I20260601 13:32:29.008364 22805 tablet_bootstrap.cc:492] T e919016f3ba54eafa363abb5ae139936 P 47687f6071394280981fc04334361b54: No bootstrap required, opened a new log
I20260601 13:32:29.008395 22802 tablet_bootstrap.cc:492] T b8d0990235d74d28a013d7baede47354 P 4b96a9bcd86b46dbb7dc3751a411daec: No bootstrap required, opened a new log
I20260601 13:32:29.008464 22805 ts_tablet_manager.cc:1403] T e919016f3ba54eafa363abb5ae139936 P 47687f6071394280981fc04334361b54: Time spent bootstrapping tablet: real 0.005s	user 0.000s	sys 0.002s
I20260601 13:32:29.008463 22802 ts_tablet_manager.cc:1403] T b8d0990235d74d28a013d7baede47354 P 4b96a9bcd86b46dbb7dc3751a411daec: Time spent bootstrapping tablet: real 0.003s	user 0.001s	sys 0.000s
I20260601 13:32:29.009048 22805 raft_consensus.cc:359] T e919016f3ba54eafa363abb5ae139936 P 47687f6071394280981fc04334361b54 [term 0 FOLLOWER]: Replica starting. Triggering 0 pending ops. Active config: opid_index: -1 OBSOLETE_local: false peers { permanent_uuid: "4b96a9bcd86b46dbb7dc3751a411daec" member_type: VOTER last_known_addr { host: "127.21.107.129" port: 36799 } } peers { permanent_uuid: "a48b624a38f24664a1ec2ba2ae0d8c6b" member_type: VOTER last_known_addr { host: "127.21.107.130" port: 43399 } } peers { permanent_uuid: "47687f6071394280981fc04334361b54" member_type: VOTER last_known_addr { host: "127.21.107.131" port: 42233 } }
I20260601 13:32:29.009048 22802 raft_consensus.cc:359] T b8d0990235d74d28a013d7baede47354 P 4b96a9bcd86b46dbb7dc3751a411daec [term 0 FOLLOWER]: Replica starting. Triggering 0 pending ops. Active config: opid_index: -1 OBSOLETE_local: false peers { permanent_uuid: "4b96a9bcd86b46dbb7dc3751a411daec" member_type: VOTER last_known_addr { host: "127.21.107.129" port: 36799 } } peers { permanent_uuid: "a48b624a38f24664a1ec2ba2ae0d8c6b" member_type: VOTER last_known_addr { host: "127.21.107.130" port: 43399 } } peers { permanent_uuid: "47687f6071394280981fc04334361b54" member_type: VOTER last_known_addr { host: "127.21.107.131" port: 42233 } }
I20260601 13:32:29.009213 22805 raft_consensus.cc:385] T e919016f3ba54eafa363abb5ae139936 P 47687f6071394280981fc04334361b54 [term 0 FOLLOWER]: Consensus starting up: Expiring failure detector timer to make a prompt election more likely
I20260601 13:32:29.009224 22802 raft_consensus.cc:385] T b8d0990235d74d28a013d7baede47354 P 4b96a9bcd86b46dbb7dc3751a411daec [term 0 FOLLOWER]: Consensus starting up: Expiring failure detector timer to make a prompt election more likely
I20260601 13:32:29.009267 22805 raft_consensus.cc:740] T e919016f3ba54eafa363abb5ae139936 P 47687f6071394280981fc04334361b54 [term 0 FOLLOWER]: Becoming Follower/Learner. State: Replica: 47687f6071394280981fc04334361b54, State: Initialized, Role: FOLLOWER
