I20260601 13:34:08.363122 22180 consensus_queue.cc:260] T 8012cfe840524bd18284beac52c982a0 P 920b7030843a4014ba7e31ef7c5b0d16 [NON_LEADER]: Queue going to NON_LEADER mode. State: All replicated index: 0, Majority replicated index: 0, Committed index: 0, Last appended: 0.0, Last appended by leader: 0, Current term: 0, Majority size: -1, State: 0, Mode: NON_LEADER, active raft config: opid_index: -1 OBSOLETE_local: false peers { permanent_uuid: "7643ec01dd5545209a2c821081d240a7" member_type: VOTER last_known_addr { host: "127.17.27.129" port: 41847 } } peers { permanent_uuid: "d8c4b4c92e5d49c2855d7b938f917afe" member_type: VOTER last_known_addr { host: "127.17.27.130" port: 37927 } } peers { permanent_uuid: "920b7030843a4014ba7e31ef7c5b0d16" member_type: VOTER last_known_addr { host: "127.17.27.131" port: 39795 } }
I20260601 13:34:08.363384 22180 ts_tablet_manager.cc:1434] T 8012cfe840524bd18284beac52c982a0 P 920b7030843a4014ba7e31ef7c5b0d16: Time spent starting tablet: real 0.001s	user 0.001s	sys 0.000s
I20260601 13:34:08.363416 22181 tablet_bootstrap.cc:654] T 5ff3d57d1719481db3d4c1e21aa1645b P d8c4b4c92e5d49c2855d7b938f917afe: Neither blocks nor log segments found. Creating new log.
I20260601 13:34:08.363623 22180 tablet_bootstrap.cc:492] T cdf71f56020e491b9bd126bd6df87d99 P 920b7030843a4014ba7e31ef7c5b0d16: Bootstrap starting.
I20260601 13:34:08.364475 22180 tablet_bootstrap.cc:654] T cdf71f56020e491b9bd126bd6df87d99 P 920b7030843a4014ba7e31ef7c5b0d16: Neither blocks nor log segments found. Creating new log.
I20260601 13:34:08.365329 22184 tablet_bootstrap.cc:492] T 9cb03cfb464d4345854a8b1150f99910 P 7643ec01dd5545209a2c821081d240a7: No bootstrap required, opened a new log
I20260601 13:34:08.365412 22184 ts_tablet_manager.cc:1403] T 9cb03cfb464d4345854a8b1150f99910 P 7643ec01dd5545209a2c821081d240a7: Time spent bootstrapping tablet: real 0.007s	user 0.002s	sys 0.000s
I20260601 13:34:08.365495 22180 tablet_bootstrap.cc:492] T cdf71f56020e491b9bd126bd6df87d99 P 920b7030843a4014ba7e31ef7c5b0d16: No bootstrap required, opened a new log
I20260601 13:34:08.365509 22181 tablet_bootstrap.cc:492] T 5ff3d57d1719481db3d4c1e21aa1645b P d8c4b4c92e5d49c2855d7b938f917afe: No bootstrap required, opened a new log
I20260601 13:34:08.365605 22181 ts_tablet_manager.cc:1403] T 5ff3d57d1719481db3d4c1e21aa1645b P d8c4b4c92e5d49c2855d7b938f917afe: Time spent bootstrapping tablet: real 0.004s	user 0.002s	sys 0.000s
I20260601 13:34:08.365818 22184 raft_consensus.cc:359] T 9cb03cfb464d4345854a8b1150f99910 P 7643ec01dd5545209a2c821081d240a7 [term 0 FOLLOWER]: Replica starting. Triggering 0 pending ops. Active config: opid_index: -1 OBSOLETE_local: false peers { permanent_uuid: "7643ec01dd5545209a2c821081d240a7" member_type: VOTER last_known_addr { host: "127.17.27.129" port: 41847 } } peers { permanent_uuid: "d8c4b4c92e5d49c2855d7b938f917afe" member_type: VOTER last_known_addr { host: "127.17.27.130" port: 37927 } } peers { permanent_uuid: "920b7030843a4014ba7e31ef7c5b0d16" member_type: VOTER last_known_addr { host: "127.17.27.131" port: 39795 } }
I20260601 13:34:08.365902 22184 raft_consensus.cc:385] T 9cb03cfb464d4345854a8b1150f99910 P 7643ec01dd5545209a2c821081d240a7 [term 0 FOLLOWER]: Consensus starting up: Expiring failure detector timer to make a prompt election more likely
I20260601 13:34:08.365945 22184 raft_consensus.cc:740] T 9cb03cfb464d4345854a8b1150f99910 P 7643ec01dd5545209a2c821081d240a7 [term 0 FOLLOWER]: Becoming Follower/Learner. State: Replica: 7643ec01dd5545209a2c821081d240a7, State: Initialized, Role: FOLLOWER
I20260601 13:34:08.365996 22181 raft_consensus.cc:359] T 5ff3d57d1719481db3d4c1e21aa1645b P d8c4b4c92e5d49c2855d7b938f917afe [term 0 FOLLOWER]: Replica starting. Triggering 0 pending ops. Active config: opid_index: -1 OBSOLETE_local: false peers { permanent_uuid: "7643ec01dd5545209a2c821081d240a7" member_type: VOTER last_known_addr { host: "127.17.27.129" port: 41847 } } peers { permanent_uuid: "d8c4b4c92e5d49c2855d7b938f917afe" member_type: VOTER last_known_addr { host: "127.17.27.130" port: 37927 } } peers { permanent_uuid: "920b7030843a4014ba7e31ef7c5b0d16" member_type: VOTER last_known_addr { host: "127.17.27.131" port: 39795 } }
I20260601 13:34:08.366079 22181 raft_consensus.cc:385] T 5ff3d57d1719481db3d4c1e21aa1645b P d8c4b4c92e5d49c2855d7b938f917afe [term 0 FOLLOWER]: Consensus starting up: Expiring failure detector timer to make a prompt election more likely
I20260601 13:34:08.366060 22184 consensus_queue.cc:260] T 9cb03cfb464d4345854a8b1150f99910 P 7643ec01dd5545209a2c821081d240a7 [NON_LEADER]: Queue going to NON_LEADER mode. State: All replicated index: 0, Majority replicated index: 0, Committed index: 0, Last appended: 0.0, Last appended by leader: 0, Current term: 0, Majority size: -1, State: 0, Mode: NON_LEADER, active raft config: opid_index: -1 OBSOLETE_local: false peers { permanent_uuid: "7643ec01dd5545209a2c821081d240a7" member_type: VOTER last_known_addr { host: "127.17.27.129" port: 41847 } } peers { permanent_uuid: "d8c4b4c92e5d49c2855d7b938f917afe" member_type: VOTER last_known_addr { host: "127.17.27.130" port: 37927 } } peers { permanent_uuid: "920b7030843a4014ba7e31ef7c5b0d16" member_type: VOTER last_known_addr { host: "127.17.27.131" port: 39795 } }
I20260601 13:34:08.366109 22181 raft_consensus.cc:740] T 5ff3d57d1719481db3d4c1e21aa1645b P d8c4b4c92e5d49c2855d7b938f917afe [term 0 FOLLOWER]: Becoming Follower/Learner. State: Replica: d8c4b4c92e5d49c2855d7b938f917afe, State: Initialized, Role: FOLLOWER
I20260601 13:34:08.366204 22181 consensus_queue.cc:260] T 5ff3d57d1719481db3d4c1e21aa1645b P d8c4b4c92e5d49c2855d7b938f917afe [NON_LEADER]: Queue going to NON_LEADER mode. State: All replicated index: 0, Majority replicated index: 0, Committed index: 0, Last appended: 0.0, Last appended by leader: 0, Current term: 0, Majority size: -1, State: 0, Mode: NON_LEADER, active raft config: opid_index: -1 OBSOLETE_local: false peers { permanent_uuid: "7643ec01dd5545209a2c821081d240a7" member_type: VOTER last_known_addr { host: "127.17.27.129" port: 41847 } } peers { permanent_uuid: "d8c4b4c92e5d49c2855d7b938f917afe" member_type: VOTER last_known_addr { host: "127.17.27.130" port: 37927 } } peers { permanent_uuid: "920b7030843a4014ba7e31ef7c5b0d16" member_type: VOTER last_known_addr { host: "127.17.27.131" port: 39795 } }
I20260601 13:34:08.366315 22184 ts_tablet_manager.cc:1434] T 9cb03cfb464d4345854a8b1150f99910 P 7643ec01dd5545209a2c821081d240a7: Time spent starting tablet: real 0.001s	user 0.000s	sys 0.000s
I20260601 13:34:08.366466 22181 ts_tablet_manager.cc:1434] T 5ff3d57d1719481db3d4c1e21aa1645b P d8c4b4c92e5d49c2855d7b938f917afe: Time spent starting tablet: real 0.001s	user 0.001s	sys 0.000s
I20260601 13:34:08.366521 22184 tablet_bootstrap.cc:492] T 5ff3d57d1719481db3d4c1e21aa1645b P 7643ec01dd5545209a2c821081d240a7: Bootstrap starting.
I20260601 13:34:08.366612 22181 tablet_bootstrap.cc:492] T cdf71f56020e491b9bd126bd6df87d99 P d8c4b4c92e5d49c2855d7b938f917afe: Bootstrap starting.
I20260601 13:34:08.367475 22184 tablet_bootstrap.cc:654] T 5ff3d57d1719481db3d4c1e21aa1645b P 7643ec01dd5545209a2c821081d240a7: Neither blocks nor log segments found. Creating new log.
I20260601 13:34:08.365592 22180 ts_tablet_manager.cc:1403] T cdf71f56020e491b9bd126bd6df87d99 P 920b7030843a4014ba7e31ef7c5b0d16: Time spent bootstrapping tablet: real 0.002s	user 0.001s	sys 0.000s
I20260601 13:34:08.367939 22180 raft_consensus.cc:359] T cdf71f56020e491b9bd126bd6df87d99 P 920b7030843a4014ba7e31ef7c5b0d16 [term 0 FOLLOWER]: Replica starting. Triggering 0 pending ops. Active config: opid_index: -1 OBSOLETE_local: false peers { permanent_uuid: "7643ec01dd5545209a2c821081d240a7" member_type: VOTER last_known_addr { host: "127.17.27.129" port: 41847 } } peers { permanent_uuid: "d8c4b4c92e5d49c2855d7b938f917afe" member_type: VOTER last_known_addr { host: "127.17.27.130" port: 37927 } } peers { permanent_uuid: "920b7030843a4014ba7e31ef7c5b0d16" member_type: VOTER last_known_addr { host: "127.17.27.131" port: 39795 } }
I20260601 13:34:08.368053 22180 raft_consensus.cc:385] T cdf71f56020e491b9bd126bd6df87d99 P 920b7030843a4014ba7e31ef7c5b0d16 [term 0 FOLLOWER]: Consensus starting up: Expiring failure detector timer to make a prompt election more likely
I20260601 13:34:08.368114 22180 raft_consensus.cc:740] T cdf71f56020e491b9bd126bd6df87d99 P 920b7030843a4014ba7e31ef7c5b0d16 [term 0 FOLLOWER]: Becoming Follower/Learner. State: Replica: 920b7030843a4014ba7e31ef7c5b0d16, State: Initialized, Role: FOLLOWER
I20260601 13:34:08.368237 22180 consensus_queue.cc:260] T cdf71f56020e491b9bd126bd6df87d99 P 920b7030843a4014ba7e31ef7c5b0d16 [NON_LEADER]: Queue going to NON_LEADER mode. State: All replicated index: 0, Majority replicated index: 0, Committed index: 0, Last appended: 0.0, Last appended by leader: 0, Current term: 0, Majority size: -1, State: 0, Mode: NON_LEADER, active raft config: opid_index: -1 OBSOLETE_local: false peers { permanent_uuid: "7643ec01dd5545209a2c821081d240a7" member_type: VOTER last_known_addr { host: "127.17.27.129" port: 41847 } } peers { permanent_uuid: "d8c4b4c92e5d49c2855d7b938f917afe" member_type: VOTER last_known_addr { host: "127.17.27.130" port: 37927 } } peers { permanent_uuid: "920b7030843a4014ba7e31ef7c5b0d16" member_type: VOTER last_known_addr { host: "127.17.27.131" port: 39795 } }
I20260601 13:34:08.368502 22180 ts_tablet_manager.cc:1434] T cdf71f56020e491b9bd126bd6df87d99 P 920b7030843a4014ba7e31ef7c5b0d16: Time spent starting tablet: real 0.001s	user 0.000s	sys 0.000s
I20260601 13:34:08.368633 22180 tablet_bootstrap.cc:492] T 5ff3d57d1719481db3d4c1e21aa1645b P 920b7030843a4014ba7e31ef7c5b0d16: Bootstrap starting.
I20260601 13:34:08.369511 22180 tablet_bootstrap.cc:654] T 5ff3d57d1719481db3d4c1e21aa1645b P 920b7030843a4014ba7e31ef7c5b0d16: Neither blocks nor log segments found. Creating new log.
I20260601 13:34:08.367475 22181 tablet_bootstrap.cc:654] T cdf71f56020e491b9bd126bd6df87d99 P d8c4b4c92e5d49c2855d7b938f917afe: Neither blocks nor log segments found. Creating new log.
I20260601 13:34:08.370309 22184 tablet_bootstrap.cc:492] T 5ff3d57d1719481db3d4c1e21aa1645b P 7643ec01dd5545209a2c821081d240a7: No bootstrap required, opened a new log
I20260601 13:34:08.370406 22193 raft_consensus.cc:493] T 655b1adaf4934ffe9e56236633859f40 P 920b7030843a4014ba7e31ef7c5b0d16 [term 0 FOLLOWER]: Starting pre-election (no leader contacted us within the election timeout)
I20260601 13:34:08.370422 22184 ts_tablet_manager.cc:1403] T 5ff3d57d1719481db3d4c1e21aa1645b P 7643ec01dd5545209a2c821081d240a7: Time spent bootstrapping tablet: real 0.004s	user 0.002s	sys 0.000s
I20260601 13:34:08.370496 22193 raft_consensus.cc:515] T 655b1adaf4934ffe9e56236633859f40 P 920b7030843a4014ba7e31ef7c5b0d16 [term 0 FOLLOWER]: Starting pre-election with config: opid_index: -1 OBSOLETE_local: false peers { permanent_uuid: "7643ec01dd5545209a2c821081d240a7" member_type: VOTER last_known_addr { host: "127.17.27.129" port: 41847 } } peers { permanent_uuid: "d8c4b4c92e5d49c2855d7b938f917afe" member_type: VOTER last_known_addr { host: "127.17.27.130" port: 37927 } } peers { permanent_uuid: "920b7030843a4014ba7e31ef7c5b0d16" member_type: VOTER last_known_addr { host: "127.17.27.131" port: 39795 } }
I20260601 13:34:08.370579 22180 tablet_bootstrap.cc:492] T 5ff3d57d1719481db3d4c1e21aa1645b P 920b7030843a4014ba7e31ef7c5b0d16: No bootstrap required, opened a new log
I20260601 13:34:08.370641 22180 ts_tablet_manager.cc:1403] T 5ff3d57d1719481db3d4c1e21aa1645b P 920b7030843a4014ba7e31ef7c5b0d16: Time spent bootstrapping tablet: real 0.002s	user 0.001s	sys 0.000s
I20260601 13:34:08.370824 22184 raft_consensus.cc:359] T 5ff3d57d1719481db3d4c1e21aa1645b P 7643ec01dd5545209a2c821081d240a7 [term 0 FOLLOWER]: Replica starting. Triggering 0 pending ops. Active config: opid_index: -1 OBSOLETE_local: false peers { permanent_uuid: "7643ec01dd5545209a2c821081d240a7" member_type: VOTER last_known_addr { host: "127.17.27.129" port: 41847 } } peers { permanent_uuid: "d8c4b4c92e5d49c2855d7b938f917afe" member_type: VOTER last_known_addr { host: "127.17.27.130" port: 37927 } } peers { permanent_uuid: "920b7030843a4014ba7e31ef7c5b0d16" member_type: VOTER last_known_addr { host: "127.17.27.131" port: 39795 } }
I20260601 13:34:08.370890 22184 raft_consensus.cc:385] T 5ff3d57d1719481db3d4c1e21aa1645b P 7643ec01dd5545209a2c821081d240a7 [term 0 FOLLOWER]: Consensus starting up: Expiring failure detector timer to make a prompt election more likely
I20260601 13:34:08.370946 22184 raft_consensus.cc:740] T 5ff3d57d1719481db3d4c1e21aa1645b P 7643ec01dd5545209a2c821081d240a7 [term 0 FOLLOWER]: Becoming Follower/Learner. State: Replica: 7643ec01dd5545209a2c821081d240a7, State: Initialized, Role: FOLLOWER
I20260601 13:34:08.371002 22193 leader_election.cc:290] T 655b1adaf4934ffe9e56236633859f40 P 920b7030843a4014ba7e31ef7c5b0d16 [CANDIDATE]: Term 1 pre-election: Requested pre-vote from peers 7643ec01dd5545209a2c821081d240a7 (127.17.27.129:41847), d8c4b4c92e5d49c2855d7b938f917afe (127.17.27.130:37927)
I20260601 13:34:08.371042 22180 raft_consensus.cc:359] T 5ff3d57d1719481db3d4c1e21aa1645b P 920b7030843a4014ba7e31ef7c5b0d16 [term 0 FOLLOWER]: Replica starting. Triggering 0 pending ops. Active config: opid_index: -1 OBSOLETE_local: false peers { permanent_uuid: "7643ec01dd5545209a2c821081d240a7" member_type: VOTER last_known_addr { host: "127.17.27.129" port: 41847 } } peers { permanent_uuid: "d8c4b4c92e5d49c2855d7b938f917afe" member_type: VOTER last_known_addr { host: "127.17.27.130" port: 37927 } } peers { permanent_uuid: "920b7030843a4014ba7e31ef7c5b0d16" member_type: VOTER last_known_addr { host: "127.17.27.131" port: 39795 } }
I20260601 13:34:08.371121 22180 raft_consensus.cc:385] T 5ff3d57d1719481db3d4c1e21aa1645b P 920b7030843a4014ba7e31ef7c5b0d16 [term 0 FOLLOWER]: Consensus starting up: Expiring failure detector timer to make a prompt election more likely
I20260601 13:34:08.371085 22184 consensus_queue.cc:260] T 5ff3d57d1719481db3d4c1e21aa1645b P 7643ec01dd5545209a2c821081d240a7 [NON_LEADER]: Queue going to NON_LEADER mode. State: All replicated index: 0, Majority replicated index: 0, Committed index: 0, Last appended: 0.0, Last appended by leader: 0, Current term: 0, Majority size: -1, State: 0, Mode: NON_LEADER, active raft config: opid_index: -1 OBSOLETE_local: false peers { permanent_uuid: "7643ec01dd5545209a2c821081d240a7" member_type: VOTER last_known_addr { host: "127.17.27.129" port: 41847 } } peers { permanent_uuid: "d8c4b4c92e5d49c2855d7b938f917afe" member_type: VOTER last_known_addr { host: "127.17.27.130" port: 37927 } } peers { permanent_uuid: "920b7030843a4014ba7e31ef7c5b0d16" member_type: VOTER last_known_addr { host: "127.17.27.131" port: 39795 } }
I20260601 13:34:08.371172 22180 raft_consensus.cc:740] T 5ff3d57d1719481db3d4c1e21aa1645b P 920b7030843a4014ba7e31ef7c5b0d16 [term 0 FOLLOWER]: Becoming Follower/Learner. State: Replica: 920b7030843a4014ba7e31ef7c5b0d16, State: Initialized, Role: FOLLOWER
I20260601 13:34:08.371273 22180 consensus_queue.cc:260] T 5ff3d57d1719481db3d4c1e21aa1645b P 920b7030843a4014ba7e31ef7c5b0d16 [NON_LEADER]: Queue going to NON_LEADER mode. State: All replicated index: 0, Majority replicated index: 0, Committed index: 0, Last appended: 0.0, Last appended by leader: 0, Current term: 0, Majority size: -1, State: 0, Mode: NON_LEADER, active raft config: opid_index: -1 OBSOLETE_local: false peers { permanent_uuid: "7643ec01dd5545209a2c821081d240a7" member_type: VOTER last_known_addr { host: "127.17.27.129" port: 41847 } } peers { permanent_uuid: "d8c4b4c92e5d49c2855d7b938f917afe" member_type: VOTER last_known_addr { host: "127.17.27.130" port: 37927 } } peers { permanent_uuid: "920b7030843a4014ba7e31ef7c5b0d16" member_type: VOTER last_known_addr { host: "127.17.27.131" port: 39795 } }
I20260601 13:34:08.371367 22184 ts_tablet_manager.cc:1434] T 5ff3d57d1719481db3d4c1e21aa1645b P 7643ec01dd5545209a2c821081d240a7: Time spent starting tablet: real 0.001s	user 0.000s	sys 0.000s
I20260601 13:34:08.371538 22180 ts_tablet_manager.cc:1434] T 5ff3d57d1719481db3d4c1e21aa1645b P 920b7030843a4014ba7e31ef7c5b0d16: Time spent starting tablet: real 0.001s	user 0.000s	sys 0.000s
I20260601 13:34:08.371690 22180 tablet_bootstrap.cc:492] T 9cb03cfb464d4345854a8b1150f99910 P 920b7030843a4014ba7e31ef7c5b0d16: Bootstrap starting.
I20260601 13:34:08.371831 22184 tablet_bootstrap.cc:492] T 93acd5ff989e4a23834b80423446e40d P 7643ec01dd5545209a2c821081d240a7: Bootstrap starting.
I20260601 13:34:08.372642 22180 tablet_bootstrap.cc:654] T 9cb03cfb464d4345854a8b1150f99910 P 920b7030843a4014ba7e31ef7c5b0d16: Neither blocks nor log segments found. Creating new log.
I20260601 13:34:08.372783 22184 tablet_bootstrap.cc:654] T 93acd5ff989e4a23834b80423446e40d P 7643ec01dd5545209a2c821081d240a7: Neither blocks nor log segments found. Creating new log.
I20260601 13:34:08.375236 22181 tablet_bootstrap.cc:492] T cdf71f56020e491b9bd126bd6df87d99 P d8c4b4c92e5d49c2855d7b938f917afe: No bootstrap required, opened a new log
I20260601 13:34:08.375308 22181 ts_tablet_manager.cc:1403] T cdf71f56020e491b9bd126bd6df87d99 P d8c4b4c92e5d49c2855d7b938f917afe: Time spent bootstrapping tablet: real 0.009s	user 0.000s	sys 0.002s
I20260601 13:34:08.375850 22181 raft_consensus.cc:359] T cdf71f56020e491b9bd126bd6df87d99 P d8c4b4c92e5d49c2855d7b938f917afe [term 0 FOLLOWER]: Replica starting. Triggering 0 pending ops. Active config: opid_index: -1 OBSOLETE_local: false peers { permanent_uuid: "7643ec01dd5545209a2c821081d240a7" member_type: VOTER last_known_addr { host: "127.17.27.129" port: 41847 } } peers { permanent_uuid: "d8c4b4c92e5d49c2855d7b938f917afe" member_type: VOTER last_known_addr { host: "127.17.27.130" port: 37927 } } peers { permanent_uuid: "920b7030843a4014ba7e31ef7c5b0d16" member_type: VOTER last_known_addr { host: "127.17.27.131" port: 39795 } }
I20260601 13:34:08.375953 22181 raft_consensus.cc:385] T cdf71f56020e491b9bd126bd6df87d99 P d8c4b4c92e5d49c2855d7b938f917afe [term 0 FOLLOWER]: Consensus starting up: Expiring failure detector timer to make a prompt election more likely
I20260601 13:34:08.375990 22181 raft_consensus.cc:740] T cdf71f56020e491b9bd126bd6df87d99 P d8c4b4c92e5d49c2855d7b938f917afe [term 0 FOLLOWER]: Becoming Follower/Learner. State: Replica: d8c4b4c92e5d49c2855d7b938f917afe, State: Initialized, Role: FOLLOWER
I20260601 13:34:08.376125 22181 consensus_queue.cc:260] T cdf71f56020e491b9bd126bd6df87d99 P d8c4b4c92e5d49c2855d7b938f917afe [NON_LEADER]: Queue going to NON_LEADER mode. State: All replicated index: 0, Majority replicated index: 0, Committed index: 0, Last appended: 0.0, Last appended by leader: 0, Current term: 0, Majority size: -1, State: 0, Mode: NON_LEADER, active raft config: opid_index: -1 OBSOLETE_local: false peers { permanent_uuid: "7643ec01dd5545209a2c821081d240a7" member_type: VOTER last_known_addr { host: "127.17.27.129" port: 41847 } } peers { permanent_uuid: "d8c4b4c92e5d49c2855d7b938f917afe" member_type: VOTER last_known_addr { host: "127.17.27.130" port: 37927 } } peers { permanent_uuid: "920b7030843a4014ba7e31ef7c5b0d16" member_type: VOTER last_known_addr { host: "127.17.27.131" port: 39795 } }
I20260601 13:34:08.376227 22180 tablet_bootstrap.cc:492] T 9cb03cfb464d4345854a8b1150f99910 P 920b7030843a4014ba7e31ef7c5b0d16: No bootstrap required, opened a new log
I20260601 13:34:08.376305 22180 ts_tablet_manager.cc:1403] T 9cb03cfb464d4345854a8b1150f99910 P 920b7030843a4014ba7e31ef7c5b0d16: Time spent bootstrapping tablet: real 0.005s	user 0.002s	sys 0.000s
I20260601 13:34:08.376418 22181 ts_tablet_manager.cc:1434] T cdf71f56020e491b9bd126bd6df87d99 P d8c4b4c92e5d49c2855d7b938f917afe: Time spent starting tablet: real 0.001s	user 0.000s	sys 0.001s
I20260601 13:34:08.376663 22180 raft_consensus.cc:359] T 9cb03cfb464d4345854a8b1150f99910 P 920b7030843a4014ba7e31ef7c5b0d16 [term 0 FOLLOWER]: Replica starting. Triggering 0 pending ops. Active config: opid_index: -1 OBSOLETE_local: false peers { permanent_uuid: "7643ec01dd5545209a2c821081d240a7" member_type: VOTER last_known_addr { host: "127.17.27.129" port: 41847 } } peers { permanent_uuid: "d8c4b4c92e5d49c2855d7b938f917afe" member_type: VOTER last_known_addr { host: "127.17.27.130" port: 37927 } } peers { permanent_uuid: "920b7030843a4014ba7e31ef7c5b0d16" member_type: VOTER last_known_addr { host: "127.17.27.131" port: 39795 } }
I20260601 13:34:08.376749 22180 raft_consensus.cc:385] T 9cb03cfb464d4345854a8b1150f99910 P 920b7030843a4014ba7e31ef7c5b0d16 [term 0 FOLLOWER]: Consensus starting up: Expiring failure detector timer to make a prompt election more likely
I20260601 13:34:08.376798 22180 raft_consensus.cc:740] T 9cb03cfb464d4345854a8b1150f99910 P 920b7030843a4014ba7e31ef7c5b0d16 [term 0 FOLLOWER]: Becoming Follower/Learner. State: Replica: 920b7030843a4014ba7e31ef7c5b0d16, State: Initialized, Role: FOLLOWER
I20260601 13:34:08.376927 22180 consensus_queue.cc:260] T 9cb03cfb464d4345854a8b1150f99910 P 920b7030843a4014ba7e31ef7c5b0d16 [NON_LEADER]: Queue going to NON_LEADER mode. State: All replicated index: 0, Majority replicated index: 0, Committed index: 0, Last appended: 0.0, Last appended by leader: 0, Current term: 0, Majority size: -1, State: 0, Mode: NON_LEADER, active raft config: opid_index: -1 OBSOLETE_local: false peers { permanent_uuid: "7643ec01dd5545209a2c821081d240a7" member_type: VOTER last_known_addr { host: "127.17.27.129" port: 41847 } } peers { permanent_uuid: "d8c4b4c92e5d49c2855d7b938f917afe" member_type: VOTER last_known_addr { host: "127.17.27.130" port: 37927 } } peers { permanent_uuid: "920b7030843a4014ba7e31ef7c5b0d16" member_type: VOTER last_known_addr { host: "127.17.27.131" port: 39795 } }
I20260601 13:34:08.377022 22184 tablet_bootstrap.cc:492] T 93acd5ff989e4a23834b80423446e40d P 7643ec01dd5545209a2c821081d240a7: No bootstrap required, opened a new log
I20260601 13:34:08.377095 21982 tablet_service.cc:1917] Received RequestConsensusVote() RPC: tablet_id: "655b1adaf4934ffe9e56236633859f40" candidate_uuid: "920b7030843a4014ba7e31ef7c5b0d16" candidate_term: 1 candidate_status { last_received { term: 0 index: 0 } } ignore_live_leader: false dest_uuid: "7643ec01dd5545209a2c821081d240a7" is_pre_election: true
I20260601 13:34:08.377233 22181 tablet_bootstrap.cc:492] T 86a39996e7624a92b39e7610159bd31d P d8c4b4c92e5d49c2855d7b938f917afe: Bootstrap starting.
I20260601 13:34:08.377213 21982 raft_consensus.cc:2468] T 655b1adaf4934ffe9e56236633859f40 P 7643ec01dd5545209a2c821081d240a7 [term 0 FOLLOWER]: Leader pre-election vote request: Granting yes vote for candidate 920b7030843a4014ba7e31ef7c5b0d16 in term 0.
I20260601 13:34:08.377223 22180 ts_tablet_manager.cc:1434] T 9cb03cfb464d4345854a8b1150f99910 P 920b7030843a4014ba7e31ef7c5b0d16: Time spent starting tablet: real 0.001s	user 0.000s	sys 0.000s
I20260601 13:34:08.377629 22180 tablet_bootstrap.cc:492] T 93acd5ff989e4a23834b80423446e40d P 920b7030843a4014ba7e31ef7c5b0d16: Bootstrap starting.
I20260601 13:34:08.377986 22097 leader_election.cc:304] T 655b1adaf4934ffe9e56236633859f40 P 920b7030843a4014ba7e31ef7c5b0d16 [CANDIDATE]: Term 1 pre-election: Election decided. Result: candidate won. Election summary: received 2 responses out of 3 voters: 2 yes votes; 0 no votes. yes voters: 7643ec01dd5545209a2c821081d240a7, 920b7030843a4014ba7e31ef7c5b0d16; no voters: 
I20260601 13:34:08.378160 22193 raft_consensus.cc:2804] T 655b1adaf4934ffe9e56236633859f40 P 920b7030843a4014ba7e31ef7c5b0d16 [term 0 FOLLOWER]: Leader pre-election won for term 1
I20260601 13:34:08.378216 22193 raft_consensus.cc:493] T 655b1adaf4934ffe9e56236633859f40 P 920b7030843a4014ba7e31ef7c5b0d16 [term 0 FOLLOWER]: Starting leader election (no leader contacted us within the election timeout)
I20260601 13:34:08.378284 22193 raft_consensus.cc:3060] T 655b1adaf4934ffe9e56236633859f40 P 920b7030843a4014ba7e31ef7c5b0d16 [term 0 FOLLOWER]: Advancing to term 1
I20260601 13:34:08.377110 22184 ts_tablet_manager.cc:1403] T 93acd5ff989e4a23834b80423446e40d P 7643ec01dd5545209a2c821081d240a7: Time spent bootstrapping tablet: real 0.005s	user 0.002s	sys 0.000s
I20260601 13:34:08.378662 22180 tablet_bootstrap.cc:654] T 93acd5ff989e4a23834b80423446e40d P 920b7030843a4014ba7e31ef7c5b0d16: Neither blocks nor log segments found. Creating new log.
I20260601 13:34:08.378669 22181 tablet_bootstrap.cc:654] T 86a39996e7624a92b39e7610159bd31d P d8c4b4c92e5d49c2855d7b938f917afe: Neither blocks nor log segments found. Creating new log.
I20260601 13:34:08.379112 22184 raft_consensus.cc:359] T 93acd5ff989e4a23834b80423446e40d P 7643ec01dd5545209a2c821081d240a7 [term 0 FOLLOWER]: Replica starting. Triggering 0 pending ops. Active config: opid_index: -1 OBSOLETE_local: false peers { permanent_uuid: "7643ec01dd5545209a2c821081d240a7" member_type: VOTER last_known_addr { host: "127.17.27.129" port: 41847 } } peers { permanent_uuid: "d8c4b4c92e5d49c2855d7b938f917afe" member_type: VOTER last_known_addr { host: "127.17.27.130" port: 37927 } } peers { permanent_uuid: "920b7030843a4014ba7e31ef7c5b0d16" member_type: VOTER last_known_addr { host: "127.17.27.131" port: 39795 } }
I20260601 13:34:08.379226 22184 raft_consensus.cc:385] T 93acd5ff989e4a23834b80423446e40d P 7643ec01dd5545209a2c821081d240a7 [term 0 FOLLOWER]: Consensus starting up: Expiring failure detector timer to make a prompt election more likely
I20260601 13:34:08.379273 22184 raft_consensus.cc:740] T 93acd5ff989e4a23834b80423446e40d P 7643ec01dd5545209a2c821081d240a7 [term 0 FOLLOWER]: Becoming Follower/Learner. State: Replica: 7643ec01dd5545209a2c821081d240a7, State: Initialized, Role: FOLLOWER
I20260601 13:34:08.379405 22184 consensus_queue.cc:260] T 93acd5ff989e4a23834b80423446e40d P 7643ec01dd5545209a2c821081d240a7 [NON_LEADER]: Queue going to NON_LEADER mode. State: All replicated index: 0, Majority replicated index: 0, Committed index: 0, Last appended: 0.0, Last appended by leader: 0, Current term: 0, Majority size: -1, State: 0, Mode: NON_LEADER, active raft config: opid_index: -1 OBSOLETE_local: false peers { permanent_uuid: "7643ec01dd5545209a2c821081d240a7" member_type: VOTER last_known_addr { host: "127.17.27.129" port: 41847 } } peers { permanent_uuid: "d8c4b4c92e5d49c2855d7b938f917afe" member_type: VOTER last_known_addr { host: "127.17.27.130" port: 37927 } } peers { permanent_uuid: "920b7030843a4014ba7e31ef7c5b0d16" member_type: VOTER last_known_addr { host: "127.17.27.131" port: 39795 } }
I20260601 13:34:08.379427 22193 raft_consensus.cc:515] T 655b1adaf4934ffe9e56236633859f40 P 920b7030843a4014ba7e31ef7c5b0d16 [term 1 FOLLOWER]: Starting leader election with config: opid_index: -1 OBSOLETE_local: false peers { permanent_uuid: "7643ec01dd5545209a2c821081d240a7" member_type: VOTER last_known_addr { host: "127.17.27.129" port: 41847 } } peers { permanent_uuid: "d8c4b4c92e5d49c2855d7b938f917afe" member_type: VOTER last_known_addr { host: "127.17.27.130" port: 37927 } } peers { permanent_uuid: "920b7030843a4014ba7e31ef7c5b0d16" member_type: VOTER last_known_addr { host: "127.17.27.131" port: 39795 } }
I20260601 13:34:08.379670 22184 ts_tablet_manager.cc:1434] T 93acd5ff989e4a23834b80423446e40d P 7643ec01dd5545209a2c821081d240a7: Time spent starting tablet: real 0.001s	user 0.000s	sys 0.000s
I20260601 13:34:08.379796 22193 leader_election.cc:290] T 655b1adaf4934ffe9e56236633859f40 P 920b7030843a4014ba7e31ef7c5b0d16 [CANDIDATE]: Term 1 election: Requested vote from peers 7643ec01dd5545209a2c821081d240a7 (127.17.27.129:41847), d8c4b4c92e5d49c2855d7b938f917afe (127.17.27.130:37927)
I20260601 13:34:08.379868 22184 tablet_bootstrap.cc:492] T 5dffee2263f248b5a9d6faed5fc38abd P 7643ec01dd5545209a2c821081d240a7: Bootstrap starting.
I20260601 13:34:08.380044 21982 tablet_service.cc:1917] Received RequestConsensusVote() RPC: tablet_id: "655b1adaf4934ffe9e56236633859f40" candidate_uuid: "920b7030843a4014ba7e31ef7c5b0d16" candidate_term: 1 candidate_status { last_received { term: 0 index: 0 } } ignore_live_leader: false dest_uuid: "7643ec01dd5545209a2c821081d240a7"
I20260601 13:34:08.380158 21982 raft_consensus.cc:3060] T 655b1adaf4934ffe9e56236633859f40 P 7643ec01dd5545209a2c821081d240a7 [term 0 FOLLOWER]: Advancing to term 1
I20260601 13:34:08.380244 22192 raft_consensus.cc:493] T 9cb03cfb464d4345854a8b1150f99910 P 7643ec01dd5545209a2c821081d240a7 [term 0 FOLLOWER]: Starting pre-election (no leader contacted us within the election timeout)
I20260601 13:34:08.380336 22192 raft_consensus.cc:515] T 9cb03cfb464d4345854a8b1150f99910 P 7643ec01dd5545209a2c821081d240a7 [term 0 FOLLOWER]: Starting pre-election with config: opid_index: -1 OBSOLETE_local: false peers { permanent_uuid: "7643ec01dd5545209a2c821081d240a7" member_type: VOTER last_known_addr { host: "127.17.27.129" port: 41847 } } peers { permanent_uuid: "d8c4b4c92e5d49c2855d7b938f917afe" member_type: VOTER last_known_addr { host: "127.17.27.130" port: 37927 } } peers { permanent_uuid: "920b7030843a4014ba7e31ef7c5b0d16" member_type: VOTER last_known_addr { host: "127.17.27.131" port: 39795 } }
I20260601 13:34:08.380757 22192 leader_election.cc:290] T 9cb03cfb464d4345854a8b1150f99910 P 7643ec01dd5545209a2c821081d240a7 [CANDIDATE]: Term 1 pre-election: Requested pre-vote from peers d8c4b4c92e5d49c2855d7b938f917afe (127.17.27.130:37927), 920b7030843a4014ba7e31ef7c5b0d16 (127.17.27.131:39795)
I20260601 13:34:08.380841 22184 tablet_bootstrap.cc:654] T 5dffee2263f248b5a9d6faed5fc38abd P 7643ec01dd5545209a2c821081d240a7: Neither blocks nor log segments found. Creating new log.
I20260601 13:34:08.381172 21982 raft_consensus.cc:2468] T 655b1adaf4934ffe9e56236633859f40 P 7643ec01dd5545209a2c821081d240a7 [term 1 FOLLOWER]: Leader election vote request: Granting yes vote for candidate 920b7030843a4014ba7e31ef7c5b0d16 in term 1.
I20260601 13:34:08.381917 22097 leader_election.cc:304] T 655b1adaf4934ffe9e56236633859f40 P 920b7030843a4014ba7e31ef7c5b0d16 [CANDIDATE]: Term 1 election: Election decided. Result: candidate won. Election summary: received 2 responses out of 3 voters: 2 yes votes; 0 no votes. yes voters: 7643ec01dd5545209a2c821081d240a7, 920b7030843a4014ba7e31ef7c5b0d16; no voters: 
I20260601 13:34:08.382159 22193 raft_consensus.cc:2804] T 655b1adaf4934ffe9e56236633859f40 P 920b7030843a4014ba7e31ef7c5b0d16 [term 1 FOLLOWER]: Leader election won for term 1
I20260601 13:34:08.382349 22193 raft_consensus.cc:697] T 655b1adaf4934ffe9e56236633859f40 P 920b7030843a4014ba7e31ef7c5b0d16 [term 1 LEADER]: Becoming Leader. State: Replica: 920b7030843a4014ba7e31ef7c5b0d16, State: Running, Role: LEADER
I20260601 13:34:08.382503 22193 consensus_queue.cc:237] T 655b1adaf4934ffe9e56236633859f40 P 920b7030843a4014ba7e31ef7c5b0d16 [LEADER]: Queue going to LEADER mode. State: All replicated index: 0, Majority replicated index: 0, Committed index: 0, Last appended: 0.0, Last appended by leader: 0, Current term: 1, Majority size: 2, State: 0, Mode: LEADER, active raft config: opid_index: -1 OBSOLETE_local: false peers { permanent_uuid: "7643ec01dd5545209a2c821081d240a7" member_type: VOTER last_known_addr { host: "127.17.27.129" port: 41847 } } peers { permanent_uuid: "d8c4b4c92e5d49c2855d7b938f917afe" member_type: VOTER last_known_addr { host: "127.17.27.130" port: 37927 } } peers { permanent_uuid: "920b7030843a4014ba7e31ef7c5b0d16" member_type: VOTER last_known_addr { host: "127.17.27.131" port: 39795 } }
W20260601 13:34:08.383881 22009 tablet.cc:2404] T 181e474bdc7c4a31a10292744cf0bb1c P 7643ec01dd5545209a2c821081d240a7: Can't schedule compaction. Clean time has not been advanced past its initial value.
I20260601 13:34:08.384104 22184 tablet_bootstrap.cc:492] T 5dffee2263f248b5a9d6faed5fc38abd P 7643ec01dd5545209a2c821081d240a7: No bootstrap required, opened a new log
I20260601 13:34:08.384181 22184 ts_tablet_manager.cc:1403] T 5dffee2263f248b5a9d6faed5fc38abd P 7643ec01dd5545209a2c821081d240a7: Time spent bootstrapping tablet: real 0.004s	user 0.002s	sys 0.000s
I20260601 13:34:08.384593 22184 raft_consensus.cc:359] T 5dffee2263f248b5a9d6faed5fc38abd P 7643ec01dd5545209a2c821081d240a7 [term 0 FOLLOWER]: Replica starting. Triggering 0 pending ops. Active config: opid_index: -1 OBSOLETE_local: false peers { permanent_uuid: "7643ec01dd5545209a2c821081d240a7" member_type: VOTER last_known_addr { host: "127.17.27.129" port: 41847 } } peers { permanent_uuid: "d8c4b4c92e5d49c2855d7b938f917afe" member_type: VOTER last_known_addr { host: "127.17.27.130" port: 37927 } } peers { permanent_uuid: "920b7030843a4014ba7e31ef7c5b0d16" member_type: VOTER last_known_addr { host: "127.17.27.131" port: 39795 } }
I20260601 13:34:08.384693 22184 raft_consensus.cc:385] T 5dffee2263f248b5a9d6faed5fc38abd P 7643ec01dd5545209a2c821081d240a7 [term 0 FOLLOWER]: Consensus starting up: Expiring failure detector timer to make a prompt election more likely
I20260601 13:34:08.384733 22184 raft_consensus.cc:740] T 5dffee2263f248b5a9d6faed5fc38abd P 7643ec01dd5545209a2c821081d240a7 [term 0 FOLLOWER]: Becoming Follower/Learner. State: Replica: 7643ec01dd5545209a2c821081d240a7, State: Initialized, Role: FOLLOWER
I20260601 13:34:08.384851 22184 consensus_queue.cc:260] T 5dffee2263f248b5a9d6faed5fc38abd P 7643ec01dd5545209a2c821081d240a7 [NON_LEADER]: Queue going to NON_LEADER mode. State: All replicated index: 0, Majority replicated index: 0, Committed index: 0, Last appended: 0.0, Last appended by leader: 0, Current term: 0, Majority size: -1, State: 0, Mode: NON_LEADER, active raft config: opid_index: -1 OBSOLETE_local: false peers { permanent_uuid: "7643ec01dd5545209a2c821081d240a7" member_type: VOTER last_known_addr { host: "127.17.27.129" port: 41847 } } peers { permanent_uuid: "d8c4b4c92e5d49c2855d7b938f917afe" member_type: VOTER last_known_addr { host: "127.17.27.130" port: 37927 } } peers { permanent_uuid: "920b7030843a4014ba7e31ef7c5b0d16" member_type: VOTER last_known_addr { host: "127.17.27.131" port: 39795 } }
I20260601 13:34:08.385113 22184 ts_tablet_manager.cc:1434] T 5dffee2263f248b5a9d6faed5fc38abd P 7643ec01dd5545209a2c821081d240a7: Time spent starting tablet: real 0.001s	user 0.000s	sys 0.000s
I20260601 13:34:08.385588 21871 catalog_manager.cc:5696] T 655b1adaf4934ffe9e56236633859f40 P 920b7030843a4014ba7e31ef7c5b0d16 reported cstate change: term changed from 0 to 1, leader changed from <none> to 920b7030843a4014ba7e31ef7c5b0d16 (127.17.27.131). New cstate: current_term: 1 leader_uuid: "920b7030843a4014ba7e31ef7c5b0d16" committed_config { opid_index: -1 OBSOLETE_local: false peers { permanent_uuid: "7643ec01dd5545209a2c821081d240a7" member_type: VOTER last_known_addr { host: "127.17.27.129" port: 41847 } health_report { overall_health: UNKNOWN } } peers { permanent_uuid: "d8c4b4c92e5d49c2855d7b938f917afe" member_type: VOTER last_known_addr { host: "127.17.27.130" port: 37927 } health_report { overall_health: UNKNOWN } } peers { permanent_uuid: "920b7030843a4014ba7e31ef7c5b0d16" member_type: VOTER last_known_addr { host: "127.17.27.131" port: 39795 } health_report { overall_health: HEALTHY } } }
I20260601 13:34:08.386121 22059 tablet_service.cc:1917] Received RequestConsensusVote() RPC: tablet_id: "655b1adaf4934ffe9e56236633859f40" candidate_uuid: "920b7030843a4014ba7e31ef7c5b0d16" candidate_term: 1 candidate_status { last_received { term: 0 index: 0 } } ignore_live_leader: false dest_uuid: "d8c4b4c92e5d49c2855d7b938f917afe" is_pre_election: true
I20260601 13:34:08.386219 22059 raft_consensus.cc:2468] T 655b1adaf4934ffe9e56236633859f40 P d8c4b4c92e5d49c2855d7b938f917afe [term 0 FOLLOWER]: Leader pre-election vote request: Granting yes vote for candidate 920b7030843a4014ba7e31ef7c5b0d16 in term 0.
I20260601 13:34:08.386312 22192 raft_consensus.cc:493] T 8012cfe840524bd18284beac52c982a0 P 7643ec01dd5545209a2c821081d240a7 [term 0 FOLLOWER]: Starting pre-election (no leader contacted us within the election timeout)
I20260601 13:34:08.386408 22192 raft_consensus.cc:515] T 8012cfe840524bd18284beac52c982a0 P 7643ec01dd5545209a2c821081d240a7 [term 0 FOLLOWER]: Starting pre-election with config: opid_index: -1 OBSOLETE_local: false peers { permanent_uuid: "7643ec01dd5545209a2c821081d240a7" member_type: VOTER last_known_addr { host: "127.17.27.129" port: 41847 } } peers { permanent_uuid: "d8c4b4c92e5d49c2855d7b938f917afe" member_type: VOTER last_known_addr { host: "127.17.27.130" port: 37927 } } peers { permanent_uuid: "920b7030843a4014ba7e31ef7c5b0d16" member_type: VOTER last_known_addr { host: "127.17.27.131" port: 39795 } }
I20260601 13:34:08.386489 22058 tablet_service.cc:1917] Received RequestConsensusVote() RPC: tablet_id: "655b1adaf4934ffe9e56236633859f40" candidate_uuid: "920b7030843a4014ba7e31ef7c5b0d16" candidate_term: 1 candidate_status { last_received { term: 0 index: 0 } } ignore_live_leader: false dest_uuid: "d8c4b4c92e5d49c2855d7b938f917afe"
I20260601 13:34:08.386577 22058 raft_consensus.cc:3060] T 655b1adaf4934ffe9e56236633859f40 P d8c4b4c92e5d49c2855d7b938f917afe [term 0 FOLLOWER]: Advancing to term 1
I20260601 13:34:08.386739 22192 leader_election.cc:290] T 8012cfe840524bd18284beac52c982a0 P 7643ec01dd5545209a2c821081d240a7 [CANDIDATE]: Term 1 pre-election: Requested pre-vote from peers d8c4b4c92e5d49c2855d7b938f917afe (127.17.27.130:37927), 920b7030843a4014ba7e31ef7c5b0d16 (127.17.27.131:39795)
I20260601 13:34:08.387598 22058 raft_consensus.cc:2468] T 655b1adaf4934ffe9e56236633859f40 P d8c4b4c92e5d49c2855d7b938f917afe [term 1 FOLLOWER]: Leader election vote request: Granting yes vote for candidate 920b7030843a4014ba7e31ef7c5b0d16 in term 1.
I20260601 13:34:08.388964 22180 tablet_bootstrap.cc:492] T 93acd5ff989e4a23834b80423446e40d P 920b7030843a4014ba7e31ef7c5b0d16: No bootstrap required, opened a new log
I20260601 13:34:08.389051 22180 ts_tablet_manager.cc:1403] T 93acd5ff989e4a23834b80423446e40d P 920b7030843a4014ba7e31ef7c5b0d16: Time spent bootstrapping tablet: real 0.011s	user 0.002s	sys 0.000s
I20260601 13:34:08.389117 22181 tablet_bootstrap.cc:492] T 86a39996e7624a92b39e7610159bd31d P d8c4b4c92e5d49c2855d7b938f917afe: No bootstrap required, opened a new log
I20260601 13:34:08.389215 22181 ts_tablet_manager.cc:1403] T 86a39996e7624a92b39e7610159bd31d P d8c4b4c92e5d49c2855d7b938f917afe: Time spent bootstrapping tablet: real 0.012s	user 0.002s	sys 0.000s
I20260601 13:34:08.389496 22180 raft_consensus.cc:359] T 93acd5ff989e4a23834b80423446e40d P 920b7030843a4014ba7e31ef7c5b0d16 [term 0 FOLLOWER]: Replica starting. Triggering 0 pending ops. Active config: opid_index: -1 OBSOLETE_local: false peers { permanent_uuid: "7643ec01dd5545209a2c821081d240a7" member_type: VOTER last_known_addr { host: "127.17.27.129" port: 41847 } } peers { permanent_uuid: "d8c4b4c92e5d49c2855d7b938f917afe" member_type: VOTER last_known_addr { host: "127.17.27.130" port: 37927 } } peers { permanent_uuid: "920b7030843a4014ba7e31ef7c5b0d16" member_type: VOTER last_known_addr { host: "127.17.27.131" port: 39795 } }
I20260601 13:34:08.389590 22180 raft_consensus.cc:385] T 93acd5ff989e4a23834b80423446e40d P 920b7030843a4014ba7e31ef7c5b0d16 [term 0 FOLLOWER]: Consensus starting up: Expiring failure detector timer to make a prompt election more likely
I20260601 13:34:08.389627 22180 raft_consensus.cc:740] T 93acd5ff989e4a23834b80423446e40d P 920b7030843a4014ba7e31ef7c5b0d16 [term 0 FOLLOWER]: Becoming Follower/Learner. State: Replica: 920b7030843a4014ba7e31ef7c5b0d16, State: Initialized, Role: FOLLOWER
I20260601 13:34:08.389628 22181 raft_consensus.cc:359] T 86a39996e7624a92b39e7610159bd31d P d8c4b4c92e5d49c2855d7b938f917afe [term 0 FOLLOWER]: Replica starting. Triggering 0 pending ops. Active config: opid_index: -1 OBSOLETE_local: false peers { permanent_uuid: "7643ec01dd5545209a2c821081d240a7" member_type: VOTER last_known_addr { host: "127.17.27.129" port: 41847 } } peers { permanent_uuid: "d8c4b4c92e5d49c2855d7b938f917afe" member_type: VOTER last_known_addr { host: "127.17.27.130" port: 37927 } } peers { permanent_uuid: "920b7030843a4014ba7e31ef7c5b0d16" member_type: VOTER last_known_addr { host: "127.17.27.131" port: 39795 } }
I20260601 13:34:08.389747 22180 consensus_queue.cc:260] T 93acd5ff989e4a23834b80423446e40d P 920b7030843a4014ba7e31ef7c5b0d16 [NON_LEADER]: Queue going to NON_LEADER mode. State: All replicated index: 0, Majority replicated index: 0, Committed index: 0, Last appended: 0.0, Last appended by leader: 0, Current term: 0, Majority size: -1, State: 0, Mode: NON_LEADER, active raft config: opid_index: -1 OBSOLETE_local: false peers { permanent_uuid: "7643ec01dd5545209a2c821081d240a7" member_type: VOTER last_known_addr { host: "127.17.27.129" port: 41847 } } peers { permanent_uuid: "d8c4b4c92e5d49c2855d7b938f917afe" member_type: VOTER last_known_addr { host: "127.17.27.130" port: 37927 } } peers { permanent_uuid: "920b7030843a4014ba7e31ef7c5b0d16" member_type: VOTER last_known_addr { host: "127.17.27.131" port: 39795 } }
I20260601 13:34:08.389842 22181 raft_consensus.cc:385] T 86a39996e7624a92b39e7610159bd31d P d8c4b4c92e5d49c2855d7b938f917afe [term 0 FOLLOWER]: Consensus starting up: Expiring failure detector timer to make a prompt election more likely
I20260601 13:34:08.389947 22181 raft_consensus.cc:740] T 86a39996e7624a92b39e7610159bd31d P d8c4b4c92e5d49c2855d7b938f917afe [term 0 FOLLOWER]: Becoming Follower/Learner. State: Replica: d8c4b4c92e5d49c2855d7b938f917afe, State: Initialized, Role: FOLLOWER
I20260601 13:34:08.390048 22180 ts_tablet_manager.cc:1434] T 93acd5ff989e4a23834b80423446e40d P 920b7030843a4014ba7e31ef7c5b0d16: Time spent starting tablet: real 0.001s	user 0.001s	sys 0.000s
I20260601 13:34:08.390357 22059 tablet_service.cc:1917] Received RequestConsensusVote() RPC: tablet_id: "8012cfe840524bd18284beac52c982a0" candidate_uuid: "7643ec01dd5545209a2c821081d240a7" candidate_term: 1 candidate_status { last_received { term: 0 index: 0 } } ignore_live_leader: false dest_uuid: "d8c4b4c92e5d49c2855d7b938f917afe" is_pre_election: true
I20260601 13:34:08.390059 22181 consensus_queue.cc:260] T 86a39996e7624a92b39e7610159bd31d P d8c4b4c92e5d49c2855d7b938f917afe [NON_LEADER]: Queue going to NON_LEADER mode. State: All replicated index: 0, Majority replicated index: 0, Committed index: 0, Last appended: 0.0, Last appended by leader: 0, Current term: 0, Majority size: -1, State: 0, Mode: NON_LEADER, active raft config: opid_index: -1 OBSOLETE_local: false peers { permanent_uuid: "7643ec01dd5545209a2c821081d240a7" member_type: VOTER last_known_addr { host: "127.17.27.129" port: 41847 } } peers { permanent_uuid: "d8c4b4c92e5d49c2855d7b938f917afe" member_type: VOTER last_known_addr { host: "127.17.27.130" port: 37927 } } peers { permanent_uuid: "920b7030843a4014ba7e31ef7c5b0d16" member_type: VOTER last_known_addr { host: "127.17.27.131" port: 39795 } }
I20260601 13:34:08.390625 22058 tablet_service.cc:1917] Received RequestConsensusVote() RPC: tablet_id: "9cb03cfb464d4345854a8b1150f99910" candidate_uuid: "7643ec01dd5545209a2c821081d240a7" candidate_term: 1 candidate_status { last_received { term: 0 index: 0 } } ignore_live_leader: false dest_uuid: "d8c4b4c92e5d49c2855d7b938f917afe" is_pre_election: true
I20260601 13:34:08.390512 22059 raft_consensus.cc:2468] T 8012cfe840524bd18284beac52c982a0 P d8c4b4c92e5d49c2855d7b938f917afe [term 0 FOLLOWER]: Leader pre-election vote request: Granting yes vote for candidate 7643ec01dd5545209a2c821081d240a7 in term 0.
I20260601 13:34:08.391111 22181 ts_tablet_manager.cc:1434] T 86a39996e7624a92b39e7610159bd31d P d8c4b4c92e5d49c2855d7b938f917afe: Time spent starting tablet: real 0.002s	user 0.001s	sys 0.000s
I20260601 13:34:08.391311 22181 tablet_bootstrap.cc:492] T 93acd5ff989e4a23834b80423446e40d P d8c4b4c92e5d49c2855d7b938f917afe: Bootstrap starting.
W20260601 13:34:08.392243 21946 leader_election.cc:343] T 9cb03cfb464d4345854a8b1150f99910 P 7643ec01dd5545209a2c821081d240a7 [CANDIDATE]: Term 1 pre-election: Tablet error from VoteRequest() call to peer d8c4b4c92e5d49c2855d7b938f917afe (127.17.27.130:37927): Illegal state: must be running to vote when last-logged opid is not known
I20260601 13:34:08.392318 22181 tablet_bootstrap.cc:654] T 93acd5ff989e4a23834b80423446e40d P d8c4b4c92e5d49c2855d7b938f917afe: Neither blocks nor log segments found. Creating new log.
I20260601 13:34:08.392340 22134 tablet_service.cc:1917] Received RequestConsensusVote() RPC: tablet_id: "9cb03cfb464d4345854a8b1150f99910" candidate_uuid: "7643ec01dd5545209a2c821081d240a7" candidate_term: 1 candidate_status { last_received { term: 0 index: 0 } } ignore_live_leader: false dest_uuid: "920b7030843a4014ba7e31ef7c5b0d16" is_pre_election: true
I20260601 13:34:08.392373 21946 leader_election.cc:304] T 8012cfe840524bd18284beac52c982a0 P 7643ec01dd5545209a2c821081d240a7 [CANDIDATE]: Term 1 pre-election: Election decided. Result: candidate won. Election summary: received 2 responses out of 3 voters: 2 yes votes; 0 no votes. yes voters: 7643ec01dd5545209a2c821081d240a7, d8c4b4c92e5d49c2855d7b938f917afe; no voters: 
I20260601 13:34:08.392431 22134 raft_consensus.cc:2468] T 9cb03cfb464d4345854a8b1150f99910 P 920b7030843a4014ba7e31ef7c5b0d16 [term 0 FOLLOWER]: Leader pre-election vote request: Granting yes vote for candidate 7643ec01dd5545209a2c821081d240a7 in term 0.
I20260601 13:34:08.392526 22192 raft_consensus.cc:2804] T 8012cfe840524bd18284beac52c982a0 P 7643ec01dd5545209a2c821081d240a7 [term 0 FOLLOWER]: Leader pre-election won for term 1
I20260601 13:34:08.392573 22192 raft_consensus.cc:493] T 8012cfe840524bd18284beac52c982a0 P 7643ec01dd5545209a2c821081d240a7 [term 0 FOLLOWER]: Starting leader election (no leader contacted us within the election timeout)
I20260601 13:34:08.392614 22192 raft_consensus.cc:3060] T 8012cfe840524bd18284beac52c982a0 P 7643ec01dd5545209a2c821081d240a7 [term 0 FOLLOWER]: Advancing to term 1
I20260601 13:34:08.392665 22133 tablet_service.cc:1917] Received RequestConsensusVote() RPC: tablet_id: "8012cfe840524bd18284beac52c982a0" candidate_uuid: "7643ec01dd5545209a2c821081d240a7" candidate_term: 1 candidate_status { last_received { term: 0 index: 0 } } ignore_live_leader: false dest_uuid: "920b7030843a4014ba7e31ef7c5b0d16" is_pre_election: true
I20260601 13:34:08.392761 22133 raft_consensus.cc:2468] T 8012cfe840524bd18284beac52c982a0 P 920b7030843a4014ba7e31ef7c5b0d16 [term 0 FOLLOWER]: Leader pre-election vote request: Granting yes vote for candidate 7643ec01dd5545209a2c821081d240a7 in term 0.
I20260601 13:34:08.393055 21948 leader_election.cc:304] T 9cb03cfb464d4345854a8b1150f99910 P 7643ec01dd5545209a2c821081d240a7 [CANDIDATE]: Term 1 pre-election: Election decided. Result: candidate won. Election summary: received 3 responses out of 3 voters: 2 yes votes; 1 no votes. yes voters: 7643ec01dd5545209a2c821081d240a7, 920b7030843a4014ba7e31ef7c5b0d16; no voters: d8c4b4c92e5d49c2855d7b938f917afe
I20260601 13:34:08.393215 22190 raft_consensus.cc:2804] T 9cb03cfb464d4345854a8b1150f99910 P 7643ec01dd5545209a2c821081d240a7 [term 0 FOLLOWER]: Leader pre-election won for term 1
I20260601 13:34:08.393265 22190 raft_consensus.cc:493] T 9cb03cfb464d4345854a8b1150f99910 P 7643ec01dd5545209a2c821081d240a7 [term 0 FOLLOWER]: Starting leader election (no leader contacted us within the election timeout)
I20260601 13:34:08.393309 22190 raft_consensus.cc:3060] T 9cb03cfb464d4345854a8b1150f99910 P 7643ec01dd5545209a2c821081d240a7 [term 0 FOLLOWER]: Advancing to term 1
I20260601 13:34:08.393554 22192 raft_consensus.cc:515] T 8012cfe840524bd18284beac52c982a0 P 7643ec01dd5545209a2c821081d240a7 [term 1 FOLLOWER]: Starting leader election with config: opid_index: -1 OBSOLETE_local: false peers { permanent_uuid: "7643ec01dd5545209a2c821081d240a7" member_type: VOTER last_known_addr { host: "127.17.27.129" port: 41847 } } peers { permanent_uuid: "d8c4b4c92e5d49c2855d7b938f917afe" member_type: VOTER last_known_addr { host: "127.17.27.130" port: 37927 } } peers { permanent_uuid: "920b7030843a4014ba7e31ef7c5b0d16" member_type: VOTER last_known_addr { host: "127.17.27.131" port: 39795 } }
I20260601 13:34:08.393905 22192 leader_election.cc:290] T 8012cfe840524bd18284beac52c982a0 P 7643ec01dd5545209a2c821081d240a7 [CANDIDATE]: Term 1 election: Requested vote from peers d8c4b4c92e5d49c2855d7b938f917afe (127.17.27.130:37927), 920b7030843a4014ba7e31ef7c5b0d16 (127.17.27.131:39795)
I20260601 13:34:08.394178 22059 tablet_service.cc:1917] Received RequestConsensusVote() RPC: tablet_id: "8012cfe840524bd18284beac52c982a0" candidate_uuid: "7643ec01dd5545209a2c821081d240a7" candidate_term: 1 candidate_status { last_received { term: 0 index: 0 } } ignore_live_leader: false dest_uuid: "d8c4b4c92e5d49c2855d7b938f917afe"
I20260601 13:34:08.394201 22133 tablet_service.cc:1917] Received RequestConsensusVote() RPC: tablet_id: "8012cfe840524bd18284beac52c982a0" candidate_uuid: "7643ec01dd5545209a2c821081d240a7" candidate_term: 1 candidate_status { last_received { term: 0 index: 0 } } ignore_live_leader: false dest_uuid: "920b7030843a4014ba7e31ef7c5b0d16"
I20260601 13:34:08.394266 22059 raft_consensus.cc:3060] T 8012cfe840524bd18284beac52c982a0 P d8c4b4c92e5d49c2855d7b938f917afe [term 0 FOLLOWER]: Advancing to term 1
I20260601 13:34:08.394248 22190 raft_consensus.cc:515] T 9cb03cfb464d4345854a8b1150f99910 P 7643ec01dd5545209a2c821081d240a7 [term 1 FOLLOWER]: Starting leader election with config: opid_index: -1 OBSOLETE_local: false peers { permanent_uuid: "7643ec01dd5545209a2c821081d240a7" member_type: VOTER last_known_addr { host: "127.17.27.129" port: 41847 } } peers { permanent_uuid: "d8c4b4c92e5d49c2855d7b938f917afe" member_type: VOTER last_known_addr { host: "127.17.27.130" port: 37927 } } peers { permanent_uuid: "920b7030843a4014ba7e31ef7c5b0d16" member_type: VOTER last_known_addr { host: "127.17.27.131" port: 39795 } }
I20260601 13:34:08.394302 22133 raft_consensus.cc:3060] T 8012cfe840524bd18284beac52c982a0 P 920b7030843a4014ba7e31ef7c5b0d16 [term 0 FOLLOWER]: Advancing to term 1
