I20260601 13:34:08.060786 19876 consensus_queue.cc:260] T 6d3e29687cef4047a26ad750b479aefc P 93ed710168b84da2b01d9ccb14209b2a [NON_LEADER]: Queue going to NON_LEADER mode. State: All replicated index: 0, Majority replicated index: 0, Committed index: 0, Last appended: 0.0, Last appended by leader: 0, Current term: 0, Majority size: -1, State: 0, Mode: NON_LEADER, active raft config: opid_index: -1 OBSOLETE_local: false peers { permanent_uuid: "1088680419bf4ddca9856646c4d229a3" member_type: VOTER last_known_addr { host: "127.14.232.193" port: 34805 } } peers { permanent_uuid: "93ed710168b84da2b01d9ccb14209b2a" member_type: VOTER last_known_addr { host: "127.14.232.194" port: 41201 } } peers { permanent_uuid: "55cc84fc267342cc9125e7499afb1f66" member_type: VOTER last_known_addr { host: "127.14.232.195" port: 36989 } }
I20260601 13:34:08.061091 19876 ts_tablet_manager.cc:1434] T 6d3e29687cef4047a26ad750b479aefc P 93ed710168b84da2b01d9ccb14209b2a: Time spent starting tablet: real 0.001s	user 0.000s	sys 0.001s
I20260601 13:34:08.061295 19876 tablet_bootstrap.cc:492] T 6e8b13e903634d5597dbffd562d4847a P 93ed710168b84da2b01d9ccb14209b2a: Bootstrap starting.
I20260601 13:34:08.062393 19876 tablet_bootstrap.cc:654] T 6e8b13e903634d5597dbffd562d4847a P 93ed710168b84da2b01d9ccb14209b2a: Neither blocks nor log segments found. Creating new log.
I20260601 13:34:08.063558 19815 tablet_service.cc:1511] Processing CreateTablet for tablet 37c0680dbe5b442b941d4219cc06593f (DEFAULT_TABLE table=test-workload [id=17cb93c9aa1942d39c62dad0c29ab74e]), partition=RANGE (key) PARTITION 1073741820 <= VALUES < 1252698790
I20260601 13:34:08.063649 19819 tablet_service.cc:1511] Processing CreateTablet for tablet 76fe8a1c659d40e8a8bc2fa95d7fecb2 (DEFAULT_TABLE table=test-workload [id=17cb93c9aa1942d39c62dad0c29ab74e]), partition=RANGE (key) PARTITION 1968526670 <= VALUES
I20260601 13:34:08.063819 19815 data_dirs.cc:400] Could only allocate 1 dirs of requested 3 for tablet 37c0680dbe5b442b941d4219cc06593f. 1 dirs total, 0 dirs full, 0 dirs failed
I20260601 13:34:08.063990 19818 tablet_service.cc:1511] Processing CreateTablet for tablet 2ed6efe381104d25a8bead6c52f68581 (DEFAULT_TABLE table=test-workload [id=17cb93c9aa1942d39c62dad0c29ab74e]), partition=RANGE (key) PARTITION 1789569700 <= VALUES < 1968526670
I20260601 13:34:08.064222 19818 data_dirs.cc:400] Could only allocate 1 dirs of requested 3 for tablet 2ed6efe381104d25a8bead6c52f68581. 1 dirs total, 0 dirs full, 0 dirs failed
I20260601 13:34:08.064584 19819 data_dirs.cc:400] Could only allocate 1 dirs of requested 3 for tablet 76fe8a1c659d40e8a8bc2fa95d7fecb2. 1 dirs total, 0 dirs full, 0 dirs failed
I20260601 13:34:08.065101 19666 tablet_service.cc:1511] Processing CreateTablet for tablet c9925c3ce0d14e86be778ee39cbda4e8 (DEFAULT_TABLE table=test-workload [id=17cb93c9aa1942d39c62dad0c29ab74e]), partition=RANGE (key) PARTITION 1431655760 <= VALUES < 1610612730
I20260601 13:34:08.065335 19666 data_dirs.cc:400] Could only allocate 1 dirs of requested 3 for tablet c9925c3ce0d14e86be778ee39cbda4e8. 1 dirs total, 0 dirs full, 0 dirs failed
I20260601 13:34:08.066313 19817 tablet_service.cc:1511] Processing CreateTablet for tablet c9925c3ce0d14e86be778ee39cbda4e8 (DEFAULT_TABLE table=test-workload [id=17cb93c9aa1942d39c62dad0c29ab74e]), partition=RANGE (key) PARTITION 1431655760 <= VALUES < 1610612730
I20260601 13:34:08.066570 19817 data_dirs.cc:400] Could only allocate 1 dirs of requested 3 for tablet c9925c3ce0d14e86be778ee39cbda4e8. 1 dirs total, 0 dirs full, 0 dirs failed
I20260601 13:34:08.068535 19878 tablet_bootstrap.cc:492] T 6e8b13e903634d5597dbffd562d4847a P 55cc84fc267342cc9125e7499afb1f66: No bootstrap required, opened a new log
I20260601 13:34:08.068645 19878 ts_tablet_manager.cc:1403] T 6e8b13e903634d5597dbffd562d4847a P 55cc84fc267342cc9125e7499afb1f66: Time spent bootstrapping tablet: real 0.016s	user 0.000s	sys 0.002s
I20260601 13:34:08.068727 19816 tablet_service.cc:1511] Processing CreateTablet for tablet 1ef0e236c1ff4fa3b791d57fb82cbe4d (DEFAULT_TABLE table=test-workload [id=17cb93c9aa1942d39c62dad0c29ab74e]), partition=RANGE (key) PARTITION 1252698790 <= VALUES < 1431655760
I20260601 13:34:08.068964 19816 data_dirs.cc:400] Could only allocate 1 dirs of requested 3 for tablet 1ef0e236c1ff4fa3b791d57fb82cbe4d. 1 dirs total, 0 dirs full, 0 dirs failed
I20260601 13:34:08.069164 19878 raft_consensus.cc:359] T 6e8b13e903634d5597dbffd562d4847a P 55cc84fc267342cc9125e7499afb1f66 [term 0 FOLLOWER]: Replica starting. Triggering 0 pending ops. Active config: opid_index: -1 OBSOLETE_local: false peers { permanent_uuid: "1088680419bf4ddca9856646c4d229a3" member_type: VOTER last_known_addr { host: "127.14.232.193" port: 34805 } } peers { permanent_uuid: "93ed710168b84da2b01d9ccb14209b2a" member_type: VOTER last_known_addr { host: "127.14.232.194" port: 41201 } } peers { permanent_uuid: "55cc84fc267342cc9125e7499afb1f66" member_type: VOTER last_known_addr { host: "127.14.232.195" port: 36989 } }
I20260601 13:34:08.069327 19878 raft_consensus.cc:385] T 6e8b13e903634d5597dbffd562d4847a P 55cc84fc267342cc9125e7499afb1f66 [term 0 FOLLOWER]: Consensus starting up: Expiring failure detector timer to make a prompt election more likely
I20260601 13:34:08.069391 19878 raft_consensus.cc:740] T 6e8b13e903634d5597dbffd562d4847a P 55cc84fc267342cc9125e7499afb1f66 [term 0 FOLLOWER]: Becoming Follower/Learner. State: Replica: 55cc84fc267342cc9125e7499afb1f66, State: Initialized, Role: FOLLOWER
I20260601 13:34:08.069576 19878 consensus_queue.cc:260] T 6e8b13e903634d5597dbffd562d4847a P 55cc84fc267342cc9125e7499afb1f66 [NON_LEADER]: Queue going to NON_LEADER mode. State: All replicated index: 0, Majority replicated index: 0, Committed index: 0, Last appended: 0.0, Last appended by leader: 0, Current term: 0, Majority size: -1, State: 0, Mode: NON_LEADER, active raft config: opid_index: -1 OBSOLETE_local: false peers { permanent_uuid: "1088680419bf4ddca9856646c4d229a3" member_type: VOTER last_known_addr { host: "127.14.232.193" port: 34805 } } peers { permanent_uuid: "93ed710168b84da2b01d9ccb14209b2a" member_type: VOTER last_known_addr { host: "127.14.232.194" port: 41201 } } peers { permanent_uuid: "55cc84fc267342cc9125e7499afb1f66" member_type: VOTER last_known_addr { host: "127.14.232.195" port: 36989 } }
I20260601 13:34:08.069936 19878 ts_tablet_manager.cc:1434] T 6e8b13e903634d5597dbffd562d4847a P 55cc84fc267342cc9125e7499afb1f66: Time spent starting tablet: real 0.001s	user 0.000s	sys 0.002s
I20260601 13:34:08.070119 19878 tablet_bootstrap.cc:492] T 6d3e29687cef4047a26ad750b479aefc P 55cc84fc267342cc9125e7499afb1f66: Bootstrap starting.
I20260601 13:34:08.071106 19814 tablet_service.cc:1511] Processing CreateTablet for tablet 8772bd103f82427d956926466b5175bc (DEFAULT_TABLE table=test-workload [id=17cb93c9aa1942d39c62dad0c29ab74e]), partition=RANGE (key) PARTITION 1610612730 <= VALUES < 1789569700
I20260601 13:34:08.071298 19878 tablet_bootstrap.cc:654] T 6d3e29687cef4047a26ad750b479aefc P 55cc84fc267342cc9125e7499afb1f66: Neither blocks nor log segments found. Creating new log.
I20260601 13:34:08.071390 19814 data_dirs.cc:400] Could only allocate 1 dirs of requested 3 for tablet 8772bd103f82427d956926466b5175bc. 1 dirs total, 0 dirs full, 0 dirs failed
I20260601 13:34:08.072640 19876 tablet_bootstrap.cc:492] T 6e8b13e903634d5597dbffd562d4847a P 93ed710168b84da2b01d9ccb14209b2a: No bootstrap required, opened a new log
I20260601 13:34:08.072760 19876 ts_tablet_manager.cc:1403] T 6e8b13e903634d5597dbffd562d4847a P 93ed710168b84da2b01d9ccb14209b2a: Time spent bootstrapping tablet: real 0.012s	user 0.001s	sys 0.001s
I20260601 13:34:08.072640 19878 tablet_bootstrap.cc:492] T 6d3e29687cef4047a26ad750b479aefc P 55cc84fc267342cc9125e7499afb1f66: No bootstrap required, opened a new log
I20260601 13:34:08.073534 19878 ts_tablet_manager.cc:1403] T 6d3e29687cef4047a26ad750b479aefc P 55cc84fc267342cc9125e7499afb1f66: Time spent bootstrapping tablet: real 0.003s	user 0.000s	sys 0.002s
I20260601 13:34:08.073392 19876 raft_consensus.cc:359] T 6e8b13e903634d5597dbffd562d4847a P 93ed710168b84da2b01d9ccb14209b2a [term 0 FOLLOWER]: Replica starting. Triggering 0 pending ops. Active config: opid_index: -1 OBSOLETE_local: false peers { permanent_uuid: "1088680419bf4ddca9856646c4d229a3" member_type: VOTER last_known_addr { host: "127.14.232.193" port: 34805 } } peers { permanent_uuid: "93ed710168b84da2b01d9ccb14209b2a" member_type: VOTER last_known_addr { host: "127.14.232.194" port: 41201 } } peers { permanent_uuid: "55cc84fc267342cc9125e7499afb1f66" member_type: VOTER last_known_addr { host: "127.14.232.195" port: 36989 } }
I20260601 13:34:08.073732 19876 raft_consensus.cc:385] T 6e8b13e903634d5597dbffd562d4847a P 93ed710168b84da2b01d9ccb14209b2a [term 0 FOLLOWER]: Consensus starting up: Expiring failure detector timer to make a prompt election more likely
I20260601 13:34:08.073786 19876 raft_consensus.cc:740] T 6e8b13e903634d5597dbffd562d4847a P 93ed710168b84da2b01d9ccb14209b2a [term 0 FOLLOWER]: Becoming Follower/Learner. State: Replica: 93ed710168b84da2b01d9ccb14209b2a, State: Initialized, Role: FOLLOWER
I20260601 13:34:08.073927 19876 consensus_queue.cc:260] T 6e8b13e903634d5597dbffd562d4847a P 93ed710168b84da2b01d9ccb14209b2a [NON_LEADER]: Queue going to NON_LEADER mode. State: All replicated index: 0, Majority replicated index: 0, Committed index: 0, Last appended: 0.0, Last appended by leader: 0, Current term: 0, Majority size: -1, State: 0, Mode: NON_LEADER, active raft config: opid_index: -1 OBSOLETE_local: false peers { permanent_uuid: "1088680419bf4ddca9856646c4d229a3" member_type: VOTER last_known_addr { host: "127.14.232.193" port: 34805 } } peers { permanent_uuid: "93ed710168b84da2b01d9ccb14209b2a" member_type: VOTER last_known_addr { host: "127.14.232.194" port: 41201 } } peers { permanent_uuid: "55cc84fc267342cc9125e7499afb1f66" member_type: VOTER last_known_addr { host: "127.14.232.195" port: 36989 } }
I20260601 13:34:08.074198 19876 ts_tablet_manager.cc:1434] T 6e8b13e903634d5597dbffd562d4847a P 93ed710168b84da2b01d9ccb14209b2a: Time spent starting tablet: real 0.001s	user 0.000s	sys 0.001s
I20260601 13:34:08.074216 19878 raft_consensus.cc:359] T 6d3e29687cef4047a26ad750b479aefc P 55cc84fc267342cc9125e7499afb1f66 [term 0 FOLLOWER]: Replica starting. Triggering 0 pending ops. Active config: opid_index: -1 OBSOLETE_local: false peers { permanent_uuid: "1088680419bf4ddca9856646c4d229a3" member_type: VOTER last_known_addr { host: "127.14.232.193" port: 34805 } } peers { permanent_uuid: "93ed710168b84da2b01d9ccb14209b2a" member_type: VOTER last_known_addr { host: "127.14.232.194" port: 41201 } } peers { permanent_uuid: "55cc84fc267342cc9125e7499afb1f66" member_type: VOTER last_known_addr { host: "127.14.232.195" port: 36989 } }
I20260601 13:34:08.074352 19878 raft_consensus.cc:385] T 6d3e29687cef4047a26ad750b479aefc P 55cc84fc267342cc9125e7499afb1f66 [term 0 FOLLOWER]: Consensus starting up: Expiring failure detector timer to make a prompt election more likely
I20260601 13:34:08.073395 19875 tablet_bootstrap.cc:492] T 6e8b13e903634d5597dbffd562d4847a P 1088680419bf4ddca9856646c4d229a3: No bootstrap required, opened a new log
I20260601 13:34:08.074397 19878 raft_consensus.cc:740] T 6d3e29687cef4047a26ad750b479aefc P 55cc84fc267342cc9125e7499afb1f66 [term 0 FOLLOWER]: Becoming Follower/Learner. State: Replica: 55cc84fc267342cc9125e7499afb1f66, State: Initialized, Role: FOLLOWER
I20260601 13:34:08.074558 19875 ts_tablet_manager.cc:1403] T 6e8b13e903634d5597dbffd562d4847a P 1088680419bf4ddca9856646c4d229a3: Time spent bootstrapping tablet: real 0.025s	user 0.002s	sys 0.000s
I20260601 13:34:08.074622 19878 consensus_queue.cc:260] T 6d3e29687cef4047a26ad750b479aefc P 55cc84fc267342cc9125e7499afb1f66 [NON_LEADER]: Queue going to NON_LEADER mode. State: All replicated index: 0, Majority replicated index: 0, Committed index: 0, Last appended: 0.0, Last appended by leader: 0, Current term: 0, Majority size: -1, State: 0, Mode: NON_LEADER, active raft config: opid_index: -1 OBSOLETE_local: false peers { permanent_uuid: "1088680419bf4ddca9856646c4d229a3" member_type: VOTER last_known_addr { host: "127.14.232.193" port: 34805 } } peers { permanent_uuid: "93ed710168b84da2b01d9ccb14209b2a" member_type: VOTER last_known_addr { host: "127.14.232.194" port: 41201 } } peers { permanent_uuid: "55cc84fc267342cc9125e7499afb1f66" member_type: VOTER last_known_addr { host: "127.14.232.195" port: 36989 } }
I20260601 13:34:08.074385 19876 tablet_bootstrap.cc:492] T 39c9dc6343104e6b861d247af58dd1e3 P 93ed710168b84da2b01d9ccb14209b2a: Bootstrap starting.
I20260601 13:34:08.074990 19875 raft_consensus.cc:359] T 6e8b13e903634d5597dbffd562d4847a P 1088680419bf4ddca9856646c4d229a3 [term 0 FOLLOWER]: Replica starting. Triggering 0 pending ops. Active config: opid_index: -1 OBSOLETE_local: false peers { permanent_uuid: "1088680419bf4ddca9856646c4d229a3" member_type: VOTER last_known_addr { host: "127.14.232.193" port: 34805 } } peers { permanent_uuid: "93ed710168b84da2b01d9ccb14209b2a" member_type: VOTER last_known_addr { host: "127.14.232.194" port: 41201 } } peers { permanent_uuid: "55cc84fc267342cc9125e7499afb1f66" member_type: VOTER last_known_addr { host: "127.14.232.195" port: 36989 } }
I20260601 13:34:08.075071 19875 raft_consensus.cc:385] T 6e8b13e903634d5597dbffd562d4847a P 1088680419bf4ddca9856646c4d229a3 [term 0 FOLLOWER]: Consensus starting up: Expiring failure detector timer to make a prompt election more likely
I20260601 13:34:08.075101 19875 raft_consensus.cc:740] T 6e8b13e903634d5597dbffd562d4847a P 1088680419bf4ddca9856646c4d229a3 [term 0 FOLLOWER]: Becoming Follower/Learner. State: Replica: 1088680419bf4ddca9856646c4d229a3, State: Initialized, Role: FOLLOWER
I20260601 13:34:08.075203 19875 consensus_queue.cc:260] T 6e8b13e903634d5597dbffd562d4847a P 1088680419bf4ddca9856646c4d229a3 [NON_LEADER]: Queue going to NON_LEADER mode. State: All replicated index: 0, Majority replicated index: 0, Committed index: 0, Last appended: 0.0, Last appended by leader: 0, Current term: 0, Majority size: -1, State: 0, Mode: NON_LEADER, active raft config: opid_index: -1 OBSOLETE_local: false peers { permanent_uuid: "1088680419bf4ddca9856646c4d229a3" member_type: VOTER last_known_addr { host: "127.14.232.193" port: 34805 } } peers { permanent_uuid: "93ed710168b84da2b01d9ccb14209b2a" member_type: VOTER last_known_addr { host: "127.14.232.194" port: 41201 } } peers { permanent_uuid: "55cc84fc267342cc9125e7499afb1f66" member_type: VOTER last_known_addr { host: "127.14.232.195" port: 36989 } }
I20260601 13:34:08.075541 19875 ts_tablet_manager.cc:1434] T 6e8b13e903634d5597dbffd562d4847a P 1088680419bf4ddca9856646c4d229a3: Time spent starting tablet: real 0.001s	user 0.001s	sys 0.000s
I20260601 13:34:08.075703 19878 ts_tablet_manager.cc:1434] T 6d3e29687cef4047a26ad750b479aefc P 55cc84fc267342cc9125e7499afb1f66: Time spent starting tablet: real 0.002s	user 0.000s	sys 0.001s
I20260601 13:34:08.075850 19876 tablet_bootstrap.cc:654] T 39c9dc6343104e6b861d247af58dd1e3 P 93ed710168b84da2b01d9ccb14209b2a: Neither blocks nor log segments found. Creating new log.
I20260601 13:34:08.075937 19878 tablet_bootstrap.cc:492] T 2abbe7daa0544438b6acc9e6d5f4807a P 55cc84fc267342cc9125e7499afb1f66: Bootstrap starting.
I20260601 13:34:08.075727 19875 tablet_bootstrap.cc:492] T 81d129d4d1d24f8ebee338f56f92c48f P 1088680419bf4ddca9856646c4d229a3: Bootstrap starting.
I20260601 13:34:08.077199 19878 tablet_bootstrap.cc:654] T 2abbe7daa0544438b6acc9e6d5f4807a P 55cc84fc267342cc9125e7499afb1f66: Neither blocks nor log segments found. Creating new log.
I20260601 13:34:08.078327 19875 tablet_bootstrap.cc:654] T 81d129d4d1d24f8ebee338f56f92c48f P 1088680419bf4ddca9856646c4d229a3: Neither blocks nor log segments found. Creating new log.
I20260601 13:34:08.078626 19878 tablet_bootstrap.cc:492] T 2abbe7daa0544438b6acc9e6d5f4807a P 55cc84fc267342cc9125e7499afb1f66: No bootstrap required, opened a new log
I20260601 13:34:08.078730 19878 ts_tablet_manager.cc:1403] T 2abbe7daa0544438b6acc9e6d5f4807a P 55cc84fc267342cc9125e7499afb1f66: Time spent bootstrapping tablet: real 0.003s	user 0.001s	sys 0.000s
I20260601 13:34:08.079154 19878 raft_consensus.cc:359] T 2abbe7daa0544438b6acc9e6d5f4807a P 55cc84fc267342cc9125e7499afb1f66 [term 0 FOLLOWER]: Replica starting. Triggering 0 pending ops. Active config: opid_index: -1 OBSOLETE_local: false peers { permanent_uuid: "1088680419bf4ddca9856646c4d229a3" member_type: VOTER last_known_addr { host: "127.14.232.193" port: 34805 } } peers { permanent_uuid: "93ed710168b84da2b01d9ccb14209b2a" member_type: VOTER last_known_addr { host: "127.14.232.194" port: 41201 } } peers { permanent_uuid: "55cc84fc267342cc9125e7499afb1f66" member_type: VOTER last_known_addr { host: "127.14.232.195" port: 36989 } }
I20260601 13:34:08.079303 19878 raft_consensus.cc:385] T 2abbe7daa0544438b6acc9e6d5f4807a P 55cc84fc267342cc9125e7499afb1f66 [term 0 FOLLOWER]: Consensus starting up: Expiring failure detector timer to make a prompt election more likely
I20260601 13:34:08.079339 19878 raft_consensus.cc:740] T 2abbe7daa0544438b6acc9e6d5f4807a P 55cc84fc267342cc9125e7499afb1f66 [term 0 FOLLOWER]: Becoming Follower/Learner. State: Replica: 55cc84fc267342cc9125e7499afb1f66, State: Initialized, Role: FOLLOWER
I20260601 13:34:08.079355 19876 tablet_bootstrap.cc:492] T 39c9dc6343104e6b861d247af58dd1e3 P 93ed710168b84da2b01d9ccb14209b2a: No bootstrap required, opened a new log
I20260601 13:34:08.079420 19876 ts_tablet_manager.cc:1403] T 39c9dc6343104e6b861d247af58dd1e3 P 93ed710168b84da2b01d9ccb14209b2a: Time spent bootstrapping tablet: real 0.005s	user 0.001s	sys 0.001s
I20260601 13:34:08.079455 19878 consensus_queue.cc:260] T 2abbe7daa0544438b6acc9e6d5f4807a P 55cc84fc267342cc9125e7499afb1f66 [NON_LEADER]: Queue going to NON_LEADER mode. State: All replicated index: 0, Majority replicated index: 0, Committed index: 0, Last appended: 0.0, Last appended by leader: 0, Current term: 0, Majority size: -1, State: 0, Mode: NON_LEADER, active raft config: opid_index: -1 OBSOLETE_local: false peers { permanent_uuid: "1088680419bf4ddca9856646c4d229a3" member_type: VOTER last_known_addr { host: "127.14.232.193" port: 34805 } } peers { permanent_uuid: "93ed710168b84da2b01d9ccb14209b2a" member_type: VOTER last_known_addr { host: "127.14.232.194" port: 41201 } } peers { permanent_uuid: "55cc84fc267342cc9125e7499afb1f66" member_type: VOTER last_known_addr { host: "127.14.232.195" port: 36989 } }
I20260601 13:34:08.079547 19875 tablet_bootstrap.cc:492] T 81d129d4d1d24f8ebee338f56f92c48f P 1088680419bf4ddca9856646c4d229a3: No bootstrap required, opened a new log
I20260601 13:34:08.079614 19875 ts_tablet_manager.cc:1403] T 81d129d4d1d24f8ebee338f56f92c48f P 1088680419bf4ddca9856646c4d229a3: Time spent bootstrapping tablet: real 0.004s	user 0.002s	sys 0.000s
I20260601 13:34:08.079738 19878 ts_tablet_manager.cc:1434] T 2abbe7daa0544438b6acc9e6d5f4807a P 55cc84fc267342cc9125e7499afb1f66: Time spent starting tablet: real 0.001s	user 0.001s	sys 0.000s
I20260601 13:34:08.079843 19876 raft_consensus.cc:359] T 39c9dc6343104e6b861d247af58dd1e3 P 93ed710168b84da2b01d9ccb14209b2a [term 0 FOLLOWER]: Replica starting. Triggering 0 pending ops. Active config: opid_index: -1 OBSOLETE_local: false peers { permanent_uuid: "1088680419bf4ddca9856646c4d229a3" member_type: VOTER last_known_addr { host: "127.14.232.193" port: 34805 } } peers { permanent_uuid: "93ed710168b84da2b01d9ccb14209b2a" member_type: VOTER last_known_addr { host: "127.14.232.194" port: 41201 } } peers { permanent_uuid: "55cc84fc267342cc9125e7499afb1f66" member_type: VOTER last_known_addr { host: "127.14.232.195" port: 36989 } }
I20260601 13:34:08.079998 19876 raft_consensus.cc:385] T 39c9dc6343104e6b861d247af58dd1e3 P 93ed710168b84da2b01d9ccb14209b2a [term 0 FOLLOWER]: Consensus starting up: Expiring failure detector timer to make a prompt election more likely
I20260601 13:34:08.080060 19876 raft_consensus.cc:740] T 39c9dc6343104e6b861d247af58dd1e3 P 93ed710168b84da2b01d9ccb14209b2a [term 0 FOLLOWER]: Becoming Follower/Learner. State: Replica: 93ed710168b84da2b01d9ccb14209b2a, State: Initialized, Role: FOLLOWER
I20260601 13:34:08.080018 19875 raft_consensus.cc:359] T 81d129d4d1d24f8ebee338f56f92c48f P 1088680419bf4ddca9856646c4d229a3 [term 0 FOLLOWER]: Replica starting. Triggering 0 pending ops. Active config: opid_index: -1 OBSOLETE_local: false peers { permanent_uuid: "1088680419bf4ddca9856646c4d229a3" member_type: VOTER last_known_addr { host: "127.14.232.193" port: 34805 } } peers { permanent_uuid: "55cc84fc267342cc9125e7499afb1f66" member_type: VOTER last_known_addr { host: "127.14.232.195" port: 36989 } } peers { permanent_uuid: "93ed710168b84da2b01d9ccb14209b2a" member_type: VOTER last_known_addr { host: "127.14.232.194" port: 41201 } }
I20260601 13:34:08.080214 19876 consensus_queue.cc:260] T 39c9dc6343104e6b861d247af58dd1e3 P 93ed710168b84da2b01d9ccb14209b2a [NON_LEADER]: Queue going to NON_LEADER mode. State: All replicated index: 0, Majority replicated index: 0, Committed index: 0, Last appended: 0.0, Last appended by leader: 0, Current term: 0, Majority size: -1, State: 0, Mode: NON_LEADER, active raft config: opid_index: -1 OBSOLETE_local: false peers { permanent_uuid: "1088680419bf4ddca9856646c4d229a3" member_type: VOTER last_known_addr { host: "127.14.232.193" port: 34805 } } peers { permanent_uuid: "93ed710168b84da2b01d9ccb14209b2a" member_type: VOTER last_known_addr { host: "127.14.232.194" port: 41201 } } peers { permanent_uuid: "55cc84fc267342cc9125e7499afb1f66" member_type: VOTER last_known_addr { host: "127.14.232.195" port: 36989 } }
I20260601 13:34:08.080266 19875 raft_consensus.cc:385] T 81d129d4d1d24f8ebee338f56f92c48f P 1088680419bf4ddca9856646c4d229a3 [term 0 FOLLOWER]: Consensus starting up: Expiring failure detector timer to make a prompt election more likely
I20260601 13:34:08.080379 19875 raft_consensus.cc:740] T 81d129d4d1d24f8ebee338f56f92c48f P 1088680419bf4ddca9856646c4d229a3 [term 0 FOLLOWER]: Becoming Follower/Learner. State: Replica: 1088680419bf4ddca9856646c4d229a3, State: Initialized, Role: FOLLOWER
I20260601 13:34:08.080000 19878 tablet_bootstrap.cc:492] T 39c9dc6343104e6b861d247af58dd1e3 P 55cc84fc267342cc9125e7499afb1f66: Bootstrap starting.
I20260601 13:34:08.080618 19876 ts_tablet_manager.cc:1434] T 39c9dc6343104e6b861d247af58dd1e3 P 93ed710168b84da2b01d9ccb14209b2a: Time spent starting tablet: real 0.001s	user 0.000s	sys 0.000s
I20260601 13:34:08.080667 19875 consensus_queue.cc:260] T 81d129d4d1d24f8ebee338f56f92c48f P 1088680419bf4ddca9856646c4d229a3 [NON_LEADER]: Queue going to NON_LEADER mode. State: All replicated index: 0, Majority replicated index: 0, Committed index: 0, Last appended: 0.0, Last appended by leader: 0, Current term: 0, Majority size: -1, State: 0, Mode: NON_LEADER, active raft config: opid_index: -1 OBSOLETE_local: false peers { permanent_uuid: "1088680419bf4ddca9856646c4d229a3" member_type: VOTER last_known_addr { host: "127.14.232.193" port: 34805 } } peers { permanent_uuid: "55cc84fc267342cc9125e7499afb1f66" member_type: VOTER last_known_addr { host: "127.14.232.195" port: 36989 } } peers { permanent_uuid: "93ed710168b84da2b01d9ccb14209b2a" member_type: VOTER last_known_addr { host: "127.14.232.194" port: 41201 } }
I20260601 13:34:08.080849 19876 tablet_bootstrap.cc:492] T 2abbe7daa0544438b6acc9e6d5f4807a P 93ed710168b84da2b01d9ccb14209b2a: Bootstrap starting.
I20260601 13:34:08.081805 19878 tablet_bootstrap.cc:654] T 39c9dc6343104e6b861d247af58dd1e3 P 55cc84fc267342cc9125e7499afb1f66: Neither blocks nor log segments found. Creating new log.
I20260601 13:34:08.081990 19876 tablet_bootstrap.cc:654] T 2abbe7daa0544438b6acc9e6d5f4807a P 93ed710168b84da2b01d9ccb14209b2a: Neither blocks nor log segments found. Creating new log.
I20260601 13:34:08.082573 19875 ts_tablet_manager.cc:1434] T 81d129d4d1d24f8ebee338f56f92c48f P 1088680419bf4ddca9856646c4d229a3: Time spent starting tablet: real 0.003s	user 0.001s	sys 0.000s
I20260601 13:34:08.082821 19875 tablet_bootstrap.cc:492] T 39c9dc6343104e6b861d247af58dd1e3 P 1088680419bf4ddca9856646c4d229a3: Bootstrap starting.
I20260601 13:34:08.083673 19878 tablet_bootstrap.cc:492] T 39c9dc6343104e6b861d247af58dd1e3 P 55cc84fc267342cc9125e7499afb1f66: No bootstrap required, opened a new log
I20260601 13:34:08.083767 19878 ts_tablet_manager.cc:1403] T 39c9dc6343104e6b861d247af58dd1e3 P 55cc84fc267342cc9125e7499afb1f66: Time spent bootstrapping tablet: real 0.004s	user 0.002s	sys 0.000s
I20260601 13:34:08.084235 19878 raft_consensus.cc:359] T 39c9dc6343104e6b861d247af58dd1e3 P 55cc84fc267342cc9125e7499afb1f66 [term 0 FOLLOWER]: Replica starting. Triggering 0 pending ops. Active config: opid_index: -1 OBSOLETE_local: false peers { permanent_uuid: "1088680419bf4ddca9856646c4d229a3" member_type: VOTER last_known_addr { host: "127.14.232.193" port: 34805 } } peers { permanent_uuid: "93ed710168b84da2b01d9ccb14209b2a" member_type: VOTER last_known_addr { host: "127.14.232.194" port: 41201 } } peers { permanent_uuid: "55cc84fc267342cc9125e7499afb1f66" member_type: VOTER last_known_addr { host: "127.14.232.195" port: 36989 } }
I20260601 13:34:08.084336 19878 raft_consensus.cc:385] T 39c9dc6343104e6b861d247af58dd1e3 P 55cc84fc267342cc9125e7499afb1f66 [term 0 FOLLOWER]: Consensus starting up: Expiring failure detector timer to make a prompt election more likely
I20260601 13:34:08.084370 19878 raft_consensus.cc:740] T 39c9dc6343104e6b861d247af58dd1e3 P 55cc84fc267342cc9125e7499afb1f66 [term 0 FOLLOWER]: Becoming Follower/Learner. State: Replica: 55cc84fc267342cc9125e7499afb1f66, State: Initialized, Role: FOLLOWER
I20260601 13:34:08.084475 19878 consensus_queue.cc:260] T 39c9dc6343104e6b861d247af58dd1e3 P 55cc84fc267342cc9125e7499afb1f66 [NON_LEADER]: Queue going to NON_LEADER mode. State: All replicated index: 0, Majority replicated index: 0, Committed index: 0, Last appended: 0.0, Last appended by leader: 0, Current term: 0, Majority size: -1, State: 0, Mode: NON_LEADER, active raft config: opid_index: -1 OBSOLETE_local: false peers { permanent_uuid: "1088680419bf4ddca9856646c4d229a3" member_type: VOTER last_known_addr { host: "127.14.232.193" port: 34805 } } peers { permanent_uuid: "93ed710168b84da2b01d9ccb14209b2a" member_type: VOTER last_known_addr { host: "127.14.232.194" port: 41201 } } peers { permanent_uuid: "55cc84fc267342cc9125e7499afb1f66" member_type: VOTER last_known_addr { host: "127.14.232.195" port: 36989 } }
I20260601 13:34:08.084683 19875 tablet_bootstrap.cc:654] T 39c9dc6343104e6b861d247af58dd1e3 P 1088680419bf4ddca9856646c4d229a3: Neither blocks nor log segments found. Creating new log.
I20260601 13:34:08.084745 19878 ts_tablet_manager.cc:1434] T 39c9dc6343104e6b861d247af58dd1e3 P 55cc84fc267342cc9125e7499afb1f66: Time spent starting tablet: real 0.001s	user 0.001s	sys 0.000s
I20260601 13:34:08.084798 19880 raft_consensus.cc:493] T 6d3e29687cef4047a26ad750b479aefc P 55cc84fc267342cc9125e7499afb1f66 [term 0 FOLLOWER]: Starting pre-election (no leader contacted us within the election timeout)
I20260601 13:34:08.084882 19880 raft_consensus.cc:515] T 6d3e29687cef4047a26ad750b479aefc P 55cc84fc267342cc9125e7499afb1f66 [term 0 FOLLOWER]: Starting pre-election with config: opid_index: -1 OBSOLETE_local: false peers { permanent_uuid: "1088680419bf4ddca9856646c4d229a3" member_type: VOTER last_known_addr { host: "127.14.232.193" port: 34805 } } peers { permanent_uuid: "93ed710168b84da2b01d9ccb14209b2a" member_type: VOTER last_known_addr { host: "127.14.232.194" port: 41201 } } peers { permanent_uuid: "55cc84fc267342cc9125e7499afb1f66" member_type: VOTER last_known_addr { host: "127.14.232.195" port: 36989 } }
I20260601 13:34:08.084940 19878 tablet_bootstrap.cc:492] T 37c0680dbe5b442b941d4219cc06593f P 55cc84fc267342cc9125e7499afb1f66: Bootstrap starting.
I20260601 13:34:08.085331 19880 leader_election.cc:290] T 6d3e29687cef4047a26ad750b479aefc P 55cc84fc267342cc9125e7499afb1f66 [CANDIDATE]: Term 1 pre-election: Requested pre-vote from peers 1088680419bf4ddca9856646c4d229a3 (127.14.232.193:34805), 93ed710168b84da2b01d9ccb14209b2a (127.14.232.194:41201)
I20260601 13:34:08.085899 19878 tablet_bootstrap.cc:654] T 37c0680dbe5b442b941d4219cc06593f P 55cc84fc267342cc9125e7499afb1f66: Neither blocks nor log segments found. Creating new log.
I20260601 13:34:08.086767 19875 tablet_bootstrap.cc:492] T 39c9dc6343104e6b861d247af58dd1e3 P 1088680419bf4ddca9856646c4d229a3: No bootstrap required, opened a new log
I20260601 13:34:08.086858 19875 ts_tablet_manager.cc:1403] T 39c9dc6343104e6b861d247af58dd1e3 P 1088680419bf4ddca9856646c4d229a3: Time spent bootstrapping tablet: real 0.004s	user 0.002s	sys 0.000s
I20260601 13:34:08.087357 19875 raft_consensus.cc:359] T 39c9dc6343104e6b861d247af58dd1e3 P 1088680419bf4ddca9856646c4d229a3 [term 0 FOLLOWER]: Replica starting. Triggering 0 pending ops. Active config: opid_index: -1 OBSOLETE_local: false peers { permanent_uuid: "1088680419bf4ddca9856646c4d229a3" member_type: VOTER last_known_addr { host: "127.14.232.193" port: 34805 } } peers { permanent_uuid: "93ed710168b84da2b01d9ccb14209b2a" member_type: VOTER last_known_addr { host: "127.14.232.194" port: 41201 } } peers { permanent_uuid: "55cc84fc267342cc9125e7499afb1f66" member_type: VOTER last_known_addr { host: "127.14.232.195" port: 36989 } }
I20260601 13:34:08.087471 19875 raft_consensus.cc:385] T 39c9dc6343104e6b861d247af58dd1e3 P 1088680419bf4ddca9856646c4d229a3 [term 0 FOLLOWER]: Consensus starting up: Expiring failure detector timer to make a prompt election more likely
I20260601 13:34:08.087500 19875 raft_consensus.cc:740] T 39c9dc6343104e6b861d247af58dd1e3 P 1088680419bf4ddca9856646c4d229a3 [term 0 FOLLOWER]: Becoming Follower/Learner. State: Replica: 1088680419bf4ddca9856646c4d229a3, State: Initialized, Role: FOLLOWER
I20260601 13:34:08.087620 19875 consensus_queue.cc:260] T 39c9dc6343104e6b861d247af58dd1e3 P 1088680419bf4ddca9856646c4d229a3 [NON_LEADER]: Queue going to NON_LEADER mode. State: All replicated index: 0, Majority replicated index: 0, Committed index: 0, Last appended: 0.0, Last appended by leader: 0, Current term: 0, Majority size: -1, State: 0, Mode: NON_LEADER, active raft config: opid_index: -1 OBSOLETE_local: false peers { permanent_uuid: "1088680419bf4ddca9856646c4d229a3" member_type: VOTER last_known_addr { host: "127.14.232.193" port: 34805 } } peers { permanent_uuid: "93ed710168b84da2b01d9ccb14209b2a" member_type: VOTER last_known_addr { host: "127.14.232.194" port: 41201 } } peers { permanent_uuid: "55cc84fc267342cc9125e7499afb1f66" member_type: VOTER last_known_addr { host: "127.14.232.195" port: 36989 } }
I20260601 13:34:08.088076 19875 ts_tablet_manager.cc:1434] T 39c9dc6343104e6b861d247af58dd1e3 P 1088680419bf4ddca9856646c4d229a3: Time spent starting tablet: real 0.001s	user 0.000s	sys 0.000s
I20260601 13:34:08.088300 19875 tablet_bootstrap.cc:492] T 6d3e29687cef4047a26ad750b479aefc P 1088680419bf4ddca9856646c4d229a3: Bootstrap starting.
I20260601 13:34:08.089255 19878 tablet_bootstrap.cc:492] T 37c0680dbe5b442b941d4219cc06593f P 55cc84fc267342cc9125e7499afb1f66: No bootstrap required, opened a new log
I20260601 13:34:08.089352 19878 ts_tablet_manager.cc:1403] T 37c0680dbe5b442b941d4219cc06593f P 55cc84fc267342cc9125e7499afb1f66: Time spent bootstrapping tablet: real 0.004s	user 0.000s	sys 0.002s
I20260601 13:34:08.089952 19878 raft_consensus.cc:359] T 37c0680dbe5b442b941d4219cc06593f P 55cc84fc267342cc9125e7499afb1f66 [term 0 FOLLOWER]: Replica starting. Triggering 0 pending ops. Active config: opid_index: -1 OBSOLETE_local: false peers { permanent_uuid: "1088680419bf4ddca9856646c4d229a3" member_type: VOTER last_known_addr { host: "127.14.232.193" port: 34805 } } peers { permanent_uuid: "93ed710168b84da2b01d9ccb14209b2a" member_type: VOTER last_known_addr { host: "127.14.232.194" port: 41201 } } peers { permanent_uuid: "55cc84fc267342cc9125e7499afb1f66" member_type: VOTER last_known_addr { host: "127.14.232.195" port: 36989 } }
I20260601 13:34:08.090058 19878 raft_consensus.cc:385] T 37c0680dbe5b442b941d4219cc06593f P 55cc84fc267342cc9125e7499afb1f66 [term 0 FOLLOWER]: Consensus starting up: Expiring failure detector timer to make a prompt election more likely
I20260601 13:34:08.090085 19878 raft_consensus.cc:740] T 37c0680dbe5b442b941d4219cc06593f P 55cc84fc267342cc9125e7499afb1f66 [term 0 FOLLOWER]: Becoming Follower/Learner. State: Replica: 55cc84fc267342cc9125e7499afb1f66, State: Initialized, Role: FOLLOWER
I20260601 13:34:08.090193 19878 consensus_queue.cc:260] T 37c0680dbe5b442b941d4219cc06593f P 55cc84fc267342cc9125e7499afb1f66 [NON_LEADER]: Queue going to NON_LEADER mode. State: All replicated index: 0, Majority replicated index: 0, Committed index: 0, Last appended: 0.0, Last appended by leader: 0, Current term: 0, Majority size: -1, State: 0, Mode: NON_LEADER, active raft config: opid_index: -1 OBSOLETE_local: false peers { permanent_uuid: "1088680419bf4ddca9856646c4d229a3" member_type: VOTER last_known_addr { host: "127.14.232.193" port: 34805 } } peers { permanent_uuid: "93ed710168b84da2b01d9ccb14209b2a" member_type: VOTER last_known_addr { host: "127.14.232.194" port: 41201 } } peers { permanent_uuid: "55cc84fc267342cc9125e7499afb1f66" member_type: VOTER last_known_addr { host: "127.14.232.195" port: 36989 } }
I20260601 13:34:08.090453 19878 ts_tablet_manager.cc:1434] T 37c0680dbe5b442b941d4219cc06593f P 55cc84fc267342cc9125e7499afb1f66: Time spent starting tablet: real 0.001s	user 0.000s	sys 0.001s
I20260601 13:34:08.090709 19878 tablet_bootstrap.cc:492] T 2ed6efe381104d25a8bead6c52f68581 P 55cc84fc267342cc9125e7499afb1f66: Bootstrap starting.
I20260601 13:34:08.091739 19878 tablet_bootstrap.cc:654] T 2ed6efe381104d25a8bead6c52f68581 P 55cc84fc267342cc9125e7499afb1f66: Neither blocks nor log segments found. Creating new log.
I20260601 13:34:08.092665 19678 tablet_service.cc:1917] Received RequestConsensusVote() RPC: tablet_id: "6d3e29687cef4047a26ad750b479aefc" candidate_uuid: "55cc84fc267342cc9125e7499afb1f66" candidate_term: 1 candidate_status { last_received { term: 0 index: 0 } } ignore_live_leader: false dest_uuid: "1088680419bf4ddca9856646c4d229a3" is_pre_election: true
I20260601 13:34:08.089269 19875 tablet_bootstrap.cc:654] T 6d3e29687cef4047a26ad750b479aefc P 1088680419bf4ddca9856646c4d229a3: Neither blocks nor log segments found. Creating new log.
I20260601 13:34:08.092908 19878 tablet_bootstrap.cc:492] T 2ed6efe381104d25a8bead6c52f68581 P 55cc84fc267342cc9125e7499afb1f66: No bootstrap required, opened a new log
I20260601 13:34:08.093008 19878 ts_tablet_manager.cc:1403] T 2ed6efe381104d25a8bead6c52f68581 P 55cc84fc267342cc9125e7499afb1f66: Time spent bootstrapping tablet: real 0.002s	user 0.000s	sys 0.002s
I20260601 13:34:08.092665 19754 tablet_service.cc:1917] Received RequestConsensusVote() RPC: tablet_id: "6d3e29687cef4047a26ad750b479aefc" candidate_uuid: "55cc84fc267342cc9125e7499afb1f66" candidate_term: 1 candidate_status { last_received { term: 0 index: 0 } } ignore_live_leader: false dest_uuid: "93ed710168b84da2b01d9ccb14209b2a" is_pre_election: true
I20260601 13:34:08.093232 19754 raft_consensus.cc:2468] T 6d3e29687cef4047a26ad750b479aefc P 93ed710168b84da2b01d9ccb14209b2a [term 0 FOLLOWER]: Leader pre-election vote request: Granting yes vote for candidate 55cc84fc267342cc9125e7499afb1f66 in term 0.
I20260601 13:34:08.093580 19878 raft_consensus.cc:359] T 2ed6efe381104d25a8bead6c52f68581 P 55cc84fc267342cc9125e7499afb1f66 [term 0 FOLLOWER]: Replica starting. Triggering 0 pending ops. Active config: opid_index: -1 OBSOLETE_local: false peers { permanent_uuid: "1088680419bf4ddca9856646c4d229a3" member_type: VOTER last_known_addr { host: "127.14.232.193" port: 34805 } } peers { permanent_uuid: "93ed710168b84da2b01d9ccb14209b2a" member_type: VOTER last_known_addr { host: "127.14.232.194" port: 41201 } } peers { permanent_uuid: "55cc84fc267342cc9125e7499afb1f66" member_type: VOTER last_known_addr { host: "127.14.232.195" port: 36989 } }
I20260601 13:34:08.093712 19878 raft_consensus.cc:385] T 2ed6efe381104d25a8bead6c52f68581 P 55cc84fc267342cc9125e7499afb1f66 [term 0 FOLLOWER]: Consensus starting up: Expiring failure detector timer to make a prompt election more likely
I20260601 13:34:08.093729 19793 leader_election.cc:304] T 6d3e29687cef4047a26ad750b479aefc P 55cc84fc267342cc9125e7499afb1f66 [CANDIDATE]: Term 1 pre-election: Election decided. Result: candidate won. Election summary: received 2 responses out of 3 voters: 2 yes votes; 0 no votes. yes voters: 55cc84fc267342cc9125e7499afb1f66, 93ed710168b84da2b01d9ccb14209b2a; no voters: 
I20260601 13:34:08.093751 19878 raft_consensus.cc:740] T 2ed6efe381104d25a8bead6c52f68581 P 55cc84fc267342cc9125e7499afb1f66 [term 0 FOLLOWER]: Becoming Follower/Learner. State: Replica: 55cc84fc267342cc9125e7499afb1f66, State: Initialized, Role: FOLLOWER
W20260601 13:34:08.093989 19793 leader_election.cc:343] T 6d3e29687cef4047a26ad750b479aefc P 55cc84fc267342cc9125e7499afb1f66 [CANDIDATE]: Term 1 pre-election: Tablet error from VoteRequest() call to peer 1088680419bf4ddca9856646c4d229a3 (127.14.232.193:34805): Illegal state: must be running to vote when last-logged opid is not known
I20260601 13:34:08.094035 19876 tablet_bootstrap.cc:492] T 2abbe7daa0544438b6acc9e6d5f4807a P 93ed710168b84da2b01d9ccb14209b2a: No bootstrap required, opened a new log
I20260601 13:34:08.094007 19878 consensus_queue.cc:260] T 2ed6efe381104d25a8bead6c52f68581 P 55cc84fc267342cc9125e7499afb1f66 [NON_LEADER]: Queue going to NON_LEADER mode. State: All replicated index: 0, Majority replicated index: 0, Committed index: 0, Last appended: 0.0, Last appended by leader: 0, Current term: 0, Majority size: -1, State: 0, Mode: NON_LEADER, active raft config: opid_index: -1 OBSOLETE_local: false peers { permanent_uuid: "1088680419bf4ddca9856646c4d229a3" member_type: VOTER last_known_addr { host: "127.14.232.193" port: 34805 } } peers { permanent_uuid: "93ed710168b84da2b01d9ccb14209b2a" member_type: VOTER last_known_addr { host: "127.14.232.194" port: 41201 } } peers { permanent_uuid: "55cc84fc267342cc9125e7499afb1f66" member_type: VOTER last_known_addr { host: "127.14.232.195" port: 36989 } }
I20260601 13:34:08.094151 19876 ts_tablet_manager.cc:1403] T 2abbe7daa0544438b6acc9e6d5f4807a P 93ed710168b84da2b01d9ccb14209b2a: Time spent bootstrapping tablet: real 0.013s	user 0.002s	sys 0.000s
I20260601 13:34:08.094205 19880 raft_consensus.cc:2804] T 6d3e29687cef4047a26ad750b479aefc P 55cc84fc267342cc9125e7499afb1f66 [term 0 FOLLOWER]: Leader pre-election won for term 1
I20260601 13:34:08.094273 19880 raft_consensus.cc:493] T 6d3e29687cef4047a26ad750b479aefc P 55cc84fc267342cc9125e7499afb1f66 [term 0 FOLLOWER]: Starting leader election (no leader contacted us within the election timeout)
I20260601 13:34:08.094313 19880 raft_consensus.cc:3060] T 6d3e29687cef4047a26ad750b479aefc P 55cc84fc267342cc9125e7499afb1f66 [term 0 FOLLOWER]: Advancing to term 1
I20260601 13:34:08.094430 19878 ts_tablet_manager.cc:1434] T 2ed6efe381104d25a8bead6c52f68581 P 55cc84fc267342cc9125e7499afb1f66: Time spent starting tablet: real 0.001s	user 0.002s	sys 0.000s
I20260601 13:34:08.094610 19878 tablet_bootstrap.cc:492] T 76fe8a1c659d40e8a8bc2fa95d7fecb2 P 55cc84fc267342cc9125e7499afb1f66: Bootstrap starting.
I20260601 13:34:08.094564 19876 raft_consensus.cc:359] T 2abbe7daa0544438b6acc9e6d5f4807a P 93ed710168b84da2b01d9ccb14209b2a [term 0 FOLLOWER]: Replica starting. Triggering 0 pending ops. Active config: opid_index: -1 OBSOLETE_local: false peers { permanent_uuid: "1088680419bf4ddca9856646c4d229a3" member_type: VOTER last_known_addr { host: "127.14.232.193" port: 34805 } } peers { permanent_uuid: "93ed710168b84da2b01d9ccb14209b2a" member_type: VOTER last_known_addr { host: "127.14.232.194" port: 41201 } } peers { permanent_uuid: "55cc84fc267342cc9125e7499afb1f66" member_type: VOTER last_known_addr { host: "127.14.232.195" port: 36989 } }
I20260601 13:34:08.094650 19876 raft_consensus.cc:385] T 2abbe7daa0544438b6acc9e6d5f4807a P 93ed710168b84da2b01d9ccb14209b2a [term 0 FOLLOWER]: Consensus starting up: Expiring failure detector timer to make a prompt election more likely
I20260601 13:34:08.094678 19876 raft_consensus.cc:740] T 2abbe7daa0544438b6acc9e6d5f4807a P 93ed710168b84da2b01d9ccb14209b2a [term 0 FOLLOWER]: Becoming Follower/Learner. State: Replica: 93ed710168b84da2b01d9ccb14209b2a, State: Initialized, Role: FOLLOWER
I20260601 13:34:08.094784 19876 consensus_queue.cc:260] T 2abbe7daa0544438b6acc9e6d5f4807a P 93ed710168b84da2b01d9ccb14209b2a [NON_LEADER]: Queue going to NON_LEADER mode. State: All replicated index: 0, Majority replicated index: 0, Committed index: 0, Last appended: 0.0, Last appended by leader: 0, Current term: 0, Majority size: -1, State: 0, Mode: NON_LEADER, active raft config: opid_index: -1 OBSOLETE_local: false peers { permanent_uuid: "1088680419bf4ddca9856646c4d229a3" member_type: VOTER last_known_addr { host: "127.14.232.193" port: 34805 } } peers { permanent_uuid: "93ed710168b84da2b01d9ccb14209b2a" member_type: VOTER last_known_addr { host: "127.14.232.194" port: 41201 } } peers { permanent_uuid: "55cc84fc267342cc9125e7499afb1f66" member_type: VOTER last_known_addr { host: "127.14.232.195" port: 36989 } }
I20260601 13:34:08.095070 19876 ts_tablet_manager.cc:1434] T 2abbe7daa0544438b6acc9e6d5f4807a P 93ed710168b84da2b01d9ccb14209b2a: Time spent starting tablet: real 0.001s	user 0.001s	sys 0.000s
I20260601 13:34:08.095281 19876 tablet_bootstrap.cc:492] T 1ef0e236c1ff4fa3b791d57fb82cbe4d P 93ed710168b84da2b01d9ccb14209b2a: Bootstrap starting.
I20260601 13:34:08.095327 19880 raft_consensus.cc:515] T 6d3e29687cef4047a26ad750b479aefc P 55cc84fc267342cc9125e7499afb1f66 [term 1 FOLLOWER]: Starting leader election with config: opid_index: -1 OBSOLETE_local: false peers { permanent_uuid: "1088680419bf4ddca9856646c4d229a3" member_type: VOTER last_known_addr { host: "127.14.232.193" port: 34805 } } peers { permanent_uuid: "93ed710168b84da2b01d9ccb14209b2a" member_type: VOTER last_known_addr { host: "127.14.232.194" port: 41201 } } peers { permanent_uuid: "55cc84fc267342cc9125e7499afb1f66" member_type: VOTER last_known_addr { host: "127.14.232.195" port: 36989 } }
I20260601 13:34:08.095597 19878 tablet_bootstrap.cc:654] T 76fe8a1c659d40e8a8bc2fa95d7fecb2 P 55cc84fc267342cc9125e7499afb1f66: Neither blocks nor log segments found. Creating new log.
I20260601 13:34:08.095654 19880 leader_election.cc:290] T 6d3e29687cef4047a26ad750b479aefc P 55cc84fc267342cc9125e7499afb1f66 [CANDIDATE]: Term 1 election: Requested vote from peers 1088680419bf4ddca9856646c4d229a3 (127.14.232.193:34805), 93ed710168b84da2b01d9ccb14209b2a (127.14.232.194:41201)
I20260601 13:34:08.096226 19876 tablet_bootstrap.cc:654] T 1ef0e236c1ff4fa3b791d57fb82cbe4d P 93ed710168b84da2b01d9ccb14209b2a: Neither blocks nor log segments found. Creating new log.
I20260601 13:34:08.096616 19678 tablet_service.cc:1917] Received RequestConsensusVote() RPC: tablet_id: "6d3e29687cef4047a26ad750b479aefc" candidate_uuid: "55cc84fc267342cc9125e7499afb1f66" candidate_term: 1 candidate_status { last_received { term: 0 index: 0 } } ignore_live_leader: false dest_uuid: "1088680419bf4ddca9856646c4d229a3"
I20260601 13:34:08.096683 19878 tablet_bootstrap.cc:492] T 76fe8a1c659d40e8a8bc2fa95d7fecb2 P 55cc84fc267342cc9125e7499afb1f66: No bootstrap required, opened a new log
I20260601 13:34:08.096748 19878 ts_tablet_manager.cc:1403] T 76fe8a1c659d40e8a8bc2fa95d7fecb2 P 55cc84fc267342cc9125e7499afb1f66: Time spent bootstrapping tablet: real 0.002s	user 0.001s	sys 0.001s
I20260601 13:34:08.096817 19754 tablet_service.cc:1917] Received RequestConsensusVote() RPC: tablet_id: "6d3e29687cef4047a26ad750b479aefc" candidate_uuid: "55cc84fc267342cc9125e7499afb1f66" candidate_term: 1 candidate_status { last_received { term: 0 index: 0 } } ignore_live_leader: false dest_uuid: "93ed710168b84da2b01d9ccb14209b2a"
I20260601 13:34:08.096920 19754 raft_consensus.cc:3060] T 6d3e29687cef4047a26ad750b479aefc P 93ed710168b84da2b01d9ccb14209b2a [term 0 FOLLOWER]: Advancing to term 1
I20260601 13:34:08.097175 19878 raft_consensus.cc:359] T 76fe8a1c659d40e8a8bc2fa95d7fecb2 P 55cc84fc267342cc9125e7499afb1f66 [term 0 FOLLOWER]: Replica starting. Triggering 0 pending ops. Active config: opid_index: -1 OBSOLETE_local: false peers { permanent_uuid: "1088680419bf4ddca9856646c4d229a3" member_type: VOTER last_known_addr { host: "127.14.232.193" port: 34805 } } peers { permanent_uuid: "93ed710168b84da2b01d9ccb14209b2a" member_type: VOTER last_known_addr { host: "127.14.232.194" port: 41201 } } peers { permanent_uuid: "55cc84fc267342cc9125e7499afb1f66" member_type: VOTER last_known_addr { host: "127.14.232.195" port: 36989 } }
W20260601 13:34:08.097242 19793 leader_election.cc:343] T 6d3e29687cef4047a26ad750b479aefc P 55cc84fc267342cc9125e7499afb1f66 [CANDIDATE]: Term 1 election: Tablet error from VoteRequest() call to peer 1088680419bf4ddca9856646c4d229a3 (127.14.232.193:34805): Illegal state: must be running to vote when last-logged opid is not known
I20260601 13:34:08.097307 19878 raft_consensus.cc:385] T 76fe8a1c659d40e8a8bc2fa95d7fecb2 P 55cc84fc267342cc9125e7499afb1f66 [term 0 FOLLOWER]: Consensus starting up: Expiring failure detector timer to make a prompt election more likely
I20260601 13:34:08.097344 19878 raft_consensus.cc:740] T 76fe8a1c659d40e8a8bc2fa95d7fecb2 P 55cc84fc267342cc9125e7499afb1f66 [term 0 FOLLOWER]: Becoming Follower/Learner. State: Replica: 55cc84fc267342cc9125e7499afb1f66, State: Initialized, Role: FOLLOWER
I20260601 13:34:08.097535 19878 consensus_queue.cc:260] T 76fe8a1c659d40e8a8bc2fa95d7fecb2 P 55cc84fc267342cc9125e7499afb1f66 [NON_LEADER]: Queue going to NON_LEADER mode. State: All replicated index: 0, Majority replicated index: 0, Committed index: 0, Last appended: 0.0, Last appended by leader: 0, Current term: 0, Majority size: -1, State: 0, Mode: NON_LEADER, active raft config: opid_index: -1 OBSOLETE_local: false peers { permanent_uuid: "1088680419bf4ddca9856646c4d229a3" member_type: VOTER last_known_addr { host: "127.14.232.193" port: 34805 } } peers { permanent_uuid: "93ed710168b84da2b01d9ccb14209b2a" member_type: VOTER last_known_addr { host: "127.14.232.194" port: 41201 } } peers { permanent_uuid: "55cc84fc267342cc9125e7499afb1f66" member_type: VOTER last_known_addr { host: "127.14.232.195" port: 36989 } }
I20260601 13:34:08.097831 19878 ts_tablet_manager.cc:1434] T 76fe8a1c659d40e8a8bc2fa95d7fecb2 P 55cc84fc267342cc9125e7499afb1f66: Time spent starting tablet: real 0.001s	user 0.001s	sys 0.000s
I20260601 13:34:08.098026 19754 raft_consensus.cc:2468] T 6d3e29687cef4047a26ad750b479aefc P 93ed710168b84da2b01d9ccb14209b2a [term 1 FOLLOWER]: Leader election vote request: Granting yes vote for candidate 55cc84fc267342cc9125e7499afb1f66 in term 1.
I20260601 13:34:08.098052 19878 tablet_bootstrap.cc:492] T c9925c3ce0d14e86be778ee39cbda4e8 P 55cc84fc267342cc9125e7499afb1f66: Bootstrap starting.
I20260601 13:34:08.098306 19793 leader_election.cc:304] T 6d3e29687cef4047a26ad750b479aefc P 55cc84fc267342cc9125e7499afb1f66 [CANDIDATE]: Term 1 election: Election decided. Result: candidate won. Election summary: received 3 responses out of 3 voters: 2 yes votes; 1 no votes. yes voters: 55cc84fc267342cc9125e7499afb1f66, 93ed710168b84da2b01d9ccb14209b2a; no voters: 1088680419bf4ddca9856646c4d229a3
I20260601 13:34:08.098557 19880 raft_consensus.cc:2804] T 6d3e29687cef4047a26ad750b479aefc P 55cc84fc267342cc9125e7499afb1f66 [term 1 FOLLOWER]: Leader election won for term 1
I20260601 13:34:08.098637 19880 raft_consensus.cc:697] T 6d3e29687cef4047a26ad750b479aefc P 55cc84fc267342cc9125e7499afb1f66 [term 1 LEADER]: Becoming Leader. State: Replica: 55cc84fc267342cc9125e7499afb1f66, State: Running, Role: LEADER
I20260601 13:34:08.098758 19880 consensus_queue.cc:237] T 6d3e29687cef4047a26ad750b479aefc P 55cc84fc267342cc9125e7499afb1f66 [LEADER]: Queue going to LEADER mode. State: All replicated index: 0, Majority replicated index: 0, Committed index: 0, Last appended: 0.0, Last appended by leader: 0, Current term: 1, Majority size: 2, State: 0, Mode: LEADER, active raft config: opid_index: -1 OBSOLETE_local: false peers { permanent_uuid: "1088680419bf4ddca9856646c4d229a3" member_type: VOTER last_known_addr { host: "127.14.232.193" port: 34805 } } peers { permanent_uuid: "93ed710168b84da2b01d9ccb14209b2a" member_type: VOTER last_known_addr { host: "127.14.232.194" port: 41201 } } peers { permanent_uuid: "55cc84fc267342cc9125e7499afb1f66" member_type: VOTER last_known_addr { host: "127.14.232.195" port: 36989 } }
I20260601 13:34:08.099171 19878 tablet_bootstrap.cc:654] T c9925c3ce0d14e86be778ee39cbda4e8 P 55cc84fc267342cc9125e7499afb1f66: Neither blocks nor log segments found. Creating new log.
I20260601 13:34:08.100010 19875 tablet_bootstrap.cc:492] T 6d3e29687cef4047a26ad750b479aefc P 1088680419bf4ddca9856646c4d229a3: No bootstrap required, opened a new log
I20260601 13:34:08.100126 19875 ts_tablet_manager.cc:1403] T 6d3e29687cef4047a26ad750b479aefc P 1088680419bf4ddca9856646c4d229a3: Time spent bootstrapping tablet: real 0.012s	user 0.002s	sys 0.000s
I20260601 13:34:08.101019 19875 raft_consensus.cc:359] T 6d3e29687cef4047a26ad750b479aefc P 1088680419bf4ddca9856646c4d229a3 [term 0 FOLLOWER]: Replica starting. Triggering 0 pending ops. Active config: opid_index: -1 OBSOLETE_local: false peers { permanent_uuid: "1088680419bf4ddca9856646c4d229a3" member_type: VOTER last_known_addr { host: "127.14.232.193" port: 34805 } } peers { permanent_uuid: "93ed710168b84da2b01d9ccb14209b2a" member_type: VOTER last_known_addr { host: "127.14.232.194" port: 41201 } } peers { permanent_uuid: "55cc84fc267342cc9125e7499afb1f66" member_type: VOTER last_known_addr { host: "127.14.232.195" port: 36989 } }
