I20260601 13:33:53.460553 13862 raft_consensus.cc:359] T 0a0d19f18bfb4c3b96c1b3ab4f6f755c P 7f9eadf4e4024c9abd4fe7f61e7fd774 [term 0 FOLLOWER]: Replica starting. Triggering 0 pending ops. Active config: opid_index: -1 OBSOLETE_local: false peers { permanent_uuid: "be445f34b12743f09e8e67d2325b9fd7" member_type: VOTER last_known_addr { host: "127.9.10.129" port: 42185 } } peers { permanent_uuid: "7f9eadf4e4024c9abd4fe7f61e7fd774" member_type: VOTER last_known_addr { host: "127.9.10.130" port: 46747 } } peers { permanent_uuid: "8cda71d3f3e344b389ecbd1ed33fab47" member_type: VOTER last_known_addr { host: "127.9.10.131" port: 40881 } }
I20260601 13:33:53.460661 13862 raft_consensus.cc:385] T 0a0d19f18bfb4c3b96c1b3ab4f6f755c P 7f9eadf4e4024c9abd4fe7f61e7fd774 [term 0 FOLLOWER]: Consensus starting up: Expiring failure detector timer to make a prompt election more likely
I20260601 13:33:53.460693 13862 raft_consensus.cc:740] T 0a0d19f18bfb4c3b96c1b3ab4f6f755c P 7f9eadf4e4024c9abd4fe7f61e7fd774 [term 0 FOLLOWER]: Becoming Follower/Learner. State: Replica: 7f9eadf4e4024c9abd4fe7f61e7fd774, State: Initialized, Role: FOLLOWER
I20260601 13:33:53.460803 13862 consensus_queue.cc:260] T 0a0d19f18bfb4c3b96c1b3ab4f6f755c P 7f9eadf4e4024c9abd4fe7f61e7fd774 [NON_LEADER]: Queue going to NON_LEADER mode. State: All replicated index: 0, Majority replicated index: 0, Committed index: 0, Last appended: 0.0, Last appended by leader: 0, Current term: 0, Majority size: -1, State: 0, Mode: NON_LEADER, active raft config: opid_index: -1 OBSOLETE_local: false peers { permanent_uuid: "be445f34b12743f09e8e67d2325b9fd7" member_type: VOTER last_known_addr { host: "127.9.10.129" port: 42185 } } peers { permanent_uuid: "7f9eadf4e4024c9abd4fe7f61e7fd774" member_type: VOTER last_known_addr { host: "127.9.10.130" port: 46747 } } peers { permanent_uuid: "8cda71d3f3e344b389ecbd1ed33fab47" member_type: VOTER last_known_addr { host: "127.9.10.131" port: 40881 } }
I20260601 13:33:53.461004 13852 tablet_bootstrap.cc:654] T 15487a927f034f1a9e58972be07172ad P be445f34b12743f09e8e67d2325b9fd7: Neither blocks nor log segments found. Creating new log.
I20260601 13:33:53.461218 13862 ts_tablet_manager.cc:1434] T 0a0d19f18bfb4c3b96c1b3ab4f6f755c P 7f9eadf4e4024c9abd4fe7f61e7fd774: Time spent starting tablet: real 0.001s	user 0.001s	sys 0.000s
I20260601 13:33:53.461426 13862 tablet_bootstrap.cc:492] T 89cd0c084b1d4250818244ee5a7e17ae P 7f9eadf4e4024c9abd4fe7f61e7fd774: Bootstrap starting.
I20260601 13:33:53.461611 13718 data_dirs.cc:400] Could only allocate 1 dirs of requested 3 for tablet 69da18cbcb3048cd8941723abe2969ca. 1 dirs total, 0 dirs full, 0 dirs failed
I20260601 13:33:53.462325 13852 tablet_bootstrap.cc:492] T 15487a927f034f1a9e58972be07172ad P be445f34b12743f09e8e67d2325b9fd7: No bootstrap required, opened a new log
I20260601 13:33:53.462417 13852 ts_tablet_manager.cc:1403] T 15487a927f034f1a9e58972be07172ad P be445f34b12743f09e8e67d2325b9fd7: Time spent bootstrapping tablet: real 0.003s	user 0.002s	sys 0.000s
I20260601 13:33:53.462474 13862 tablet_bootstrap.cc:654] T 89cd0c084b1d4250818244ee5a7e17ae P 7f9eadf4e4024c9abd4fe7f61e7fd774: Neither blocks nor log segments found. Creating new log.
I20260601 13:33:53.462857 13852 raft_consensus.cc:359] T 15487a927f034f1a9e58972be07172ad P be445f34b12743f09e8e67d2325b9fd7 [term 0 FOLLOWER]: Replica starting. Triggering 0 pending ops. Active config: opid_index: -1 OBSOLETE_local: false peers { permanent_uuid: "be445f34b12743f09e8e67d2325b9fd7" member_type: VOTER last_known_addr { host: "127.9.10.129" port: 42185 } } peers { permanent_uuid: "7f9eadf4e4024c9abd4fe7f61e7fd774" member_type: VOTER last_known_addr { host: "127.9.10.130" port: 46747 } } peers { permanent_uuid: "8cda71d3f3e344b389ecbd1ed33fab47" member_type: VOTER last_known_addr { host: "127.9.10.131" port: 40881 } }
I20260601 13:33:53.462956 13852 raft_consensus.cc:385] T 15487a927f034f1a9e58972be07172ad P be445f34b12743f09e8e67d2325b9fd7 [term 0 FOLLOWER]: Consensus starting up: Expiring failure detector timer to make a prompt election more likely
I20260601 13:33:53.463001 13852 raft_consensus.cc:740] T 15487a927f034f1a9e58972be07172ad P be445f34b12743f09e8e67d2325b9fd7 [term 0 FOLLOWER]: Becoming Follower/Learner. State: Replica: be445f34b12743f09e8e67d2325b9fd7, State: Initialized, Role: FOLLOWER
I20260601 13:33:53.463192 13852 consensus_queue.cc:260] T 15487a927f034f1a9e58972be07172ad P be445f34b12743f09e8e67d2325b9fd7 [NON_LEADER]: Queue going to NON_LEADER mode. State: All replicated index: 0, Majority replicated index: 0, Committed index: 0, Last appended: 0.0, Last appended by leader: 0, Current term: 0, Majority size: -1, State: 0, Mode: NON_LEADER, active raft config: opid_index: -1 OBSOLETE_local: false peers { permanent_uuid: "be445f34b12743f09e8e67d2325b9fd7" member_type: VOTER last_known_addr { host: "127.9.10.129" port: 42185 } } peers { permanent_uuid: "7f9eadf4e4024c9abd4fe7f61e7fd774" member_type: VOTER last_known_addr { host: "127.9.10.130" port: 46747 } } peers { permanent_uuid: "8cda71d3f3e344b389ecbd1ed33fab47" member_type: VOTER last_known_addr { host: "127.9.10.131" port: 40881 } }
I20260601 13:33:53.463850 13852 ts_tablet_manager.cc:1434] T 15487a927f034f1a9e58972be07172ad P be445f34b12743f09e8e67d2325b9fd7: Time spent starting tablet: real 0.001s	user 0.001s	sys 0.000s
I20260601 13:33:53.463879 13853 tablet_bootstrap.cc:492] T 592f6cc024db4af5a454ff494978cf6c P 8cda71d3f3e344b389ecbd1ed33fab47: No bootstrap required, opened a new log
I20260601 13:33:53.464046 13852 tablet_bootstrap.cc:492] T 89cd0c084b1d4250818244ee5a7e17ae P be445f34b12743f09e8e67d2325b9fd7: Bootstrap starting.
I20260601 13:33:53.464233 13853 ts_tablet_manager.cc:1403] T 592f6cc024db4af5a454ff494978cf6c P 8cda71d3f3e344b389ecbd1ed33fab47: Time spent bootstrapping tablet: real 0.018s	user 0.002s	sys 0.000s
I20260601 13:33:53.464716 13853 raft_consensus.cc:359] T 592f6cc024db4af5a454ff494978cf6c P 8cda71d3f3e344b389ecbd1ed33fab47 [term 0 FOLLOWER]: Replica starting. Triggering 0 pending ops. Active config: opid_index: -1 OBSOLETE_local: false peers { permanent_uuid: "7f9eadf4e4024c9abd4fe7f61e7fd774" member_type: VOTER last_known_addr { host: "127.9.10.130" port: 46747 } } peers { permanent_uuid: "8cda71d3f3e344b389ecbd1ed33fab47" member_type: VOTER last_known_addr { host: "127.9.10.131" port: 40881 } } peers { permanent_uuid: "be445f34b12743f09e8e67d2325b9fd7" member_type: VOTER last_known_addr { host: "127.9.10.129" port: 42185 } }
I20260601 13:33:53.464823 13853 raft_consensus.cc:385] T 592f6cc024db4af5a454ff494978cf6c P 8cda71d3f3e344b389ecbd1ed33fab47 [term 0 FOLLOWER]: Consensus starting up: Expiring failure detector timer to make a prompt election more likely
I20260601 13:33:53.464865 13853 raft_consensus.cc:740] T 592f6cc024db4af5a454ff494978cf6c P 8cda71d3f3e344b389ecbd1ed33fab47 [term 0 FOLLOWER]: Becoming Follower/Learner. State: Replica: 8cda71d3f3e344b389ecbd1ed33fab47, State: Initialized, Role: FOLLOWER
I20260601 13:33:53.464978 13852 tablet_bootstrap.cc:654] T 89cd0c084b1d4250818244ee5a7e17ae P be445f34b12743f09e8e67d2325b9fd7: Neither blocks nor log segments found. Creating new log.
I20260601 13:33:53.465004 13853 consensus_queue.cc:260] T 592f6cc024db4af5a454ff494978cf6c P 8cda71d3f3e344b389ecbd1ed33fab47 [NON_LEADER]: Queue going to NON_LEADER mode. State: All replicated index: 0, Majority replicated index: 0, Committed index: 0, Last appended: 0.0, Last appended by leader: 0, Current term: 0, Majority size: -1, State: 0, Mode: NON_LEADER, active raft config: opid_index: -1 OBSOLETE_local: false peers { permanent_uuid: "7f9eadf4e4024c9abd4fe7f61e7fd774" member_type: VOTER last_known_addr { host: "127.9.10.130" port: 46747 } } peers { permanent_uuid: "8cda71d3f3e344b389ecbd1ed33fab47" member_type: VOTER last_known_addr { host: "127.9.10.131" port: 40881 } } peers { permanent_uuid: "be445f34b12743f09e8e67d2325b9fd7" member_type: VOTER last_known_addr { host: "127.9.10.129" port: 42185 } }
I20260601 13:33:53.465159 13858 raft_consensus.cc:493] T 909caac7eec14a81bbcc0cdbd3c1278c P 8cda71d3f3e344b389ecbd1ed33fab47 [term 0 FOLLOWER]: Starting pre-election (no leader contacted us within the election timeout)
I20260601 13:33:53.465288 13858 raft_consensus.cc:515] T 909caac7eec14a81bbcc0cdbd3c1278c P 8cda71d3f3e344b389ecbd1ed33fab47 [term 0 FOLLOWER]: Starting pre-election with config: opid_index: -1 OBSOLETE_local: false peers { permanent_uuid: "be445f34b12743f09e8e67d2325b9fd7" member_type: VOTER last_known_addr { host: "127.9.10.129" port: 42185 } } peers { permanent_uuid: "7f9eadf4e4024c9abd4fe7f61e7fd774" member_type: VOTER last_known_addr { host: "127.9.10.130" port: 46747 } } peers { permanent_uuid: "8cda71d3f3e344b389ecbd1ed33fab47" member_type: VOTER last_known_addr { host: "127.9.10.131" port: 40881 } }
I20260601 13:33:53.465821 13858 leader_election.cc:290] T 909caac7eec14a81bbcc0cdbd3c1278c P 8cda71d3f3e344b389ecbd1ed33fab47 [CANDIDATE]: Term 1 pre-election: Requested pre-vote from peers be445f34b12743f09e8e67d2325b9fd7 (127.9.10.129:42185), 7f9eadf4e4024c9abd4fe7f61e7fd774 (127.9.10.130:46747)
I20260601 13:33:53.465299 13853 ts_tablet_manager.cc:1434] T 592f6cc024db4af5a454ff494978cf6c P 8cda71d3f3e344b389ecbd1ed33fab47: Time spent starting tablet: real 0.001s	user 0.000s	sys 0.000s
I20260601 13:33:53.466120 13853 tablet_bootstrap.cc:492] T bba40551f81348ed8091e046c7936747 P 8cda71d3f3e344b389ecbd1ed33fab47: Bootstrap starting.
I20260601 13:33:53.467128 13852 tablet_bootstrap.cc:492] T 89cd0c084b1d4250818244ee5a7e17ae P be445f34b12743f09e8e67d2325b9fd7: No bootstrap required, opened a new log
I20260601 13:33:53.467244 13852 ts_tablet_manager.cc:1403] T 89cd0c084b1d4250818244ee5a7e17ae P be445f34b12743f09e8e67d2325b9fd7: Time spent bootstrapping tablet: real 0.003s	user 0.001s	sys 0.001s
I20260601 13:33:53.467128 13853 tablet_bootstrap.cc:654] T bba40551f81348ed8091e046c7936747 P 8cda71d3f3e344b389ecbd1ed33fab47: Neither blocks nor log segments found. Creating new log.
I20260601 13:33:53.467692 13852 raft_consensus.cc:359] T 89cd0c084b1d4250818244ee5a7e17ae P be445f34b12743f09e8e67d2325b9fd7 [term 0 FOLLOWER]: Replica starting. Triggering 0 pending ops. Active config: opid_index: -1 OBSOLETE_local: false peers { permanent_uuid: "be445f34b12743f09e8e67d2325b9fd7" member_type: VOTER last_known_addr { host: "127.9.10.129" port: 42185 } } peers { permanent_uuid: "7f9eadf4e4024c9abd4fe7f61e7fd774" member_type: VOTER last_known_addr { host: "127.9.10.130" port: 46747 } } peers { permanent_uuid: "8cda71d3f3e344b389ecbd1ed33fab47" member_type: VOTER last_known_addr { host: "127.9.10.131" port: 40881 } }
I20260601 13:33:53.467787 13852 raft_consensus.cc:385] T 89cd0c084b1d4250818244ee5a7e17ae P be445f34b12743f09e8e67d2325b9fd7 [term 0 FOLLOWER]: Consensus starting up: Expiring failure detector timer to make a prompt election more likely
I20260601 13:33:53.467818 13852 raft_consensus.cc:740] T 89cd0c084b1d4250818244ee5a7e17ae P be445f34b12743f09e8e67d2325b9fd7 [term 0 FOLLOWER]: Becoming Follower/Learner. State: Replica: be445f34b12743f09e8e67d2325b9fd7, State: Initialized, Role: FOLLOWER
I20260601 13:33:53.467928 13852 consensus_queue.cc:260] T 89cd0c084b1d4250818244ee5a7e17ae P be445f34b12743f09e8e67d2325b9fd7 [NON_LEADER]: Queue going to NON_LEADER mode. State: All replicated index: 0, Majority replicated index: 0, Committed index: 0, Last appended: 0.0, Last appended by leader: 0, Current term: 0, Majority size: -1, State: 0, Mode: NON_LEADER, active raft config: opid_index: -1 OBSOLETE_local: false peers { permanent_uuid: "be445f34b12743f09e8e67d2325b9fd7" member_type: VOTER last_known_addr { host: "127.9.10.129" port: 42185 } } peers { permanent_uuid: "7f9eadf4e4024c9abd4fe7f61e7fd774" member_type: VOTER last_known_addr { host: "127.9.10.130" port: 46747 } } peers { permanent_uuid: "8cda71d3f3e344b389ecbd1ed33fab47" member_type: VOTER last_known_addr { host: "127.9.10.131" port: 40881 } }
I20260601 13:33:53.468214 13852 ts_tablet_manager.cc:1434] T 89cd0c084b1d4250818244ee5a7e17ae P be445f34b12743f09e8e67d2325b9fd7: Time spent starting tablet: real 0.001s	user 0.001s	sys 0.000s
I20260601 13:33:53.468384 13852 tablet_bootstrap.cc:492] T 909caac7eec14a81bbcc0cdbd3c1278c P be445f34b12743f09e8e67d2325b9fd7: Bootstrap starting.
I20260601 13:33:53.468601 13862 tablet_bootstrap.cc:492] T 89cd0c084b1d4250818244ee5a7e17ae P 7f9eadf4e4024c9abd4fe7f61e7fd774: No bootstrap required, opened a new log
I20260601 13:33:53.468679 13862 ts_tablet_manager.cc:1403] T 89cd0c084b1d4250818244ee5a7e17ae P 7f9eadf4e4024c9abd4fe7f61e7fd774: Time spent bootstrapping tablet: real 0.007s	user 0.002s	sys 0.000s
I20260601 13:33:53.469161 13862 raft_consensus.cc:359] T 89cd0c084b1d4250818244ee5a7e17ae P 7f9eadf4e4024c9abd4fe7f61e7fd774 [term 0 FOLLOWER]: Replica starting. Triggering 0 pending ops. Active config: opid_index: -1 OBSOLETE_local: false peers { permanent_uuid: "be445f34b12743f09e8e67d2325b9fd7" member_type: VOTER last_known_addr { host: "127.9.10.129" port: 42185 } } peers { permanent_uuid: "7f9eadf4e4024c9abd4fe7f61e7fd774" member_type: VOTER last_known_addr { host: "127.9.10.130" port: 46747 } } peers { permanent_uuid: "8cda71d3f3e344b389ecbd1ed33fab47" member_type: VOTER last_known_addr { host: "127.9.10.131" port: 40881 } }
I20260601 13:33:53.469285 13862 raft_consensus.cc:385] T 89cd0c084b1d4250818244ee5a7e17ae P 7f9eadf4e4024c9abd4fe7f61e7fd774 [term 0 FOLLOWER]: Consensus starting up: Expiring failure detector timer to make a prompt election more likely
I20260601 13:33:53.469338 13862 raft_consensus.cc:740] T 89cd0c084b1d4250818244ee5a7e17ae P 7f9eadf4e4024c9abd4fe7f61e7fd774 [term 0 FOLLOWER]: Becoming Follower/Learner. State: Replica: 7f9eadf4e4024c9abd4fe7f61e7fd774, State: Initialized, Role: FOLLOWER
I20260601 13:33:53.469478 13862 consensus_queue.cc:260] T 89cd0c084b1d4250818244ee5a7e17ae P 7f9eadf4e4024c9abd4fe7f61e7fd774 [NON_LEADER]: Queue going to NON_LEADER mode. State: All replicated index: 0, Majority replicated index: 0, Committed index: 0, Last appended: 0.0, Last appended by leader: 0, Current term: 0, Majority size: -1, State: 0, Mode: NON_LEADER, active raft config: opid_index: -1 OBSOLETE_local: false peers { permanent_uuid: "be445f34b12743f09e8e67d2325b9fd7" member_type: VOTER last_known_addr { host: "127.9.10.129" port: 42185 } } peers { permanent_uuid: "7f9eadf4e4024c9abd4fe7f61e7fd774" member_type: VOTER last_known_addr { host: "127.9.10.130" port: 46747 } } peers { permanent_uuid: "8cda71d3f3e344b389ecbd1ed33fab47" member_type: VOTER last_known_addr { host: "127.9.10.131" port: 40881 } }
I20260601 13:33:53.469792 13862 ts_tablet_manager.cc:1434] T 89cd0c084b1d4250818244ee5a7e17ae P 7f9eadf4e4024c9abd4fe7f61e7fd774: Time spent starting tablet: real 0.001s	user 0.001s	sys 0.000s
I20260601 13:33:53.469959 13862 tablet_bootstrap.cc:492] T 6506aeb6669042c4b5bbb82ef19682e1 P 7f9eadf4e4024c9abd4fe7f61e7fd774: Bootstrap starting.
I20260601 13:33:53.469504 13852 tablet_bootstrap.cc:654] T 909caac7eec14a81bbcc0cdbd3c1278c P be445f34b12743f09e8e67d2325b9fd7: Neither blocks nor log segments found. Creating new log.
I20260601 13:33:53.471005 13862 tablet_bootstrap.cc:654] T 6506aeb6669042c4b5bbb82ef19682e1 P 7f9eadf4e4024c9abd4fe7f61e7fd774: Neither blocks nor log segments found. Creating new log.
I20260601 13:33:53.471167 13853 tablet_bootstrap.cc:492] T bba40551f81348ed8091e046c7936747 P 8cda71d3f3e344b389ecbd1ed33fab47: No bootstrap required, opened a new log
I20260601 13:33:53.471258 13853 ts_tablet_manager.cc:1403] T bba40551f81348ed8091e046c7936747 P 8cda71d3f3e344b389ecbd1ed33fab47: Time spent bootstrapping tablet: real 0.005s	user 0.002s	sys 0.000s
I20260601 13:33:53.471700 13853 raft_consensus.cc:359] T bba40551f81348ed8091e046c7936747 P 8cda71d3f3e344b389ecbd1ed33fab47 [term 0 FOLLOWER]: Replica starting. Triggering 0 pending ops. Active config: opid_index: -1 OBSOLETE_local: false peers { permanent_uuid: "be445f34b12743f09e8e67d2325b9fd7" member_type: VOTER last_known_addr { host: "127.9.10.129" port: 42185 } } peers { permanent_uuid: "7f9eadf4e4024c9abd4fe7f61e7fd774" member_type: VOTER last_known_addr { host: "127.9.10.130" port: 46747 } } peers { permanent_uuid: "8cda71d3f3e344b389ecbd1ed33fab47" member_type: VOTER last_known_addr { host: "127.9.10.131" port: 40881 } }
I20260601 13:33:53.471822 13853 raft_consensus.cc:385] T bba40551f81348ed8091e046c7936747 P 8cda71d3f3e344b389ecbd1ed33fab47 [term 0 FOLLOWER]: Consensus starting up: Expiring failure detector timer to make a prompt election more likely
I20260601 13:33:53.471872 13853 raft_consensus.cc:740] T bba40551f81348ed8091e046c7936747 P 8cda71d3f3e344b389ecbd1ed33fab47 [term 0 FOLLOWER]: Becoming Follower/Learner. State: Replica: 8cda71d3f3e344b389ecbd1ed33fab47, State: Initialized, Role: FOLLOWER
I20260601 13:33:53.472023 13853 consensus_queue.cc:260] T bba40551f81348ed8091e046c7936747 P 8cda71d3f3e344b389ecbd1ed33fab47 [NON_LEADER]: Queue going to NON_LEADER mode. State: All replicated index: 0, Majority replicated index: 0, Committed index: 0, Last appended: 0.0, Last appended by leader: 0, Current term: 0, Majority size: -1, State: 0, Mode: NON_LEADER, active raft config: opid_index: -1 OBSOLETE_local: false peers { permanent_uuid: "be445f34b12743f09e8e67d2325b9fd7" member_type: VOTER last_known_addr { host: "127.9.10.129" port: 42185 } } peers { permanent_uuid: "7f9eadf4e4024c9abd4fe7f61e7fd774" member_type: VOTER last_known_addr { host: "127.9.10.130" port: 46747 } } peers { permanent_uuid: "8cda71d3f3e344b389ecbd1ed33fab47" member_type: VOTER last_known_addr { host: "127.9.10.131" port: 40881 } }
I20260601 13:33:53.472338 13862 tablet_bootstrap.cc:492] T 6506aeb6669042c4b5bbb82ef19682e1 P 7f9eadf4e4024c9abd4fe7f61e7fd774: No bootstrap required, opened a new log
I20260601 13:33:53.472478 13862 ts_tablet_manager.cc:1403] T 6506aeb6669042c4b5bbb82ef19682e1 P 7f9eadf4e4024c9abd4fe7f61e7fd774: Time spent bootstrapping tablet: real 0.003s	user 0.002s	sys 0.000s
I20260601 13:33:53.472932 13852 tablet_bootstrap.cc:492] T 909caac7eec14a81bbcc0cdbd3c1278c P be445f34b12743f09e8e67d2325b9fd7: No bootstrap required, opened a new log
I20260601 13:33:53.472388 13853 ts_tablet_manager.cc:1434] T bba40551f81348ed8091e046c7936747 P 8cda71d3f3e344b389ecbd1ed33fab47: Time spent starting tablet: real 0.001s	user 0.001s	sys 0.000s
I20260601 13:33:53.473047 13852 ts_tablet_manager.cc:1403] T 909caac7eec14a81bbcc0cdbd3c1278c P be445f34b12743f09e8e67d2325b9fd7: Time spent bootstrapping tablet: real 0.005s	user 0.000s	sys 0.002s
I20260601 13:33:53.472973 13862 raft_consensus.cc:359] T 6506aeb6669042c4b5bbb82ef19682e1 P 7f9eadf4e4024c9abd4fe7f61e7fd774 [term 0 FOLLOWER]: Replica starting. Triggering 0 pending ops. Active config: opid_index: -1 OBSOLETE_local: false peers { permanent_uuid: "be445f34b12743f09e8e67d2325b9fd7" member_type: VOTER last_known_addr { host: "127.9.10.129" port: 42185 } } peers { permanent_uuid: "7f9eadf4e4024c9abd4fe7f61e7fd774" member_type: VOTER last_known_addr { host: "127.9.10.130" port: 46747 } } peers { permanent_uuid: "8cda71d3f3e344b389ecbd1ed33fab47" member_type: VOTER last_known_addr { host: "127.9.10.131" port: 40881 } }
I20260601 13:33:53.473608 13862 raft_consensus.cc:385] T 6506aeb6669042c4b5bbb82ef19682e1 P 7f9eadf4e4024c9abd4fe7f61e7fd774 [term 0 FOLLOWER]: Consensus starting up: Expiring failure detector timer to make a prompt election more likely
I20260601 13:33:53.473644 13862 raft_consensus.cc:740] T 6506aeb6669042c4b5bbb82ef19682e1 P 7f9eadf4e4024c9abd4fe7f61e7fd774 [term 0 FOLLOWER]: Becoming Follower/Learner. State: Replica: 7f9eadf4e4024c9abd4fe7f61e7fd774, State: Initialized, Role: FOLLOWER
I20260601 13:33:53.473762 13862 consensus_queue.cc:260] T 6506aeb6669042c4b5bbb82ef19682e1 P 7f9eadf4e4024c9abd4fe7f61e7fd774 [NON_LEADER]: Queue going to NON_LEADER mode. State: All replicated index: 0, Majority replicated index: 0, Committed index: 0, Last appended: 0.0, Last appended by leader: 0, Current term: 0, Majority size: -1, State: 0, Mode: NON_LEADER, active raft config: opid_index: -1 OBSOLETE_local: false peers { permanent_uuid: "be445f34b12743f09e8e67d2325b9fd7" member_type: VOTER last_known_addr { host: "127.9.10.129" port: 42185 } } peers { permanent_uuid: "7f9eadf4e4024c9abd4fe7f61e7fd774" member_type: VOTER last_known_addr { host: "127.9.10.130" port: 46747 } } peers { permanent_uuid: "8cda71d3f3e344b389ecbd1ed33fab47" member_type: VOTER last_known_addr { host: "127.9.10.131" port: 40881 } }
I20260601 13:33:53.474015 13862 ts_tablet_manager.cc:1434] T 6506aeb6669042c4b5bbb82ef19682e1 P 7f9eadf4e4024c9abd4fe7f61e7fd774: Time spent starting tablet: real 0.001s	user 0.000s	sys 0.000s
I20260601 13:33:53.473974 13852 raft_consensus.cc:359] T 909caac7eec14a81bbcc0cdbd3c1278c P be445f34b12743f09e8e67d2325b9fd7 [term 0 FOLLOWER]: Replica starting. Triggering 0 pending ops. Active config: opid_index: -1 OBSOLETE_local: false peers { permanent_uuid: "be445f34b12743f09e8e67d2325b9fd7" member_type: VOTER last_known_addr { host: "127.9.10.129" port: 42185 } } peers { permanent_uuid: "7f9eadf4e4024c9abd4fe7f61e7fd774" member_type: VOTER last_known_addr { host: "127.9.10.130" port: 46747 } } peers { permanent_uuid: "8cda71d3f3e344b389ecbd1ed33fab47" member_type: VOTER last_known_addr { host: "127.9.10.131" port: 40881 } }
I20260601 13:33:53.474077 13852 raft_consensus.cc:385] T 909caac7eec14a81bbcc0cdbd3c1278c P be445f34b12743f09e8e67d2325b9fd7 [term 0 FOLLOWER]: Consensus starting up: Expiring failure detector timer to make a prompt election more likely
I20260601 13:33:53.474112 13852 raft_consensus.cc:740] T 909caac7eec14a81bbcc0cdbd3c1278c P be445f34b12743f09e8e67d2325b9fd7 [term 0 FOLLOWER]: Becoming Follower/Learner. State: Replica: be445f34b12743f09e8e67d2325b9fd7, State: Initialized, Role: FOLLOWER
I20260601 13:33:53.474220 13852 consensus_queue.cc:260] T 909caac7eec14a81bbcc0cdbd3c1278c P be445f34b12743f09e8e67d2325b9fd7 [NON_LEADER]: Queue going to NON_LEADER mode. State: All replicated index: 0, Majority replicated index: 0, Committed index: 0, Last appended: 0.0, Last appended by leader: 0, Current term: 0, Majority size: -1, State: 0, Mode: NON_LEADER, active raft config: opid_index: -1 OBSOLETE_local: false peers { permanent_uuid: "be445f34b12743f09e8e67d2325b9fd7" member_type: VOTER last_known_addr { host: "127.9.10.129" port: 42185 } } peers { permanent_uuid: "7f9eadf4e4024c9abd4fe7f61e7fd774" member_type: VOTER last_known_addr { host: "127.9.10.130" port: 46747 } } peers { permanent_uuid: "8cda71d3f3e344b389ecbd1ed33fab47" member_type: VOTER last_known_addr { host: "127.9.10.131" port: 40881 } }
I20260601 13:33:53.474480 13862 tablet_bootstrap.cc:492] T 6597a16f08e64b54aae0e734039f8e1c P 7f9eadf4e4024c9abd4fe7f61e7fd774: Bootstrap starting.
I20260601 13:33:53.475637 13862 tablet_bootstrap.cc:654] T 6597a16f08e64b54aae0e734039f8e1c P 7f9eadf4e4024c9abd4fe7f61e7fd774: Neither blocks nor log segments found. Creating new log.
I20260601 13:33:53.473378 13853 tablet_bootstrap.cc:492] T 6506aeb6669042c4b5bbb82ef19682e1 P 8cda71d3f3e344b389ecbd1ed33fab47: Bootstrap starting.
I20260601 13:33:53.474478 13852 ts_tablet_manager.cc:1434] T 909caac7eec14a81bbcc0cdbd3c1278c P be445f34b12743f09e8e67d2325b9fd7: Time spent starting tablet: real 0.001s	user 0.000s	sys 0.001s
I20260601 13:33:53.476253 13852 tablet_bootstrap.cc:492] T bba40551f81348ed8091e046c7936747 P be445f34b12743f09e8e67d2325b9fd7: Bootstrap starting.
I20260601 13:33:53.477023 13853 tablet_bootstrap.cc:654] T 6506aeb6669042c4b5bbb82ef19682e1 P 8cda71d3f3e344b389ecbd1ed33fab47: Neither blocks nor log segments found. Creating new log.
I20260601 13:33:53.477035 13852 tablet_bootstrap.cc:654] T bba40551f81348ed8091e046c7936747 P be445f34b12743f09e8e67d2325b9fd7: Neither blocks nor log segments found. Creating new log.
I20260601 13:33:53.479233 13853 tablet_bootstrap.cc:492] T 6506aeb6669042c4b5bbb82ef19682e1 P 8cda71d3f3e344b389ecbd1ed33fab47: No bootstrap required, opened a new log
I20260601 13:33:53.479350 13853 ts_tablet_manager.cc:1403] T 6506aeb6669042c4b5bbb82ef19682e1 P 8cda71d3f3e344b389ecbd1ed33fab47: Time spent bootstrapping tablet: real 0.006s	user 0.000s	sys 0.002s
I20260601 13:33:53.479825 13655 tablet_service.cc:1917] Received RequestConsensusVote() RPC: tablet_id: "909caac7eec14a81bbcc0cdbd3c1278c" candidate_uuid: "8cda71d3f3e344b389ecbd1ed33fab47" candidate_term: 1 candidate_status { last_received { term: 0 index: 0 } } ignore_live_leader: false dest_uuid: "be445f34b12743f09e8e67d2325b9fd7" is_pre_election: true
I20260601 13:33:53.479979 13655 raft_consensus.cc:2468] T 909caac7eec14a81bbcc0cdbd3c1278c P be445f34b12743f09e8e67d2325b9fd7 [term 0 FOLLOWER]: Leader pre-election vote request: Granting yes vote for candidate 8cda71d3f3e344b389ecbd1ed33fab47 in term 0.
I20260601 13:33:53.479848 13853 raft_consensus.cc:359] T 6506aeb6669042c4b5bbb82ef19682e1 P 8cda71d3f3e344b389ecbd1ed33fab47 [term 0 FOLLOWER]: Replica starting. Triggering 0 pending ops. Active config: opid_index: -1 OBSOLETE_local: false peers { permanent_uuid: "be445f34b12743f09e8e67d2325b9fd7" member_type: VOTER last_known_addr { host: "127.9.10.129" port: 42185 } } peers { permanent_uuid: "7f9eadf4e4024c9abd4fe7f61e7fd774" member_type: VOTER last_known_addr { host: "127.9.10.130" port: 46747 } } peers { permanent_uuid: "8cda71d3f3e344b389ecbd1ed33fab47" member_type: VOTER last_known_addr { host: "127.9.10.131" port: 40881 } }
I20260601 13:33:53.480170 13853 raft_consensus.cc:385] T 6506aeb6669042c4b5bbb82ef19682e1 P 8cda71d3f3e344b389ecbd1ed33fab47 [term 0 FOLLOWER]: Consensus starting up: Expiring failure detector timer to make a prompt election more likely
I20260601 13:33:53.480216 13853 raft_consensus.cc:740] T 6506aeb6669042c4b5bbb82ef19682e1 P 8cda71d3f3e344b389ecbd1ed33fab47 [term 0 FOLLOWER]: Becoming Follower/Learner. State: Replica: 8cda71d3f3e344b389ecbd1ed33fab47, State: Initialized, Role: FOLLOWER
I20260601 13:33:53.480242 13731 tablet_service.cc:1917] Received RequestConsensusVote() RPC: tablet_id: "909caac7eec14a81bbcc0cdbd3c1278c" candidate_uuid: "8cda71d3f3e344b389ecbd1ed33fab47" candidate_term: 1 candidate_status { last_received { term: 0 index: 0 } } ignore_live_leader: false dest_uuid: "7f9eadf4e4024c9abd4fe7f61e7fd774" is_pre_election: true
I20260601 13:33:53.480361 13853 consensus_queue.cc:260] T 6506aeb6669042c4b5bbb82ef19682e1 P 8cda71d3f3e344b389ecbd1ed33fab47 [NON_LEADER]: Queue going to NON_LEADER mode. State: All replicated index: 0, Majority replicated index: 0, Committed index: 0, Last appended: 0.0, Last appended by leader: 0, Current term: 0, Majority size: -1, State: 0, Mode: NON_LEADER, active raft config: opid_index: -1 OBSOLETE_local: false peers { permanent_uuid: "be445f34b12743f09e8e67d2325b9fd7" member_type: VOTER last_known_addr { host: "127.9.10.129" port: 42185 } } peers { permanent_uuid: "7f9eadf4e4024c9abd4fe7f61e7fd774" member_type: VOTER last_known_addr { host: "127.9.10.130" port: 46747 } } peers { permanent_uuid: "8cda71d3f3e344b389ecbd1ed33fab47" member_type: VOTER last_known_addr { host: "127.9.10.131" port: 40881 } }
W20260601 13:33:53.480660 13772 leader_election.cc:343] T 909caac7eec14a81bbcc0cdbd3c1278c P 8cda71d3f3e344b389ecbd1ed33fab47 [CANDIDATE]: Term 1 pre-election: Tablet error from VoteRequest() call to peer 7f9eadf4e4024c9abd4fe7f61e7fd774 (127.9.10.130:46747): Illegal state: must be running to vote when last-logged opid is not known
I20260601 13:33:53.480706 13853 ts_tablet_manager.cc:1434] T 6506aeb6669042c4b5bbb82ef19682e1 P 8cda71d3f3e344b389ecbd1ed33fab47: Time spent starting tablet: real 0.001s	user 0.000s	sys 0.001s
I20260601 13:33:53.480753 13772 leader_election.cc:304] T 909caac7eec14a81bbcc0cdbd3c1278c P 8cda71d3f3e344b389ecbd1ed33fab47 [CANDIDATE]: Term 1 pre-election: Election decided. Result: candidate won. Election summary: received 3 responses out of 3 voters: 2 yes votes; 1 no votes. yes voters: 8cda71d3f3e344b389ecbd1ed33fab47, be445f34b12743f09e8e67d2325b9fd7; no voters: 7f9eadf4e4024c9abd4fe7f61e7fd774
I20260601 13:33:53.480880 13853 tablet_bootstrap.cc:492] T 89cd0c084b1d4250818244ee5a7e17ae P 8cda71d3f3e344b389ecbd1ed33fab47: Bootstrap starting.
I20260601 13:33:53.480893 13858 raft_consensus.cc:2804] T 909caac7eec14a81bbcc0cdbd3c1278c P 8cda71d3f3e344b389ecbd1ed33fab47 [term 0 FOLLOWER]: Leader pre-election won for term 1
I20260601 13:33:53.480964 13858 raft_consensus.cc:493] T 909caac7eec14a81bbcc0cdbd3c1278c P 8cda71d3f3e344b389ecbd1ed33fab47 [term 0 FOLLOWER]: Starting leader election (no leader contacted us within the election timeout)
I20260601 13:33:53.481036 13858 raft_consensus.cc:3060] T 909caac7eec14a81bbcc0cdbd3c1278c P 8cda71d3f3e344b389ecbd1ed33fab47 [term 0 FOLLOWER]: Advancing to term 1
I20260601 13:33:53.481886 13852 tablet_bootstrap.cc:492] T bba40551f81348ed8091e046c7936747 P be445f34b12743f09e8e67d2325b9fd7: No bootstrap required, opened a new log
I20260601 13:33:53.481936 13853 tablet_bootstrap.cc:654] T 89cd0c084b1d4250818244ee5a7e17ae P 8cda71d3f3e344b389ecbd1ed33fab47: Neither blocks nor log segments found. Creating new log.
I20260601 13:33:53.481980 13852 ts_tablet_manager.cc:1403] T bba40551f81348ed8091e046c7936747 P be445f34b12743f09e8e67d2325b9fd7: Time spent bootstrapping tablet: real 0.006s	user 0.002s	sys 0.000s
I20260601 13:33:53.482201 13858 raft_consensus.cc:515] T 909caac7eec14a81bbcc0cdbd3c1278c P 8cda71d3f3e344b389ecbd1ed33fab47 [term 1 FOLLOWER]: Starting leader election with config: opid_index: -1 OBSOLETE_local: false peers { permanent_uuid: "be445f34b12743f09e8e67d2325b9fd7" member_type: VOTER last_known_addr { host: "127.9.10.129" port: 42185 } } peers { permanent_uuid: "7f9eadf4e4024c9abd4fe7f61e7fd774" member_type: VOTER last_known_addr { host: "127.9.10.130" port: 46747 } } peers { permanent_uuid: "8cda71d3f3e344b389ecbd1ed33fab47" member_type: VOTER last_known_addr { host: "127.9.10.131" port: 40881 } }
I20260601 13:33:53.482448 13852 raft_consensus.cc:359] T bba40551f81348ed8091e046c7936747 P be445f34b12743f09e8e67d2325b9fd7 [term 0 FOLLOWER]: Replica starting. Triggering 0 pending ops. Active config: opid_index: -1 OBSOLETE_local: false peers { permanent_uuid: "be445f34b12743f09e8e67d2325b9fd7" member_type: VOTER last_known_addr { host: "127.9.10.129" port: 42185 } } peers { permanent_uuid: "7f9eadf4e4024c9abd4fe7f61e7fd774" member_type: VOTER last_known_addr { host: "127.9.10.130" port: 46747 } } peers { permanent_uuid: "8cda71d3f3e344b389ecbd1ed33fab47" member_type: VOTER last_known_addr { host: "127.9.10.131" port: 40881 } }
I20260601 13:33:53.482566 13852 raft_consensus.cc:385] T bba40551f81348ed8091e046c7936747 P be445f34b12743f09e8e67d2325b9fd7 [term 0 FOLLOWER]: Consensus starting up: Expiring failure detector timer to make a prompt election more likely
I20260601 13:33:53.482592 13858 leader_election.cc:290] T 909caac7eec14a81bbcc0cdbd3c1278c P 8cda71d3f3e344b389ecbd1ed33fab47 [CANDIDATE]: Term 1 election: Requested vote from peers be445f34b12743f09e8e67d2325b9fd7 (127.9.10.129:42185), 7f9eadf4e4024c9abd4fe7f61e7fd774 (127.9.10.130:46747)
I20260601 13:33:53.482606 13852 raft_consensus.cc:740] T bba40551f81348ed8091e046c7936747 P be445f34b12743f09e8e67d2325b9fd7 [term 0 FOLLOWER]: Becoming Follower/Learner. State: Replica: be445f34b12743f09e8e67d2325b9fd7, State: Initialized, Role: FOLLOWER
I20260601 13:33:53.482816 13655 tablet_service.cc:1917] Received RequestConsensusVote() RPC: tablet_id: "909caac7eec14a81bbcc0cdbd3c1278c" candidate_uuid: "8cda71d3f3e344b389ecbd1ed33fab47" candidate_term: 1 candidate_status { last_received { term: 0 index: 0 } } ignore_live_leader: false dest_uuid: "be445f34b12743f09e8e67d2325b9fd7"
I20260601 13:33:53.482913 13655 raft_consensus.cc:3060] T 909caac7eec14a81bbcc0cdbd3c1278c P be445f34b12743f09e8e67d2325b9fd7 [term 0 FOLLOWER]: Advancing to term 1
I20260601 13:33:53.482949 13852 consensus_queue.cc:260] T bba40551f81348ed8091e046c7936747 P be445f34b12743f09e8e67d2325b9fd7 [NON_LEADER]: Queue going to NON_LEADER mode. State: All replicated index: 0, Majority replicated index: 0, Committed index: 0, Last appended: 0.0, Last appended by leader: 0, Current term: 0, Majority size: -1, State: 0, Mode: NON_LEADER, active raft config: opid_index: -1 OBSOLETE_local: false peers { permanent_uuid: "be445f34b12743f09e8e67d2325b9fd7" member_type: VOTER last_known_addr { host: "127.9.10.129" port: 42185 } } peers { permanent_uuid: "7f9eadf4e4024c9abd4fe7f61e7fd774" member_type: VOTER last_known_addr { host: "127.9.10.130" port: 46747 } } peers { permanent_uuid: "8cda71d3f3e344b389ecbd1ed33fab47" member_type: VOTER last_known_addr { host: "127.9.10.131" port: 40881 } }
I20260601 13:33:53.483127 13862 tablet_bootstrap.cc:492] T 6597a16f08e64b54aae0e734039f8e1c P 7f9eadf4e4024c9abd4fe7f61e7fd774: No bootstrap required, opened a new log
I20260601 13:33:53.483211 13862 ts_tablet_manager.cc:1403] T 6597a16f08e64b54aae0e734039f8e1c P 7f9eadf4e4024c9abd4fe7f61e7fd774: Time spent bootstrapping tablet: real 0.009s	user 0.000s	sys 0.002s
I20260601 13:33:53.483264 13852 ts_tablet_manager.cc:1434] T bba40551f81348ed8091e046c7936747 P be445f34b12743f09e8e67d2325b9fd7: Time spent starting tablet: real 0.001s	user 0.001s	sys 0.000s
I20260601 13:33:53.483448 13852 tablet_bootstrap.cc:492] T 69da18cbcb3048cd8941723abe2969ca P be445f34b12743f09e8e67d2325b9fd7: Bootstrap starting.
I20260601 13:33:53.483424 13731 tablet_service.cc:1917] Received RequestConsensusVote() RPC: tablet_id: "909caac7eec14a81bbcc0cdbd3c1278c" candidate_uuid: "8cda71d3f3e344b389ecbd1ed33fab47" candidate_term: 1 candidate_status { last_received { term: 0 index: 0 } } ignore_live_leader: false dest_uuid: "7f9eadf4e4024c9abd4fe7f61e7fd774"
I20260601 13:33:53.483670 13862 raft_consensus.cc:359] T 6597a16f08e64b54aae0e734039f8e1c P 7f9eadf4e4024c9abd4fe7f61e7fd774 [term 0 FOLLOWER]: Replica starting. Triggering 0 pending ops. Active config: opid_index: -1 OBSOLETE_local: false peers { permanent_uuid: "be445f34b12743f09e8e67d2325b9fd7" member_type: VOTER last_known_addr { host: "127.9.10.129" port: 42185 } } peers { permanent_uuid: "7f9eadf4e4024c9abd4fe7f61e7fd774" member_type: VOTER last_known_addr { host: "127.9.10.130" port: 46747 } } peers { permanent_uuid: "8cda71d3f3e344b389ecbd1ed33fab47" member_type: VOTER last_known_addr { host: "127.9.10.131" port: 40881 } }
I20260601 13:33:53.483767 13862 raft_consensus.cc:385] T 6597a16f08e64b54aae0e734039f8e1c P 7f9eadf4e4024c9abd4fe7f61e7fd774 [term 0 FOLLOWER]: Consensus starting up: Expiring failure detector timer to make a prompt election more likely
I20260601 13:33:53.483855 13862 raft_consensus.cc:740] T 6597a16f08e64b54aae0e734039f8e1c P 7f9eadf4e4024c9abd4fe7f61e7fd774 [term 0 FOLLOWER]: Becoming Follower/Learner. State: Replica: 7f9eadf4e4024c9abd4fe7f61e7fd774, State: Initialized, Role: FOLLOWER
W20260601 13:33:53.483861 13772 leader_election.cc:343] T 909caac7eec14a81bbcc0cdbd3c1278c P 8cda71d3f3e344b389ecbd1ed33fab47 [CANDIDATE]: Term 1 election: Tablet error from VoteRequest() call to peer 7f9eadf4e4024c9abd4fe7f61e7fd774 (127.9.10.130:46747): Illegal state: must be running to vote when last-logged opid is not known
I20260601 13:33:53.483995 13655 raft_consensus.cc:2468] T 909caac7eec14a81bbcc0cdbd3c1278c P be445f34b12743f09e8e67d2325b9fd7 [term 1 FOLLOWER]: Leader election vote request: Granting yes vote for candidate 8cda71d3f3e344b389ecbd1ed33fab47 in term 1.
I20260601 13:33:53.484016 13862 consensus_queue.cc:260] T 6597a16f08e64b54aae0e734039f8e1c P 7f9eadf4e4024c9abd4fe7f61e7fd774 [NON_LEADER]: Queue going to NON_LEADER mode. State: All replicated index: 0, Majority replicated index: 0, Committed index: 0, Last appended: 0.0, Last appended by leader: 0, Current term: 0, Majority size: -1, State: 0, Mode: NON_LEADER, active raft config: opid_index: -1 OBSOLETE_local: false peers { permanent_uuid: "be445f34b12743f09e8e67d2325b9fd7" member_type: VOTER last_known_addr { host: "127.9.10.129" port: 42185 } } peers { permanent_uuid: "7f9eadf4e4024c9abd4fe7f61e7fd774" member_type: VOTER last_known_addr { host: "127.9.10.130" port: 46747 } } peers { permanent_uuid: "8cda71d3f3e344b389ecbd1ed33fab47" member_type: VOTER last_known_addr { host: "127.9.10.131" port: 40881 } }
I20260601 13:33:53.484504 13852 tablet_bootstrap.cc:654] T 69da18cbcb3048cd8941723abe2969ca P be445f34b12743f09e8e67d2325b9fd7: Neither blocks nor log segments found. Creating new log.
I20260601 13:33:53.484925 13862 ts_tablet_manager.cc:1434] T 6597a16f08e64b54aae0e734039f8e1c P 7f9eadf4e4024c9abd4fe7f61e7fd774: Time spent starting tablet: real 0.002s	user 0.000s	sys 0.001s
I20260601 13:33:53.485112 13862 tablet_bootstrap.cc:492] T 909caac7eec14a81bbcc0cdbd3c1278c P 7f9eadf4e4024c9abd4fe7f61e7fd774: Bootstrap starting.
I20260601 13:33:53.485249 13769 leader_election.cc:304] T 909caac7eec14a81bbcc0cdbd3c1278c P 8cda71d3f3e344b389ecbd1ed33fab47 [CANDIDATE]: Term 1 election: Election decided. Result: candidate won. Election summary: received 3 responses out of 3 voters: 2 yes votes; 1 no votes. yes voters: 8cda71d3f3e344b389ecbd1ed33fab47, be445f34b12743f09e8e67d2325b9fd7; no voters: 7f9eadf4e4024c9abd4fe7f61e7fd774
I20260601 13:33:53.485478 13858 raft_consensus.cc:2804] T 909caac7eec14a81bbcc0cdbd3c1278c P 8cda71d3f3e344b389ecbd1ed33fab47 [term 1 FOLLOWER]: Leader election won for term 1
I20260601 13:33:53.485567 13858 raft_consensus.cc:697] T 909caac7eec14a81bbcc0cdbd3c1278c P 8cda71d3f3e344b389ecbd1ed33fab47 [term 1 LEADER]: Becoming Leader. State: Replica: 8cda71d3f3e344b389ecbd1ed33fab47, State: Running, Role: LEADER
I20260601 13:33:53.485692 13858 consensus_queue.cc:237] T 909caac7eec14a81bbcc0cdbd3c1278c P 8cda71d3f3e344b389ecbd1ed33fab47 [LEADER]: Queue going to LEADER mode. State: All replicated index: 0, Majority replicated index: 0, Committed index: 0, Last appended: 0.0, Last appended by leader: 0, Current term: 1, Majority size: 2, State: 0, Mode: LEADER, active raft config: opid_index: -1 OBSOLETE_local: false peers { permanent_uuid: "be445f34b12743f09e8e67d2325b9fd7" member_type: VOTER last_known_addr { host: "127.9.10.129" port: 42185 } } peers { permanent_uuid: "7f9eadf4e4024c9abd4fe7f61e7fd774" member_type: VOTER last_known_addr { host: "127.9.10.130" port: 46747 } } peers { permanent_uuid: "8cda71d3f3e344b389ecbd1ed33fab47" member_type: VOTER last_known_addr { host: "127.9.10.131" port: 40881 } }
I20260601 13:33:53.486117 13862 tablet_bootstrap.cc:654] T 909caac7eec14a81bbcc0cdbd3c1278c P 7f9eadf4e4024c9abd4fe7f61e7fd774: Neither blocks nor log segments found. Creating new log.
I20260601 13:33:53.487083 13853 tablet_bootstrap.cc:492] T 89cd0c084b1d4250818244ee5a7e17ae P 8cda71d3f3e344b389ecbd1ed33fab47: No bootstrap required, opened a new log
I20260601 13:33:53.487113 13862 tablet_bootstrap.cc:492] T 909caac7eec14a81bbcc0cdbd3c1278c P 7f9eadf4e4024c9abd4fe7f61e7fd774: No bootstrap required, opened a new log
I20260601 13:33:53.487172 13853 ts_tablet_manager.cc:1403] T 89cd0c084b1d4250818244ee5a7e17ae P 8cda71d3f3e344b389ecbd1ed33fab47: Time spent bootstrapping tablet: real 0.006s	user 0.000s	sys 0.002s
I20260601 13:33:53.487172 13862 ts_tablet_manager.cc:1403] T 909caac7eec14a81bbcc0cdbd3c1278c P 7f9eadf4e4024c9abd4fe7f61e7fd774: Time spent bootstrapping tablet: real 0.002s	user 0.002s	sys 0.000s
I20260601 13:33:53.487623 13862 raft_consensus.cc:359] T 909caac7eec14a81bbcc0cdbd3c1278c P 7f9eadf4e4024c9abd4fe7f61e7fd774 [term 0 FOLLOWER]: Replica starting. Triggering 0 pending ops. Active config: opid_index: -1 OBSOLETE_local: false peers { permanent_uuid: "be445f34b12743f09e8e67d2325b9fd7" member_type: VOTER last_known_addr { host: "127.9.10.129" port: 42185 } } peers { permanent_uuid: "7f9eadf4e4024c9abd4fe7f61e7fd774" member_type: VOTER last_known_addr { host: "127.9.10.130" port: 46747 } } peers { permanent_uuid: "8cda71d3f3e344b389ecbd1ed33fab47" member_type: VOTER last_known_addr { host: "127.9.10.131" port: 40881 } }
I20260601 13:33:53.487623 13853 raft_consensus.cc:359] T 89cd0c084b1d4250818244ee5a7e17ae P 8cda71d3f3e344b389ecbd1ed33fab47 [term 0 FOLLOWER]: Replica starting. Triggering 0 pending ops. Active config: opid_index: -1 OBSOLETE_local: false peers { permanent_uuid: "be445f34b12743f09e8e67d2325b9fd7" member_type: VOTER last_known_addr { host: "127.9.10.129" port: 42185 } } peers { permanent_uuid: "7f9eadf4e4024c9abd4fe7f61e7fd774" member_type: VOTER last_known_addr { host: "127.9.10.130" port: 46747 } } peers { permanent_uuid: "8cda71d3f3e344b389ecbd1ed33fab47" member_type: VOTER last_known_addr { host: "127.9.10.131" port: 40881 } }
I20260601 13:33:53.487767 13862 raft_consensus.cc:385] T 909caac7eec14a81bbcc0cdbd3c1278c P 7f9eadf4e4024c9abd4fe7f61e7fd774 [term 0 FOLLOWER]: Consensus starting up: Expiring failure detector timer to make a prompt election more likely
I20260601 13:33:53.487776 13853 raft_consensus.cc:385] T 89cd0c084b1d4250818244ee5a7e17ae P 8cda71d3f3e344b389ecbd1ed33fab47 [term 0 FOLLOWER]: Consensus starting up: Expiring failure detector timer to make a prompt election more likely
I20260601 13:33:53.487821 13862 raft_consensus.cc:740] T 909caac7eec14a81bbcc0cdbd3c1278c P 7f9eadf4e4024c9abd4fe7f61e7fd774 [term 0 FOLLOWER]: Becoming Follower/Learner. State: Replica: 7f9eadf4e4024c9abd4fe7f61e7fd774, State: Initialized, Role: FOLLOWER
I20260601 13:33:53.487830 13853 raft_consensus.cc:740] T 89cd0c084b1d4250818244ee5a7e17ae P 8cda71d3f3e344b389ecbd1ed33fab47 [term 0 FOLLOWER]: Becoming Follower/Learner. State: Replica: 8cda71d3f3e344b389ecbd1ed33fab47, State: Initialized, Role: FOLLOWER
I20260601 13:33:53.487649 13551 catalog_manager.cc:5696] T 909caac7eec14a81bbcc0cdbd3c1278c P 8cda71d3f3e344b389ecbd1ed33fab47 reported cstate change: term changed from 0 to 1, leader changed from <none> to 8cda71d3f3e344b389ecbd1ed33fab47 (127.9.10.131). New cstate: current_term: 1 leader_uuid: "8cda71d3f3e344b389ecbd1ed33fab47" committed_config { opid_index: -1 OBSOLETE_local: false peers { permanent_uuid: "be445f34b12743f09e8e67d2325b9fd7" member_type: VOTER last_known_addr { host: "127.9.10.129" port: 42185 } health_report { overall_health: UNKNOWN } } peers { permanent_uuid: "7f9eadf4e4024c9abd4fe7f61e7fd774" member_type: VOTER last_known_addr { host: "127.9.10.130" port: 46747 } health_report { overall_health: UNKNOWN } } peers { permanent_uuid: "8cda71d3f3e344b389ecbd1ed33fab47" member_type: VOTER last_known_addr { host: "127.9.10.131" port: 40881 } health_report { overall_health: HEALTHY } } }
I20260601 13:33:53.487982 13853 consensus_queue.cc:260] T 89cd0c084b1d4250818244ee5a7e17ae P 8cda71d3f3e344b389ecbd1ed33fab47 [NON_LEADER]: Queue going to NON_LEADER mode. State: All replicated index: 0, Majority replicated index: 0, Committed index: 0, Last appended: 0.0, Last appended by leader: 0, Current term: 0, Majority size: -1, State: 0, Mode: NON_LEADER, active raft config: opid_index: -1 OBSOLETE_local: false peers { permanent_uuid: "be445f34b12743f09e8e67d2325b9fd7" member_type: VOTER last_known_addr { host: "127.9.10.129" port: 42185 } } peers { permanent_uuid: "7f9eadf4e4024c9abd4fe7f61e7fd774" member_type: VOTER last_known_addr { host: "127.9.10.130" port: 46747 } } peers { permanent_uuid: "8cda71d3f3e344b389ecbd1ed33fab47" member_type: VOTER last_known_addr { host: "127.9.10.131" port: 40881 } }
I20260601 13:33:53.487967 13862 consensus_queue.cc:260] T 909caac7eec14a81bbcc0cdbd3c1278c P 7f9eadf4e4024c9abd4fe7f61e7fd774 [NON_LEADER]: Queue going to NON_LEADER mode. State: All replicated index: 0, Majority replicated index: 0, Committed index: 0, Last appended: 0.0, Last appended by leader: 0, Current term: 0, Majority size: -1, State: 0, Mode: NON_LEADER, active raft config: opid_index: -1 OBSOLETE_local: false peers { permanent_uuid: "be445f34b12743f09e8e67d2325b9fd7" member_type: VOTER last_known_addr { host: "127.9.10.129" port: 42185 } } peers { permanent_uuid: "7f9eadf4e4024c9abd4fe7f61e7fd774" member_type: VOTER last_known_addr { host: "127.9.10.130" port: 46747 } } peers { permanent_uuid: "8cda71d3f3e344b389ecbd1ed33fab47" member_type: VOTER last_known_addr { host: "127.9.10.131" port: 40881 } }
I20260601 13:33:53.488258 13862 ts_tablet_manager.cc:1434] T 909caac7eec14a81bbcc0cdbd3c1278c P 7f9eadf4e4024c9abd4fe7f61e7fd774: Time spent starting tablet: real 0.001s	user 0.001s	sys 0.000s
I20260601 13:33:53.488318 13853 ts_tablet_manager.cc:1434] T 89cd0c084b1d4250818244ee5a7e17ae P 8cda71d3f3e344b389ecbd1ed33fab47: Time spent starting tablet: real 0.001s	user 0.000s	sys 0.001s
I20260601 13:33:53.488458 13853 tablet_bootstrap.cc:492] T 0c952c7d0c0e4b34bac94680d52d2f93 P 8cda71d3f3e344b389ecbd1ed33fab47: Bootstrap starting.
I20260601 13:33:53.488458 13862 tablet_bootstrap.cc:492] T 592f6cc024db4af5a454ff494978cf6c P 7f9eadf4e4024c9abd4fe7f61e7fd774: Bootstrap starting.
I20260601 13:33:53.489542 13862 tablet_bootstrap.cc:654] T 592f6cc024db4af5a454ff494978cf6c P 7f9eadf4e4024c9abd4fe7f61e7fd774: Neither blocks nor log segments found. Creating new log.
I20260601 13:33:53.489976 13853 tablet_bootstrap.cc:654] T 0c952c7d0c0e4b34bac94680d52d2f93 P 8cda71d3f3e344b389ecbd1ed33fab47: Neither blocks nor log segments found. Creating new log.
I20260601 13:33:53.490680 13852 tablet_bootstrap.cc:492] T 69da18cbcb3048cd8941723abe2969ca P be445f34b12743f09e8e67d2325b9fd7: No bootstrap required, opened a new log
I20260601 13:33:53.490772 13852 ts_tablet_manager.cc:1403] T 69da18cbcb3048cd8941723abe2969ca P be445f34b12743f09e8e67d2325b9fd7: Time spent bootstrapping tablet: real 0.007s	user 0.001s	sys 0.001s
I20260601 13:33:53.491074 13853 tablet_bootstrap.cc:492] T 0c952c7d0c0e4b34bac94680d52d2f93 P 8cda71d3f3e344b389ecbd1ed33fab47: No bootstrap required, opened a new log
I20260601 13:33:53.491158 13853 ts_tablet_manager.cc:1403] T 0c952c7d0c0e4b34bac94680d52d2f93 P 8cda71d3f3e344b389ecbd1ed33fab47: Time spent bootstrapping tablet: real 0.003s	user 0.000s	sys 0.002s
I20260601 13:33:53.491253 13852 raft_consensus.cc:359] T 69da18cbcb3048cd8941723abe2969ca P be445f34b12743f09e8e67d2325b9fd7 [term 0 FOLLOWER]: Replica starting. Triggering 0 pending ops. Active config: opid_index: -1 OBSOLETE_local: false peers { permanent_uuid: "be445f34b12743f09e8e67d2325b9fd7" member_type: VOTER last_known_addr { host: "127.9.10.129" port: 42185 } } peers { permanent_uuid: "7f9eadf4e4024c9abd4fe7f61e7fd774" member_type: VOTER last_known_addr { host: "127.9.10.130" port: 46747 } } peers { permanent_uuid: "8cda71d3f3e344b389ecbd1ed33fab47" member_type: VOTER last_known_addr { host: "127.9.10.131" port: 40881 } }
I20260601 13:33:53.491302 13862 tablet_bootstrap.cc:492] T 592f6cc024db4af5a454ff494978cf6c P 7f9eadf4e4024c9abd4fe7f61e7fd774: No bootstrap required, opened a new log
I20260601 13:33:53.491459 13862 ts_tablet_manager.cc:1403] T 592f6cc024db4af5a454ff494978cf6c P 7f9eadf4e4024c9abd4fe7f61e7fd774: Time spent bootstrapping tablet: real 0.003s	user 0.000s	sys 0.002s
I20260601 13:33:53.491647 13853 raft_consensus.cc:359] T 0c952c7d0c0e4b34bac94680d52d2f93 P 8cda71d3f3e344b389ecbd1ed33fab47 [term 0 FOLLOWER]: Replica starting. Triggering 0 pending ops. Active config: opid_index: -1 OBSOLETE_local: false peers { permanent_uuid: "be445f34b12743f09e8e67d2325b9fd7" member_type: VOTER last_known_addr { host: "127.9.10.129" port: 42185 } } peers { permanent_uuid: "7f9eadf4e4024c9abd4fe7f61e7fd774" member_type: VOTER last_known_addr { host: "127.9.10.130" port: 46747 } } peers { permanent_uuid: "8cda71d3f3e344b389ecbd1ed33fab47" member_type: VOTER last_known_addr { host: "127.9.10.131" port: 40881 } }
I20260601 13:33:53.491753 13853 raft_consensus.cc:385] T 0c952c7d0c0e4b34bac94680d52d2f93 P 8cda71d3f3e344b389ecbd1ed33fab47 [term 0 FOLLOWER]: Consensus starting up: Expiring failure detector timer to make a prompt election more likely
I20260601 13:33:53.491787 13853 raft_consensus.cc:740] T 0c952c7d0c0e4b34bac94680d52d2f93 P 8cda71d3f3e344b389ecbd1ed33fab47 [term 0 FOLLOWER]: Becoming Follower/Learner. State: Replica: 8cda71d3f3e344b389ecbd1ed33fab47, State: Initialized, Role: FOLLOWER
I20260601 13:33:53.491912 13853 consensus_queue.cc:260] T 0c952c7d0c0e4b34bac94680d52d2f93 P 8cda71d3f3e344b389ecbd1ed33fab47 [NON_LEADER]: Queue going to NON_LEADER mode. State: All replicated index: 0, Majority replicated index: 0, Committed index: 0, Last appended: 0.0, Last appended by leader: 0, Current term: 0, Majority size: -1, State: 0, Mode: NON_LEADER, active raft config: opid_index: -1 OBSOLETE_local: false peers { permanent_uuid: "be445f34b12743f09e8e67d2325b9fd7" member_type: VOTER last_known_addr { host: "127.9.10.129" port: 42185 } } peers { permanent_uuid: "7f9eadf4e4024c9abd4fe7f61e7fd774" member_type: VOTER last_known_addr { host: "127.9.10.130" port: 46747 } } peers { permanent_uuid: "8cda71d3f3e344b389ecbd1ed33fab47" member_type: VOTER last_known_addr { host: "127.9.10.131" port: 40881 } }
I20260601 13:33:53.491938 13862 raft_consensus.cc:359] T 592f6cc024db4af5a454ff494978cf6c P 7f9eadf4e4024c9abd4fe7f61e7fd774 [term 0 FOLLOWER]: Replica starting. Triggering 0 pending ops. Active config: opid_index: -1 OBSOLETE_local: false peers { permanent_uuid: "7f9eadf4e4024c9abd4fe7f61e7fd774" member_type: VOTER last_known_addr { host: "127.9.10.130" port: 46747 } } peers { permanent_uuid: "8cda71d3f3e344b389ecbd1ed33fab47" member_type: VOTER last_known_addr { host: "127.9.10.131" port: 40881 } } peers { permanent_uuid: "be445f34b12743f09e8e67d2325b9fd7" member_type: VOTER last_known_addr { host: "127.9.10.129" port: 42185 } }
I20260601 13:33:53.492030 13862 raft_consensus.cc:385] T 592f6cc024db4af5a454ff494978cf6c P 7f9eadf4e4024c9abd4fe7f61e7fd774 [term 0 FOLLOWER]: Consensus starting up: Expiring failure detector timer to make a prompt election more likely
