I20260601 13:33:27.176896  9258 webserver.cc:533] Webserver started at http://127.9.10.132:34961/ using document root <none> and password file <none>
I20260601 13:33:27.177088  9258 fs_manager.cc:362] Metadata directory not provided
I20260601 13:33:27.177196  9258 fs_manager.cc:368] Using write-ahead log directory (fs_wal_dir) as metadata directory
I20260601 13:33:27.177279  9258 server_base.cc:909] This appears to be a new deployment of Kudu; creating new FS layout
I20260601 13:33:27.177718  9258 fs_manager.cc:1068] Generated new instance metadata in path /tmp/dist-test-taskEKzXGm/test-tmp/auto_rebalancer-test.0.AutoRebalancerTest.NoReplicaMovesIfLocationLoadSkewedByOne.1780320730306387-9258-0/minicluster-data/ts-3-root/instance:
uuid: "2c7f767dee66408f81d2e00cea0fa09f"
format_stamp: "Formatted at 2026-06-01 13:33:27 on dist-test-slave-3ws6"
I20260601 13:33:27.177806 13059 heartbeater.cc:344] Connected to a master server at 127.9.10.190:34641
I20260601 13:33:27.177913 13059 heartbeater.cc:461] Registering TS with master...
I20260601 13:33:27.178203 13059 heartbeater.cc:507] Master 127.9.10.190:34641 requested a full tablet report, sending...
I20260601 13:33:27.178900 12779 ts_manager.cc:194] Registered new tserver with Master: 9747a5d5f9c848288bc78b7a859aae61 (127.9.10.131:46015)
I20260601 13:33:27.179510  9258 fs_manager.cc:696] Time spent creating directory manager: real 0.002s	user 0.002s	sys 0.000s
I20260601 13:33:27.179593 12779 master_service.cc:502] Signed X509 certificate for tserver {username='slave'} at 127.0.0.1:39178
I20260601 13:33:27.180586 13070 log_block_manager.cc:4031] Time spent loading block containers with low live blocks: real 0.000s	user 0.000s	sys 0.000s
I20260601 13:33:27.180824  9258 fs_manager.cc:730] Time spent opening block manager: real 0.001s	user 0.001s	sys 0.000s
I20260601 13:33:27.180912  9258 fs_manager.cc:647] Opened local filesystem: /tmp/dist-test-taskEKzXGm/test-tmp/auto_rebalancer-test.0.AutoRebalancerTest.NoReplicaMovesIfLocationLoadSkewedByOne.1780320730306387-9258-0/minicluster-data/ts-3-root
uuid: "2c7f767dee66408f81d2e00cea0fa09f"
format_stamp: "Formatted at 2026-06-01 13:33:27 on dist-test-slave-3ws6"
I20260601 13:33:27.181001  9258 fs_report.cc:389] FS layout report
--------------------
wal directory: /tmp/dist-test-taskEKzXGm/test-tmp/auto_rebalancer-test.0.AutoRebalancerTest.NoReplicaMovesIfLocationLoadSkewedByOne.1780320730306387-9258-0/minicluster-data/ts-3-root
metadata directory: /tmp/dist-test-taskEKzXGm/test-tmp/auto_rebalancer-test.0.AutoRebalancerTest.NoReplicaMovesIfLocationLoadSkewedByOne.1780320730306387-9258-0/minicluster-data/ts-3-root
1 data directories: /tmp/dist-test-taskEKzXGm/test-tmp/auto_rebalancer-test.0.AutoRebalancerTest.NoReplicaMovesIfLocationLoadSkewedByOne.1780320730306387-9258-0/minicluster-data/ts-3-root/data
Total live blocks: 0
Total live bytes: 0
Total live bytes (after alignment): 0
Total number of LBM containers: 0 (0 full)
Did not check for missing blocks
Did not check for orphaned blocks
Total full LBM containers with extra space: 0 (0 repaired)
Total full LBM container extra space in bytes: 0 (0 repaired)
Total incomplete LBM containers: 0 (0 repaired)
Total LBM partial records: 0 (0 repaired)
Total corrupted LBM metadata records in RocksDB: 0 (0 repaired)
I20260601 13:33:27.201611  9258 rpc_server.cc:225] running with OpenSSL 1.1.1  11 Sep 2018
I20260601 13:33:27.202107  9258 kserver.cc:163] Server-wide thread pool size limit: 3276
I20260601 13:33:27.202461  9258 txn_system_client.cc:432] TxnSystemClient initialization is disabled...
I20260601 13:33:27.202991  9258 ts_tablet_manager.cc:585] Loaded tablet metadata (0 total tablets, 0 live tablets)
I20260601 13:33:27.203066  9258 ts_tablet_manager.cc:531] Time spent load tablet metadata: real 0.000s	user 0.000s	sys 0.000s
I20260601 13:33:27.203125  9258 ts_tablet_manager.cc:616] Registered 0 tablets
I20260601 13:33:27.203176  9258 ts_tablet_manager.cc:595] Time spent register tablets: real 0.000s	user 0.000s	sys 0.000s
I20260601 13:33:27.209079  9258 rpc_server.cc:307] RPC server started. Bound to: 127.9.10.132:39555
I20260601 13:33:27.209125 13133 acceptor_pool.cc:272] collecting diagnostics on the listening RPC socket 127.9.10.132:39555 every 8 connection(s)
I20260601 13:33:27.214174 13134 heartbeater.cc:344] Connected to a master server at 127.9.10.190:34641
I20260601 13:33:27.214300 13134 heartbeater.cc:461] Registering TS with master...
I20260601 13:33:27.214589 13134 heartbeater.cc:507] Master 127.9.10.190:34641 requested a full tablet report, sending...
I20260601 13:33:27.215276 12779 ts_manager.cc:194] Registered new tserver with Master: 2c7f767dee66408f81d2e00cea0fa09f (127.9.10.132:39555)
I20260601 13:33:27.215480  9258 internal_mini_cluster.cc:371] 4 TS(s) registered with all masters after 0.005750492s
I20260601 13:33:27.215868 12779 master_service.cc:502] Signed X509 certificate for tserver {username='slave'} at 127.0.0.1:39188
I20260601 13:33:28.122375 12908 heartbeater.cc:499] Master 127.9.10.190:34641 was elected leader, sending a full tablet report...
I20260601 13:33:28.148154 12984 heartbeater.cc:499] Master 127.9.10.190:34641 was elected leader, sending a full tablet report...
I20260601 13:33:28.180751 13059 heartbeater.cc:499] Master 127.9.10.190:34641 was elected leader, sending a full tablet report...
I20260601 13:33:28.216857 13134 heartbeater.cc:499] Master 127.9.10.190:34641 was elected leader, sending a full tablet report...
I20260601 13:33:28.256242 12779 catalog_manager.cc:2282] Servicing CreateTable request from {username='slave'} at 127.0.0.1:39204:
name: "test-workload"
schema {
  columns {
    name: "key"
    type: INT32
    is_key: true
    is_nullable: false
    encoding: AUTO_ENCODING
    compression: DEFAULT_COMPRESSION
    cfile_block_size: 0
    immutable: false
  }
  columns {
    name: "int_val"
    type: INT32
    is_key: false
    is_nullable: false
    encoding: AUTO_ENCODING
    compression: DEFAULT_COMPRESSION
    cfile_block_size: 0
    immutable: false
  }
  columns {
    name: "string_val"
    type: STRING
    is_key: false
    is_nullable: true
    encoding: AUTO_ENCODING
    compression: DEFAULT_COMPRESSION
    cfile_block_size: 0
    immutable: false
  }
}
num_replicas: 3
split_rows_range_bounds {
}
partition_schema {
  range_schema {
    columns {
      name: "key"
    }
  }
}
I20260601 13:33:28.267316 13098 tablet_service.cc:1511] Processing CreateTablet for tablet 480d9ff0ae464db8a0ac1a6ec3addb5c (DEFAULT_TABLE table=test-workload [id=e9fa5ae2759548449ba81ea5d85f6484]), partition=RANGE (key) PARTITION UNBOUNDED
I20260601 13:33:28.267712 13098 data_dirs.cc:400] Could only allocate 1 dirs of requested 3 for tablet 480d9ff0ae464db8a0ac1a6ec3addb5c. 1 dirs total, 0 dirs full, 0 dirs failed
I20260601 13:33:28.268353 13023 tablet_service.cc:1511] Processing CreateTablet for tablet 480d9ff0ae464db8a0ac1a6ec3addb5c (DEFAULT_TABLE table=test-workload [id=e9fa5ae2759548449ba81ea5d85f6484]), partition=RANGE (key) PARTITION UNBOUNDED
I20260601 13:33:28.268564 13023 data_dirs.cc:400] Could only allocate 1 dirs of requested 3 for tablet 480d9ff0ae464db8a0ac1a6ec3addb5c. 1 dirs total, 0 dirs full, 0 dirs failed
I20260601 13:33:28.270195 13155 tablet_bootstrap.cc:492] T 480d9ff0ae464db8a0ac1a6ec3addb5c P 2c7f767dee66408f81d2e00cea0fa09f: Bootstrap starting.
I20260601 13:33:28.270359 12948 tablet_service.cc:1511] Processing CreateTablet for tablet 480d9ff0ae464db8a0ac1a6ec3addb5c (DEFAULT_TABLE table=test-workload [id=e9fa5ae2759548449ba81ea5d85f6484]), partition=RANGE (key) PARTITION UNBOUNDED
I20260601 13:33:28.270627 12948 data_dirs.cc:400] Could only allocate 1 dirs of requested 3 for tablet 480d9ff0ae464db8a0ac1a6ec3addb5c. 1 dirs total, 0 dirs full, 0 dirs failed
I20260601 13:33:28.271294 13155 tablet_bootstrap.cc:654] T 480d9ff0ae464db8a0ac1a6ec3addb5c P 2c7f767dee66408f81d2e00cea0fa09f: Neither blocks nor log segments found. Creating new log.
I20260601 13:33:28.272119 13156 tablet_bootstrap.cc:492] T 480d9ff0ae464db8a0ac1a6ec3addb5c P 9747a5d5f9c848288bc78b7a859aae61: Bootstrap starting.
I20260601 13:33:28.272466 13155 tablet_bootstrap.cc:492] T 480d9ff0ae464db8a0ac1a6ec3addb5c P 2c7f767dee66408f81d2e00cea0fa09f: No bootstrap required, opened a new log
I20260601 13:33:28.272567 13155 ts_tablet_manager.cc:1403] T 480d9ff0ae464db8a0ac1a6ec3addb5c P 2c7f767dee66408f81d2e00cea0fa09f: Time spent bootstrapping tablet: real 0.002s	user 0.002s	sys 0.000s
I20260601 13:33:28.272969 13158 tablet_bootstrap.cc:492] T 480d9ff0ae464db8a0ac1a6ec3addb5c P b1d46818745845b38718ce521b2395ae: Bootstrap starting.
I20260601 13:33:28.273058 13155 raft_consensus.cc:359] T 480d9ff0ae464db8a0ac1a6ec3addb5c P 2c7f767dee66408f81d2e00cea0fa09f [term 0 FOLLOWER]: Replica starting. Triggering 0 pending ops. Active config: opid_index: -1 OBSOLETE_local: false peers { permanent_uuid: "2c7f767dee66408f81d2e00cea0fa09f" member_type: VOTER last_known_addr { host: "127.9.10.132" port: 39555 } } peers { permanent_uuid: "9747a5d5f9c848288bc78b7a859aae61" member_type: VOTER last_known_addr { host: "127.9.10.131" port: 46015 } } peers { permanent_uuid: "b1d46818745845b38718ce521b2395ae" member_type: VOTER last_known_addr { host: "127.9.10.130" port: 46001 } }
I20260601 13:33:28.273185 13155 raft_consensus.cc:385] T 480d9ff0ae464db8a0ac1a6ec3addb5c P 2c7f767dee66408f81d2e00cea0fa09f [term 0 FOLLOWER]: Consensus starting up: Expiring failure detector timer to make a prompt election more likely
I20260601 13:33:28.273236 13155 raft_consensus.cc:740] T 480d9ff0ae464db8a0ac1a6ec3addb5c P 2c7f767dee66408f81d2e00cea0fa09f [term 0 FOLLOWER]: Becoming Follower/Learner. State: Replica: 2c7f767dee66408f81d2e00cea0fa09f, State: Initialized, Role: FOLLOWER
I20260601 13:33:28.273296 13156 tablet_bootstrap.cc:654] T 480d9ff0ae464db8a0ac1a6ec3addb5c P 9747a5d5f9c848288bc78b7a859aae61: Neither blocks nor log segments found. Creating new log.
I20260601 13:33:28.273378 13155 consensus_queue.cc:260] T 480d9ff0ae464db8a0ac1a6ec3addb5c P 2c7f767dee66408f81d2e00cea0fa09f [NON_LEADER]: Queue going to NON_LEADER mode. State: All replicated index: 0, Majority replicated index: 0, Committed index: 0, Last appended: 0.0, Last appended by leader: 0, Current term: 0, Majority size: -1, State: 0, Mode: NON_LEADER, active raft config: opid_index: -1 OBSOLETE_local: false peers { permanent_uuid: "2c7f767dee66408f81d2e00cea0fa09f" member_type: VOTER last_known_addr { host: "127.9.10.132" port: 39555 } } peers { permanent_uuid: "9747a5d5f9c848288bc78b7a859aae61" member_type: VOTER last_known_addr { host: "127.9.10.131" port: 46015 } } peers { permanent_uuid: "b1d46818745845b38718ce521b2395ae" member_type: VOTER last_known_addr { host: "127.9.10.130" port: 46001 } }
I20260601 13:33:28.273802 13155 ts_tablet_manager.cc:1434] T 480d9ff0ae464db8a0ac1a6ec3addb5c P 2c7f767dee66408f81d2e00cea0fa09f: Time spent starting tablet: real 0.001s	user 0.000s	sys 0.002s
I20260601 13:33:28.274091 13158 tablet_bootstrap.cc:654] T 480d9ff0ae464db8a0ac1a6ec3addb5c P b1d46818745845b38718ce521b2395ae: Neither blocks nor log segments found. Creating new log.
I20260601 13:33:28.274618 13156 tablet_bootstrap.cc:492] T 480d9ff0ae464db8a0ac1a6ec3addb5c P 9747a5d5f9c848288bc78b7a859aae61: No bootstrap required, opened a new log
I20260601 13:33:28.274734 13156 ts_tablet_manager.cc:1403] T 480d9ff0ae464db8a0ac1a6ec3addb5c P 9747a5d5f9c848288bc78b7a859aae61: Time spent bootstrapping tablet: real 0.003s	user 0.002s	sys 0.000s
I20260601 13:33:28.275259 13156 raft_consensus.cc:359] T 480d9ff0ae464db8a0ac1a6ec3addb5c P 9747a5d5f9c848288bc78b7a859aae61 [term 0 FOLLOWER]: Replica starting. Triggering 0 pending ops. Active config: opid_index: -1 OBSOLETE_local: false peers { permanent_uuid: "2c7f767dee66408f81d2e00cea0fa09f" member_type: VOTER last_known_addr { host: "127.9.10.132" port: 39555 } } peers { permanent_uuid: "9747a5d5f9c848288bc78b7a859aae61" member_type: VOTER last_known_addr { host: "127.9.10.131" port: 46015 } } peers { permanent_uuid: "b1d46818745845b38718ce521b2395ae" member_type: VOTER last_known_addr { host: "127.9.10.130" port: 46001 } }
I20260601 13:33:28.275415 13156 raft_consensus.cc:385] T 480d9ff0ae464db8a0ac1a6ec3addb5c P 9747a5d5f9c848288bc78b7a859aae61 [term 0 FOLLOWER]: Consensus starting up: Expiring failure detector timer to make a prompt election more likely
I20260601 13:33:28.275466 13156 raft_consensus.cc:740] T 480d9ff0ae464db8a0ac1a6ec3addb5c P 9747a5d5f9c848288bc78b7a859aae61 [term 0 FOLLOWER]: Becoming Follower/Learner. State: Replica: 9747a5d5f9c848288bc78b7a859aae61, State: Initialized, Role: FOLLOWER
I20260601 13:33:28.275610 13156 consensus_queue.cc:260] T 480d9ff0ae464db8a0ac1a6ec3addb5c P 9747a5d5f9c848288bc78b7a859aae61 [NON_LEADER]: Queue going to NON_LEADER mode. State: All replicated index: 0, Majority replicated index: 0, Committed index: 0, Last appended: 0.0, Last appended by leader: 0, Current term: 0, Majority size: -1, State: 0, Mode: NON_LEADER, active raft config: opid_index: -1 OBSOLETE_local: false peers { permanent_uuid: "2c7f767dee66408f81d2e00cea0fa09f" member_type: VOTER last_known_addr { host: "127.9.10.132" port: 39555 } } peers { permanent_uuid: "9747a5d5f9c848288bc78b7a859aae61" member_type: VOTER last_known_addr { host: "127.9.10.131" port: 46015 } } peers { permanent_uuid: "b1d46818745845b38718ce521b2395ae" member_type: VOTER last_known_addr { host: "127.9.10.130" port: 46001 } }
I20260601 13:33:28.275991 13156 ts_tablet_manager.cc:1434] T 480d9ff0ae464db8a0ac1a6ec3addb5c P 9747a5d5f9c848288bc78b7a859aae61: Time spent starting tablet: real 0.001s	user 0.002s	sys 0.000s
I20260601 13:33:28.275274 13158 tablet_bootstrap.cc:492] T 480d9ff0ae464db8a0ac1a6ec3addb5c P b1d46818745845b38718ce521b2395ae: No bootstrap required, opened a new log
I20260601 13:33:28.276186 13158 ts_tablet_manager.cc:1403] T 480d9ff0ae464db8a0ac1a6ec3addb5c P b1d46818745845b38718ce521b2395ae: Time spent bootstrapping tablet: real 0.003s	user 0.002s	sys 0.000s
I20260601 13:33:28.276654 13158 raft_consensus.cc:359] T 480d9ff0ae464db8a0ac1a6ec3addb5c P b1d46818745845b38718ce521b2395ae [term 0 FOLLOWER]: Replica starting. Triggering 0 pending ops. Active config: opid_index: -1 OBSOLETE_local: false peers { permanent_uuid: "2c7f767dee66408f81d2e00cea0fa09f" member_type: VOTER last_known_addr { host: "127.9.10.132" port: 39555 } } peers { permanent_uuid: "9747a5d5f9c848288bc78b7a859aae61" member_type: VOTER last_known_addr { host: "127.9.10.131" port: 46015 } } peers { permanent_uuid: "b1d46818745845b38718ce521b2395ae" member_type: VOTER last_known_addr { host: "127.9.10.130" port: 46001 } }
I20260601 13:33:28.276747 13158 raft_consensus.cc:385] T 480d9ff0ae464db8a0ac1a6ec3addb5c P b1d46818745845b38718ce521b2395ae [term 0 FOLLOWER]: Consensus starting up: Expiring failure detector timer to make a prompt election more likely
I20260601 13:33:28.276790 13158 raft_consensus.cc:740] T 480d9ff0ae464db8a0ac1a6ec3addb5c P b1d46818745845b38718ce521b2395ae [term 0 FOLLOWER]: Becoming Follower/Learner. State: Replica: b1d46818745845b38718ce521b2395ae, State: Initialized, Role: FOLLOWER
I20260601 13:33:28.276913 13158 consensus_queue.cc:260] T 480d9ff0ae464db8a0ac1a6ec3addb5c P b1d46818745845b38718ce521b2395ae [NON_LEADER]: Queue going to NON_LEADER mode. State: All replicated index: 0, Majority replicated index: 0, Committed index: 0, Last appended: 0.0, Last appended by leader: 0, Current term: 0, Majority size: -1, State: 0, Mode: NON_LEADER, active raft config: opid_index: -1 OBSOLETE_local: false peers { permanent_uuid: "2c7f767dee66408f81d2e00cea0fa09f" member_type: VOTER last_known_addr { host: "127.9.10.132" port: 39555 } } peers { permanent_uuid: "9747a5d5f9c848288bc78b7a859aae61" member_type: VOTER last_known_addr { host: "127.9.10.131" port: 46015 } } peers { permanent_uuid: "b1d46818745845b38718ce521b2395ae" member_type: VOTER last_known_addr { host: "127.9.10.130" port: 46001 } }
I20260601 13:33:28.277279 13158 ts_tablet_manager.cc:1434] T 480d9ff0ae464db8a0ac1a6ec3addb5c P b1d46818745845b38718ce521b2395ae: Time spent starting tablet: real 0.001s	user 0.001s	sys 0.000s
I20260601 13:33:28.384130 13163 raft_consensus.cc:493] T 480d9ff0ae464db8a0ac1a6ec3addb5c P b1d46818745845b38718ce521b2395ae [term 0 FOLLOWER]: Starting pre-election (no leader contacted us within the election timeout)
I20260601 13:33:28.384305 13163 raft_consensus.cc:515] T 480d9ff0ae464db8a0ac1a6ec3addb5c P b1d46818745845b38718ce521b2395ae [term 0 FOLLOWER]: Starting pre-election with config: opid_index: -1 OBSOLETE_local: false peers { permanent_uuid: "2c7f767dee66408f81d2e00cea0fa09f" member_type: VOTER last_known_addr { host: "127.9.10.132" port: 39555 } } peers { permanent_uuid: "9747a5d5f9c848288bc78b7a859aae61" member_type: VOTER last_known_addr { host: "127.9.10.131" port: 46015 } } peers { permanent_uuid: "b1d46818745845b38718ce521b2395ae" member_type: VOTER last_known_addr { host: "127.9.10.130" port: 46001 } }
I20260601 13:33:28.385089 13163 leader_election.cc:290] T 480d9ff0ae464db8a0ac1a6ec3addb5c P b1d46818745845b38718ce521b2395ae [CANDIDATE]: Term 1 pre-election: Requested pre-vote from peers 2c7f767dee66408f81d2e00cea0fa09f (127.9.10.132:39555), 9747a5d5f9c848288bc78b7a859aae61 (127.9.10.131:46015)
I20260601 13:33:28.389154 13033 tablet_service.cc:1917] Received RequestConsensusVote() RPC: tablet_id: "480d9ff0ae464db8a0ac1a6ec3addb5c" candidate_uuid: "b1d46818745845b38718ce521b2395ae" candidate_term: 1 candidate_status { last_received { term: 0 index: 0 } } ignore_live_leader: false dest_uuid: "9747a5d5f9c848288bc78b7a859aae61" is_pre_election: true
I20260601 13:33:28.389213 13108 tablet_service.cc:1917] Received RequestConsensusVote() RPC: tablet_id: "480d9ff0ae464db8a0ac1a6ec3addb5c" candidate_uuid: "b1d46818745845b38718ce521b2395ae" candidate_term: 1 candidate_status { last_received { term: 0 index: 0 } } ignore_live_leader: false dest_uuid: "2c7f767dee66408f81d2e00cea0fa09f" is_pre_election: true
I20260601 13:33:28.389326 13033 raft_consensus.cc:2468] T 480d9ff0ae464db8a0ac1a6ec3addb5c P 9747a5d5f9c848288bc78b7a859aae61 [term 0 FOLLOWER]: Leader pre-election vote request: Granting yes vote for candidate b1d46818745845b38718ce521b2395ae in term 0.
I20260601 13:33:28.389377 13108 raft_consensus.cc:2468] T 480d9ff0ae464db8a0ac1a6ec3addb5c P 2c7f767dee66408f81d2e00cea0fa09f [term 0 FOLLOWER]: Leader pre-election vote request: Granting yes vote for candidate b1d46818745845b38718ce521b2395ae in term 0.
I20260601 13:33:28.389779 12922 leader_election.cc:304] T 480d9ff0ae464db8a0ac1a6ec3addb5c P b1d46818745845b38718ce521b2395ae [CANDIDATE]: Term 1 pre-election: Election decided. Result: candidate won. Election summary: received 3 responses out of 3 voters: 3 yes votes; 0 no votes. yes voters: 2c7f767dee66408f81d2e00cea0fa09f, 9747a5d5f9c848288bc78b7a859aae61, b1d46818745845b38718ce521b2395ae; no voters: 
I20260601 13:33:28.390033 13163 raft_consensus.cc:2804] T 480d9ff0ae464db8a0ac1a6ec3addb5c P b1d46818745845b38718ce521b2395ae [term 0 FOLLOWER]: Leader pre-election won for term 1
I20260601 13:33:28.390092 13163 raft_consensus.cc:493] T 480d9ff0ae464db8a0ac1a6ec3addb5c P b1d46818745845b38718ce521b2395ae [term 0 FOLLOWER]: Starting leader election (no leader contacted us within the election timeout)
I20260601 13:33:28.390121 13163 raft_consensus.cc:3060] T 480d9ff0ae464db8a0ac1a6ec3addb5c P b1d46818745845b38718ce521b2395ae [term 0 FOLLOWER]: Advancing to term 1
I20260601 13:33:28.391065 13163 raft_consensus.cc:515] T 480d9ff0ae464db8a0ac1a6ec3addb5c P b1d46818745845b38718ce521b2395ae [term 1 FOLLOWER]: Starting leader election with config: opid_index: -1 OBSOLETE_local: false peers { permanent_uuid: "2c7f767dee66408f81d2e00cea0fa09f" member_type: VOTER last_known_addr { host: "127.9.10.132" port: 39555 } } peers { permanent_uuid: "9747a5d5f9c848288bc78b7a859aae61" member_type: VOTER last_known_addr { host: "127.9.10.131" port: 46015 } } peers { permanent_uuid: "b1d46818745845b38718ce521b2395ae" member_type: VOTER last_known_addr { host: "127.9.10.130" port: 46001 } }
I20260601 13:33:28.391501 13163 leader_election.cc:290] T 480d9ff0ae464db8a0ac1a6ec3addb5c P b1d46818745845b38718ce521b2395ae [CANDIDATE]: Term 1 election: Requested vote from peers 2c7f767dee66408f81d2e00cea0fa09f (127.9.10.132:39555), 9747a5d5f9c848288bc78b7a859aae61 (127.9.10.131:46015)
I20260601 13:33:28.391928 13033 tablet_service.cc:1917] Received RequestConsensusVote() RPC: tablet_id: "480d9ff0ae464db8a0ac1a6ec3addb5c" candidate_uuid: "b1d46818745845b38718ce521b2395ae" candidate_term: 1 candidate_status { last_received { term: 0 index: 0 } } ignore_live_leader: false dest_uuid: "9747a5d5f9c848288bc78b7a859aae61"
I20260601 13:33:28.391929 13108 tablet_service.cc:1917] Received RequestConsensusVote() RPC: tablet_id: "480d9ff0ae464db8a0ac1a6ec3addb5c" candidate_uuid: "b1d46818745845b38718ce521b2395ae" candidate_term: 1 candidate_status { last_received { term: 0 index: 0 } } ignore_live_leader: false dest_uuid: "2c7f767dee66408f81d2e00cea0fa09f"
I20260601 13:33:28.392086 13033 raft_consensus.cc:3060] T 480d9ff0ae464db8a0ac1a6ec3addb5c P 9747a5d5f9c848288bc78b7a859aae61 [term 0 FOLLOWER]: Advancing to term 1
I20260601 13:33:28.392132 13108 raft_consensus.cc:3060] T 480d9ff0ae464db8a0ac1a6ec3addb5c P 2c7f767dee66408f81d2e00cea0fa09f [term 0 FOLLOWER]: Advancing to term 1
I20260601 13:33:28.393074 13033 raft_consensus.cc:2468] T 480d9ff0ae464db8a0ac1a6ec3addb5c P 9747a5d5f9c848288bc78b7a859aae61 [term 1 FOLLOWER]: Leader election vote request: Granting yes vote for candidate b1d46818745845b38718ce521b2395ae in term 1.
I20260601 13:33:28.393090 13108 raft_consensus.cc:2468] T 480d9ff0ae464db8a0ac1a6ec3addb5c P 2c7f767dee66408f81d2e00cea0fa09f [term 1 FOLLOWER]: Leader election vote request: Granting yes vote for candidate b1d46818745845b38718ce521b2395ae in term 1.
I20260601 13:33:28.393549 12922 leader_election.cc:304] T 480d9ff0ae464db8a0ac1a6ec3addb5c P b1d46818745845b38718ce521b2395ae [CANDIDATE]: Term 1 election: Election decided. Result: candidate won. Election summary: received 2 responses out of 3 voters: 2 yes votes; 0 no votes. yes voters: 9747a5d5f9c848288bc78b7a859aae61, b1d46818745845b38718ce521b2395ae; no voters: 
I20260601 13:33:28.393774 13163 raft_consensus.cc:2804] T 480d9ff0ae464db8a0ac1a6ec3addb5c P b1d46818745845b38718ce521b2395ae [term 1 FOLLOWER]: Leader election won for term 1
I20260601 13:33:28.394011 13163 raft_consensus.cc:697] T 480d9ff0ae464db8a0ac1a6ec3addb5c P b1d46818745845b38718ce521b2395ae [term 1 LEADER]: Becoming Leader. State: Replica: b1d46818745845b38718ce521b2395ae, State: Running, Role: LEADER
I20260601 13:33:28.394213 13163 consensus_queue.cc:237] T 480d9ff0ae464db8a0ac1a6ec3addb5c P b1d46818745845b38718ce521b2395ae [LEADER]: Queue going to LEADER mode. State: All replicated index: 0, Majority replicated index: 0, Committed index: 0, Last appended: 0.0, Last appended by leader: 0, Current term: 1, Majority size: 2, State: 0, Mode: LEADER, active raft config: opid_index: -1 OBSOLETE_local: false peers { permanent_uuid: "2c7f767dee66408f81d2e00cea0fa09f" member_type: VOTER last_known_addr { host: "127.9.10.132" port: 39555 } } peers { permanent_uuid: "9747a5d5f9c848288bc78b7a859aae61" member_type: VOTER last_known_addr { host: "127.9.10.131" port: 46015 } } peers { permanent_uuid: "b1d46818745845b38718ce521b2395ae" member_type: VOTER last_known_addr { host: "127.9.10.130" port: 46001 } }
I20260601 13:33:28.396113 12779 catalog_manager.cc:5696] T 480d9ff0ae464db8a0ac1a6ec3addb5c P b1d46818745845b38718ce521b2395ae reported cstate change: term changed from 0 to 1, leader changed from <none> to b1d46818745845b38718ce521b2395ae (127.9.10.130). New cstate: current_term: 1 leader_uuid: "b1d46818745845b38718ce521b2395ae" committed_config { opid_index: -1 OBSOLETE_local: false peers { permanent_uuid: "2c7f767dee66408f81d2e00cea0fa09f" member_type: VOTER last_known_addr { host: "127.9.10.132" port: 39555 } health_report { overall_health: UNKNOWN } } peers { permanent_uuid: "9747a5d5f9c848288bc78b7a859aae61" member_type: VOTER last_known_addr { host: "127.9.10.131" port: 46015 } health_report { overall_health: UNKNOWN } } peers { permanent_uuid: "b1d46818745845b38718ce521b2395ae" member_type: VOTER last_known_addr { host: "127.9.10.130" port: 46001 } health_report { overall_health: HEALTHY } } }
I20260601 13:33:28.929695 13168 consensus_queue.cc:1048] T 480d9ff0ae464db8a0ac1a6ec3addb5c P b1d46818745845b38718ce521b2395ae [LEADER]: Connected to new peer: Peer: permanent_uuid: "2c7f767dee66408f81d2e00cea0fa09f" member_type: VOTER last_known_addr { host: "127.9.10.132" port: 39555 }, Status: LMP_MISMATCH, Last received: 0.0, Next index: 1, Last known committed idx: 0, Time since last communication: 0.000s
I20260601 13:33:28.933641 13173 consensus_queue.cc:1048] T 480d9ff0ae464db8a0ac1a6ec3addb5c P b1d46818745845b38718ce521b2395ae [LEADER]: Connected to new peer: Peer: permanent_uuid: "9747a5d5f9c848288bc78b7a859aae61" member_type: VOTER last_known_addr { host: "127.9.10.131" port: 46015 }, Status: LMP_MISMATCH, Last received: 0.0, Next index: 1, Last known committed idx: 0, Time since last communication: 0.000s
I20260601 13:33:29.026332 12833 auto_leader_rebalancer.cc:140] leader rebalance for table test-workload
I20260601 13:33:29.026660 12833 auto_leader_rebalancer.cc:388] table: test-workload, leader rebalance finish, leader transfer count: 0
I20260601 13:33:29.026737 12833 auto_leader_rebalancer.cc:451] All tables' leader rebalancing finished this round
I20260601 13:33:31.027109 12833 auto_leader_rebalancer.cc:140] leader rebalance for table test-workload
I20260601 13:33:31.027434 12833 auto_leader_rebalancer.cc:388] table: test-workload, leader rebalance finish, leader transfer count: 0
I20260601 13:33:31.027540 12833 auto_leader_rebalancer.cc:451] All tables' leader rebalancing finished this round
I20260601 13:33:33.027905 12833 auto_leader_rebalancer.cc:140] leader rebalance for table test-workload
I20260601 13:33:33.028308 12833 auto_leader_rebalancer.cc:388] table: test-workload, leader rebalance finish, leader transfer count: 0
I20260601 13:33:33.028398 12833 auto_leader_rebalancer.cc:451] All tables' leader rebalancing finished this round
I20260601 13:33:35.028749 12833 auto_leader_rebalancer.cc:140] leader rebalance for table test-workload
I20260601 13:33:35.029131 12833 auto_leader_rebalancer.cc:388] table: test-workload, leader rebalance finish, leader transfer count: 0
I20260601 13:33:35.029220 12833 auto_leader_rebalancer.cc:451] All tables' leader rebalancing finished this round
I20260601 13:33:37.029621 12833 auto_leader_rebalancer.cc:140] leader rebalance for table test-workload
I20260601 13:33:37.030021 12833 auto_leader_rebalancer.cc:388] table: test-workload, leader rebalance finish, leader transfer count: 0
I20260601 13:33:37.030117 12833 auto_leader_rebalancer.cc:451] All tables' leader rebalancing finished this round
I20260601 13:33:39.030541 12833 auto_leader_rebalancer.cc:140] leader rebalance for table test-workload
I20260601 13:33:39.031014 12833 auto_leader_rebalancer.cc:388] table: test-workload, leader rebalance finish, leader transfer count: 0
I20260601 13:33:39.031137 12833 auto_leader_rebalancer.cc:451] All tables' leader rebalancing finished this round
I20260601 13:33:39.480830  9258 tablet_server.cc:179] TabletServer@127.9.10.129:0 shutting down...
I20260601 13:33:39.485482  9258 ts_tablet_manager.cc:1507] Shutting down tablet manager...
I20260601 13:33:39.498946  9258 tablet_server.cc:196] TabletServer@127.9.10.129:0 shutdown complete.
I20260601 13:33:39.501266  9258 tablet_server.cc:179] TabletServer@127.9.10.130:0 shutting down...
I20260601 13:33:39.505981  9258 ts_tablet_manager.cc:1507] Shutting down tablet manager...
I20260601 13:33:39.506233  9258 tablet_replica.cc:333] T 480d9ff0ae464db8a0ac1a6ec3addb5c P b1d46818745845b38718ce521b2395ae: stopping tablet replica
I20260601 13:33:39.506359  9258 raft_consensus.cc:2243] T 480d9ff0ae464db8a0ac1a6ec3addb5c P b1d46818745845b38718ce521b2395ae [term 1 LEADER]: Raft consensus shutting down.
I20260601 13:33:39.506573  9258 raft_consensus.cc:2272] T 480d9ff0ae464db8a0ac1a6ec3addb5c P b1d46818745845b38718ce521b2395ae [term 1 FOLLOWER]: Raft consensus is shut down!
I20260601 13:33:39.519940  9258 tablet_server.cc:196] TabletServer@127.9.10.130:0 shutdown complete.
I20260601 13:33:39.522361  9258 tablet_server.cc:179] TabletServer@127.9.10.131:0 shutting down...
I20260601 13:33:39.527822  9258 ts_tablet_manager.cc:1507] Shutting down tablet manager...
I20260601 13:33:39.528128  9258 tablet_replica.cc:333] T 480d9ff0ae464db8a0ac1a6ec3addb5c P 9747a5d5f9c848288bc78b7a859aae61: stopping tablet replica
I20260601 13:33:39.528277  9258 raft_consensus.cc:2243] T 480d9ff0ae464db8a0ac1a6ec3addb5c P 9747a5d5f9c848288bc78b7a859aae61 [term 1 FOLLOWER]: Raft consensus shutting down.
I20260601 13:33:39.528438  9258 raft_consensus.cc:2272] T 480d9ff0ae464db8a0ac1a6ec3addb5c P 9747a5d5f9c848288bc78b7a859aae61 [term 1 FOLLOWER]: Raft consensus is shut down!
I20260601 13:33:39.541801  9258 tablet_server.cc:196] TabletServer@127.9.10.131:0 shutdown complete.
I20260601 13:33:39.544111  9258 tablet_server.cc:179] TabletServer@127.9.10.132:0 shutting down...
I20260601 13:33:39.549011  9258 ts_tablet_manager.cc:1507] Shutting down tablet manager...
I20260601 13:33:39.549301  9258 tablet_replica.cc:333] T 480d9ff0ae464db8a0ac1a6ec3addb5c P 2c7f767dee66408f81d2e00cea0fa09f: stopping tablet replica
I20260601 13:33:39.549518  9258 raft_consensus.cc:2243] T 480d9ff0ae464db8a0ac1a6ec3addb5c P 2c7f767dee66408f81d2e00cea0fa09f [term 1 FOLLOWER]: Raft consensus shutting down.
I20260601 13:33:39.549685  9258 raft_consensus.cc:2272] T 480d9ff0ae464db8a0ac1a6ec3addb5c P 2c7f767dee66408f81d2e00cea0fa09f [term 1 FOLLOWER]: Raft consensus is shut down!
I20260601 13:33:39.562973  9258 tablet_server.cc:196] TabletServer@127.9.10.132:0 shutdown complete.
I20260601 13:33:39.565315  9258 master.cc:562] Master@127.9.10.190:34641 shutting down...
I20260601 13:33:39.569608  9258 raft_consensus.cc:2243] T 00000000000000000000000000000000 P 48fb9a747a9f44498cfb65d5780f8417 [term 1 LEADER]: Raft consensus shutting down.
I20260601 13:33:39.569787  9258 raft_consensus.cc:2272] T 00000000000000000000000000000000 P 48fb9a747a9f44498cfb65d5780f8417 [term 1 FOLLOWER]: Raft consensus is shut down!
I20260601 13:33:39.569837  9258 tablet_replica.cc:333] T 00000000000000000000000000000000 P 48fb9a747a9f44498cfb65d5780f8417: stopping tablet replica
I20260601 13:33:39.582597  9258 master.cc:584] Master@127.9.10.190:34641 shutdown complete.
[       OK ] AutoRebalancerTest.NoReplicaMovesIfLocationLoadSkewedByOne (12608 ms)
[ RUN      ] AutoRebalancerTest.NoReplicaMovesIfCannotFixPlacementPolicy
I20260601 13:33:39.590260  9258 internal_mini_cluster.cc:156] Creating distributed mini masters. Addrs: 127.9.10.190:42013
I20260601 13:33:39.590636  9258 file_cache.cc:492] Constructed file cache file cache with capacity 419430
W20260601 13:33:39.592442 13181 instance_detector.cc:116] could not retrieve OpenStack instance metadata: Network error: curl error: HTTP response code said error: The requested URL returned error: 404
W20260601 13:33:39.592446 13179 instance_detector.cc:116] could not retrieve Azure instance metadata: Network error: curl error: HTTP response code said error: The requested URL returned error: 404
I20260601 13:33:39.592685  9258 server_base.cc:1061] running on GCE node
W20260601 13:33:39.592555 13178 instance_detector.cc:116] could not retrieve AWS instance metadata: Network error: curl error: HTTP response code said error: The requested URL returned error: 404
I20260601 13:33:39.592976  9258 hybrid_clock.cc:584] initializing the hybrid clock with 'system_unsync' time source
W20260601 13:33:39.593051  9258 system_unsync_time.cc:38] NTP support is disabled. Clock error bounds will not be accurate. This configuration is not suitable for distributed clusters.
I20260601 13:33:39.593078  9258 hybrid_clock.cc:648] HybridClock initialized: now 1780320819593077 us; error 0 us; skew 500 ppm
I20260601 13:33:39.594020  9258 webserver.cc:533] Webserver started at http://127.9.10.190:37345/ using document root <none> and password file <none>
I20260601 13:33:39.594211  9258 fs_manager.cc:362] Metadata directory not provided
I20260601 13:33:39.594280  9258 fs_manager.cc:368] Using write-ahead log directory (fs_wal_dir) as metadata directory
I20260601 13:33:39.594365  9258 server_base.cc:909] This appears to be a new deployment of Kudu; creating new FS layout
I20260601 13:33:39.594798  9258 fs_manager.cc:1068] Generated new instance metadata in path /tmp/dist-test-taskEKzXGm/test-tmp/auto_rebalancer-test.0.AutoRebalancerTest.NoReplicaMovesIfCannotFixPlacementPolicy.1780320730306387-9258-0/minicluster-data/master-0-root/instance:
uuid: "43c02c29e64543f5b86efc455dc32752"
format_stamp: "Formatted at 2026-06-01 13:33:39 on dist-test-slave-3ws6"
I20260601 13:33:39.596355  9258 fs_manager.cc:696] Time spent creating directory manager: real 0.001s	user 0.002s	sys 0.001s
I20260601 13:33:39.597296 13186 log_block_manager.cc:4031] Time spent loading block containers with low live blocks: real 0.000s	user 0.000s	sys 0.000s
I20260601 13:33:39.597592  9258 fs_manager.cc:730] Time spent opening block manager: real 0.001s	user 0.001s	sys 0.000s
I20260601 13:33:39.597682  9258 fs_manager.cc:647] Opened local filesystem: /tmp/dist-test-taskEKzXGm/test-tmp/auto_rebalancer-test.0.AutoRebalancerTest.NoReplicaMovesIfCannotFixPlacementPolicy.1780320730306387-9258-0/minicluster-data/master-0-root
uuid: "43c02c29e64543f5b86efc455dc32752"
format_stamp: "Formatted at 2026-06-01 13:33:39 on dist-test-slave-3ws6"
I20260601 13:33:39.597777  9258 fs_report.cc:389] FS layout report
--------------------
wal directory: /tmp/dist-test-taskEKzXGm/test-tmp/auto_rebalancer-test.0.AutoRebalancerTest.NoReplicaMovesIfCannotFixPlacementPolicy.1780320730306387-9258-0/minicluster-data/master-0-root
metadata directory: /tmp/dist-test-taskEKzXGm/test-tmp/auto_rebalancer-test.0.AutoRebalancerTest.NoReplicaMovesIfCannotFixPlacementPolicy.1780320730306387-9258-0/minicluster-data/master-0-root
1 data directories: /tmp/dist-test-taskEKzXGm/test-tmp/auto_rebalancer-test.0.AutoRebalancerTest.NoReplicaMovesIfCannotFixPlacementPolicy.1780320730306387-9258-0/minicluster-data/master-0-root/data
Total live blocks: 0
Total live bytes: 0
Total live bytes (after alignment): 0
Total number of LBM containers: 0 (0 full)
Did not check for missing blocks
Did not check for orphaned blocks
Total full LBM containers with extra space: 0 (0 repaired)
Total full LBM container extra space in bytes: 0 (0 repaired)
Total incomplete LBM containers: 0 (0 repaired)
Total LBM partial records: 0 (0 repaired)
Total corrupted LBM metadata records in RocksDB: 0 (0 repaired)
I20260601 13:33:39.610338  9258 rpc_server.cc:225] running with OpenSSL 1.1.1  11 Sep 2018
I20260601 13:33:39.610807  9258 kserver.cc:163] Server-wide thread pool size limit: 3276
I20260601 13:33:39.615420  9258 rpc_server.cc:307] RPC server started. Bound to: 127.9.10.190:42013
I20260601 13:33:39.618105 13238 acceptor_pool.cc:272] collecting diagnostics on the listening RPC socket 127.9.10.190:42013 every 8 connection(s)
I20260601 13:33:39.618577 13239 data_dirs.cc:400] Could only allocate 1 dirs of requested 3 for tablet 00000000000000000000000000000000. 1 dirs total, 0 dirs full, 0 dirs failed
I20260601 13:33:39.620534 13239 tablet_bootstrap.cc:492] T 00000000000000000000000000000000 P 43c02c29e64543f5b86efc455dc32752: Bootstrap starting.
I20260601 13:33:39.621476 13239 tablet_bootstrap.cc:654] T 00000000000000000000000000000000 P 43c02c29e64543f5b86efc455dc32752: Neither blocks nor log segments found. Creating new log.
I20260601 13:33:39.622665 13239 tablet_bootstrap.cc:492] T 00000000000000000000000000000000 P 43c02c29e64543f5b86efc455dc32752: No bootstrap required, opened a new log
I20260601 13:33:39.623211 13239 raft_consensus.cc:359] T 00000000000000000000000000000000 P 43c02c29e64543f5b86efc455dc32752 [term 0 FOLLOWER]: Replica starting. Triggering 0 pending ops. Active config: opid_index: -1 OBSOLETE_local: true peers { permanent_uuid: "43c02c29e64543f5b86efc455dc32752" member_type: VOTER }
I20260601 13:33:39.623327 13239 raft_consensus.cc:385] T 00000000000000000000000000000000 P 43c02c29e64543f5b86efc455dc32752 [term 0 FOLLOWER]: Consensus starting up: Expiring failure detector timer to make a prompt election more likely
I20260601 13:33:39.623409 13239 raft_consensus.cc:740] T 00000000000000000000000000000000 P 43c02c29e64543f5b86efc455dc32752 [term 0 FOLLOWER]: Becoming Follower/Learner. State: Replica: 43c02c29e64543f5b86efc455dc32752, State: Initialized, Role: FOLLOWER
I20260601 13:33:39.623623 13239 consensus_queue.cc:260] T 00000000000000000000000000000000 P 43c02c29e64543f5b86efc455dc32752 [NON_LEADER]: Queue going to NON_LEADER mode. State: All replicated index: 0, Majority replicated index: 0, Committed index: 0, Last appended: 0.0, Last appended by leader: 0, Current term: 0, Majority size: -1, State: 0, Mode: NON_LEADER, active raft config: opid_index: -1 OBSOLETE_local: true peers { permanent_uuid: "43c02c29e64543f5b86efc455dc32752" member_type: VOTER }
I20260601 13:33:39.623724 13239 raft_consensus.cc:399] T 00000000000000000000000000000000 P 43c02c29e64543f5b86efc455dc32752 [term 0 FOLLOWER]: Only one voter in the Raft config. Triggering election immediately
I20260601 13:33:39.623805 13239 raft_consensus.cc:493] T 00000000000000000000000000000000 P 43c02c29e64543f5b86efc455dc32752 [term 0 FOLLOWER]: Starting leader election (initial election of a single-replica configuration)
I20260601 13:33:39.623867 13239 raft_consensus.cc:3060] T 00000000000000000000000000000000 P 43c02c29e64543f5b86efc455dc32752 [term 0 FOLLOWER]: Advancing to term 1
I20260601 13:33:39.624687 13239 raft_consensus.cc:515] T 00000000000000000000000000000000 P 43c02c29e64543f5b86efc455dc32752 [term 1 FOLLOWER]: Starting leader election with config: opid_index: -1 OBSOLETE_local: true peers { permanent_uuid: "43c02c29e64543f5b86efc455dc32752" member_type: VOTER }
I20260601 13:33:39.624858 13239 leader_election.cc:304] T 00000000000000000000000000000000 P 43c02c29e64543f5b86efc455dc32752 [CANDIDATE]: Term 1 election: Election decided. Result: candidate won. Election summary: received 1 responses out of 1 voters: 1 yes votes; 0 no votes. yes voters: 43c02c29e64543f5b86efc455dc32752; no voters: 
I20260601 13:33:39.625106 13239 leader_election.cc:290] T 00000000000000000000000000000000 P 43c02c29e64543f5b86efc455dc32752 [CANDIDATE]: Term 1 election: Requested vote from peers 
I20260601 13:33:39.625254 13242 raft_consensus.cc:2804] T 00000000000000000000000000000000 P 43c02c29e64543f5b86efc455dc32752 [term 1 FOLLOWER]: Leader election won for term 1
I20260601 13:33:39.625526 13242 raft_consensus.cc:697] T 00000000000000000000000000000000 P 43c02c29e64543f5b86efc455dc32752 [term 1 LEADER]: Becoming Leader. State: Replica: 43c02c29e64543f5b86efc455dc32752, State: Running, Role: LEADER
I20260601 13:33:39.625670 13242 consensus_queue.cc:237] T 00000000000000000000000000000000 P 43c02c29e64543f5b86efc455dc32752 [LEADER]: Queue going to LEADER mode. State: All replicated index: 0, Majority replicated index: 0, Committed index: 0, Last appended: 0.0, Last appended by leader: 0, Current term: 1, Majority size: 1, State: 0, Mode: LEADER, active raft config: opid_index: -1 OBSOLETE_local: true peers { permanent_uuid: "43c02c29e64543f5b86efc455dc32752" member_type: VOTER }
I20260601 13:33:39.625730 13239 sys_catalog.cc:565] T 00000000000000000000000000000000 P 43c02c29e64543f5b86efc455dc32752 [sys.catalog]: configured and running, proceeding with master startup.
I20260601 13:33:39.626171 13243 sys_catalog.cc:455] T 00000000000000000000000000000000 P 43c02c29e64543f5b86efc455dc32752 [sys.catalog]: SysCatalogTable state changed. Reason: RaftConsensus started. Latest consensus state: current_term: 1 leader_uuid: "43c02c29e64543f5b86efc455dc32752" committed_config { opid_index: -1 OBSOLETE_local: true peers { permanent_uuid: "43c02c29e64543f5b86efc455dc32752" member_type: VOTER } }
I20260601 13:33:39.626288 13243 sys_catalog.cc:458] T 00000000000000000000000000000000 P 43c02c29e64543f5b86efc455dc32752 [sys.catalog]: This master's current role is: LEADER
I20260601 13:33:39.626183 13244 sys_catalog.cc:455] T 00000000000000000000000000000000 P 43c02c29e64543f5b86efc455dc32752 [sys.catalog]: SysCatalogTable state changed. Reason: New leader 43c02c29e64543f5b86efc455dc32752. Latest consensus state: current_term: 1 leader_uuid: "43c02c29e64543f5b86efc455dc32752" committed_config { opid_index: -1 OBSOLETE_local: true peers { permanent_uuid: "43c02c29e64543f5b86efc455dc32752" member_type: VOTER } }
I20260601 13:33:39.626425 13244 sys_catalog.cc:458] T 00000000000000000000000000000000 P 43c02c29e64543f5b86efc455dc32752 [sys.catalog]: This master's current role is: LEADER
I20260601 13:33:39.626643 13246 catalog_manager.cc:1510] Loading table and tablet metadata into memory...
I20260601 13:33:39.627589 13246 catalog_manager.cc:1519] Initializing Kudu cluster ID...
I20260601 13:33:39.627947  9258 internal_mini_cluster.cc:184] Waiting to initialize catalog manager on master 0
I20260601 13:33:39.629719 13246 catalog_manager.cc:1382] Generated new cluster ID: bdf7eb63f1fe47f4b10d1cae0ac3a4e4
I20260601 13:33:39.629784 13246 catalog_manager.cc:1530] Initializing Kudu internal certificate authority...
I20260601 13:33:39.639173 13246 catalog_manager.cc:1405] Generated new certificate authority record
I20260601 13:33:39.639845 13246 catalog_manager.cc:1539] Loading token signing keys...
I20260601 13:33:39.651013 13246 catalog_manager.cc:6069] T 00000000000000000000000000000000 P 43c02c29e64543f5b86efc455dc32752: Generated new TSK 0
I20260601 13:33:39.651266 13246 catalog_manager.cc:1549] Initializing in-progress tserver states...
I20260601 13:33:39.660696  9258 file_cache.cc:492] Constructed file cache file cache with capacity 419430
W20260601 13:33:39.663064 13263 instance_detector.cc:116] could not retrieve OpenStack instance metadata: Network error: curl error: HTTP response code said error: The requested URL returned error: 404
W20260601 13:33:39.663074 13260 instance_detector.cc:116] could not retrieve AWS instance metadata: Network error: curl error: HTTP response code said error: The requested URL returned error: 404
W20260601 13:33:39.663115 13261 instance_detector.cc:116] could not retrieve Azure instance metadata: Network error: curl error: HTTP response code said error: The requested URL returned error: 404
I20260601 13:33:39.663213  9258 server_base.cc:1061] running on GCE node
I20260601 13:33:39.663678  9258 hybrid_clock.cc:584] initializing the hybrid clock with 'system_unsync' time source
W20260601 13:33:39.663746  9258 system_unsync_time.cc:38] NTP support is disabled. Clock error bounds will not be accurate. This configuration is not suitable for distributed clusters.
I20260601 13:33:39.663777  9258 hybrid_clock.cc:648] HybridClock initialized: now 1780320819663776 us; error 0 us; skew 500 ppm
I20260601 13:33:39.664703  9258 webserver.cc:533] Webserver started at http://127.9.10.129:34801/ using document root <none> and password file <none>
I20260601 13:33:39.664901  9258 fs_manager.cc:362] Metadata directory not provided
I20260601 13:33:39.665004  9258 fs_manager.cc:368] Using write-ahead log directory (fs_wal_dir) as metadata directory
I20260601 13:33:39.665092  9258 server_base.cc:909] This appears to be a new deployment of Kudu; creating new FS layout
I20260601 13:33:39.665568  9258 fs_manager.cc:1068] Generated new instance metadata in path /tmp/dist-test-taskEKzXGm/test-tmp/auto_rebalancer-test.0.AutoRebalancerTest.NoReplicaMovesIfCannotFixPlacementPolicy.1780320730306387-9258-0/minicluster-data/ts-0-root/instance:
uuid: "6081244ba0f840558dc291be65b857f2"
format_stamp: "Formatted at 2026-06-01 13:33:39 on dist-test-slave-3ws6"
I20260601 13:33:39.667088  9258 fs_manager.cc:696] Time spent creating directory manager: real 0.001s	user 0.001s	sys 0.000s
I20260601 13:33:39.668108 13268 log_block_manager.cc:4031] Time spent loading block containers with low live blocks: real 0.000s	user 0.000s	sys 0.000s
I20260601 13:33:39.668402  9258 fs_manager.cc:730] Time spent opening block manager: real 0.001s	user 0.001s	sys 0.000s
I20260601 13:33:39.668498  9258 fs_manager.cc:647] Opened local filesystem: /tmp/dist-test-taskEKzXGm/test-tmp/auto_rebalancer-test.0.AutoRebalancerTest.NoReplicaMovesIfCannotFixPlacementPolicy.1780320730306387-9258-0/minicluster-data/ts-0-root
uuid: "6081244ba0f840558dc291be65b857f2"
format_stamp: "Formatted at 2026-06-01 13:33:39 on dist-test-slave-3ws6"
I20260601 13:33:39.668593  9258 fs_report.cc:389] FS layout report
--------------------
wal directory: /tmp/dist-test-taskEKzXGm/test-tmp/auto_rebalancer-test.0.AutoRebalancerTest.NoReplicaMovesIfCannotFixPlacementPolicy.1780320730306387-9258-0/minicluster-data/ts-0-root
metadata directory: /tmp/dist-test-taskEKzXGm/test-tmp/auto_rebalancer-test.0.AutoRebalancerTest.NoReplicaMovesIfCannotFixPlacementPolicy.1780320730306387-9258-0/minicluster-data/ts-0-root
1 data directories: /tmp/dist-test-taskEKzXGm/test-tmp/auto_rebalancer-test.0.AutoRebalancerTest.NoReplicaMovesIfCannotFixPlacementPolicy.1780320730306387-9258-0/minicluster-data/ts-0-root/data
Total live blocks: 0
Total live bytes: 0
Total live bytes (after alignment): 0
Total number of LBM containers: 0 (0 full)
Did not check for missing blocks
Did not check for orphaned blocks
Total full LBM containers with extra space: 0 (0 repaired)
Total full LBM container extra space in bytes: 0 (0 repaired)
Total incomplete LBM containers: 0 (0 repaired)
Total LBM partial records: 0 (0 repaired)
Total corrupted LBM metadata records in RocksDB: 0 (0 repaired)
I20260601 13:33:39.680243  9258 rpc_server.cc:225] running with OpenSSL 1.1.1  11 Sep 2018
I20260601 13:33:39.680752  9258 kserver.cc:163] Server-wide thread pool size limit: 3276
I20260601 13:33:39.681106  9258 txn_system_client.cc:432] TxnSystemClient initialization is disabled...
I20260601 13:33:39.681777  9258 ts_tablet_manager.cc:585] Loaded tablet metadata (0 total tablets, 0 live tablets)
I20260601 13:33:39.681845  9258 ts_tablet_manager.cc:531] Time spent load tablet metadata: real 0.000s	user 0.000s	sys 0.000s
I20260601 13:33:39.681906  9258 ts_tablet_manager.cc:616] Registered 0 tablets
I20260601 13:33:39.681996  9258 ts_tablet_manager.cc:595] Time spent register tablets: real 0.000s	user 0.000s	sys 0.000s
I20260601 13:33:39.686630  9258 rpc_server.cc:307] RPC server started. Bound to: 127.9.10.129:34107
I20260601 13:33:39.686658 13331 acceptor_pool.cc:272] collecting diagnostics on the listening RPC socket 127.9.10.129:34107 every 8 connection(s)
I20260601 13:33:39.687628  9258 file_cache.cc:492] Constructed file cache file cache with capacity 419430
W20260601 13:33:39.689734 13337 instance_detector.cc:116] could not retrieve Azure instance metadata: Network error: curl error: HTTP response code said error: The requested URL returned error: 404
W20260601 13:33:39.689751 13339 instance_detector.cc:116] could not retrieve OpenStack instance metadata: Network error: curl error: HTTP response code said error: The requested URL returned error: 404
I20260601 13:33:39.690479  9258 server_base.cc:1061] running on GCE node
W20260601 13:33:39.690714 13336 instance_detector.cc:116] could not retrieve AWS instance metadata: Network error: curl error: HTTP response code said error: The requested URL returned error: 404
I20260601 13:33:39.690975  9258 hybrid_clock.cc:584] initializing the hybrid clock with 'system_unsync' time source
W20260601 13:33:39.691018  9258 system_unsync_time.cc:38] NTP support is disabled. Clock error bounds will not be accurate. This configuration is not suitable for distributed clusters.
I20260601 13:33:39.691035  9258 hybrid_clock.cc:648] HybridClock initialized: now 1780320819691035 us; error 0 us; skew 500 ppm
I20260601 13:33:39.692268  9258 webserver.cc:533] Webserver started at http://127.9.10.130:40295/ using document root <none> and password file <none>
I20260601 13:33:39.692456  9258 fs_manager.cc:362] Metadata directory not provided
I20260601 13:33:39.692546  9258 fs_manager.cc:368] Using write-ahead log directory (fs_wal_dir) as metadata directory
I20260601 13:33:39.692649  9258 server_base.cc:909] This appears to be a new deployment of Kudu; creating new FS layout
I20260601 13:33:39.692921 13332 heartbeater.cc:344] Connected to a master server at 127.9.10.190:42013
I20260601 13:33:39.693053 13332 heartbeater.cc:461] Registering TS with master...
I20260601 13:33:39.693202  9258 fs_manager.cc:1068] Generated new instance metadata in path /tmp/dist-test-taskEKzXGm/test-tmp/auto_rebalancer-test.0.AutoRebalancerTest.NoReplicaMovesIfCannotFixPlacementPolicy.1780320730306387-9258-0/minicluster-data/ts-1-root/instance:
uuid: "3c3f9aa93c924ab88fd838ca096369d3"
format_stamp: "Formatted at 2026-06-01 13:33:39 on dist-test-slave-3ws6"
I20260601 13:33:39.693329 13332 heartbeater.cc:507] Master 127.9.10.190:42013 requested a full tablet report, sending...
I20260601 13:33:39.694109 13203 ts_manager.cc:194] Registered new tserver with Master: 6081244ba0f840558dc291be65b857f2 (127.9.10.129:34107)
I20260601 13:33:39.694978 13203 master_service.cc:502] Signed X509 certificate for tserver {username='slave'} at 127.0.0.1:51258
I20260601 13:33:39.695111  9258 fs_manager.cc:696] Time spent creating directory manager: real 0.002s	user 0.000s	sys 0.001s
I20260601 13:33:39.696228 13344 log_block_manager.cc:4031] Time spent loading block containers with low live blocks: real 0.000s	user 0.000s	sys 0.000s
