I20260601 13:33:05.188285  6991 ts_tablet_manager.cc:1403] T ba686dde458642ba8926be481217c996 P ca84919794964581988734fcfdf6db94: Time spent bootstrapping tablet: real 0.004s	user 0.001s	sys 0.000s
I20260601 13:33:05.188545  6788 tablet_service.cc:1917] Received RequestConsensusVote() RPC: tablet_id: "96453fcd7a7b4f7b8e7b46e73054c020" candidate_uuid: "ca84919794964581988734fcfdf6db94" candidate_term: 1 candidate_status { last_received { term: 0 index: 0 } } ignore_live_leader: false dest_uuid: "8aecc667828d4634a26a7af4c21c190c" is_pre_election: true
I20260601 13:33:05.185549  6989 tablet_bootstrap.cc:654] T 28149356cc5d4d3385dd22295d74cd13 P 8aecc667828d4634a26a7af4c21c190c: Neither blocks nor log segments found. Creating new log.
I20260601 13:33:05.188731  6991 raft_consensus.cc:359] T ba686dde458642ba8926be481217c996 P ca84919794964581988734fcfdf6db94 [term 0 FOLLOWER]: Replica starting. Triggering 0 pending ops. Active config: opid_index: -1 OBSOLETE_local: false peers { permanent_uuid: "8aecc667828d4634a26a7af4c21c190c" member_type: VOTER last_known_addr { host: "127.3.180.129" port: 33317 } } peers { permanent_uuid: "ca84919794964581988734fcfdf6db94" member_type: VOTER last_known_addr { host: "127.3.180.130" port: 43351 } } peers { permanent_uuid: "12179493996f4954a7de3718cb208db7" member_type: VOTER last_known_addr { host: "127.3.180.131" port: 41147 } }
I20260601 13:33:05.188817  6991 raft_consensus.cc:385] T ba686dde458642ba8926be481217c996 P ca84919794964581988734fcfdf6db94 [term 0 FOLLOWER]: Consensus starting up: Expiring failure detector timer to make a prompt election more likely
I20260601 13:33:05.188862  6991 raft_consensus.cc:740] T ba686dde458642ba8926be481217c996 P ca84919794964581988734fcfdf6db94 [term 0 FOLLOWER]: Becoming Follower/Learner. State: Replica: ca84919794964581988734fcfdf6db94, State: Initialized, Role: FOLLOWER
I20260601 13:33:05.188966  6991 consensus_queue.cc:260] T ba686dde458642ba8926be481217c996 P ca84919794964581988734fcfdf6db94 [NON_LEADER]: Queue going to NON_LEADER mode. State: All replicated index: 0, Majority replicated index: 0, Committed index: 0, Last appended: 0.0, Last appended by leader: 0, Current term: 0, Majority size: -1, State: 0, Mode: NON_LEADER, active raft config: opid_index: -1 OBSOLETE_local: false peers { permanent_uuid: "8aecc667828d4634a26a7af4c21c190c" member_type: VOTER last_known_addr { host: "127.3.180.129" port: 33317 } } peers { permanent_uuid: "ca84919794964581988734fcfdf6db94" member_type: VOTER last_known_addr { host: "127.3.180.130" port: 43351 } } peers { permanent_uuid: "12179493996f4954a7de3718cb208db7" member_type: VOTER last_known_addr { host: "127.3.180.131" port: 41147 } }
W20260601 13:33:05.189116  6831 leader_election.cc:343] T 96453fcd7a7b4f7b8e7b46e73054c020 P ca84919794964581988734fcfdf6db94 [CANDIDATE]: Term 1 pre-election: Tablet error from VoteRequest() call to peer 8aecc667828d4634a26a7af4c21c190c (127.3.180.129:33317): Illegal state: must be running to vote when last-logged opid is not known
I20260601 13:33:05.189314  6991 ts_tablet_manager.cc:1434] T ba686dde458642ba8926be481217c996 P ca84919794964581988734fcfdf6db94: Time spent starting tablet: real 0.001s	user 0.001s	sys 0.000s
I20260601 13:33:05.189484  6991 tablet_bootstrap.cc:492] T e5b4f3ed759f487aa5bb94b2d8cd4d87 P ca84919794964581988734fcfdf6db94: Bootstrap starting.
I20260601 13:33:05.190493  6991 tablet_bootstrap.cc:654] T e5b4f3ed759f487aa5bb94b2d8cd4d87 P ca84919794964581988734fcfdf6db94: Neither blocks nor log segments found. Creating new log.
I20260601 13:33:05.191720  6991 tablet_bootstrap.cc:492] T e5b4f3ed759f487aa5bb94b2d8cd4d87 P ca84919794964581988734fcfdf6db94: No bootstrap required, opened a new log
I20260601 13:33:05.191793  6941 tablet_service.cc:1917] Received RequestConsensusVote() RPC: tablet_id: "96453fcd7a7b4f7b8e7b46e73054c020" candidate_uuid: "ca84919794964581988734fcfdf6db94" candidate_term: 1 candidate_status { last_received { term: 0 index: 0 } } ignore_live_leader: false dest_uuid: "12179493996f4954a7de3718cb208db7" is_pre_election: true
I20260601 13:33:05.191960  6991 ts_tablet_manager.cc:1403] T e5b4f3ed759f487aa5bb94b2d8cd4d87 P ca84919794964581988734fcfdf6db94: Time spent bootstrapping tablet: real 0.003s	user 0.002s	sys 0.000s
W20260601 13:33:05.192305  6831 leader_election.cc:343] T 96453fcd7a7b4f7b8e7b46e73054c020 P ca84919794964581988734fcfdf6db94 [CANDIDATE]: Term 1 pre-election: Tablet error from VoteRequest() call to peer 12179493996f4954a7de3718cb208db7 (127.3.180.131:41147): Illegal state: must be running to vote when last-logged opid is not known
I20260601 13:33:05.192399  6831 leader_election.cc:304] T 96453fcd7a7b4f7b8e7b46e73054c020 P ca84919794964581988734fcfdf6db94 [CANDIDATE]: Term 1 pre-election: Election decided. Result: candidate lost. Election summary: received 3 responses out of 3 voters: 1 yes votes; 2 no votes. yes voters: ca84919794964581988734fcfdf6db94; no voters: 12179493996f4954a7de3718cb208db7, 8aecc667828d4634a26a7af4c21c190c
I20260601 13:33:05.192548  6993 raft_consensus.cc:2749] T 96453fcd7a7b4f7b8e7b46e73054c020 P ca84919794964581988734fcfdf6db94 [term 0 FOLLOWER]: Leader pre-election lost for term 1. Reason: could not achieve majority
I20260601 13:33:05.192836  6991 raft_consensus.cc:359] T e5b4f3ed759f487aa5bb94b2d8cd4d87 P ca84919794964581988734fcfdf6db94 [term 0 FOLLOWER]: Replica starting. Triggering 0 pending ops. Active config: opid_index: -1 OBSOLETE_local: false peers { permanent_uuid: "ca84919794964581988734fcfdf6db94" member_type: VOTER last_known_addr { host: "127.3.180.130" port: 43351 } } peers { permanent_uuid: "8aecc667828d4634a26a7af4c21c190c" member_type: VOTER last_known_addr { host: "127.3.180.129" port: 33317 } } peers { permanent_uuid: "12179493996f4954a7de3718cb208db7" member_type: VOTER last_known_addr { host: "127.3.180.131" port: 41147 } }
I20260601 13:33:05.192935  6991 raft_consensus.cc:385] T e5b4f3ed759f487aa5bb94b2d8cd4d87 P ca84919794964581988734fcfdf6db94 [term 0 FOLLOWER]: Consensus starting up: Expiring failure detector timer to make a prompt election more likely
I20260601 13:33:05.192966  6991 raft_consensus.cc:740] T e5b4f3ed759f487aa5bb94b2d8cd4d87 P ca84919794964581988734fcfdf6db94 [term 0 FOLLOWER]: Becoming Follower/Learner. State: Replica: ca84919794964581988734fcfdf6db94, State: Initialized, Role: FOLLOWER
I20260601 13:33:05.193084  6991 consensus_queue.cc:260] T e5b4f3ed759f487aa5bb94b2d8cd4d87 P ca84919794964581988734fcfdf6db94 [NON_LEADER]: Queue going to NON_LEADER mode. State: All replicated index: 0, Majority replicated index: 0, Committed index: 0, Last appended: 0.0, Last appended by leader: 0, Current term: 0, Majority size: -1, State: 0, Mode: NON_LEADER, active raft config: opid_index: -1 OBSOLETE_local: false peers { permanent_uuid: "ca84919794964581988734fcfdf6db94" member_type: VOTER last_known_addr { host: "127.3.180.130" port: 43351 } } peers { permanent_uuid: "8aecc667828d4634a26a7af4c21c190c" member_type: VOTER last_known_addr { host: "127.3.180.129" port: 33317 } } peers { permanent_uuid: "12179493996f4954a7de3718cb208db7" member_type: VOTER last_known_addr { host: "127.3.180.131" port: 41147 } }
I20260601 13:33:05.193373  6988 tablet_bootstrap.cc:492] T a3858ce924b049608b4244055ae6f957 P 12179493996f4954a7de3718cb208db7: No bootstrap required, opened a new log
I20260601 13:33:05.193460  6988 ts_tablet_manager.cc:1403] T a3858ce924b049608b4244055ae6f957 P 12179493996f4954a7de3718cb208db7: Time spent bootstrapping tablet: real 0.007s	user 0.002s	sys 0.000s
I20260601 13:33:05.193866  6991 ts_tablet_manager.cc:1434] T e5b4f3ed759f487aa5bb94b2d8cd4d87 P ca84919794964581988734fcfdf6db94: Time spent starting tablet: real 0.002s	user 0.002s	sys 0.000s
I20260601 13:33:05.194038  6991 tablet_bootstrap.cc:492] T 28149356cc5d4d3385dd22295d74cd13 P ca84919794964581988734fcfdf6db94: Bootstrap starting.
I20260601 13:33:05.194015  6988 raft_consensus.cc:359] T a3858ce924b049608b4244055ae6f957 P 12179493996f4954a7de3718cb208db7 [term 0 FOLLOWER]: Replica starting. Triggering 0 pending ops. Active config: opid_index: -1 OBSOLETE_local: false peers { permanent_uuid: "ca84919794964581988734fcfdf6db94" member_type: VOTER last_known_addr { host: "127.3.180.130" port: 43351 } } peers { permanent_uuid: "8aecc667828d4634a26a7af4c21c190c" member_type: VOTER last_known_addr { host: "127.3.180.129" port: 33317 } } peers { permanent_uuid: "12179493996f4954a7de3718cb208db7" member_type: VOTER last_known_addr { host: "127.3.180.131" port: 41147 } }
I20260601 13:33:05.194094  6988 raft_consensus.cc:385] T a3858ce924b049608b4244055ae6f957 P 12179493996f4954a7de3718cb208db7 [term 0 FOLLOWER]: Consensus starting up: Expiring failure detector timer to make a prompt election more likely
I20260601 13:33:05.194120  6988 raft_consensus.cc:740] T a3858ce924b049608b4244055ae6f957 P 12179493996f4954a7de3718cb208db7 [term 0 FOLLOWER]: Becoming Follower/Learner. State: Replica: 12179493996f4954a7de3718cb208db7, State: Initialized, Role: FOLLOWER
I20260601 13:33:05.194387  6988 consensus_queue.cc:260] T a3858ce924b049608b4244055ae6f957 P 12179493996f4954a7de3718cb208db7 [NON_LEADER]: Queue going to NON_LEADER mode. State: All replicated index: 0, Majority replicated index: 0, Committed index: 0, Last appended: 0.0, Last appended by leader: 0, Current term: 0, Majority size: -1, State: 0, Mode: NON_LEADER, active raft config: opid_index: -1 OBSOLETE_local: false peers { permanent_uuid: "ca84919794964581988734fcfdf6db94" member_type: VOTER last_known_addr { host: "127.3.180.130" port: 43351 } } peers { permanent_uuid: "8aecc667828d4634a26a7af4c21c190c" member_type: VOTER last_known_addr { host: "127.3.180.129" port: 33317 } } peers { permanent_uuid: "12179493996f4954a7de3718cb208db7" member_type: VOTER last_known_addr { host: "127.3.180.131" port: 41147 } }
I20260601 13:33:05.194994  6989 tablet_bootstrap.cc:492] T 28149356cc5d4d3385dd22295d74cd13 P 8aecc667828d4634a26a7af4c21c190c: No bootstrap required, opened a new log
I20260601 13:33:05.195088  6989 ts_tablet_manager.cc:1403] T 28149356cc5d4d3385dd22295d74cd13 P 8aecc667828d4634a26a7af4c21c190c: Time spent bootstrapping tablet: real 0.011s	user 0.000s	sys 0.001s
I20260601 13:33:05.195101  6988 ts_tablet_manager.cc:1434] T a3858ce924b049608b4244055ae6f957 P 12179493996f4954a7de3718cb208db7: Time spent starting tablet: real 0.002s	user 0.001s	sys 0.000s
I20260601 13:33:05.195365  6988 tablet_bootstrap.cc:492] T e5b4f3ed759f487aa5bb94b2d8cd4d87 P 12179493996f4954a7de3718cb208db7: Bootstrap starting.
I20260601 13:33:05.195539  6989 raft_consensus.cc:359] T 28149356cc5d4d3385dd22295d74cd13 P 8aecc667828d4634a26a7af4c21c190c [term 0 FOLLOWER]: Replica starting. Triggering 0 pending ops. Active config: opid_index: -1 OBSOLETE_local: false peers { permanent_uuid: "8aecc667828d4634a26a7af4c21c190c" member_type: VOTER last_known_addr { host: "127.3.180.129" port: 33317 } } peers { permanent_uuid: "ca84919794964581988734fcfdf6db94" member_type: VOTER last_known_addr { host: "127.3.180.130" port: 43351 } } peers { permanent_uuid: "12179493996f4954a7de3718cb208db7" member_type: VOTER last_known_addr { host: "127.3.180.131" port: 41147 } }
I20260601 13:33:05.195650  6989 raft_consensus.cc:385] T 28149356cc5d4d3385dd22295d74cd13 P 8aecc667828d4634a26a7af4c21c190c [term 0 FOLLOWER]: Consensus starting up: Expiring failure detector timer to make a prompt election more likely
I20260601 13:33:05.195680  6989 raft_consensus.cc:740] T 28149356cc5d4d3385dd22295d74cd13 P 8aecc667828d4634a26a7af4c21c190c [term 0 FOLLOWER]: Becoming Follower/Learner. State: Replica: 8aecc667828d4634a26a7af4c21c190c, State: Initialized, Role: FOLLOWER
I20260601 13:33:05.195792  6989 consensus_queue.cc:260] T 28149356cc5d4d3385dd22295d74cd13 P 8aecc667828d4634a26a7af4c21c190c [NON_LEADER]: Queue going to NON_LEADER mode. State: All replicated index: 0, Majority replicated index: 0, Committed index: 0, Last appended: 0.0, Last appended by leader: 0, Current term: 0, Majority size: -1, State: 0, Mode: NON_LEADER, active raft config: opid_index: -1 OBSOLETE_local: false peers { permanent_uuid: "8aecc667828d4634a26a7af4c21c190c" member_type: VOTER last_known_addr { host: "127.3.180.129" port: 33317 } } peers { permanent_uuid: "ca84919794964581988734fcfdf6db94" member_type: VOTER last_known_addr { host: "127.3.180.130" port: 43351 } } peers { permanent_uuid: "12179493996f4954a7de3718cb208db7" member_type: VOTER last_known_addr { host: "127.3.180.131" port: 41147 } }
I20260601 13:33:05.196043  6989 ts_tablet_manager.cc:1434] T 28149356cc5d4d3385dd22295d74cd13 P 8aecc667828d4634a26a7af4c21c190c: Time spent starting tablet: real 0.001s	user 0.000s	sys 0.000s
I20260601 13:33:05.196204  6989 tablet_bootstrap.cc:492] T 8e973da89965421cb56c9c74f7db9871 P 8aecc667828d4634a26a7af4c21c190c: Bootstrap starting.
I20260601 13:33:05.197201  6991 tablet_bootstrap.cc:654] T 28149356cc5d4d3385dd22295d74cd13 P ca84919794964581988734fcfdf6db94: Neither blocks nor log segments found. Creating new log.
I20260601 13:33:05.197211  6989 tablet_bootstrap.cc:654] T 8e973da89965421cb56c9c74f7db9871 P 8aecc667828d4634a26a7af4c21c190c: Neither blocks nor log segments found. Creating new log.
I20260601 13:33:05.197685  6988 tablet_bootstrap.cc:654] T e5b4f3ed759f487aa5bb94b2d8cd4d87 P 12179493996f4954a7de3718cb208db7: Neither blocks nor log segments found. Creating new log.
I20260601 13:33:05.198372  6991 tablet_bootstrap.cc:492] T 28149356cc5d4d3385dd22295d74cd13 P ca84919794964581988734fcfdf6db94: No bootstrap required, opened a new log
I20260601 13:33:05.198462  6991 ts_tablet_manager.cc:1403] T 28149356cc5d4d3385dd22295d74cd13 P ca84919794964581988734fcfdf6db94: Time spent bootstrapping tablet: real 0.004s	user 0.002s	sys 0.000s
I20260601 13:33:05.198598  6989 tablet_bootstrap.cc:492] T 8e973da89965421cb56c9c74f7db9871 P 8aecc667828d4634a26a7af4c21c190c: No bootstrap required, opened a new log
I20260601 13:33:05.198674  6989 ts_tablet_manager.cc:1403] T 8e973da89965421cb56c9c74f7db9871 P 8aecc667828d4634a26a7af4c21c190c: Time spent bootstrapping tablet: real 0.003s	user 0.002s	sys 0.000s
I20260601 13:33:05.198889  6991 raft_consensus.cc:359] T 28149356cc5d4d3385dd22295d74cd13 P ca84919794964581988734fcfdf6db94 [term 0 FOLLOWER]: Replica starting. Triggering 0 pending ops. Active config: opid_index: -1 OBSOLETE_local: false peers { permanent_uuid: "8aecc667828d4634a26a7af4c21c190c" member_type: VOTER last_known_addr { host: "127.3.180.129" port: 33317 } } peers { permanent_uuid: "ca84919794964581988734fcfdf6db94" member_type: VOTER last_known_addr { host: "127.3.180.130" port: 43351 } } peers { permanent_uuid: "12179493996f4954a7de3718cb208db7" member_type: VOTER last_known_addr { host: "127.3.180.131" port: 41147 } }
I20260601 13:33:05.198971  6989 raft_consensus.cc:359] T 8e973da89965421cb56c9c74f7db9871 P 8aecc667828d4634a26a7af4c21c190c [term 0 FOLLOWER]: Replica starting. Triggering 0 pending ops. Active config: opid_index: -1 OBSOLETE_local: false peers { permanent_uuid: "8aecc667828d4634a26a7af4c21c190c" member_type: VOTER last_known_addr { host: "127.3.180.129" port: 33317 } } peers { permanent_uuid: "ca84919794964581988734fcfdf6db94" member_type: VOTER last_known_addr { host: "127.3.180.130" port: 43351 } } peers { permanent_uuid: "12179493996f4954a7de3718cb208db7" member_type: VOTER last_known_addr { host: "127.3.180.131" port: 41147 } }
I20260601 13:33:05.199005  6991 raft_consensus.cc:385] T 28149356cc5d4d3385dd22295d74cd13 P ca84919794964581988734fcfdf6db94 [term 0 FOLLOWER]: Consensus starting up: Expiring failure detector timer to make a prompt election more likely
I20260601 13:33:05.199059  6989 raft_consensus.cc:385] T 8e973da89965421cb56c9c74f7db9871 P 8aecc667828d4634a26a7af4c21c190c [term 0 FOLLOWER]: Consensus starting up: Expiring failure detector timer to make a prompt election more likely
I20260601 13:33:05.199074  6991 raft_consensus.cc:740] T 28149356cc5d4d3385dd22295d74cd13 P ca84919794964581988734fcfdf6db94 [term 0 FOLLOWER]: Becoming Follower/Learner. State: Replica: ca84919794964581988734fcfdf6db94, State: Initialized, Role: FOLLOWER
I20260601 13:33:05.199080  6989 raft_consensus.cc:740] T 8e973da89965421cb56c9c74f7db9871 P 8aecc667828d4634a26a7af4c21c190c [term 0 FOLLOWER]: Becoming Follower/Learner. State: Replica: 8aecc667828d4634a26a7af4c21c190c, State: Initialized, Role: FOLLOWER
I20260601 13:33:05.199199  6991 consensus_queue.cc:260] T 28149356cc5d4d3385dd22295d74cd13 P ca84919794964581988734fcfdf6db94 [NON_LEADER]: Queue going to NON_LEADER mode. State: All replicated index: 0, Majority replicated index: 0, Committed index: 0, Last appended: 0.0, Last appended by leader: 0, Current term: 0, Majority size: -1, State: 0, Mode: NON_LEADER, active raft config: opid_index: -1 OBSOLETE_local: false peers { permanent_uuid: "8aecc667828d4634a26a7af4c21c190c" member_type: VOTER last_known_addr { host: "127.3.180.129" port: 33317 } } peers { permanent_uuid: "ca84919794964581988734fcfdf6db94" member_type: VOTER last_known_addr { host: "127.3.180.130" port: 43351 } } peers { permanent_uuid: "12179493996f4954a7de3718cb208db7" member_type: VOTER last_known_addr { host: "127.3.180.131" port: 41147 } }
I20260601 13:33:05.199293  6989 consensus_queue.cc:260] T 8e973da89965421cb56c9c74f7db9871 P 8aecc667828d4634a26a7af4c21c190c [NON_LEADER]: Queue going to NON_LEADER mode. State: All replicated index: 0, Majority replicated index: 0, Committed index: 0, Last appended: 0.0, Last appended by leader: 0, Current term: 0, Majority size: -1, State: 0, Mode: NON_LEADER, active raft config: opid_index: -1 OBSOLETE_local: false peers { permanent_uuid: "8aecc667828d4634a26a7af4c21c190c" member_type: VOTER last_known_addr { host: "127.3.180.129" port: 33317 } } peers { permanent_uuid: "ca84919794964581988734fcfdf6db94" member_type: VOTER last_known_addr { host: "127.3.180.130" port: 43351 } } peers { permanent_uuid: "12179493996f4954a7de3718cb208db7" member_type: VOTER last_known_addr { host: "127.3.180.131" port: 41147 } }
I20260601 13:33:05.199474  6991 ts_tablet_manager.cc:1434] T 28149356cc5d4d3385dd22295d74cd13 P ca84919794964581988734fcfdf6db94: Time spent starting tablet: real 0.001s	user 0.001s	sys 0.000s
I20260601 13:33:05.199566  6989 ts_tablet_manager.cc:1434] T 8e973da89965421cb56c9c74f7db9871 P 8aecc667828d4634a26a7af4c21c190c: Time spent starting tablet: real 0.001s	user 0.001s	sys 0.000s
I20260601 13:33:05.199743  6989 tablet_bootstrap.cc:492] T 96453fcd7a7b4f7b8e7b46e73054c020 P 8aecc667828d4634a26a7af4c21c190c: Bootstrap starting.
I20260601 13:33:05.199865  6991 tablet_bootstrap.cc:492] T a3858ce924b049608b4244055ae6f957 P ca84919794964581988734fcfdf6db94: Bootstrap starting.
I20260601 13:33:05.200680  6991 tablet_bootstrap.cc:654] T a3858ce924b049608b4244055ae6f957 P ca84919794964581988734fcfdf6db94: Neither blocks nor log segments found. Creating new log.
I20260601 13:33:05.200680  6989 tablet_bootstrap.cc:654] T 96453fcd7a7b4f7b8e7b46e73054c020 P 8aecc667828d4634a26a7af4c21c190c: Neither blocks nor log segments found. Creating new log.
I20260601 13:33:05.201525  6988 tablet_bootstrap.cc:492] T e5b4f3ed759f487aa5bb94b2d8cd4d87 P 12179493996f4954a7de3718cb208db7: No bootstrap required, opened a new log
I20260601 13:33:05.201617  6988 ts_tablet_manager.cc:1403] T e5b4f3ed759f487aa5bb94b2d8cd4d87 P 12179493996f4954a7de3718cb208db7: Time spent bootstrapping tablet: real 0.006s	user 0.002s	sys 0.000s
I20260601 13:33:05.201853  6991 tablet_bootstrap.cc:492] T a3858ce924b049608b4244055ae6f957 P ca84919794964581988734fcfdf6db94: No bootstrap required, opened a new log
I20260601 13:33:05.201936  6991 ts_tablet_manager.cc:1403] T a3858ce924b049608b4244055ae6f957 P ca84919794964581988734fcfdf6db94: Time spent bootstrapping tablet: real 0.002s	user 0.001s	sys 0.001s
I20260601 13:33:05.202114  6989 tablet_bootstrap.cc:492] T 96453fcd7a7b4f7b8e7b46e73054c020 P 8aecc667828d4634a26a7af4c21c190c: No bootstrap required, opened a new log
I20260601 13:33:05.202087  6988 raft_consensus.cc:359] T e5b4f3ed759f487aa5bb94b2d8cd4d87 P 12179493996f4954a7de3718cb208db7 [term 0 FOLLOWER]: Replica starting. Triggering 0 pending ops. Active config: opid_index: -1 OBSOLETE_local: false peers { permanent_uuid: "ca84919794964581988734fcfdf6db94" member_type: VOTER last_known_addr { host: "127.3.180.130" port: 43351 } } peers { permanent_uuid: "8aecc667828d4634a26a7af4c21c190c" member_type: VOTER last_known_addr { host: "127.3.180.129" port: 33317 } } peers { permanent_uuid: "12179493996f4954a7de3718cb208db7" member_type: VOTER last_known_addr { host: "127.3.180.131" port: 41147 } }
I20260601 13:33:05.202175  6988 raft_consensus.cc:385] T e5b4f3ed759f487aa5bb94b2d8cd4d87 P 12179493996f4954a7de3718cb208db7 [term 0 FOLLOWER]: Consensus starting up: Expiring failure detector timer to make a prompt election more likely
I20260601 13:33:05.202193  6989 ts_tablet_manager.cc:1403] T 96453fcd7a7b4f7b8e7b46e73054c020 P 8aecc667828d4634a26a7af4c21c190c: Time spent bootstrapping tablet: real 0.002s	user 0.002s	sys 0.000s
I20260601 13:33:05.202219  6988 raft_consensus.cc:740] T e5b4f3ed759f487aa5bb94b2d8cd4d87 P 12179493996f4954a7de3718cb208db7 [term 0 FOLLOWER]: Becoming Follower/Learner. State: Replica: 12179493996f4954a7de3718cb208db7, State: Initialized, Role: FOLLOWER
I20260601 13:33:05.202316  6991 raft_consensus.cc:359] T a3858ce924b049608b4244055ae6f957 P ca84919794964581988734fcfdf6db94 [term 0 FOLLOWER]: Replica starting. Triggering 0 pending ops. Active config: opid_index: -1 OBSOLETE_local: false peers { permanent_uuid: "ca84919794964581988734fcfdf6db94" member_type: VOTER last_known_addr { host: "127.3.180.130" port: 43351 } } peers { permanent_uuid: "8aecc667828d4634a26a7af4c21c190c" member_type: VOTER last_known_addr { host: "127.3.180.129" port: 33317 } } peers { permanent_uuid: "12179493996f4954a7de3718cb208db7" member_type: VOTER last_known_addr { host: "127.3.180.131" port: 41147 } }
I20260601 13:33:05.202353  6988 consensus_queue.cc:260] T e5b4f3ed759f487aa5bb94b2d8cd4d87 P 12179493996f4954a7de3718cb208db7 [NON_LEADER]: Queue going to NON_LEADER mode. State: All replicated index: 0, Majority replicated index: 0, Committed index: 0, Last appended: 0.0, Last appended by leader: 0, Current term: 0, Majority size: -1, State: 0, Mode: NON_LEADER, active raft config: opid_index: -1 OBSOLETE_local: false peers { permanent_uuid: "ca84919794964581988734fcfdf6db94" member_type: VOTER last_known_addr { host: "127.3.180.130" port: 43351 } } peers { permanent_uuid: "8aecc667828d4634a26a7af4c21c190c" member_type: VOTER last_known_addr { host: "127.3.180.129" port: 33317 } } peers { permanent_uuid: "12179493996f4954a7de3718cb208db7" member_type: VOTER last_known_addr { host: "127.3.180.131" port: 41147 } }
I20260601 13:33:05.202399  6991 raft_consensus.cc:385] T a3858ce924b049608b4244055ae6f957 P ca84919794964581988734fcfdf6db94 [term 0 FOLLOWER]: Consensus starting up: Expiring failure detector timer to make a prompt election more likely
I20260601 13:33:05.202430  6991 raft_consensus.cc:740] T a3858ce924b049608b4244055ae6f957 P ca84919794964581988734fcfdf6db94 [term 0 FOLLOWER]: Becoming Follower/Learner. State: Replica: ca84919794964581988734fcfdf6db94, State: Initialized, Role: FOLLOWER
I20260601 13:33:05.202540  6991 consensus_queue.cc:260] T a3858ce924b049608b4244055ae6f957 P ca84919794964581988734fcfdf6db94 [NON_LEADER]: Queue going to NON_LEADER mode. State: All replicated index: 0, Majority replicated index: 0, Committed index: 0, Last appended: 0.0, Last appended by leader: 0, Current term: 0, Majority size: -1, State: 0, Mode: NON_LEADER, active raft config: opid_index: -1 OBSOLETE_local: false peers { permanent_uuid: "ca84919794964581988734fcfdf6db94" member_type: VOTER last_known_addr { host: "127.3.180.130" port: 43351 } } peers { permanent_uuid: "8aecc667828d4634a26a7af4c21c190c" member_type: VOTER last_known_addr { host: "127.3.180.129" port: 33317 } } peers { permanent_uuid: "12179493996f4954a7de3718cb208db7" member_type: VOTER last_known_addr { host: "127.3.180.131" port: 41147 } }
I20260601 13:33:05.202605  6989 raft_consensus.cc:359] T 96453fcd7a7b4f7b8e7b46e73054c020 P 8aecc667828d4634a26a7af4c21c190c [term 0 FOLLOWER]: Replica starting. Triggering 0 pending ops. Active config: opid_index: -1 OBSOLETE_local: false peers { permanent_uuid: "ca84919794964581988734fcfdf6db94" member_type: VOTER last_known_addr { host: "127.3.180.130" port: 43351 } } peers { permanent_uuid: "8aecc667828d4634a26a7af4c21c190c" member_type: VOTER last_known_addr { host: "127.3.180.129" port: 33317 } } peers { permanent_uuid: "12179493996f4954a7de3718cb208db7" member_type: VOTER last_known_addr { host: "127.3.180.131" port: 41147 } }
I20260601 13:33:05.202702  6989 raft_consensus.cc:385] T 96453fcd7a7b4f7b8e7b46e73054c020 P 8aecc667828d4634a26a7af4c21c190c [term 0 FOLLOWER]: Consensus starting up: Expiring failure detector timer to make a prompt election more likely
I20260601 13:33:05.202740  6989 raft_consensus.cc:740] T 96453fcd7a7b4f7b8e7b46e73054c020 P 8aecc667828d4634a26a7af4c21c190c [term 0 FOLLOWER]: Becoming Follower/Learner. State: Replica: 8aecc667828d4634a26a7af4c21c190c, State: Initialized, Role: FOLLOWER
I20260601 13:33:05.202790  6991 ts_tablet_manager.cc:1434] T a3858ce924b049608b4244055ae6f957 P ca84919794964581988734fcfdf6db94: Time spent starting tablet: real 0.001s	user 0.000s	sys 0.000s
I20260601 13:33:05.202852  6989 consensus_queue.cc:260] T 96453fcd7a7b4f7b8e7b46e73054c020 P 8aecc667828d4634a26a7af4c21c190c [NON_LEADER]: Queue going to NON_LEADER mode. State: All replicated index: 0, Majority replicated index: 0, Committed index: 0, Last appended: 0.0, Last appended by leader: 0, Current term: 0, Majority size: -1, State: 0, Mode: NON_LEADER, active raft config: opid_index: -1 OBSOLETE_local: false peers { permanent_uuid: "ca84919794964581988734fcfdf6db94" member_type: VOTER last_known_addr { host: "127.3.180.130" port: 43351 } } peers { permanent_uuid: "8aecc667828d4634a26a7af4c21c190c" member_type: VOTER last_known_addr { host: "127.3.180.129" port: 33317 } } peers { permanent_uuid: "12179493996f4954a7de3718cb208db7" member_type: VOTER last_known_addr { host: "127.3.180.131" port: 41147 } }
I20260601 13:33:05.202960  6991 tablet_bootstrap.cc:492] T 8e973da89965421cb56c9c74f7db9871 P ca84919794964581988734fcfdf6db94: Bootstrap starting.
I20260601 13:33:05.203105  6989 ts_tablet_manager.cc:1434] T 96453fcd7a7b4f7b8e7b46e73054c020 P 8aecc667828d4634a26a7af4c21c190c: Time spent starting tablet: real 0.001s	user 0.000s	sys 0.000s
I20260601 13:33:05.204052  6991 tablet_bootstrap.cc:654] T 8e973da89965421cb56c9c74f7db9871 P ca84919794964581988734fcfdf6db94: Neither blocks nor log segments found. Creating new log.
I20260601 13:33:05.204844  6988 ts_tablet_manager.cc:1434] T e5b4f3ed759f487aa5bb94b2d8cd4d87 P 12179493996f4954a7de3718cb208db7: Time spent starting tablet: real 0.003s	user 0.000s	sys 0.001s
I20260601 13:33:05.205390  6991 tablet_bootstrap.cc:492] T 8e973da89965421cb56c9c74f7db9871 P ca84919794964581988734fcfdf6db94: No bootstrap required, opened a new log
I20260601 13:33:05.205474  6991 ts_tablet_manager.cc:1403] T 8e973da89965421cb56c9c74f7db9871 P ca84919794964581988734fcfdf6db94: Time spent bootstrapping tablet: real 0.003s	user 0.002s	sys 0.000s
I20260601 13:33:05.205912  6988 tablet_bootstrap.cc:492] T 8e973da89965421cb56c9c74f7db9871 P 12179493996f4954a7de3718cb208db7: Bootstrap starting.
I20260601 13:33:05.205929  6991 raft_consensus.cc:359] T 8e973da89965421cb56c9c74f7db9871 P ca84919794964581988734fcfdf6db94 [term 0 FOLLOWER]: Replica starting. Triggering 0 pending ops. Active config: opid_index: -1 OBSOLETE_local: false peers { permanent_uuid: "8aecc667828d4634a26a7af4c21c190c" member_type: VOTER last_known_addr { host: "127.3.180.129" port: 33317 } } peers { permanent_uuid: "ca84919794964581988734fcfdf6db94" member_type: VOTER last_known_addr { host: "127.3.180.130" port: 43351 } } peers { permanent_uuid: "12179493996f4954a7de3718cb208db7" member_type: VOTER last_known_addr { host: "127.3.180.131" port: 41147 } }
I20260601 13:33:05.206036  6991 raft_consensus.cc:385] T 8e973da89965421cb56c9c74f7db9871 P ca84919794964581988734fcfdf6db94 [term 0 FOLLOWER]: Consensus starting up: Expiring failure detector timer to make a prompt election more likely
I20260601 13:33:05.206064  6991 raft_consensus.cc:740] T 8e973da89965421cb56c9c74f7db9871 P ca84919794964581988734fcfdf6db94 [term 0 FOLLOWER]: Becoming Follower/Learner. State: Replica: ca84919794964581988734fcfdf6db94, State: Initialized, Role: FOLLOWER
I20260601 13:33:05.206646  6991 consensus_queue.cc:260] T 8e973da89965421cb56c9c74f7db9871 P ca84919794964581988734fcfdf6db94 [NON_LEADER]: Queue going to NON_LEADER mode. State: All replicated index: 0, Majority replicated index: 0, Committed index: 0, Last appended: 0.0, Last appended by leader: 0, Current term: 0, Majority size: -1, State: 0, Mode: NON_LEADER, active raft config: opid_index: -1 OBSOLETE_local: false peers { permanent_uuid: "8aecc667828d4634a26a7af4c21c190c" member_type: VOTER last_known_addr { host: "127.3.180.129" port: 33317 } } peers { permanent_uuid: "ca84919794964581988734fcfdf6db94" member_type: VOTER last_known_addr { host: "127.3.180.130" port: 43351 } } peers { permanent_uuid: "12179493996f4954a7de3718cb208db7" member_type: VOTER last_known_addr { host: "127.3.180.131" port: 41147 } }
I20260601 13:33:05.207026  6988 tablet_bootstrap.cc:654] T 8e973da89965421cb56c9c74f7db9871 P 12179493996f4954a7de3718cb208db7: Neither blocks nor log segments found. Creating new log.
I20260601 13:33:05.207341  6991 ts_tablet_manager.cc:1434] T 8e973da89965421cb56c9c74f7db9871 P ca84919794964581988734fcfdf6db94: Time spent starting tablet: real 0.002s	user 0.001s	sys 0.000s
I20260601 13:33:05.208041  6988 tablet_bootstrap.cc:492] T 8e973da89965421cb56c9c74f7db9871 P 12179493996f4954a7de3718cb208db7: No bootstrap required, opened a new log
I20260601 13:33:05.208112  6988 ts_tablet_manager.cc:1403] T 8e973da89965421cb56c9c74f7db9871 P 12179493996f4954a7de3718cb208db7: Time spent bootstrapping tablet: real 0.002s	user 0.000s	sys 0.002s
I20260601 13:33:05.208503  6988 raft_consensus.cc:359] T 8e973da89965421cb56c9c74f7db9871 P 12179493996f4954a7de3718cb208db7 [term 0 FOLLOWER]: Replica starting. Triggering 0 pending ops. Active config: opid_index: -1 OBSOLETE_local: false peers { permanent_uuid: "8aecc667828d4634a26a7af4c21c190c" member_type: VOTER last_known_addr { host: "127.3.180.129" port: 33317 } } peers { permanent_uuid: "ca84919794964581988734fcfdf6db94" member_type: VOTER last_known_addr { host: "127.3.180.130" port: 43351 } } peers { permanent_uuid: "12179493996f4954a7de3718cb208db7" member_type: VOTER last_known_addr { host: "127.3.180.131" port: 41147 } }
I20260601 13:33:05.208595  6988 raft_consensus.cc:385] T 8e973da89965421cb56c9c74f7db9871 P 12179493996f4954a7de3718cb208db7 [term 0 FOLLOWER]: Consensus starting up: Expiring failure detector timer to make a prompt election more likely
I20260601 13:33:05.208632  6988 raft_consensus.cc:740] T 8e973da89965421cb56c9c74f7db9871 P 12179493996f4954a7de3718cb208db7 [term 0 FOLLOWER]: Becoming Follower/Learner. State: Replica: 12179493996f4954a7de3718cb208db7, State: Initialized, Role: FOLLOWER
I20260601 13:33:05.208745  6988 consensus_queue.cc:260] T 8e973da89965421cb56c9c74f7db9871 P 12179493996f4954a7de3718cb208db7 [NON_LEADER]: Queue going to NON_LEADER mode. State: All replicated index: 0, Majority replicated index: 0, Committed index: 0, Last appended: 0.0, Last appended by leader: 0, Current term: 0, Majority size: -1, State: 0, Mode: NON_LEADER, active raft config: opid_index: -1 OBSOLETE_local: false peers { permanent_uuid: "8aecc667828d4634a26a7af4c21c190c" member_type: VOTER last_known_addr { host: "127.3.180.129" port: 33317 } } peers { permanent_uuid: "ca84919794964581988734fcfdf6db94" member_type: VOTER last_known_addr { host: "127.3.180.130" port: 43351 } } peers { permanent_uuid: "12179493996f4954a7de3718cb208db7" member_type: VOTER last_known_addr { host: "127.3.180.131" port: 41147 } }
I20260601 13:33:05.208984  6988 ts_tablet_manager.cc:1434] T 8e973da89965421cb56c9c74f7db9871 P 12179493996f4954a7de3718cb208db7: Time spent starting tablet: real 0.001s	user 0.001s	sys 0.001s
I20260601 13:33:05.209146  6988 tablet_bootstrap.cc:492] T 96453fcd7a7b4f7b8e7b46e73054c020 P 12179493996f4954a7de3718cb208db7: Bootstrap starting.
I20260601 13:33:05.210073  6988 tablet_bootstrap.cc:654] T 96453fcd7a7b4f7b8e7b46e73054c020 P 12179493996f4954a7de3718cb208db7: Neither blocks nor log segments found. Creating new log.
I20260601 13:33:05.211069  6988 tablet_bootstrap.cc:492] T 96453fcd7a7b4f7b8e7b46e73054c020 P 12179493996f4954a7de3718cb208db7: No bootstrap required, opened a new log
I20260601 13:33:05.211153  6988 ts_tablet_manager.cc:1403] T 96453fcd7a7b4f7b8e7b46e73054c020 P 12179493996f4954a7de3718cb208db7: Time spent bootstrapping tablet: real 0.002s	user 0.001s	sys 0.000s
I20260601 13:33:05.211508  6988 raft_consensus.cc:359] T 96453fcd7a7b4f7b8e7b46e73054c020 P 12179493996f4954a7de3718cb208db7 [term 0 FOLLOWER]: Replica starting. Triggering 0 pending ops. Active config: opid_index: -1 OBSOLETE_local: false peers { permanent_uuid: "ca84919794964581988734fcfdf6db94" member_type: VOTER last_known_addr { host: "127.3.180.130" port: 43351 } } peers { permanent_uuid: "8aecc667828d4634a26a7af4c21c190c" member_type: VOTER last_known_addr { host: "127.3.180.129" port: 33317 } } peers { permanent_uuid: "12179493996f4954a7de3718cb208db7" member_type: VOTER last_known_addr { host: "127.3.180.131" port: 41147 } }
I20260601 13:33:05.211587  6988 raft_consensus.cc:385] T 96453fcd7a7b4f7b8e7b46e73054c020 P 12179493996f4954a7de3718cb208db7 [term 0 FOLLOWER]: Consensus starting up: Expiring failure detector timer to make a prompt election more likely
I20260601 13:33:05.211607  6988 raft_consensus.cc:740] T 96453fcd7a7b4f7b8e7b46e73054c020 P 12179493996f4954a7de3718cb208db7 [term 0 FOLLOWER]: Becoming Follower/Learner. State: Replica: 12179493996f4954a7de3718cb208db7, State: Initialized, Role: FOLLOWER
I20260601 13:33:05.211701  6988 consensus_queue.cc:260] T 96453fcd7a7b4f7b8e7b46e73054c020 P 12179493996f4954a7de3718cb208db7 [NON_LEADER]: Queue going to NON_LEADER mode. State: All replicated index: 0, Majority replicated index: 0, Committed index: 0, Last appended: 0.0, Last appended by leader: 0, Current term: 0, Majority size: -1, State: 0, Mode: NON_LEADER, active raft config: opid_index: -1 OBSOLETE_local: false peers { permanent_uuid: "ca84919794964581988734fcfdf6db94" member_type: VOTER last_known_addr { host: "127.3.180.130" port: 43351 } } peers { permanent_uuid: "8aecc667828d4634a26a7af4c21c190c" member_type: VOTER last_known_addr { host: "127.3.180.129" port: 33317 } } peers { permanent_uuid: "12179493996f4954a7de3718cb208db7" member_type: VOTER last_known_addr { host: "127.3.180.131" port: 41147 } }
I20260601 13:33:05.211920  6988 ts_tablet_manager.cc:1434] T 96453fcd7a7b4f7b8e7b46e73054c020 P 12179493996f4954a7de3718cb208db7: Time spent starting tablet: real 0.001s	user 0.000s	sys 0.000s
I20260601 13:33:05.212080  6988 tablet_bootstrap.cc:492] T 28149356cc5d4d3385dd22295d74cd13 P 12179493996f4954a7de3718cb208db7: Bootstrap starting.
I20260601 13:33:05.212954  6988 tablet_bootstrap.cc:654] T 28149356cc5d4d3385dd22295d74cd13 P 12179493996f4954a7de3718cb208db7: Neither blocks nor log segments found. Creating new log.
I20260601 13:33:05.214107  6988 tablet_bootstrap.cc:492] T 28149356cc5d4d3385dd22295d74cd13 P 12179493996f4954a7de3718cb208db7: No bootstrap required, opened a new log
I20260601 13:33:05.214181  6988 ts_tablet_manager.cc:1403] T 28149356cc5d4d3385dd22295d74cd13 P 12179493996f4954a7de3718cb208db7: Time spent bootstrapping tablet: real 0.002s	user 0.001s	sys 0.000s
I20260601 13:33:05.214520  6988 raft_consensus.cc:359] T 28149356cc5d4d3385dd22295d74cd13 P 12179493996f4954a7de3718cb208db7 [term 0 FOLLOWER]: Replica starting. Triggering 0 pending ops. Active config: opid_index: -1 OBSOLETE_local: false peers { permanent_uuid: "8aecc667828d4634a26a7af4c21c190c" member_type: VOTER last_known_addr { host: "127.3.180.129" port: 33317 } } peers { permanent_uuid: "ca84919794964581988734fcfdf6db94" member_type: VOTER last_known_addr { host: "127.3.180.130" port: 43351 } } peers { permanent_uuid: "12179493996f4954a7de3718cb208db7" member_type: VOTER last_known_addr { host: "127.3.180.131" port: 41147 } }
I20260601 13:33:05.214612  6988 raft_consensus.cc:385] T 28149356cc5d4d3385dd22295d74cd13 P 12179493996f4954a7de3718cb208db7 [term 0 FOLLOWER]: Consensus starting up: Expiring failure detector timer to make a prompt election more likely
I20260601 13:33:05.214632  6988 raft_consensus.cc:740] T 28149356cc5d4d3385dd22295d74cd13 P 12179493996f4954a7de3718cb208db7 [term 0 FOLLOWER]: Becoming Follower/Learner. State: Replica: 12179493996f4954a7de3718cb208db7, State: Initialized, Role: FOLLOWER
I20260601 13:33:05.214727  6988 consensus_queue.cc:260] T 28149356cc5d4d3385dd22295d74cd13 P 12179493996f4954a7de3718cb208db7 [NON_LEADER]: Queue going to NON_LEADER mode. State: All replicated index: 0, Majority replicated index: 0, Committed index: 0, Last appended: 0.0, Last appended by leader: 0, Current term: 0, Majority size: -1, State: 0, Mode: NON_LEADER, active raft config: opid_index: -1 OBSOLETE_local: false peers { permanent_uuid: "8aecc667828d4634a26a7af4c21c190c" member_type: VOTER last_known_addr { host: "127.3.180.129" port: 33317 } } peers { permanent_uuid: "ca84919794964581988734fcfdf6db94" member_type: VOTER last_known_addr { host: "127.3.180.130" port: 43351 } } peers { permanent_uuid: "12179493996f4954a7de3718cb208db7" member_type: VOTER last_known_addr { host: "127.3.180.131" port: 41147 } }
I20260601 13:33:05.214967  6988 ts_tablet_manager.cc:1434] T 28149356cc5d4d3385dd22295d74cd13 P 12179493996f4954a7de3718cb208db7: Time spent starting tablet: real 0.001s	user 0.000s	sys 0.000s
I20260601 13:33:05.229846  6993 raft_consensus.cc:493] T ba686dde458642ba8926be481217c996 P ca84919794964581988734fcfdf6db94 [term 0 FOLLOWER]: Starting pre-election (no leader contacted us within the election timeout)
I20260601 13:33:05.229996  6993 raft_consensus.cc:515] T ba686dde458642ba8926be481217c996 P ca84919794964581988734fcfdf6db94 [term 0 FOLLOWER]: Starting pre-election with config: opid_index: -1 OBSOLETE_local: false peers { permanent_uuid: "8aecc667828d4634a26a7af4c21c190c" member_type: VOTER last_known_addr { host: "127.3.180.129" port: 33317 } } peers { permanent_uuid: "ca84919794964581988734fcfdf6db94" member_type: VOTER last_known_addr { host: "127.3.180.130" port: 43351 } } peers { permanent_uuid: "12179493996f4954a7de3718cb208db7" member_type: VOTER last_known_addr { host: "127.3.180.131" port: 41147 } }
I20260601 13:33:05.230404  6993 leader_election.cc:290] T ba686dde458642ba8926be481217c996 P ca84919794964581988734fcfdf6db94 [CANDIDATE]: Term 1 pre-election: Requested pre-vote from peers 8aecc667828d4634a26a7af4c21c190c (127.3.180.129:33317), 12179493996f4954a7de3718cb208db7 (127.3.180.131:41147)
I20260601 13:33:05.230779  6788 tablet_service.cc:1917] Received RequestConsensusVote() RPC: tablet_id: "ba686dde458642ba8926be481217c996" candidate_uuid: "ca84919794964581988734fcfdf6db94" candidate_term: 1 candidate_status { last_received { term: 0 index: 0 } } ignore_live_leader: false dest_uuid: "8aecc667828d4634a26a7af4c21c190c" is_pre_election: true
I20260601 13:33:05.230881  6788 raft_consensus.cc:2468] T ba686dde458642ba8926be481217c996 P 8aecc667828d4634a26a7af4c21c190c [term 0 FOLLOWER]: Leader pre-election vote request: Granting yes vote for candidate ca84919794964581988734fcfdf6db94 in term 0.
I20260601 13:33:05.230832  6941 tablet_service.cc:1917] Received RequestConsensusVote() RPC: tablet_id: "ba686dde458642ba8926be481217c996" candidate_uuid: "ca84919794964581988734fcfdf6db94" candidate_term: 1 candidate_status { last_received { term: 0 index: 0 } } ignore_live_leader: false dest_uuid: "12179493996f4954a7de3718cb208db7" is_pre_election: true
I20260601 13:33:05.231009  6941 raft_consensus.cc:2468] T ba686dde458642ba8926be481217c996 P 12179493996f4954a7de3718cb208db7 [term 0 FOLLOWER]: Leader pre-election vote request: Granting yes vote for candidate ca84919794964581988734fcfdf6db94 in term 0.
I20260601 13:33:05.231154  6831 leader_election.cc:304] T ba686dde458642ba8926be481217c996 P ca84919794964581988734fcfdf6db94 [CANDIDATE]: Term 1 pre-election: Election decided. Result: candidate won. Election summary: received 2 responses out of 3 voters: 2 yes votes; 0 no votes. yes voters: 8aecc667828d4634a26a7af4c21c190c, ca84919794964581988734fcfdf6db94; no voters: 
I20260601 13:33:05.231300  6993 raft_consensus.cc:2804] T ba686dde458642ba8926be481217c996 P ca84919794964581988734fcfdf6db94 [term 0 FOLLOWER]: Leader pre-election won for term 1
I20260601 13:33:05.231353  6993 raft_consensus.cc:493] T ba686dde458642ba8926be481217c996 P ca84919794964581988734fcfdf6db94 [term 0 FOLLOWER]: Starting leader election (no leader contacted us within the election timeout)
I20260601 13:33:05.231397  6993 raft_consensus.cc:3060] T ba686dde458642ba8926be481217c996 P ca84919794964581988734fcfdf6db94 [term 0 FOLLOWER]: Advancing to term 1
I20260601 13:33:05.232306  6993 raft_consensus.cc:515] T ba686dde458642ba8926be481217c996 P ca84919794964581988734fcfdf6db94 [term 1 FOLLOWER]: Starting leader election with config: opid_index: -1 OBSOLETE_local: false peers { permanent_uuid: "8aecc667828d4634a26a7af4c21c190c" member_type: VOTER last_known_addr { host: "127.3.180.129" port: 33317 } } peers { permanent_uuid: "ca84919794964581988734fcfdf6db94" member_type: VOTER last_known_addr { host: "127.3.180.130" port: 43351 } } peers { permanent_uuid: "12179493996f4954a7de3718cb208db7" member_type: VOTER last_known_addr { host: "127.3.180.131" port: 41147 } }
I20260601 13:33:05.232647  6993 leader_election.cc:290] T ba686dde458642ba8926be481217c996 P ca84919794964581988734fcfdf6db94 [CANDIDATE]: Term 1 election: Requested vote from peers 8aecc667828d4634a26a7af4c21c190c (127.3.180.129:33317), 12179493996f4954a7de3718cb208db7 (127.3.180.131:41147)
I20260601 13:33:05.233016  6788 tablet_service.cc:1917] Received RequestConsensusVote() RPC: tablet_id: "ba686dde458642ba8926be481217c996" candidate_uuid: "ca84919794964581988734fcfdf6db94" candidate_term: 1 candidate_status { last_received { term: 0 index: 0 } } ignore_live_leader: false dest_uuid: "8aecc667828d4634a26a7af4c21c190c"
I20260601 13:33:05.233100  6788 raft_consensus.cc:3060] T ba686dde458642ba8926be481217c996 P 8aecc667828d4634a26a7af4c21c190c [term 0 FOLLOWER]: Advancing to term 1
I20260601 13:33:05.233875  6788 raft_consensus.cc:2468] T ba686dde458642ba8926be481217c996 P 8aecc667828d4634a26a7af4c21c190c [term 1 FOLLOWER]: Leader election vote request: Granting yes vote for candidate ca84919794964581988734fcfdf6db94 in term 1.
I20260601 13:33:05.233934  6941 tablet_service.cc:1917] Received RequestConsensusVote() RPC: tablet_id: "ba686dde458642ba8926be481217c996" candidate_uuid: "ca84919794964581988734fcfdf6db94" candidate_term: 1 candidate_status { last_received { term: 0 index: 0 } } ignore_live_leader: false dest_uuid: "12179493996f4954a7de3718cb208db7"
I20260601 13:33:05.234048  6941 raft_consensus.cc:3060] T ba686dde458642ba8926be481217c996 P 12179493996f4954a7de3718cb208db7 [term 0 FOLLOWER]: Advancing to term 1
I20260601 13:33:05.234129  6831 leader_election.cc:304] T ba686dde458642ba8926be481217c996 P ca84919794964581988734fcfdf6db94 [CANDIDATE]: Term 1 election: Election decided. Result: candidate won. Election summary: received 2 responses out of 3 voters: 2 yes votes; 0 no votes. yes voters: 8aecc667828d4634a26a7af4c21c190c, ca84919794964581988734fcfdf6db94; no voters: 
I20260601 13:33:05.234272  6993 raft_consensus.cc:2804] T ba686dde458642ba8926be481217c996 P ca84919794964581988734fcfdf6db94 [term 1 FOLLOWER]: Leader election won for term 1
I20260601 13:33:05.234351  6993 raft_consensus.cc:697] T ba686dde458642ba8926be481217c996 P ca84919794964581988734fcfdf6db94 [term 1 LEADER]: Becoming Leader. State: Replica: ca84919794964581988734fcfdf6db94, State: Running, Role: LEADER
I20260601 13:33:05.234477  6993 consensus_queue.cc:237] T ba686dde458642ba8926be481217c996 P ca84919794964581988734fcfdf6db94 [LEADER]: Queue going to LEADER mode. State: All replicated index: 0, Majority replicated index: 0, Committed index: 0, Last appended: 0.0, Last appended by leader: 0, Current term: 1, Majority size: 2, State: 0, Mode: LEADER, active raft config: opid_index: -1 OBSOLETE_local: false peers { permanent_uuid: "8aecc667828d4634a26a7af4c21c190c" member_type: VOTER last_known_addr { host: "127.3.180.129" port: 33317 } } peers { permanent_uuid: "ca84919794964581988734fcfdf6db94" member_type: VOTER last_known_addr { host: "127.3.180.130" port: 43351 } } peers { permanent_uuid: "12179493996f4954a7de3718cb208db7" member_type: VOTER last_known_addr { host: "127.3.180.131" port: 41147 } }
I20260601 13:33:05.234881  6941 raft_consensus.cc:2468] T ba686dde458642ba8926be481217c996 P 12179493996f4954a7de3718cb208db7 [term 1 FOLLOWER]: Leader election vote request: Granting yes vote for candidate ca84919794964581988734fcfdf6db94 in term 1.
I20260601 13:33:05.235942  6681 catalog_manager.cc:5696] T ba686dde458642ba8926be481217c996 P ca84919794964581988734fcfdf6db94 reported cstate change: term changed from 0 to 1, leader changed from <none> to ca84919794964581988734fcfdf6db94 (127.3.180.130). New cstate: current_term: 1 leader_uuid: "ca84919794964581988734fcfdf6db94" committed_config { opid_index: -1 OBSOLETE_local: false peers { permanent_uuid: "8aecc667828d4634a26a7af4c21c190c" member_type: VOTER last_known_addr { host: "127.3.180.129" port: 33317 } health_report { overall_health: UNKNOWN } } peers { permanent_uuid: "ca84919794964581988734fcfdf6db94" member_type: VOTER last_known_addr { host: "127.3.180.130" port: 43351 } health_report { overall_health: HEALTHY } } peers { permanent_uuid: "12179493996f4954a7de3718cb208db7" member_type: VOTER last_known_addr { host: "127.3.180.131" port: 41147 } health_report { overall_health: UNKNOWN } } }
I20260601 13:33:05.246196  7002 raft_consensus.cc:493] T 8e973da89965421cb56c9c74f7db9871 P 8aecc667828d4634a26a7af4c21c190c [term 0 FOLLOWER]: Starting pre-election (no leader contacted us within the election timeout)
I20260601 13:33:05.246320  7002 raft_consensus.cc:515] T 8e973da89965421cb56c9c74f7db9871 P 8aecc667828d4634a26a7af4c21c190c [term 0 FOLLOWER]: Starting pre-election with config: opid_index: -1 OBSOLETE_local: false peers { permanent_uuid: "8aecc667828d4634a26a7af4c21c190c" member_type: VOTER last_known_addr { host: "127.3.180.129" port: 33317 } } peers { permanent_uuid: "ca84919794964581988734fcfdf6db94" member_type: VOTER last_known_addr { host: "127.3.180.130" port: 43351 } } peers { permanent_uuid: "12179493996f4954a7de3718cb208db7" member_type: VOTER last_known_addr { host: "127.3.180.131" port: 41147 } }
I20260601 13:33:05.246785  7002 leader_election.cc:290] T 8e973da89965421cb56c9c74f7db9871 P 8aecc667828d4634a26a7af4c21c190c [CANDIDATE]: Term 1 pre-election: Requested pre-vote from peers ca84919794964581988734fcfdf6db94 (127.3.180.130:43351), 12179493996f4954a7de3718cb208db7 (127.3.180.131:41147)
I20260601 13:33:05.250077  6941 tablet_service.cc:1917] Received RequestConsensusVote() RPC: tablet_id: "8e973da89965421cb56c9c74f7db9871" candidate_uuid: "8aecc667828d4634a26a7af4c21c190c" candidate_term: 1 candidate_status { last_received { term: 0 index: 0 } } ignore_live_leader: false dest_uuid: "12179493996f4954a7de3718cb208db7" is_pre_election: true
I20260601 13:33:05.250087  6865 tablet_service.cc:1917] Received RequestConsensusVote() RPC: tablet_id: "8e973da89965421cb56c9c74f7db9871" candidate_uuid: "8aecc667828d4634a26a7af4c21c190c" candidate_term: 1 candidate_status { last_received { term: 0 index: 0 } } ignore_live_leader: false dest_uuid: "ca84919794964581988734fcfdf6db94" is_pre_election: true
I20260601 13:33:05.250222  6941 raft_consensus.cc:2468] T 8e973da89965421cb56c9c74f7db9871 P 12179493996f4954a7de3718cb208db7 [term 0 FOLLOWER]: Leader pre-election vote request: Granting yes vote for candidate 8aecc667828d4634a26a7af4c21c190c in term 0.
I20260601 13:33:05.250237  6865 raft_consensus.cc:2468] T 8e973da89965421cb56c9c74f7db9871 P ca84919794964581988734fcfdf6db94 [term 0 FOLLOWER]: Leader pre-election vote request: Granting yes vote for candidate 8aecc667828d4634a26a7af4c21c190c in term 0.
I20260601 13:33:05.250473  6752 leader_election.cc:304] T 8e973da89965421cb56c9c74f7db9871 P 8aecc667828d4634a26a7af4c21c190c [CANDIDATE]: Term 1 pre-election: Election decided. Result: candidate won. Election summary: received 2 responses out of 3 voters: 2 yes votes; 0 no votes. yes voters: 12179493996f4954a7de3718cb208db7, 8aecc667828d4634a26a7af4c21c190c; no voters: 
I20260601 13:33:05.250638  7002 raft_consensus.cc:2804] T 8e973da89965421cb56c9c74f7db9871 P 8aecc667828d4634a26a7af4c21c190c [term 0 FOLLOWER]: Leader pre-election won for term 1
I20260601 13:33:05.250690  7002 raft_consensus.cc:493] T 8e973da89965421cb56c9c74f7db9871 P 8aecc667828d4634a26a7af4c21c190c [term 0 FOLLOWER]: Starting leader election (no leader contacted us within the election timeout)
I20260601 13:33:05.250717  7002 raft_consensus.cc:3060] T 8e973da89965421cb56c9c74f7db9871 P 8aecc667828d4634a26a7af4c21c190c [term 0 FOLLOWER]: Advancing to term 1
