[==========] Running 24 tests from 2 test suites.
[----------] Global test environment set-up.
[----------] 22 tests from AutoRebalancerTest
[ RUN      ] AutoRebalancerTest.OnlyLeaderDoesAutoRebalancing
WARNING: Logging before InitGoogleLogging() is written to STDERR
I20260601 13:31:58.058249 30594 internal_mini_cluster.cc:156] Creating distributed mini masters. Addrs: 127.29.224.190:34941,127.29.224.189:40675,127.29.224.188:41361
I20260601 13:31:58.059465 30594 env_posix.cc:2267] Not raising this process' open files per process limit of 1048576; it is already as high as it can go
I20260601 13:31:58.060091 30594 file_cache.cc:492] Constructed file cache file cache with capacity 419430
W20260601 13:31:58.067601 30599 instance_detector.cc:116] could not retrieve AWS instance metadata: Network error: curl error: HTTP response code said error: The requested URL returned error: 404
W20260601 13:31:58.067601 30602 instance_detector.cc:116] could not retrieve OpenStack instance metadata: Network error: curl error: HTTP response code said error: The requested URL returned error: 404
W20260601 13:31:58.067682 30600 instance_detector.cc:116] could not retrieve Azure instance metadata: Network error: curl error: HTTP response code said error: The requested URL returned error: 404
I20260601 13:31:58.067931 30594 server_base.cc:1061] running on GCE node
I20260601 13:31:58.068646 30594 hybrid_clock.cc:584] initializing the hybrid clock with 'system_unsync' time source
W20260601 13:31:58.068789 30594 system_unsync_time.cc:38] NTP support is disabled. Clock error bounds will not be accurate. This configuration is not suitable for distributed clusters.
I20260601 13:31:58.068815 30594 hybrid_clock.cc:648] HybridClock initialized: now 1780320718068813 us; error 0 us; skew 500 ppm
I20260601 13:31:58.070951 30594 webserver.cc:533] Webserver started at http://127.29.224.190:42297/ using document root <none> and password file <none>
I20260601 13:31:58.071507 30594 fs_manager.cc:362] Metadata directory not provided
I20260601 13:31:58.071563 30594 fs_manager.cc:368] Using write-ahead log directory (fs_wal_dir) as metadata directory
I20260601 13:31:58.071754 30594 server_base.cc:909] This appears to be a new deployment of Kudu; creating new FS layout
I20260601 13:31:58.073488 30594 fs_manager.cc:1068] Generated new instance metadata in path /tmp/dist-test-taskuFzljl/test-tmp/auto_rebalancer-test.0.AutoRebalancerTest.OnlyLeaderDoesAutoRebalancing.1780320718046930-30594-0/minicluster-data/master-0-root/instance:
uuid: "439fb10aec004ad187d354cfe8ee2912"
format_stamp: "Formatted at 2026-06-01 13:31:58 on dist-test-slave-pvp1"
I20260601 13:31:58.077500 30594 fs_manager.cc:696] Time spent creating directory manager: real 0.004s	user 0.004s	sys 0.000s
I20260601 13:31:58.079924 30607 log_block_manager.cc:4031] Time spent loading block containers with low live blocks: real 0.000s	user 0.000s	sys 0.000s
I20260601 13:31:58.081588 30594 fs_manager.cc:730] Time spent opening block manager: real 0.003s	user 0.002s	sys 0.001s
I20260601 13:31:58.081768 30594 fs_manager.cc:647] Opened local filesystem: /tmp/dist-test-taskuFzljl/test-tmp/auto_rebalancer-test.0.AutoRebalancerTest.OnlyLeaderDoesAutoRebalancing.1780320718046930-30594-0/minicluster-data/master-0-root
uuid: "439fb10aec004ad187d354cfe8ee2912"
format_stamp: "Formatted at 2026-06-01 13:31:58 on dist-test-slave-pvp1"
I20260601 13:31:58.081881 30594 fs_report.cc:389] FS layout report
--------------------
wal directory: /tmp/dist-test-taskuFzljl/test-tmp/auto_rebalancer-test.0.AutoRebalancerTest.OnlyLeaderDoesAutoRebalancing.1780320718046930-30594-0/minicluster-data/master-0-root
metadata directory: /tmp/dist-test-taskuFzljl/test-tmp/auto_rebalancer-test.0.AutoRebalancerTest.OnlyLeaderDoesAutoRebalancing.1780320718046930-30594-0/minicluster-data/master-0-root
1 data directories: /tmp/dist-test-taskuFzljl/test-tmp/auto_rebalancer-test.0.AutoRebalancerTest.OnlyLeaderDoesAutoRebalancing.1780320718046930-30594-0/minicluster-data/master-0-root/data
Total live blocks: 0
Total live bytes: 0
Total live bytes (after alignment): 0
Total number of LBM containers: 0 (0 full)
Did not check for missing blocks
Did not check for orphaned blocks
Total full LBM containers with extra space: 0 (0 repaired)
Total full LBM container extra space in bytes: 0 (0 repaired)
Total incomplete LBM containers: 0 (0 repaired)
Total LBM partial records: 0 (0 repaired)
Total corrupted LBM metadata records in RocksDB: 0 (0 repaired)
I20260601 13:31:58.101600 30594 rpc_server.cc:225] running with OpenSSL 1.1.1  11 Sep 2018
I20260601 13:31:58.102183 30594 env_posix.cc:2267] Not raising this process' running threads per effective uid limit of 18446744073709551615; it is already as high as it can go
I20260601 13:31:58.102368 30594 kserver.cc:163] Server-wide thread pool size limit: 3276
I20260601 13:31:58.109527 30594 rpc_server.cc:307] RPC server started. Bound to: 127.29.224.190:34941
I20260601 13:31:58.109547 30659 acceptor_pool.cc:272] collecting diagnostics on the listening RPC socket 127.29.224.190:34941 every 8 connection(s)
I20260601 13:31:58.110706 30594 file_cache.cc:492] Constructed file cache file cache with capacity 419430
I20260601 13:31:58.112617 30660 data_dirs.cc:400] Could only allocate 1 dirs of requested 3 for tablet 00000000000000000000000000000000. 1 dirs total, 0 dirs full, 0 dirs failed
W20260601 13:31:58.112633 30662 instance_detector.cc:116] could not retrieve AWS instance metadata: Network error: curl error: HTTP response code said error: The requested URL returned error: 404
W20260601 13:31:58.112803 30665 instance_detector.cc:116] could not retrieve OpenStack instance metadata: Network error: curl error: HTTP response code said error: The requested URL returned error: 404
I20260601 13:31:58.112977 30594 server_base.cc:1061] running on GCE node
W20260601 13:31:58.113010 30663 instance_detector.cc:116] could not retrieve Azure instance metadata: Network error: curl error: HTTP response code said error: The requested URL returned error: 404
I20260601 13:31:58.113313 30594 hybrid_clock.cc:584] initializing the hybrid clock with 'system_unsync' time source
W20260601 13:31:58.113363 30594 system_unsync_time.cc:38] NTP support is disabled. Clock error bounds will not be accurate. This configuration is not suitable for distributed clusters.
I20260601 13:31:58.113382 30594 hybrid_clock.cc:648] HybridClock initialized: now 1780320718113381 us; error 0 us; skew 500 ppm
I20260601 13:31:58.114256 30594 webserver.cc:533] Webserver started at http://127.29.224.189:42355/ using document root <none> and password file <none>
I20260601 13:31:58.114423 30594 fs_manager.cc:362] Metadata directory not provided
I20260601 13:31:58.114485 30594 fs_manager.cc:368] Using write-ahead log directory (fs_wal_dir) as metadata directory
I20260601 13:31:58.114584 30594 server_base.cc:909] This appears to be a new deployment of Kudu; creating new FS layout
I20260601 13:31:58.114985 30594 fs_manager.cc:1068] Generated new instance metadata in path /tmp/dist-test-taskuFzljl/test-tmp/auto_rebalancer-test.0.AutoRebalancerTest.OnlyLeaderDoesAutoRebalancing.1780320718046930-30594-0/minicluster-data/master-1-root/instance:
uuid: "58dd2cc687c24d7db8afc053cbb6e72b"
format_stamp: "Formatted at 2026-06-01 13:31:58 on dist-test-slave-pvp1"
I20260601 13:31:58.116629 30594 fs_manager.cc:696] Time spent creating directory manager: real 0.001s	user 0.002s	sys 0.000s
I20260601 13:31:58.116767 30660 sys_catalog.cc:422] member_type: VOTER last_known_addr { host: "127.29.224.190" port: 34941 } has no permanent_uuid. Determining permanent_uuid...
I20260601 13:31:58.117966 30670 log_block_manager.cc:4031] Time spent loading block containers with low live blocks: real 0.000s	user 0.000s	sys 0.000s
I20260601 13:31:58.118249 30594 fs_manager.cc:730] Time spent opening block manager: real 0.001s	user 0.001s	sys 0.000s
I20260601 13:31:58.118333 30594 fs_manager.cc:647] Opened local filesystem: /tmp/dist-test-taskuFzljl/test-tmp/auto_rebalancer-test.0.AutoRebalancerTest.OnlyLeaderDoesAutoRebalancing.1780320718046930-30594-0/minicluster-data/master-1-root
uuid: "58dd2cc687c24d7db8afc053cbb6e72b"
format_stamp: "Formatted at 2026-06-01 13:31:58 on dist-test-slave-pvp1"
I20260601 13:31:58.118418 30594 fs_report.cc:389] FS layout report
--------------------
wal directory: /tmp/dist-test-taskuFzljl/test-tmp/auto_rebalancer-test.0.AutoRebalancerTest.OnlyLeaderDoesAutoRebalancing.1780320718046930-30594-0/minicluster-data/master-1-root
metadata directory: /tmp/dist-test-taskuFzljl/test-tmp/auto_rebalancer-test.0.AutoRebalancerTest.OnlyLeaderDoesAutoRebalancing.1780320718046930-30594-0/minicluster-data/master-1-root
1 data directories: /tmp/dist-test-taskuFzljl/test-tmp/auto_rebalancer-test.0.AutoRebalancerTest.OnlyLeaderDoesAutoRebalancing.1780320718046930-30594-0/minicluster-data/master-1-root/data
Total live blocks: 0
Total live bytes: 0
Total live bytes (after alignment): 0
Total number of LBM containers: 0 (0 full)
Did not check for missing blocks
Did not check for orphaned blocks
Total full LBM containers with extra space: 0 (0 repaired)
Total full LBM container extra space in bytes: 0 (0 repaired)
Total incomplete LBM containers: 0 (0 repaired)
Total LBM partial records: 0 (0 repaired)
Total corrupted LBM metadata records in RocksDB: 0 (0 repaired)
I20260601 13:31:58.126791 30660 sys_catalog.cc:422] member_type: VOTER last_known_addr { host: "127.29.224.189" port: 40675 } has no permanent_uuid. Determining permanent_uuid...
W20260601 13:31:58.127552 30609 proxy.cc:239] Call had error, refreshing address and retrying: Network error: Client connection negotiation failed: client connection to 127.29.224.189:40675: connect: Connection refused (error 111)
W20260601 13:31:58.128327 30660 consensus_peers.cc:760] Error getting permanent uuid from config peer 127.29.224.189:40675: Network error: Client connection negotiation failed: client connection to 127.29.224.189:40675: connect: Connection refused (error 111)
I20260601 13:31:58.145257 30594 rpc_server.cc:225] running with OpenSSL 1.1.1  11 Sep 2018
I20260601 13:31:58.145665 30594 kserver.cc:163] Server-wide thread pool size limit: 3276
I20260601 13:31:58.150295 30594 rpc_server.cc:307] RPC server started. Bound to: 127.29.224.189:40675
I20260601 13:31:58.150377 30725 acceptor_pool.cc:272] collecting diagnostics on the listening RPC socket 127.29.224.189:40675 every 8 connection(s)
I20260601 13:31:58.151000 30594 file_cache.cc:492] Constructed file cache file cache with capacity 419430
I20260601 13:31:58.151242 30726 data_dirs.cc:400] Could only allocate 1 dirs of requested 3 for tablet 00000000000000000000000000000000. 1 dirs total, 0 dirs full, 0 dirs failed
W20260601 13:31:58.152694 30731 instance_detector.cc:116] could not retrieve OpenStack instance metadata: Network error: curl error: HTTP response code said error: The requested URL returned error: 404
W20260601 13:31:58.152769 30729 instance_detector.cc:116] could not retrieve Azure instance metadata: Network error: curl error: HTTP response code said error: The requested URL returned error: 404
I20260601 13:31:58.152874 30726 sys_catalog.cc:422] member_type: VOTER last_known_addr { host: "127.29.224.190" port: 34941 } has no permanent_uuid. Determining permanent_uuid...
I20260601 13:31:58.153019 30594 server_base.cc:1061] running on GCE node
W20260601 13:31:58.153007 30728 instance_detector.cc:116] could not retrieve AWS instance metadata: Network error: curl error: HTTP response code said error: The requested URL returned error: 404
I20260601 13:31:58.153366 30594 hybrid_clock.cc:584] initializing the hybrid clock with 'system_unsync' time source
W20260601 13:31:58.153432 30594 system_unsync_time.cc:38] NTP support is disabled. Clock error bounds will not be accurate. This configuration is not suitable for distributed clusters.
I20260601 13:31:58.153466 30594 hybrid_clock.cc:648] HybridClock initialized: now 1780320718153464 us; error 0 us; skew 500 ppm
I20260601 13:31:58.154327 30594 webserver.cc:533] Webserver started at http://127.29.224.188:40275/ using document root <none> and password file <none>
I20260601 13:31:58.154512 30594 fs_manager.cc:362] Metadata directory not provided
I20260601 13:31:58.154573 30594 fs_manager.cc:368] Using write-ahead log directory (fs_wal_dir) as metadata directory
I20260601 13:31:58.154639 30594 server_base.cc:909] This appears to be a new deployment of Kudu; creating new FS layout
I20260601 13:31:58.155020 30594 fs_manager.cc:1068] Generated new instance metadata in path /tmp/dist-test-taskuFzljl/test-tmp/auto_rebalancer-test.0.AutoRebalancerTest.OnlyLeaderDoesAutoRebalancing.1780320718046930-30594-0/minicluster-data/master-2-root/instance:
uuid: "6a8a0cb90efc4c6a8d3a5966a9fd55a4"
format_stamp: "Formatted at 2026-06-01 13:31:58 on dist-test-slave-pvp1"
I20260601 13:31:58.156731 30594 fs_manager.cc:696] Time spent creating directory manager: real 0.001s	user 0.002s	sys 0.000s
I20260601 13:31:58.157414 30726 sys_catalog.cc:422] member_type: VOTER last_known_addr { host: "127.29.224.189" port: 40675 } has no permanent_uuid. Determining permanent_uuid...
I20260601 13:31:58.157816 30737 log_block_manager.cc:4031] Time spent loading block containers with low live blocks: real 0.000s	user 0.000s	sys 0.000s
I20260601 13:31:58.158118 30594 fs_manager.cc:730] Time spent opening block manager: real 0.001s	user 0.001s	sys 0.000s
I20260601 13:31:58.158188 30594 fs_manager.cc:647] Opened local filesystem: /tmp/dist-test-taskuFzljl/test-tmp/auto_rebalancer-test.0.AutoRebalancerTest.OnlyLeaderDoesAutoRebalancing.1780320718046930-30594-0/minicluster-data/master-2-root
uuid: "6a8a0cb90efc4c6a8d3a5966a9fd55a4"
format_stamp: "Formatted at 2026-06-01 13:31:58 on dist-test-slave-pvp1"
I20260601 13:31:58.158252 30594 fs_report.cc:389] FS layout report
--------------------
wal directory: /tmp/dist-test-taskuFzljl/test-tmp/auto_rebalancer-test.0.AutoRebalancerTest.OnlyLeaderDoesAutoRebalancing.1780320718046930-30594-0/minicluster-data/master-2-root
metadata directory: /tmp/dist-test-taskuFzljl/test-tmp/auto_rebalancer-test.0.AutoRebalancerTest.OnlyLeaderDoesAutoRebalancing.1780320718046930-30594-0/minicluster-data/master-2-root
1 data directories: /tmp/dist-test-taskuFzljl/test-tmp/auto_rebalancer-test.0.AutoRebalancerTest.OnlyLeaderDoesAutoRebalancing.1780320718046930-30594-0/minicluster-data/master-2-root/data
Total live blocks: 0
Total live bytes: 0
Total live bytes (after alignment): 0
Total number of LBM containers: 0 (0 full)
Did not check for missing blocks
Did not check for orphaned blocks
Total full LBM containers with extra space: 0 (0 repaired)
Total full LBM container extra space in bytes: 0 (0 repaired)
Total incomplete LBM containers: 0 (0 repaired)
Total LBM partial records: 0 (0 repaired)
Total corrupted LBM metadata records in RocksDB: 0 (0 repaired)
I20260601 13:31:58.161712 30726 sys_catalog.cc:422] member_type: VOTER last_known_addr { host: "127.29.224.188" port: 41361 } has no permanent_uuid. Determining permanent_uuid...
W20260601 13:31:58.162966 30726 consensus_peers.cc:760] Error getting permanent uuid from config peer 127.29.224.188:41361: Network error: Client connection negotiation failed: client connection to 127.29.224.188:41361: connect: Connection refused (error 111)
I20260601 13:31:58.177497 30660 consensus_peers.cc:770] Retrying to get permanent uuid for remote peer: member_type: VOTER last_known_addr { host: "127.29.224.189" port: 40675 } attempt: 1
I20260601 13:31:58.182001 30660 sys_catalog.cc:422] member_type: VOTER last_known_addr { host: "127.29.224.188" port: 41361 } has no permanent_uuid. Determining permanent_uuid...
W20260601 13:31:58.183194 30660 consensus_peers.cc:760] Error getting permanent uuid from config peer 127.29.224.188:41361: Network error: Client connection negotiation failed: client connection to 127.29.224.188:41361: connect: Connection refused (error 111)
I20260601 13:31:58.183277 30594 rpc_server.cc:225] running with OpenSSL 1.1.1  11 Sep 2018
I20260601 13:31:58.183672 30594 kserver.cc:163] Server-wide thread pool size limit: 3276
I20260601 13:31:58.189253 30594 rpc_server.cc:307] RPC server started. Bound to: 127.29.224.188:41361
I20260601 13:31:58.189307 30791 acceptor_pool.cc:272] collecting diagnostics on the listening RPC socket 127.29.224.188:41361 every 8 connection(s)
I20260601 13:31:58.189709 30594 internal_mini_cluster.cc:184] Waiting to initialize catalog manager on master 0
I20260601 13:31:58.190176 30792 data_dirs.cc:400] Could only allocate 1 dirs of requested 3 for tablet 00000000000000000000000000000000. 1 dirs total, 0 dirs full, 0 dirs failed
I20260601 13:31:58.191169 30792 sys_catalog.cc:422] member_type: VOTER last_known_addr { host: "127.29.224.190" port: 34941 } has no permanent_uuid. Determining permanent_uuid...
I20260601 13:31:58.195467 30792 sys_catalog.cc:422] member_type: VOTER last_known_addr { host: "127.29.224.189" port: 40675 } has no permanent_uuid. Determining permanent_uuid...
I20260601 13:31:58.199146 30792 sys_catalog.cc:422] member_type: VOTER last_known_addr { host: "127.29.224.188" port: 41361 } has no permanent_uuid. Determining permanent_uuid...
I20260601 13:31:58.205550 30792 tablet_bootstrap.cc:492] T 00000000000000000000000000000000 P 6a8a0cb90efc4c6a8d3a5966a9fd55a4: Bootstrap starting.
I20260601 13:31:58.208048 30792 tablet_bootstrap.cc:654] T 00000000000000000000000000000000 P 6a8a0cb90efc4c6a8d3a5966a9fd55a4: Neither blocks nor log segments found. Creating new log.
I20260601 13:31:58.208967 30792 log.cc:826] T 00000000000000000000000000000000 P 6a8a0cb90efc4c6a8d3a5966a9fd55a4: Log is configured to *not* fsync() on all Append() calls
I20260601 13:31:58.210418 30792 tablet_bootstrap.cc:492] T 00000000000000000000000000000000 P 6a8a0cb90efc4c6a8d3a5966a9fd55a4: No bootstrap required, opened a new log
I20260601 13:31:58.212746 30792 raft_consensus.cc:359] T 00000000000000000000000000000000 P 6a8a0cb90efc4c6a8d3a5966a9fd55a4 [term 0 FOLLOWER]: Replica starting. Triggering 0 pending ops. Active config: opid_index: -1 OBSOLETE_local: false peers { permanent_uuid: "439fb10aec004ad187d354cfe8ee2912" member_type: VOTER last_known_addr { host: "127.29.224.190" port: 34941 } } peers { permanent_uuid: "58dd2cc687c24d7db8afc053cbb6e72b" member_type: VOTER last_known_addr { host: "127.29.224.189" port: 40675 } } peers { permanent_uuid: "6a8a0cb90efc4c6a8d3a5966a9fd55a4" member_type: VOTER last_known_addr { host: "127.29.224.188" port: 41361 } }
I20260601 13:31:58.212879 30792 raft_consensus.cc:385] T 00000000000000000000000000000000 P 6a8a0cb90efc4c6a8d3a5966a9fd55a4 [term 0 FOLLOWER]: Consensus starting up: Expiring failure detector timer to make a prompt election more likely
I20260601 13:31:58.212945 30792 raft_consensus.cc:740] T 00000000000000000000000000000000 P 6a8a0cb90efc4c6a8d3a5966a9fd55a4 [term 0 FOLLOWER]: Becoming Follower/Learner. State: Replica: 6a8a0cb90efc4c6a8d3a5966a9fd55a4, State: Initialized, Role: FOLLOWER
I20260601 13:31:58.213291 30792 consensus_queue.cc:260] T 00000000000000000000000000000000 P 6a8a0cb90efc4c6a8d3a5966a9fd55a4 [NON_LEADER]: Queue going to NON_LEADER mode. State: All replicated index: 0, Majority replicated index: 0, Committed index: 0, Last appended: 0.0, Last appended by leader: 0, Current term: 0, Majority size: -1, State: 0, Mode: NON_LEADER, active raft config: opid_index: -1 OBSOLETE_local: false peers { permanent_uuid: "439fb10aec004ad187d354cfe8ee2912" member_type: VOTER last_known_addr { host: "127.29.224.190" port: 34941 } } peers { permanent_uuid: "58dd2cc687c24d7db8afc053cbb6e72b" member_type: VOTER last_known_addr { host: "127.29.224.189" port: 40675 } } peers { permanent_uuid: "6a8a0cb90efc4c6a8d3a5966a9fd55a4" member_type: VOTER last_known_addr { host: "127.29.224.188" port: 41361 } }
I20260601 13:31:58.213696 30797 sys_catalog.cc:455] T 00000000000000000000000000000000 P 6a8a0cb90efc4c6a8d3a5966a9fd55a4 [sys.catalog]: SysCatalogTable state changed. Reason: RaftConsensus started. Latest consensus state: current_term: 0 committed_config { opid_index: -1 OBSOLETE_local: false peers { permanent_uuid: "439fb10aec004ad187d354cfe8ee2912" member_type: VOTER last_known_addr { host: "127.29.224.190" port: 34941 } } peers { permanent_uuid: "58dd2cc687c24d7db8afc053cbb6e72b" member_type: VOTER last_known_addr { host: "127.29.224.189" port: 40675 } } peers { permanent_uuid: "6a8a0cb90efc4c6a8d3a5966a9fd55a4" member_type: VOTER last_known_addr { host: "127.29.224.188" port: 41361 } } }
I20260601 13:31:58.213833 30797 sys_catalog.cc:458] T 00000000000000000000000000000000 P 6a8a0cb90efc4c6a8d3a5966a9fd55a4 [sys.catalog]: This master's current role is: FOLLOWER
I20260601 13:31:58.214296 30792 sys_catalog.cc:565] T 00000000000000000000000000000000 P 6a8a0cb90efc4c6a8d3a5966a9fd55a4 [sys.catalog]: configured and running, proceeding with master startup.
I20260601 13:31:58.215130 30726 consensus_peers.cc:770] Retrying to get permanent uuid for remote peer: member_type: VOTER last_known_addr { host: "127.29.224.188" port: 41361 } attempt: 1
W20260601 13:31:58.219039 30808 catalog_manager.cc:1593] T 00000000000000000000000000000000 P 6a8a0cb90efc4c6a8d3a5966a9fd55a4: loading cluster ID for follower catalog manager: Not found: cluster ID entry not found
W20260601 13:31:58.219129 30808 catalog_manager.cc:883] Not found: cluster ID entry not found: failed to prepare follower catalog manager, will retry
I20260601 13:31:58.220461 30726 tablet_bootstrap.cc:492] T 00000000000000000000000000000000 P 58dd2cc687c24d7db8afc053cbb6e72b: Bootstrap starting.
I20260601 13:31:58.221411 30726 tablet_bootstrap.cc:654] T 00000000000000000000000000000000 P 58dd2cc687c24d7db8afc053cbb6e72b: Neither blocks nor log segments found. Creating new log.
I20260601 13:31:58.222441 30726 tablet_bootstrap.cc:492] T 00000000000000000000000000000000 P 58dd2cc687c24d7db8afc053cbb6e72b: No bootstrap required, opened a new log
I20260601 13:31:58.222862 30726 raft_consensus.cc:359] T 00000000000000000000000000000000 P 58dd2cc687c24d7db8afc053cbb6e72b [term 0 FOLLOWER]: Replica starting. Triggering 0 pending ops. Active config: opid_index: -1 OBSOLETE_local: false peers { permanent_uuid: "439fb10aec004ad187d354cfe8ee2912" member_type: VOTER last_known_addr { host: "127.29.224.190" port: 34941 } } peers { permanent_uuid: "58dd2cc687c24d7db8afc053cbb6e72b" member_type: VOTER last_known_addr { host: "127.29.224.189" port: 40675 } } peers { permanent_uuid: "6a8a0cb90efc4c6a8d3a5966a9fd55a4" member_type: VOTER last_known_addr { host: "127.29.224.188" port: 41361 } }
I20260601 13:31:58.222965 30726 raft_consensus.cc:385] T 00000000000000000000000000000000 P 58dd2cc687c24d7db8afc053cbb6e72b [term 0 FOLLOWER]: Consensus starting up: Expiring failure detector timer to make a prompt election more likely
I20260601 13:31:58.223026 30726 raft_consensus.cc:740] T 00000000000000000000000000000000 P 58dd2cc687c24d7db8afc053cbb6e72b [term 0 FOLLOWER]: Becoming Follower/Learner. State: Replica: 58dd2cc687c24d7db8afc053cbb6e72b, State: Initialized, Role: FOLLOWER
I20260601 13:31:58.223188 30726 consensus_queue.cc:260] T 00000000000000000000000000000000 P 58dd2cc687c24d7db8afc053cbb6e72b [NON_LEADER]: Queue going to NON_LEADER mode. State: All replicated index: 0, Majority replicated index: 0, Committed index: 0, Last appended: 0.0, Last appended by leader: 0, Current term: 0, Majority size: -1, State: 0, Mode: NON_LEADER, active raft config: opid_index: -1 OBSOLETE_local: false peers { permanent_uuid: "439fb10aec004ad187d354cfe8ee2912" member_type: VOTER last_known_addr { host: "127.29.224.190" port: 34941 } } peers { permanent_uuid: "58dd2cc687c24d7db8afc053cbb6e72b" member_type: VOTER last_known_addr { host: "127.29.224.189" port: 40675 } } peers { permanent_uuid: "6a8a0cb90efc4c6a8d3a5966a9fd55a4" member_type: VOTER last_known_addr { host: "127.29.224.188" port: 41361 } }
I20260601 13:31:58.223549 30811 sys_catalog.cc:455] T 00000000000000000000000000000000 P 58dd2cc687c24d7db8afc053cbb6e72b [sys.catalog]: SysCatalogTable state changed. Reason: RaftConsensus started. Latest consensus state: current_term: 0 committed_config { opid_index: -1 OBSOLETE_local: false peers { permanent_uuid: "439fb10aec004ad187d354cfe8ee2912" member_type: VOTER last_known_addr { host: "127.29.224.190" port: 34941 } } peers { permanent_uuid: "58dd2cc687c24d7db8afc053cbb6e72b" member_type: VOTER last_known_addr { host: "127.29.224.189" port: 40675 } } peers { permanent_uuid: "6a8a0cb90efc4c6a8d3a5966a9fd55a4" member_type: VOTER last_known_addr { host: "127.29.224.188" port: 41361 } } }
I20260601 13:31:58.223731 30811 sys_catalog.cc:458] T 00000000000000000000000000000000 P 58dd2cc687c24d7db8afc053cbb6e72b [sys.catalog]: This master's current role is: FOLLOWER
I20260601 13:31:58.223904 30726 sys_catalog.cc:565] T 00000000000000000000000000000000 P 58dd2cc687c24d7db8afc053cbb6e72b [sys.catalog]: configured and running, proceeding with master startup.
W20260601 13:31:58.226270 30822 catalog_manager.cc:1593] T 00000000000000000000000000000000 P 58dd2cc687c24d7db8afc053cbb6e72b: loading cluster ID for follower catalog manager: Not found: cluster ID entry not found
W20260601 13:31:58.226327 30822 catalog_manager.cc:883] Not found: cluster ID entry not found: failed to prepare follower catalog manager, will retry
I20260601 13:31:58.226397 30660 consensus_peers.cc:770] Retrying to get permanent uuid for remote peer: member_type: VOTER last_known_addr { host: "127.29.224.188" port: 41361 } attempt: 1
I20260601 13:31:58.231951 30660 tablet_bootstrap.cc:492] T 00000000000000000000000000000000 P 439fb10aec004ad187d354cfe8ee2912: Bootstrap starting.
I20260601 13:31:58.233090 30660 tablet_bootstrap.cc:654] T 00000000000000000000000000000000 P 439fb10aec004ad187d354cfe8ee2912: Neither blocks nor log segments found. Creating new log.
I20260601 13:31:58.234302 30660 tablet_bootstrap.cc:492] T 00000000000000000000000000000000 P 439fb10aec004ad187d354cfe8ee2912: No bootstrap required, opened a new log
I20260601 13:31:58.234753 30660 raft_consensus.cc:359] T 00000000000000000000000000000000 P 439fb10aec004ad187d354cfe8ee2912 [term 0 FOLLOWER]: Replica starting. Triggering 0 pending ops. Active config: opid_index: -1 OBSOLETE_local: false peers { permanent_uuid: "439fb10aec004ad187d354cfe8ee2912" member_type: VOTER last_known_addr { host: "127.29.224.190" port: 34941 } } peers { permanent_uuid: "58dd2cc687c24d7db8afc053cbb6e72b" member_type: VOTER last_known_addr { host: "127.29.224.189" port: 40675 } } peers { permanent_uuid: "6a8a0cb90efc4c6a8d3a5966a9fd55a4" member_type: VOTER last_known_addr { host: "127.29.224.188" port: 41361 } }
I20260601 13:31:58.234881 30660 raft_consensus.cc:385] T 00000000000000000000000000000000 P 439fb10aec004ad187d354cfe8ee2912 [term 0 FOLLOWER]: Consensus starting up: Expiring failure detector timer to make a prompt election more likely
I20260601 13:31:58.234928 30660 raft_consensus.cc:740] T 00000000000000000000000000000000 P 439fb10aec004ad187d354cfe8ee2912 [term 0 FOLLOWER]: Becoming Follower/Learner. State: Replica: 439fb10aec004ad187d354cfe8ee2912, State: Initialized, Role: FOLLOWER
I20260601 13:31:58.235051 30660 consensus_queue.cc:260] T 00000000000000000000000000000000 P 439fb10aec004ad187d354cfe8ee2912 [NON_LEADER]: Queue going to NON_LEADER mode. State: All replicated index: 0, Majority replicated index: 0, Committed index: 0, Last appended: 0.0, Last appended by leader: 0, Current term: 0, Majority size: -1, State: 0, Mode: NON_LEADER, active raft config: opid_index: -1 OBSOLETE_local: false peers { permanent_uuid: "439fb10aec004ad187d354cfe8ee2912" member_type: VOTER last_known_addr { host: "127.29.224.190" port: 34941 } } peers { permanent_uuid: "58dd2cc687c24d7db8afc053cbb6e72b" member_type: VOTER last_known_addr { host: "127.29.224.189" port: 40675 } } peers { permanent_uuid: "6a8a0cb90efc4c6a8d3a5966a9fd55a4" member_type: VOTER last_known_addr { host: "127.29.224.188" port: 41361 } }
I20260601 13:31:58.235818 30824 sys_catalog.cc:455] T 00000000000000000000000000000000 P 439fb10aec004ad187d354cfe8ee2912 [sys.catalog]: SysCatalogTable state changed. Reason: RaftConsensus started. Latest consensus state: current_term: 0 committed_config { opid_index: -1 OBSOLETE_local: false peers { permanent_uuid: "439fb10aec004ad187d354cfe8ee2912" member_type: VOTER last_known_addr { host: "127.29.224.190" port: 34941 } } peers { permanent_uuid: "58dd2cc687c24d7db8afc053cbb6e72b" member_type: VOTER last_known_addr { host: "127.29.224.189" port: 40675 } } peers { permanent_uuid: "6a8a0cb90efc4c6a8d3a5966a9fd55a4" member_type: VOTER last_known_addr { host: "127.29.224.188" port: 41361 } } }
I20260601 13:31:58.235924 30824 sys_catalog.cc:458] T 00000000000000000000000000000000 P 439fb10aec004ad187d354cfe8ee2912 [sys.catalog]: This master's current role is: FOLLOWER
I20260601 13:31:58.235963 30660 sys_catalog.cc:565] T 00000000000000000000000000000000 P 439fb10aec004ad187d354cfe8ee2912 [sys.catalog]: configured and running, proceeding with master startup.
I20260601 13:31:58.238001 30594 internal_mini_cluster.cc:184] Waiting to initialize catalog manager on master 1
I20260601 13:31:58.238067 30594 internal_mini_cluster.cc:184] Waiting to initialize catalog manager on master 2
I20260601 13:31:58.238876 30594 file_cache.cc:492] Constructed file cache file cache with capacity 419430
W20260601 13:31:58.238967 30835 catalog_manager.cc:1593] T 00000000000000000000000000000000 P 439fb10aec004ad187d354cfe8ee2912: loading cluster ID for follower catalog manager: Not found: cluster ID entry not found
W20260601 13:31:58.239071 30835 catalog_manager.cc:883] Not found: cluster ID entry not found: failed to prepare follower catalog manager, will retry
W20260601 13:31:58.241526 30836 instance_detector.cc:116] could not retrieve AWS instance metadata: Network error: curl error: HTTP response code said error: The requested URL returned error: 404
W20260601 13:31:58.241531 30839 instance_detector.cc:116] could not retrieve OpenStack instance metadata: Network error: curl error: HTTP response code said error: The requested URL returned error: 404
W20260601 13:31:58.241688 30837 instance_detector.cc:116] could not retrieve Azure instance metadata: Network error: curl error: HTTP response code said error: The requested URL returned error: 404
I20260601 13:31:58.245194 30594 server_base.cc:1061] running on GCE node
I20260601 13:31:58.245384 30594 hybrid_clock.cc:584] initializing the hybrid clock with 'system_unsync' time source
W20260601 13:31:58.245435 30594 system_unsync_time.cc:38] NTP support is disabled. Clock error bounds will not be accurate. This configuration is not suitable for distributed clusters.
I20260601 13:31:58.245457 30594 hybrid_clock.cc:648] HybridClock initialized: now 1780320718245457 us; error 0 us; skew 500 ppm
I20260601 13:31:58.246405 30594 webserver.cc:533] Webserver started at http://127.29.224.129:46437/ using document root <none> and password file <none>
I20260601 13:31:58.246564 30594 fs_manager.cc:362] Metadata directory not provided
I20260601 13:31:58.246619 30594 fs_manager.cc:368] Using write-ahead log directory (fs_wal_dir) as metadata directory
I20260601 13:31:58.246683 30594 server_base.cc:909] This appears to be a new deployment of Kudu; creating new FS layout
I20260601 13:31:58.247107 30594 fs_manager.cc:1068] Generated new instance metadata in path /tmp/dist-test-taskuFzljl/test-tmp/auto_rebalancer-test.0.AutoRebalancerTest.OnlyLeaderDoesAutoRebalancing.1780320718046930-30594-0/minicluster-data/ts-0-root/instance:
uuid: "7c0b394fbf0c49e2bcae8821395f3c4c"
format_stamp: "Formatted at 2026-06-01 13:31:58 on dist-test-slave-pvp1"
I20260601 13:31:58.248893 30594 fs_manager.cc:696] Time spent creating directory manager: real 0.002s	user 0.002s	sys 0.000s
I20260601 13:31:58.250079 30844 log_block_manager.cc:4031] Time spent loading block containers with low live blocks: real 0.000s	user 0.000s	sys 0.000s
I20260601 13:31:58.250478 30594 fs_manager.cc:730] Time spent opening block manager: real 0.001s	user 0.001s	sys 0.000s
I20260601 13:31:58.250537 30594 fs_manager.cc:647] Opened local filesystem: /tmp/dist-test-taskuFzljl/test-tmp/auto_rebalancer-test.0.AutoRebalancerTest.OnlyLeaderDoesAutoRebalancing.1780320718046930-30594-0/minicluster-data/ts-0-root
uuid: "7c0b394fbf0c49e2bcae8821395f3c4c"
format_stamp: "Formatted at 2026-06-01 13:31:58 on dist-test-slave-pvp1"
I20260601 13:31:58.250618 30594 fs_report.cc:389] FS layout report
--------------------
wal directory: /tmp/dist-test-taskuFzljl/test-tmp/auto_rebalancer-test.0.AutoRebalancerTest.OnlyLeaderDoesAutoRebalancing.1780320718046930-30594-0/minicluster-data/ts-0-root
metadata directory: /tmp/dist-test-taskuFzljl/test-tmp/auto_rebalancer-test.0.AutoRebalancerTest.OnlyLeaderDoesAutoRebalancing.1780320718046930-30594-0/minicluster-data/ts-0-root
1 data directories: /tmp/dist-test-taskuFzljl/test-tmp/auto_rebalancer-test.0.AutoRebalancerTest.OnlyLeaderDoesAutoRebalancing.1780320718046930-30594-0/minicluster-data/ts-0-root/data
Total live blocks: 0
Total live bytes: 0
Total live bytes (after alignment): 0
Total number of LBM containers: 0 (0 full)
Did not check for missing blocks
Did not check for orphaned blocks
Total full LBM containers with extra space: 0 (0 repaired)
Total full LBM container extra space in bytes: 0 (0 repaired)
Total incomplete LBM containers: 0 (0 repaired)
Total LBM partial records: 0 (0 repaired)
Total corrupted LBM metadata records in RocksDB: 0 (0 repaired)
I20260601 13:31:58.265249 30594 rpc_server.cc:225] running with OpenSSL 1.1.1  11 Sep 2018
I20260601 13:31:58.265678 30594 kserver.cc:163] Server-wide thread pool size limit: 3276
I20260601 13:31:58.266065 30594 txn_system_client.cc:432] TxnSystemClient initialization is disabled...
I20260601 13:31:58.266896 30594 ts_tablet_manager.cc:585] Loaded tablet metadata (0 total tablets, 0 live tablets)
I20260601 13:31:58.266947 30594 ts_tablet_manager.cc:531] Time spent load tablet metadata: real 0.000s	user 0.000s	sys 0.000s
I20260601 13:31:58.267004 30594 ts_tablet_manager.cc:616] Registered 0 tablets
I20260601 13:31:58.267045 30594 ts_tablet_manager.cc:595] Time spent register tablets: real 0.000s	user 0.000s	sys 0.000s
I20260601 13:31:58.273026 30594 rpc_server.cc:307] RPC server started. Bound to: 127.29.224.129:36087
I20260601 13:31:58.273088 30907 acceptor_pool.cc:272] collecting diagnostics on the listening RPC socket 127.29.224.129:36087 every 8 connection(s)
I20260601 13:31:58.274142 30594 file_cache.cc:492] Constructed file cache file cache with capacity 419430
I20260601 13:31:58.279171 30909 heartbeater.cc:344] Connected to a master server at 127.29.224.190:34941
I20260601 13:31:58.279310 30909 heartbeater.cc:461] Registering TS with master...
I20260601 13:31:58.280016 30909 heartbeater.cc:507] Master 127.29.224.190:34941 requested a full tablet report, sending...
W20260601 13:31:58.280179 30916 instance_detector.cc:116] could not retrieve Azure instance metadata: Network error: curl error: HTTP response code said error: The requested URL returned error: 404
W20260601 13:31:58.280368 30918 instance_detector.cc:116] could not retrieve OpenStack instance metadata: Network error: curl error: HTTP response code said error: The requested URL returned error: 404
I20260601 13:31:58.280478 30910 heartbeater.cc:344] Connected to a master server at 127.29.224.189:40675
I20260601 13:31:58.280555 30910 heartbeater.cc:461] Registering TS with master...
I20260601 13:31:58.280733 30910 heartbeater.cc:507] Master 127.29.224.189:40675 requested a full tablet report, sending...
I20260601 13:31:58.281594 30690 ts_manager.cc:194] Registered new tserver with Master: 7c0b394fbf0c49e2bcae8821395f3c4c (127.29.224.129:36087)
W20260601 13:31:58.281747 30914 instance_detector.cc:116] could not retrieve AWS instance metadata: Network error: curl error: HTTP response code said error: The requested URL returned error: 404
I20260601 13:31:58.281618 30624 ts_manager.cc:194] Registered new tserver with Master: 7c0b394fbf0c49e2bcae8821395f3c4c (127.29.224.129:36087)
I20260601 13:31:58.282307 30908 heartbeater.cc:344] Connected to a master server at 127.29.224.188:41361
I20260601 13:31:58.282406 30908 heartbeater.cc:461] Registering TS with master...
I20260601 13:31:58.282523 30594 server_base.cc:1061] running on GCE node
I20260601 13:31:58.282609 30908 heartbeater.cc:507] Master 127.29.224.188:41361 requested a full tablet report, sending...
I20260601 13:31:58.282720 30594 hybrid_clock.cc:584] initializing the hybrid clock with 'system_unsync' time source
W20260601 13:31:58.282769 30594 system_unsync_time.cc:38] NTP support is disabled. Clock error bounds will not be accurate. This configuration is not suitable for distributed clusters.
I20260601 13:31:58.282827 30594 hybrid_clock.cc:648] HybridClock initialized: now 1780320718282826 us; error 0 us; skew 500 ppm
I20260601 13:31:58.283227 30756 ts_manager.cc:194] Registered new tserver with Master: 7c0b394fbf0c49e2bcae8821395f3c4c (127.29.224.129:36087)
I20260601 13:31:58.283681 30594 webserver.cc:533] Webserver started at http://127.29.224.130:34601/ using document root <none> and password file <none>
I20260601 13:31:58.283831 30594 fs_manager.cc:362] Metadata directory not provided
I20260601 13:31:58.283885 30594 fs_manager.cc:368] Using write-ahead log directory (fs_wal_dir) as metadata directory
I20260601 13:31:58.283946 30594 server_base.cc:909] This appears to be a new deployment of Kudu; creating new FS layout
I20260601 13:31:58.284356 30594 fs_manager.cc:1068] Generated new instance metadata in path /tmp/dist-test-taskuFzljl/test-tmp/auto_rebalancer-test.0.AutoRebalancerTest.OnlyLeaderDoesAutoRebalancing.1780320718046930-30594-0/minicluster-data/ts-1-root/instance:
uuid: "2b4a91204c154da0b53643e9ff6a9dfe"
format_stamp: "Formatted at 2026-06-01 13:31:58 on dist-test-slave-pvp1"
I20260601 13:31:58.286087 30594 fs_manager.cc:696] Time spent creating directory manager: real 0.001s	user 0.000s	sys 0.001s
I20260601 13:31:58.287102 30923 log_block_manager.cc:4031] Time spent loading block containers with low live blocks: real 0.000s	user 0.000s	sys 0.000s
I20260601 13:31:58.287405 30594 fs_manager.cc:730] Time spent opening block manager: real 0.001s	user 0.000s	sys 0.001s
I20260601 13:31:58.287464 30594 fs_manager.cc:647] Opened local filesystem: /tmp/dist-test-taskuFzljl/test-tmp/auto_rebalancer-test.0.AutoRebalancerTest.OnlyLeaderDoesAutoRebalancing.1780320718046930-30594-0/minicluster-data/ts-1-root
uuid: "2b4a91204c154da0b53643e9ff6a9dfe"
format_stamp: "Formatted at 2026-06-01 13:31:58 on dist-test-slave-pvp1"
I20260601 13:31:58.287541 30594 fs_report.cc:389] FS layout report
--------------------
wal directory: /tmp/dist-test-taskuFzljl/test-tmp/auto_rebalancer-test.0.AutoRebalancerTest.OnlyLeaderDoesAutoRebalancing.1780320718046930-30594-0/minicluster-data/ts-1-root
metadata directory: /tmp/dist-test-taskuFzljl/test-tmp/auto_rebalancer-test.0.AutoRebalancerTest.OnlyLeaderDoesAutoRebalancing.1780320718046930-30594-0/minicluster-data/ts-1-root
1 data directories: /tmp/dist-test-taskuFzljl/test-tmp/auto_rebalancer-test.0.AutoRebalancerTest.OnlyLeaderDoesAutoRebalancing.1780320718046930-30594-0/minicluster-data/ts-1-root/data
Total live blocks: 0
Total live bytes: 0
Total live bytes (after alignment): 0
Total number of LBM containers: 0 (0 full)
Did not check for missing blocks
Did not check for orphaned blocks
Total full LBM containers with extra space: 0 (0 repaired)
Total full LBM container extra space in bytes: 0 (0 repaired)
Total incomplete LBM containers: 0 (0 repaired)
Total LBM partial records: 0 (0 repaired)
Total corrupted LBM metadata records in RocksDB: 0 (0 repaired)
I20260601 13:31:58.305258 30594 rpc_server.cc:225] running with OpenSSL 1.1.1  11 Sep 2018
I20260601 13:31:58.305655 30594 kserver.cc:163] Server-wide thread pool size limit: 3276
I20260601 13:31:58.305969 30594 txn_system_client.cc:432] TxnSystemClient initialization is disabled...
I20260601 13:31:58.306452 30594 ts_tablet_manager.cc:585] Loaded tablet metadata (0 total tablets, 0 live tablets)
I20260601 13:31:58.306488 30594 ts_tablet_manager.cc:531] Time spent load tablet metadata: real 0.000s	user 0.000s	sys 0.000s
I20260601 13:31:58.306516 30594 ts_tablet_manager.cc:616] Registered 0 tablets
I20260601 13:31:58.306568 30594 ts_tablet_manager.cc:595] Time spent register tablets: real 0.000s	user 0.000s	sys 0.000s
I20260601 13:31:58.312829 30594 rpc_server.cc:307] RPC server started. Bound to: 127.29.224.130:44279
I20260601 13:31:58.313089 30986 acceptor_pool.cc:272] collecting diagnostics on the listening RPC socket 127.29.224.130:44279 every 8 connection(s)
I20260601 13:31:58.314033 30594 file_cache.cc:492] Constructed file cache file cache with capacity 419430
W20260601 13:31:58.317943 30993 instance_detector.cc:116] could not retrieve AWS instance metadata: Network error: curl error: HTTP response code said error: The requested URL returned error: 404
W20260601 13:31:58.318181 30996 instance_detector.cc:116] could not retrieve OpenStack instance metadata: Network error: curl error: HTTP response code said error: The requested URL returned error: 404
I20260601 13:31:58.318526 30594 server_base.cc:1061] running on GCE node
W20260601 13:31:58.318998 30994 instance_detector.cc:116] could not retrieve Azure instance metadata: Network error: curl error: HTTP response code said error: The requested URL returned error: 404
I20260601 13:31:58.319197 30988 heartbeater.cc:344] Connected to a master server at 127.29.224.190:34941
I20260601 13:31:58.319207 30987 heartbeater.cc:344] Connected to a master server at 127.29.224.188:41361
I20260601 13:31:58.319291 30988 heartbeater.cc:461] Registering TS with master...
I20260601 13:31:58.319335 30987 heartbeater.cc:461] Registering TS with master...
I20260601 13:31:58.319497 30988 heartbeater.cc:507] Master 127.29.224.190:34941 requested a full tablet report, sending...
I20260601 13:31:58.319537 30987 heartbeater.cc:507] Master 127.29.224.188:41361 requested a full tablet report, sending...
I20260601 13:31:58.319917 30594 hybrid_clock.cc:584] initializing the hybrid clock with 'system_unsync' time source
W20260601 13:31:58.320007 30594 system_unsync_time.cc:38] NTP support is disabled. Clock error bounds will not be accurate. This configuration is not suitable for distributed clusters.
I20260601 13:31:58.320072 30594 hybrid_clock.cc:648] HybridClock initialized: now 1780320718320071 us; error 0 us; skew 500 ppm
I20260601 13:31:58.320138 30756 ts_manager.cc:194] Registered new tserver with Master: 2b4a91204c154da0b53643e9ff6a9dfe (127.29.224.130:44279)
I20260601 13:31:58.320138 30624 ts_manager.cc:194] Registered new tserver with Master: 2b4a91204c154da0b53643e9ff6a9dfe (127.29.224.130:44279)
I20260601 13:31:58.321074 30594 webserver.cc:533] Webserver started at http://127.29.224.131:43037/ using document root <none> and password file <none>
I20260601 13:31:58.321259 30594 fs_manager.cc:362] Metadata directory not provided
I20260601 13:31:58.321334 30594 fs_manager.cc:368] Using write-ahead log directory (fs_wal_dir) as metadata directory
I20260601 13:31:58.321424 30594 server_base.cc:909] This appears to be a new deployment of Kudu; creating new FS layout
I20260601 13:31:58.321882 30594 fs_manager.cc:1068] Generated new instance metadata in path /tmp/dist-test-taskuFzljl/test-tmp/auto_rebalancer-test.0.AutoRebalancerTest.OnlyLeaderDoesAutoRebalancing.1780320718046930-30594-0/minicluster-data/ts-2-root/instance:
uuid: "c014e79370654c6aab86f72c0d2ef640"
format_stamp: "Formatted at 2026-06-01 13:31:58 on dist-test-slave-pvp1"
I20260601 13:31:58.323880 30594 fs_manager.cc:696] Time spent creating directory manager: real 0.002s	user 0.001s	sys 0.000s
I20260601 13:31:58.323917 30989 heartbeater.cc:344] Connected to a master server at 127.29.224.189:40675
I20260601 13:31:58.324002 30989 heartbeater.cc:461] Registering TS with master...
I20260601 13:31:58.324174 30989 heartbeater.cc:507] Master 127.29.224.189:40675 requested a full tablet report, sending...
I20260601 13:31:58.325040 30690 ts_manager.cc:194] Registered new tserver with Master: 2b4a91204c154da0b53643e9ff6a9dfe (127.29.224.130:44279)
I20260601 13:31:58.325049 31002 log_block_manager.cc:4031] Time spent loading block containers with low live blocks: real 0.000s	user 0.000s	sys 0.000s
I20260601 13:31:58.325336 30594 fs_manager.cc:730] Time spent opening block manager: real 0.001s	user 0.000s	sys 0.001s
I20260601 13:31:58.325435 30594 fs_manager.cc:647] Opened local filesystem: /tmp/dist-test-taskuFzljl/test-tmp/auto_rebalancer-test.0.AutoRebalancerTest.OnlyLeaderDoesAutoRebalancing.1780320718046930-30594-0/minicluster-data/ts-2-root
uuid: "c014e79370654c6aab86f72c0d2ef640"
format_stamp: "Formatted at 2026-06-01 13:31:58 on dist-test-slave-pvp1"
I20260601 13:31:58.325510 30594 fs_report.cc:389] FS layout report
--------------------
wal directory: /tmp/dist-test-taskuFzljl/test-tmp/auto_rebalancer-test.0.AutoRebalancerTest.OnlyLeaderDoesAutoRebalancing.1780320718046930-30594-0/minicluster-data/ts-2-root
metadata directory: /tmp/dist-test-taskuFzljl/test-tmp/auto_rebalancer-test.0.AutoRebalancerTest.OnlyLeaderDoesAutoRebalancing.1780320718046930-30594-0/minicluster-data/ts-2-root
1 data directories: /tmp/dist-test-taskuFzljl/test-tmp/auto_rebalancer-test.0.AutoRebalancerTest.OnlyLeaderDoesAutoRebalancing.1780320718046930-30594-0/minicluster-data/ts-2-root/data
Total live blocks: 0
Total live bytes: 0
Total live bytes (after alignment): 0
Total number of LBM containers: 0 (0 full)
Did not check for missing blocks
Did not check for orphaned blocks
Total full LBM containers with extra space: 0 (0 repaired)
Total full LBM container extra space in bytes: 0 (0 repaired)
Total incomplete LBM containers: 0 (0 repaired)
Total LBM partial records: 0 (0 repaired)
Total corrupted LBM metadata records in RocksDB: 0 (0 repaired)
I20260601 13:31:58.338243 30594 rpc_server.cc:225] running with OpenSSL 1.1.1  11 Sep 2018
I20260601 13:31:58.339010 30594 kserver.cc:163] Server-wide thread pool size limit: 3276
I20260601 13:31:58.339330 30594 txn_system_client.cc:432] TxnSystemClient initialization is disabled...
I20260601 13:31:58.339831 30594 ts_tablet_manager.cc:585] Loaded tablet metadata (0 total tablets, 0 live tablets)
I20260601 13:31:58.339900 30594 ts_tablet_manager.cc:531] Time spent load tablet metadata: real 0.000s	user 0.000s	sys 0.000s
I20260601 13:31:58.339963 30594 ts_tablet_manager.cc:616] Registered 0 tablets
I20260601 13:31:58.340001 30594 ts_tablet_manager.cc:595] Time spent register tablets: real 0.000s	user 0.000s	sys 0.000s
I20260601 13:31:58.346566 30594 rpc_server.cc:307] RPC server started. Bound to: 127.29.224.131:45553
I20260601 13:31:58.346645 31065 acceptor_pool.cc:272] collecting diagnostics on the listening RPC socket 127.29.224.131:45553 every 8 connection(s)
I20260601 13:31:58.352686 31066 heartbeater.cc:344] Connected to a master server at 127.29.224.188:41361
I20260601 13:31:58.352694 31067 heartbeater.cc:344] Connected to a master server at 127.29.224.190:34941
I20260601 13:31:58.352802 31066 heartbeater.cc:461] Registering TS with master...
I20260601 13:31:58.352857 31067 heartbeater.cc:461] Registering TS with master...
I20260601 13:31:58.353036 31066 heartbeater.cc:507] Master 127.29.224.188:41361 requested a full tablet report, sending...
I20260601 13:31:58.353087 31067 heartbeater.cc:507] Master 127.29.224.190:34941 requested a full tablet report, sending...
W20260601 13:31:58.353542 30613 tablet.cc:2404] T 00000000000000000000000000000000 P 439fb10aec004ad187d354cfe8ee2912: Can't schedule compaction. Clean time has not been advanced past its initial value.
I20260601 13:31:58.353796 31068 heartbeater.cc:344] Connected to a master server at 127.29.224.189:40675
I20260601 13:31:58.353873 31068 heartbeater.cc:461] Registering TS with master...
I20260601 13:31:58.354049 31068 heartbeater.cc:507] Master 127.29.224.189:40675 requested a full tablet report, sending...
I20260601 13:31:58.354317 30624 ts_manager.cc:194] Registered new tserver with Master: c014e79370654c6aab86f72c0d2ef640 (127.29.224.131:45553)
I20260601 13:31:58.354617 30690 ts_manager.cc:194] Registered new tserver with Master: c014e79370654c6aab86f72c0d2ef640 (127.29.224.131:45553)
I20260601 13:31:58.354617 30756 ts_manager.cc:194] Registered new tserver with Master: c014e79370654c6aab86f72c0d2ef640 (127.29.224.131:45553)
I20260601 13:31:58.355345 30594 internal_mini_cluster.cc:371] 3 TS(s) registered with all masters after 0.0081685s
I20260601 13:31:58.451716 30811 raft_consensus.cc:493] T 00000000000000000000000000000000 P 58dd2cc687c24d7db8afc053cbb6e72b [term 0 FOLLOWER]: Starting pre-election (no leader contacted us within the election timeout)
I20260601 13:31:58.451908 30811 raft_consensus.cc:515] T 00000000000000000000000000000000 P 58dd2cc687c24d7db8afc053cbb6e72b [term 0 FOLLOWER]: Starting pre-election with config: opid_index: -1 OBSOLETE_local: false peers { permanent_uuid: "439fb10aec004ad187d354cfe8ee2912" member_type: VOTER last_known_addr { host: "127.29.224.190" port: 34941 } } peers { permanent_uuid: "58dd2cc687c24d7db8afc053cbb6e72b" member_type: VOTER last_known_addr { host: "127.29.224.189" port: 40675 } } peers { permanent_uuid: "6a8a0cb90efc4c6a8d3a5966a9fd55a4" member_type: VOTER last_known_addr { host: "127.29.224.188" port: 41361 } }
I20260601 13:31:58.452849 30811 leader_election.cc:290] T 00000000000000000000000000000000 P 58dd2cc687c24d7db8afc053cbb6e72b [CANDIDATE]: Term 1 pre-election: Requested pre-vote from peers 439fb10aec004ad187d354cfe8ee2912 (127.29.224.190:34941), 6a8a0cb90efc4c6a8d3a5966a9fd55a4 (127.29.224.188:41361)
