I20260601 13:32:58.006021 13550 consensus_queue.cc:260] T 49aae84ff23642f893fbc22836386b97 P ef93da5c0e4e4eb997be5e622242d129 [NON_LEADER]: Queue going to NON_LEADER mode. State: All replicated index: 0, Majority replicated index: 0, Committed index: 0, Last appended: 0.0, Last appended by leader: 0, Current term: 0, Majority size: -1, State: 0, Mode: NON_LEADER, active raft config: opid_index: -1 OBSOLETE_local: false peers { permanent_uuid: "ef93da5c0e4e4eb997be5e622242d129" member_type: VOTER last_known_addr { host: "127.10.0.196" port: 45993 } } peers { permanent_uuid: "cf2f287b90a644ac9122a1e58fb758ea" member_type: VOTER last_known_addr { host: "127.10.0.193" port: 36737 } } peers { permanent_uuid: "9b2392aefec240d8a549d54e2a7ca0dc" member_type: VOTER last_known_addr { host: "127.10.0.194" port: 38509 } }
I20260601 13:32:58.006330 13550 ts_tablet_manager.cc:1434] T 49aae84ff23642f893fbc22836386b97 P ef93da5c0e4e4eb997be5e622242d129: Time spent starting tablet: real 0.001s	user 0.001s	sys 0.000s
I20260601 13:32:58.006489 13550 tablet_bootstrap.cc:492] T 1e0a8655de634fc680ccf5f6f8a971a7 P ef93da5c0e4e4eb997be5e622242d129: Bootstrap starting.
I20260601 13:32:58.007232 13421 tablet_bootstrap.cc:492] T 49aae84ff23642f893fbc22836386b97 P cf2f287b90a644ac9122a1e58fb758ea: No bootstrap required, opened a new log
I20260601 13:32:58.007303 13421 ts_tablet_manager.cc:1403] T 49aae84ff23642f893fbc22836386b97 P cf2f287b90a644ac9122a1e58fb758ea: Time spent bootstrapping tablet: real 0.004s	user 0.002s	sys 0.000s
I20260601 13:32:58.007620 13550 tablet_bootstrap.cc:654] T 1e0a8655de634fc680ccf5f6f8a971a7 P ef93da5c0e4e4eb997be5e622242d129: Neither blocks nor log segments found. Creating new log.
I20260601 13:32:58.007743 13421 raft_consensus.cc:359] T 49aae84ff23642f893fbc22836386b97 P cf2f287b90a644ac9122a1e58fb758ea [term 0 FOLLOWER]: Replica starting. Triggering 0 pending ops. Active config: opid_index: -1 OBSOLETE_local: false peers { permanent_uuid: "ef93da5c0e4e4eb997be5e622242d129" member_type: VOTER last_known_addr { host: "127.10.0.196" port: 45993 } } peers { permanent_uuid: "cf2f287b90a644ac9122a1e58fb758ea" member_type: VOTER last_known_addr { host: "127.10.0.193" port: 36737 } } peers { permanent_uuid: "9b2392aefec240d8a549d54e2a7ca0dc" member_type: VOTER last_known_addr { host: "127.10.0.194" port: 38509 } }
I20260601 13:32:58.007845 13421 raft_consensus.cc:385] T 49aae84ff23642f893fbc22836386b97 P cf2f287b90a644ac9122a1e58fb758ea [term 0 FOLLOWER]: Consensus starting up: Expiring failure detector timer to make a prompt election more likely
I20260601 13:32:58.007874 13421 raft_consensus.cc:740] T 49aae84ff23642f893fbc22836386b97 P cf2f287b90a644ac9122a1e58fb758ea [term 0 FOLLOWER]: Becoming Follower/Learner. State: Replica: cf2f287b90a644ac9122a1e58fb758ea, State: Initialized, Role: FOLLOWER
I20260601 13:32:58.008008 13421 consensus_queue.cc:260] T 49aae84ff23642f893fbc22836386b97 P cf2f287b90a644ac9122a1e58fb758ea [NON_LEADER]: Queue going to NON_LEADER mode. State: All replicated index: 0, Majority replicated index: 0, Committed index: 0, Last appended: 0.0, Last appended by leader: 0, Current term: 0, Majority size: -1, State: 0, Mode: NON_LEADER, active raft config: opid_index: -1 OBSOLETE_local: false peers { permanent_uuid: "ef93da5c0e4e4eb997be5e622242d129" member_type: VOTER last_known_addr { host: "127.10.0.196" port: 45993 } } peers { permanent_uuid: "cf2f287b90a644ac9122a1e58fb758ea" member_type: VOTER last_known_addr { host: "127.10.0.193" port: 36737 } } peers { permanent_uuid: "9b2392aefec240d8a549d54e2a7ca0dc" member_type: VOTER last_known_addr { host: "127.10.0.194" port: 38509 } }
I20260601 13:32:58.008334 13421 ts_tablet_manager.cc:1434] T 49aae84ff23642f893fbc22836386b97 P cf2f287b90a644ac9122a1e58fb758ea: Time spent starting tablet: real 0.001s	user 0.001s	sys 0.000s
I20260601 13:32:58.008808 13550 tablet_bootstrap.cc:492] T 1e0a8655de634fc680ccf5f6f8a971a7 P ef93da5c0e4e4eb997be5e622242d129: No bootstrap required, opened a new log
I20260601 13:32:58.008914 13550 ts_tablet_manager.cc:1403] T 1e0a8655de634fc680ccf5f6f8a971a7 P ef93da5c0e4e4eb997be5e622242d129: Time spent bootstrapping tablet: real 0.002s	user 0.002s	sys 0.000s
I20260601 13:32:58.009356 13550 raft_consensus.cc:359] T 1e0a8655de634fc680ccf5f6f8a971a7 P ef93da5c0e4e4eb997be5e622242d129 [term 0 FOLLOWER]: Replica starting. Triggering 0 pending ops. Active config: opid_index: -1 OBSOLETE_local: false peers { permanent_uuid: "ef93da5c0e4e4eb997be5e622242d129" member_type: VOTER last_known_addr { host: "127.10.0.196" port: 45993 } } peers { permanent_uuid: "9b2392aefec240d8a549d54e2a7ca0dc" member_type: VOTER last_known_addr { host: "127.10.0.194" port: 38509 } } peers { permanent_uuid: "637e9a119b5f4cf288e2dfce9b1e1975" member_type: VOTER last_known_addr { host: "127.10.0.195" port: 39937 } }
I20260601 13:32:58.009459 13550 raft_consensus.cc:385] T 1e0a8655de634fc680ccf5f6f8a971a7 P ef93da5c0e4e4eb997be5e622242d129 [term 0 FOLLOWER]: Consensus starting up: Expiring failure detector timer to make a prompt election more likely
I20260601 13:32:58.009493 13550 raft_consensus.cc:740] T 1e0a8655de634fc680ccf5f6f8a971a7 P ef93da5c0e4e4eb997be5e622242d129 [term 0 FOLLOWER]: Becoming Follower/Learner. State: Replica: ef93da5c0e4e4eb997be5e622242d129, State: Initialized, Role: FOLLOWER
I20260601 13:32:58.009594 13550 consensus_queue.cc:260] T 1e0a8655de634fc680ccf5f6f8a971a7 P ef93da5c0e4e4eb997be5e622242d129 [NON_LEADER]: Queue going to NON_LEADER mode. State: All replicated index: 0, Majority replicated index: 0, Committed index: 0, Last appended: 0.0, Last appended by leader: 0, Current term: 0, Majority size: -1, State: 0, Mode: NON_LEADER, active raft config: opid_index: -1 OBSOLETE_local: false peers { permanent_uuid: "ef93da5c0e4e4eb997be5e622242d129" member_type: VOTER last_known_addr { host: "127.10.0.196" port: 45993 } } peers { permanent_uuid: "9b2392aefec240d8a549d54e2a7ca0dc" member_type: VOTER last_known_addr { host: "127.10.0.194" port: 38509 } } peers { permanent_uuid: "637e9a119b5f4cf288e2dfce9b1e1975" member_type: VOTER last_known_addr { host: "127.10.0.195" port: 39937 } }
I20260601 13:32:58.009861 13550 ts_tablet_manager.cc:1434] T 1e0a8655de634fc680ccf5f6f8a971a7 P ef93da5c0e4e4eb997be5e622242d129: Time spent starting tablet: real 0.001s	user 0.000s	sys 0.000s
I20260601 13:32:58.010052 13550 tablet_bootstrap.cc:492] T afa5ab6f9cf3401ca2a9aaf24be7c48e P ef93da5c0e4e4eb997be5e622242d129: Bootstrap starting.
I20260601 13:32:58.011086 13550 tablet_bootstrap.cc:654] T afa5ab6f9cf3401ca2a9aaf24be7c48e P ef93da5c0e4e4eb997be5e622242d129: Neither blocks nor log segments found. Creating new log.
I20260601 13:32:58.012218 13550 tablet_bootstrap.cc:492] T afa5ab6f9cf3401ca2a9aaf24be7c48e P ef93da5c0e4e4eb997be5e622242d129: No bootstrap required, opened a new log
I20260601 13:32:58.012316 13550 ts_tablet_manager.cc:1403] T afa5ab6f9cf3401ca2a9aaf24be7c48e P ef93da5c0e4e4eb997be5e622242d129: Time spent bootstrapping tablet: real 0.002s	user 0.002s	sys 0.000s
I20260601 13:32:58.012817 13550 raft_consensus.cc:359] T afa5ab6f9cf3401ca2a9aaf24be7c48e P ef93da5c0e4e4eb997be5e622242d129 [term 0 FOLLOWER]: Replica starting. Triggering 0 pending ops. Active config: opid_index: -1 OBSOLETE_local: false peers { permanent_uuid: "637e9a119b5f4cf288e2dfce9b1e1975" member_type: VOTER last_known_addr { host: "127.10.0.195" port: 39937 } } peers { permanent_uuid: "ef93da5c0e4e4eb997be5e622242d129" member_type: VOTER last_known_addr { host: "127.10.0.196" port: 45993 } } peers { permanent_uuid: "cf2f287b90a644ac9122a1e58fb758ea" member_type: VOTER last_known_addr { host: "127.10.0.193" port: 36737 } }
I20260601 13:32:58.012936 13550 raft_consensus.cc:385] T afa5ab6f9cf3401ca2a9aaf24be7c48e P ef93da5c0e4e4eb997be5e622242d129 [term 0 FOLLOWER]: Consensus starting up: Expiring failure detector timer to make a prompt election more likely
I20260601 13:32:58.012982 13550 raft_consensus.cc:740] T afa5ab6f9cf3401ca2a9aaf24be7c48e P ef93da5c0e4e4eb997be5e622242d129 [term 0 FOLLOWER]: Becoming Follower/Learner. State: Replica: ef93da5c0e4e4eb997be5e622242d129, State: Initialized, Role: FOLLOWER
I20260601 13:32:58.013108 13550 consensus_queue.cc:260] T afa5ab6f9cf3401ca2a9aaf24be7c48e P ef93da5c0e4e4eb997be5e622242d129 [NON_LEADER]: Queue going to NON_LEADER mode. State: All replicated index: 0, Majority replicated index: 0, Committed index: 0, Last appended: 0.0, Last appended by leader: 0, Current term: 0, Majority size: -1, State: 0, Mode: NON_LEADER, active raft config: opid_index: -1 OBSOLETE_local: false peers { permanent_uuid: "637e9a119b5f4cf288e2dfce9b1e1975" member_type: VOTER last_known_addr { host: "127.10.0.195" port: 39937 } } peers { permanent_uuid: "ef93da5c0e4e4eb997be5e622242d129" member_type: VOTER last_known_addr { host: "127.10.0.196" port: 45993 } } peers { permanent_uuid: "cf2f287b90a644ac9122a1e58fb758ea" member_type: VOTER last_known_addr { host: "127.10.0.193" port: 36737 } }
I20260601 13:32:58.013414 13550 ts_tablet_manager.cc:1434] T afa5ab6f9cf3401ca2a9aaf24be7c48e P ef93da5c0e4e4eb997be5e622242d129: Time spent starting tablet: real 0.001s	user 0.000s	sys 0.001s
I20260601 13:32:58.013595 13550 tablet_bootstrap.cc:492] T ccf69427f5324ed2beaaf384beed7a80 P ef93da5c0e4e4eb997be5e622242d129: Bootstrap starting.
I20260601 13:32:58.014742 13550 tablet_bootstrap.cc:654] T ccf69427f5324ed2beaaf384beed7a80 P ef93da5c0e4e4eb997be5e622242d129: Neither blocks nor log segments found. Creating new log.
I20260601 13:32:58.015882 13550 tablet_bootstrap.cc:492] T ccf69427f5324ed2beaaf384beed7a80 P ef93da5c0e4e4eb997be5e622242d129: No bootstrap required, opened a new log
I20260601 13:32:58.015971 13550 ts_tablet_manager.cc:1403] T ccf69427f5324ed2beaaf384beed7a80 P ef93da5c0e4e4eb997be5e622242d129: Time spent bootstrapping tablet: real 0.002s	user 0.000s	sys 0.002s
I20260601 13:32:58.016361 13550 raft_consensus.cc:359] T ccf69427f5324ed2beaaf384beed7a80 P ef93da5c0e4e4eb997be5e622242d129 [term 0 FOLLOWER]: Replica starting. Triggering 0 pending ops. Active config: opid_index: -1 OBSOLETE_local: false peers { permanent_uuid: "ef93da5c0e4e4eb997be5e622242d129" member_type: VOTER last_known_addr { host: "127.10.0.196" port: 45993 } } peers { permanent_uuid: "9b2392aefec240d8a549d54e2a7ca0dc" member_type: VOTER last_known_addr { host: "127.10.0.194" port: 38509 } } peers { permanent_uuid: "cf2f287b90a644ac9122a1e58fb758ea" member_type: VOTER last_known_addr { host: "127.10.0.193" port: 36737 } }
I20260601 13:32:58.016448 13550 raft_consensus.cc:385] T ccf69427f5324ed2beaaf384beed7a80 P ef93da5c0e4e4eb997be5e622242d129 [term 0 FOLLOWER]: Consensus starting up: Expiring failure detector timer to make a prompt election more likely
I20260601 13:32:58.016469 13550 raft_consensus.cc:740] T ccf69427f5324ed2beaaf384beed7a80 P ef93da5c0e4e4eb997be5e622242d129 [term 0 FOLLOWER]: Becoming Follower/Learner. State: Replica: ef93da5c0e4e4eb997be5e622242d129, State: Initialized, Role: FOLLOWER
I20260601 13:32:58.016553 13550 consensus_queue.cc:260] T ccf69427f5324ed2beaaf384beed7a80 P ef93da5c0e4e4eb997be5e622242d129 [NON_LEADER]: Queue going to NON_LEADER mode. State: All replicated index: 0, Majority replicated index: 0, Committed index: 0, Last appended: 0.0, Last appended by leader: 0, Current term: 0, Majority size: -1, State: 0, Mode: NON_LEADER, active raft config: opid_index: -1 OBSOLETE_local: false peers { permanent_uuid: "ef93da5c0e4e4eb997be5e622242d129" member_type: VOTER last_known_addr { host: "127.10.0.196" port: 45993 } } peers { permanent_uuid: "9b2392aefec240d8a549d54e2a7ca0dc" member_type: VOTER last_known_addr { host: "127.10.0.194" port: 38509 } } peers { permanent_uuid: "cf2f287b90a644ac9122a1e58fb758ea" member_type: VOTER last_known_addr { host: "127.10.0.193" port: 36737 } }
I20260601 13:32:58.016754 13426 raft_consensus.cc:493] T 49aae84ff23642f893fbc22836386b97 P 9b2392aefec240d8a549d54e2a7ca0dc [term 0 FOLLOWER]: Starting pre-election (no leader contacted us within the election timeout)
I20260601 13:32:58.016865 13550 ts_tablet_manager.cc:1434] T ccf69427f5324ed2beaaf384beed7a80 P ef93da5c0e4e4eb997be5e622242d129: Time spent starting tablet: real 0.001s	user 0.001s	sys 0.000s
I20260601 13:32:58.016834 13426 raft_consensus.cc:515] T 49aae84ff23642f893fbc22836386b97 P 9b2392aefec240d8a549d54e2a7ca0dc [term 0 FOLLOWER]: Starting pre-election with config: opid_index: -1 OBSOLETE_local: false peers { permanent_uuid: "ef93da5c0e4e4eb997be5e622242d129" member_type: VOTER last_known_addr { host: "127.10.0.196" port: 45993 } } peers { permanent_uuid: "cf2f287b90a644ac9122a1e58fb758ea" member_type: VOTER last_known_addr { host: "127.10.0.193" port: 36737 } } peers { permanent_uuid: "9b2392aefec240d8a549d54e2a7ca0dc" member_type: VOTER last_known_addr { host: "127.10.0.194" port: 38509 } }
I20260601 13:32:58.017102 13550 tablet_bootstrap.cc:492] T f21902cb27634871b4d082b29ab3ae6e P ef93da5c0e4e4eb997be5e622242d129: Bootstrap starting.
I20260601 13:32:58.017131 13452 raft_consensus.cc:493] T f21902cb27634871b4d082b29ab3ae6e P 9b2392aefec240d8a549d54e2a7ca0dc [term 0 FOLLOWER]: Starting pre-election (no leader contacted us within the election timeout)
I20260601 13:32:58.017232 13452 raft_consensus.cc:515] T f21902cb27634871b4d082b29ab3ae6e P 9b2392aefec240d8a549d54e2a7ca0dc [term 0 FOLLOWER]: Starting pre-election with config: opid_index: -1 OBSOLETE_local: false peers { permanent_uuid: "9b2392aefec240d8a549d54e2a7ca0dc" member_type: VOTER last_known_addr { host: "127.10.0.194" port: 38509 } } peers { permanent_uuid: "ef93da5c0e4e4eb997be5e622242d129" member_type: VOTER last_known_addr { host: "127.10.0.196" port: 45993 } } peers { permanent_uuid: "cf2f287b90a644ac9122a1e58fb758ea" member_type: VOTER last_known_addr { host: "127.10.0.193" port: 36737 } }
I20260601 13:32:58.017594 13452 leader_election.cc:290] T f21902cb27634871b4d082b29ab3ae6e P 9b2392aefec240d8a549d54e2a7ca0dc [CANDIDATE]: Term 1 pre-election: Requested pre-vote from peers ef93da5c0e4e4eb997be5e622242d129 (127.10.0.196:45993), cf2f287b90a644ac9122a1e58fb758ea (127.10.0.193:36737)
I20260601 13:32:58.017750 13222 tablet_service.cc:1917] Received RequestConsensusVote() RPC: tablet_id: "49aae84ff23642f893fbc22836386b97" candidate_uuid: "9b2392aefec240d8a549d54e2a7ca0dc" candidate_term: 1 candidate_status { last_received { term: 0 index: 0 } } ignore_live_leader: false dest_uuid: "cf2f287b90a644ac9122a1e58fb758ea" is_pre_election: true
I20260601 13:32:58.017858 13222 raft_consensus.cc:2468] T 49aae84ff23642f893fbc22836386b97 P cf2f287b90a644ac9122a1e58fb758ea [term 0 FOLLOWER]: Leader pre-election vote request: Granting yes vote for candidate 9b2392aefec240d8a549d54e2a7ca0dc in term 0.
I20260601 13:32:58.017915 13511 tablet_service.cc:1917] Received RequestConsensusVote() RPC: tablet_id: "f21902cb27634871b4d082b29ab3ae6e" candidate_uuid: "9b2392aefec240d8a549d54e2a7ca0dc" candidate_term: 1 candidate_status { last_received { term: 0 index: 0 } } ignore_live_leader: false dest_uuid: "ef93da5c0e4e4eb997be5e622242d129" is_pre_election: true
I20260601 13:32:58.017869 13512 tablet_service.cc:1917] Received RequestConsensusVote() RPC: tablet_id: "49aae84ff23642f893fbc22836386b97" candidate_uuid: "9b2392aefec240d8a549d54e2a7ca0dc" candidate_term: 1 candidate_status { last_received { term: 0 index: 0 } } ignore_live_leader: false dest_uuid: "ef93da5c0e4e4eb997be5e622242d129" is_pre_election: true
I20260601 13:32:58.018086 13512 raft_consensus.cc:2468] T 49aae84ff23642f893fbc22836386b97 P ef93da5c0e4e4eb997be5e622242d129 [term 0 FOLLOWER]: Leader pre-election vote request: Granting yes vote for candidate 9b2392aefec240d8a549d54e2a7ca0dc in term 0.
W20260601 13:32:58.018246 13263 leader_election.cc:343] T f21902cb27634871b4d082b29ab3ae6e P 9b2392aefec240d8a549d54e2a7ca0dc [CANDIDATE]: Term 1 pre-election: Tablet error from VoteRequest() call to peer ef93da5c0e4e4eb997be5e622242d129 (127.10.0.196:45993): Illegal state: must be running to vote when last-logged opid is not known
I20260601 13:32:58.018354 13550 tablet_bootstrap.cc:654] T f21902cb27634871b4d082b29ab3ae6e P ef93da5c0e4e4eb997be5e622242d129: Neither blocks nor log segments found. Creating new log.
I20260601 13:32:58.018464 13264 leader_election.cc:304] T 49aae84ff23642f893fbc22836386b97 P 9b2392aefec240d8a549d54e2a7ca0dc [CANDIDATE]: Term 1 pre-election: Election decided. Result: candidate won. Election summary: received 2 responses out of 3 voters: 2 yes votes; 0 no votes. yes voters: 9b2392aefec240d8a549d54e2a7ca0dc, cf2f287b90a644ac9122a1e58fb758ea; no voters: 
I20260601 13:32:58.018610 13222 tablet_service.cc:1917] Received RequestConsensusVote() RPC: tablet_id: "f21902cb27634871b4d082b29ab3ae6e" candidate_uuid: "9b2392aefec240d8a549d54e2a7ca0dc" candidate_term: 1 candidate_status { last_received { term: 0 index: 0 } } ignore_live_leader: false dest_uuid: "cf2f287b90a644ac9122a1e58fb758ea" is_pre_election: true
I20260601 13:32:58.018639 13452 raft_consensus.cc:2804] T 49aae84ff23642f893fbc22836386b97 P 9b2392aefec240d8a549d54e2a7ca0dc [term 0 FOLLOWER]: Leader pre-election won for term 1
I20260601 13:32:58.018703 13452 raft_consensus.cc:493] T 49aae84ff23642f893fbc22836386b97 P 9b2392aefec240d8a549d54e2a7ca0dc [term 0 FOLLOWER]: Starting leader election (no leader contacted us within the election timeout)
I20260601 13:32:58.018719 13222 raft_consensus.cc:2468] T f21902cb27634871b4d082b29ab3ae6e P cf2f287b90a644ac9122a1e58fb758ea [term 0 FOLLOWER]: Leader pre-election vote request: Granting yes vote for candidate 9b2392aefec240d8a549d54e2a7ca0dc in term 0.
I20260601 13:32:58.018748 13452 raft_consensus.cc:3060] T 49aae84ff23642f893fbc22836386b97 P 9b2392aefec240d8a549d54e2a7ca0dc [term 0 FOLLOWER]: Advancing to term 1
I20260601 13:32:58.017231 13426 leader_election.cc:290] T 49aae84ff23642f893fbc22836386b97 P 9b2392aefec240d8a549d54e2a7ca0dc [CANDIDATE]: Term 1 pre-election: Requested pre-vote from peers ef93da5c0e4e4eb997be5e622242d129 (127.10.0.196:45993), cf2f287b90a644ac9122a1e58fb758ea (127.10.0.193:36737)
I20260601 13:32:58.018975 13264 leader_election.cc:304] T f21902cb27634871b4d082b29ab3ae6e P 9b2392aefec240d8a549d54e2a7ca0dc [CANDIDATE]: Term 1 pre-election: Election decided. Result: candidate won. Election summary: received 3 responses out of 3 voters: 2 yes votes; 1 no votes. yes voters: 9b2392aefec240d8a549d54e2a7ca0dc, cf2f287b90a644ac9122a1e58fb758ea; no voters: ef93da5c0e4e4eb997be5e622242d129
I20260601 13:32:58.019133 13426 raft_consensus.cc:2804] T f21902cb27634871b4d082b29ab3ae6e P 9b2392aefec240d8a549d54e2a7ca0dc [term 0 FOLLOWER]: Leader pre-election won for term 1
I20260601 13:32:58.019184 13426 raft_consensus.cc:493] T f21902cb27634871b4d082b29ab3ae6e P 9b2392aefec240d8a549d54e2a7ca0dc [term 0 FOLLOWER]: Starting leader election (no leader contacted us within the election timeout)
I20260601 13:32:58.019220 13426 raft_consensus.cc:3060] T f21902cb27634871b4d082b29ab3ae6e P 9b2392aefec240d8a549d54e2a7ca0dc [term 0 FOLLOWER]: Advancing to term 1
I20260601 13:32:58.019780 13452 raft_consensus.cc:515] T 49aae84ff23642f893fbc22836386b97 P 9b2392aefec240d8a549d54e2a7ca0dc [term 1 FOLLOWER]: Starting leader election with config: opid_index: -1 OBSOLETE_local: false peers { permanent_uuid: "ef93da5c0e4e4eb997be5e622242d129" member_type: VOTER last_known_addr { host: "127.10.0.196" port: 45993 } } peers { permanent_uuid: "cf2f287b90a644ac9122a1e58fb758ea" member_type: VOTER last_known_addr { host: "127.10.0.193" port: 36737 } } peers { permanent_uuid: "9b2392aefec240d8a549d54e2a7ca0dc" member_type: VOTER last_known_addr { host: "127.10.0.194" port: 38509 } }
I20260601 13:32:58.019863 13426 raft_consensus.cc:515] T f21902cb27634871b4d082b29ab3ae6e P 9b2392aefec240d8a549d54e2a7ca0dc [term 1 FOLLOWER]: Starting leader election with config: opid_index: -1 OBSOLETE_local: false peers { permanent_uuid: "9b2392aefec240d8a549d54e2a7ca0dc" member_type: VOTER last_known_addr { host: "127.10.0.194" port: 38509 } } peers { permanent_uuid: "ef93da5c0e4e4eb997be5e622242d129" member_type: VOTER last_known_addr { host: "127.10.0.196" port: 45993 } } peers { permanent_uuid: "cf2f287b90a644ac9122a1e58fb758ea" member_type: VOTER last_known_addr { host: "127.10.0.193" port: 36737 } }
I20260601 13:32:58.020144 13452 leader_election.cc:290] T 49aae84ff23642f893fbc22836386b97 P 9b2392aefec240d8a549d54e2a7ca0dc [CANDIDATE]: Term 1 election: Requested vote from peers ef93da5c0e4e4eb997be5e622242d129 (127.10.0.196:45993), cf2f287b90a644ac9122a1e58fb758ea (127.10.0.193:36737)
I20260601 13:32:58.020180 13426 leader_election.cc:290] T f21902cb27634871b4d082b29ab3ae6e P 9b2392aefec240d8a549d54e2a7ca0dc [CANDIDATE]: Term 1 election: Requested vote from peers ef93da5c0e4e4eb997be5e622242d129 (127.10.0.196:45993), cf2f287b90a644ac9122a1e58fb758ea (127.10.0.193:36737)
I20260601 13:32:58.020545 13511 tablet_service.cc:1917] Received RequestConsensusVote() RPC: tablet_id: "49aae84ff23642f893fbc22836386b97" candidate_uuid: "9b2392aefec240d8a549d54e2a7ca0dc" candidate_term: 1 candidate_status { last_received { term: 0 index: 0 } } ignore_live_leader: false dest_uuid: "ef93da5c0e4e4eb997be5e622242d129"
I20260601 13:32:58.020521 13512 tablet_service.cc:1917] Received RequestConsensusVote() RPC: tablet_id: "f21902cb27634871b4d082b29ab3ae6e" candidate_uuid: "9b2392aefec240d8a549d54e2a7ca0dc" candidate_term: 1 candidate_status { last_received { term: 0 index: 0 } } ignore_live_leader: false dest_uuid: "ef93da5c0e4e4eb997be5e622242d129"
I20260601 13:32:58.020686 13511 raft_consensus.cc:3060] T 49aae84ff23642f893fbc22836386b97 P ef93da5c0e4e4eb997be5e622242d129 [term 0 FOLLOWER]: Advancing to term 1
W20260601 13:32:58.020932 13263 leader_election.cc:343] T f21902cb27634871b4d082b29ab3ae6e P 9b2392aefec240d8a549d54e2a7ca0dc [CANDIDATE]: Term 1 election: Tablet error from VoteRequest() call to peer ef93da5c0e4e4eb997be5e622242d129 (127.10.0.196:45993): Illegal state: must be running to vote when last-logged opid is not known
I20260601 13:32:58.020956 13550 tablet_bootstrap.cc:492] T f21902cb27634871b4d082b29ab3ae6e P ef93da5c0e4e4eb997be5e622242d129: No bootstrap required, opened a new log
I20260601 13:32:58.021083 13550 ts_tablet_manager.cc:1403] T f21902cb27634871b4d082b29ab3ae6e P ef93da5c0e4e4eb997be5e622242d129: Time spent bootstrapping tablet: real 0.004s	user 0.002s	sys 0.000s
I20260601 13:32:58.021507 13550 raft_consensus.cc:359] T f21902cb27634871b4d082b29ab3ae6e P ef93da5c0e4e4eb997be5e622242d129 [term 0 FOLLOWER]: Replica starting. Triggering 0 pending ops. Active config: opid_index: -1 OBSOLETE_local: false peers { permanent_uuid: "9b2392aefec240d8a549d54e2a7ca0dc" member_type: VOTER last_known_addr { host: "127.10.0.194" port: 38509 } } peers { permanent_uuid: "ef93da5c0e4e4eb997be5e622242d129" member_type: VOTER last_known_addr { host: "127.10.0.196" port: 45993 } } peers { permanent_uuid: "cf2f287b90a644ac9122a1e58fb758ea" member_type: VOTER last_known_addr { host: "127.10.0.193" port: 36737 } }
I20260601 13:32:58.021615 13511 raft_consensus.cc:2468] T 49aae84ff23642f893fbc22836386b97 P ef93da5c0e4e4eb997be5e622242d129 [term 1 FOLLOWER]: Leader election vote request: Granting yes vote for candidate 9b2392aefec240d8a549d54e2a7ca0dc in term 1.
I20260601 13:32:58.021617 13550 raft_consensus.cc:385] T f21902cb27634871b4d082b29ab3ae6e P ef93da5c0e4e4eb997be5e622242d129 [term 0 FOLLOWER]: Consensus starting up: Expiring failure detector timer to make a prompt election more likely
I20260601 13:32:58.021741 13550 raft_consensus.cc:740] T f21902cb27634871b4d082b29ab3ae6e P ef93da5c0e4e4eb997be5e622242d129 [term 0 FOLLOWER]: Becoming Follower/Learner. State: Replica: ef93da5c0e4e4eb997be5e622242d129, State: Initialized, Role: FOLLOWER
I20260601 13:32:58.021885 13550 consensus_queue.cc:260] T f21902cb27634871b4d082b29ab3ae6e P ef93da5c0e4e4eb997be5e622242d129 [NON_LEADER]: Queue going to NON_LEADER mode. State: All replicated index: 0, Majority replicated index: 0, Committed index: 0, Last appended: 0.0, Last appended by leader: 0, Current term: 0, Majority size: -1, State: 0, Mode: NON_LEADER, active raft config: opid_index: -1 OBSOLETE_local: false peers { permanent_uuid: "9b2392aefec240d8a549d54e2a7ca0dc" member_type: VOTER last_known_addr { host: "127.10.0.194" port: 38509 } } peers { permanent_uuid: "ef93da5c0e4e4eb997be5e622242d129" member_type: VOTER last_known_addr { host: "127.10.0.196" port: 45993 } } peers { permanent_uuid: "cf2f287b90a644ac9122a1e58fb758ea" member_type: VOTER last_known_addr { host: "127.10.0.193" port: 36737 } }
I20260601 13:32:58.021957 13263 leader_election.cc:304] T 49aae84ff23642f893fbc22836386b97 P 9b2392aefec240d8a549d54e2a7ca0dc [CANDIDATE]: Term 1 election: Election decided. Result: candidate won. Election summary: received 2 responses out of 3 voters: 2 yes votes; 0 no votes. yes voters: 9b2392aefec240d8a549d54e2a7ca0dc, ef93da5c0e4e4eb997be5e622242d129; no voters: 
I20260601 13:32:58.022135 13426 raft_consensus.cc:2804] T 49aae84ff23642f893fbc22836386b97 P 9b2392aefec240d8a549d54e2a7ca0dc [term 1 FOLLOWER]: Leader election won for term 1
I20260601 13:32:58.022207 13426 raft_consensus.cc:697] T 49aae84ff23642f893fbc22836386b97 P 9b2392aefec240d8a549d54e2a7ca0dc [term 1 LEADER]: Becoming Leader. State: Replica: 9b2392aefec240d8a549d54e2a7ca0dc, State: Running, Role: LEADER
I20260601 13:32:58.022248 13221 tablet_service.cc:1917] Received RequestConsensusVote() RPC: tablet_id: "f21902cb27634871b4d082b29ab3ae6e" candidate_uuid: "9b2392aefec240d8a549d54e2a7ca0dc" candidate_term: 1 candidate_status { last_received { term: 0 index: 0 } } ignore_live_leader: false dest_uuid: "cf2f287b90a644ac9122a1e58fb758ea"
I20260601 13:32:58.022325 13426 consensus_queue.cc:237] T 49aae84ff23642f893fbc22836386b97 P 9b2392aefec240d8a549d54e2a7ca0dc [LEADER]: Queue going to LEADER mode. State: All replicated index: 0, Majority replicated index: 0, Committed index: 0, Last appended: 0.0, Last appended by leader: 0, Current term: 1, Majority size: 2, State: 0, Mode: LEADER, active raft config: opid_index: -1 OBSOLETE_local: false peers { permanent_uuid: "ef93da5c0e4e4eb997be5e622242d129" member_type: VOTER last_known_addr { host: "127.10.0.196" port: 45993 } } peers { permanent_uuid: "cf2f287b90a644ac9122a1e58fb758ea" member_type: VOTER last_known_addr { host: "127.10.0.193" port: 36737 } } peers { permanent_uuid: "9b2392aefec240d8a549d54e2a7ca0dc" member_type: VOTER last_known_addr { host: "127.10.0.194" port: 38509 } }
I20260601 13:32:58.022212 13550 ts_tablet_manager.cc:1434] T f21902cb27634871b4d082b29ab3ae6e P ef93da5c0e4e4eb997be5e622242d129: Time spent starting tablet: real 0.001s	user 0.001s	sys 0.000s
I20260601 13:32:58.022562 13222 tablet_service.cc:1917] Received RequestConsensusVote() RPC: tablet_id: "49aae84ff23642f893fbc22836386b97" candidate_uuid: "9b2392aefec240d8a549d54e2a7ca0dc" candidate_term: 1 candidate_status { last_received { term: 0 index: 0 } } ignore_live_leader: false dest_uuid: "cf2f287b90a644ac9122a1e58fb758ea"
I20260601 13:32:58.022666 13222 raft_consensus.cc:3060] T 49aae84ff23642f893fbc22836386b97 P cf2f287b90a644ac9122a1e58fb758ea [term 0 FOLLOWER]: Advancing to term 1
I20260601 13:32:58.022375 13221 raft_consensus.cc:3060] T f21902cb27634871b4d082b29ab3ae6e P cf2f287b90a644ac9122a1e58fb758ea [term 0 FOLLOWER]: Advancing to term 1
I20260601 13:32:58.023699 13222 raft_consensus.cc:2468] T 49aae84ff23642f893fbc22836386b97 P cf2f287b90a644ac9122a1e58fb758ea [term 1 FOLLOWER]: Leader election vote request: Granting yes vote for candidate 9b2392aefec240d8a549d54e2a7ca0dc in term 1.
I20260601 13:32:58.024181 13221 raft_consensus.cc:2468] T f21902cb27634871b4d082b29ab3ae6e P cf2f287b90a644ac9122a1e58fb758ea [term 1 FOLLOWER]: Leader election vote request: Granting yes vote for candidate 9b2392aefec240d8a549d54e2a7ca0dc in term 1.
I20260601 13:32:58.024478 13264 leader_election.cc:304] T f21902cb27634871b4d082b29ab3ae6e P 9b2392aefec240d8a549d54e2a7ca0dc [CANDIDATE]: Term 1 election: Election decided. Result: candidate won. Election summary: received 3 responses out of 3 voters: 2 yes votes; 1 no votes. yes voters: 9b2392aefec240d8a549d54e2a7ca0dc, cf2f287b90a644ac9122a1e58fb758ea; no voters: ef93da5c0e4e4eb997be5e622242d129
I20260601 13:32:58.024720 13452 raft_consensus.cc:2804] T f21902cb27634871b4d082b29ab3ae6e P 9b2392aefec240d8a549d54e2a7ca0dc [term 1 FOLLOWER]: Leader election won for term 1
I20260601 13:32:58.024811 13452 raft_consensus.cc:697] T f21902cb27634871b4d082b29ab3ae6e P 9b2392aefec240d8a549d54e2a7ca0dc [term 1 LEADER]: Becoming Leader. State: Replica: 9b2392aefec240d8a549d54e2a7ca0dc, State: Running, Role: LEADER
I20260601 13:32:58.024945 13452 consensus_queue.cc:237] T f21902cb27634871b4d082b29ab3ae6e P 9b2392aefec240d8a549d54e2a7ca0dc [LEADER]: Queue going to LEADER mode. State: All replicated index: 0, Majority replicated index: 0, Committed index: 0, Last appended: 0.0, Last appended by leader: 0, Current term: 1, Majority size: 2, State: 0, Mode: LEADER, active raft config: opid_index: -1 OBSOLETE_local: false peers { permanent_uuid: "9b2392aefec240d8a549d54e2a7ca0dc" member_type: VOTER last_known_addr { host: "127.10.0.194" port: 38509 } } peers { permanent_uuid: "ef93da5c0e4e4eb997be5e622242d129" member_type: VOTER last_known_addr { host: "127.10.0.196" port: 45993 } } peers { permanent_uuid: "cf2f287b90a644ac9122a1e58fb758ea" member_type: VOTER last_known_addr { host: "127.10.0.193" port: 36737 } }
I20260601 13:32:58.025466 13118 catalog_manager.cc:5696] T 49aae84ff23642f893fbc22836386b97 P 9b2392aefec240d8a549d54e2a7ca0dc reported cstate change: term changed from 0 to 1, leader changed from <none> to 9b2392aefec240d8a549d54e2a7ca0dc (127.10.0.194). New cstate: current_term: 1 leader_uuid: "9b2392aefec240d8a549d54e2a7ca0dc" committed_config { opid_index: -1 OBSOLETE_local: false peers { permanent_uuid: "ef93da5c0e4e4eb997be5e622242d129" member_type: VOTER last_known_addr { host: "127.10.0.196" port: 45993 } health_report { overall_health: UNKNOWN } } peers { permanent_uuid: "cf2f287b90a644ac9122a1e58fb758ea" member_type: VOTER last_known_addr { host: "127.10.0.193" port: 36737 } health_report { overall_health: UNKNOWN } } peers { permanent_uuid: "9b2392aefec240d8a549d54e2a7ca0dc" member_type: VOTER last_known_addr { host: "127.10.0.194" port: 38509 } health_report { overall_health: HEALTHY } } }
I20260601 13:32:58.028764 13118 catalog_manager.cc:5696] T f21902cb27634871b4d082b29ab3ae6e P 9b2392aefec240d8a549d54e2a7ca0dc reported cstate change: term changed from 0 to 1, leader changed from <none> to 9b2392aefec240d8a549d54e2a7ca0dc (127.10.0.194). New cstate: current_term: 1 leader_uuid: "9b2392aefec240d8a549d54e2a7ca0dc" committed_config { opid_index: -1 OBSOLETE_local: false peers { permanent_uuid: "9b2392aefec240d8a549d54e2a7ca0dc" member_type: VOTER last_known_addr { host: "127.10.0.194" port: 38509 } health_report { overall_health: HEALTHY } } peers { permanent_uuid: "ef93da5c0e4e4eb997be5e622242d129" member_type: VOTER last_known_addr { host: "127.10.0.196" port: 45993 } health_report { overall_health: UNKNOWN } } peers { permanent_uuid: "cf2f287b90a644ac9122a1e58fb758ea" member_type: VOTER last_known_addr { host: "127.10.0.193" port: 36737 } health_report { overall_health: UNKNOWN } } }
I20260601 13:32:58.029011 13429 raft_consensus.cc:493] T 1e0a8655de634fc680ccf5f6f8a971a7 P 637e9a119b5f4cf288e2dfce9b1e1975 [term 0 FOLLOWER]: Starting pre-election (no leader contacted us within the election timeout)
I20260601 13:32:58.029132 13429 raft_consensus.cc:515] T 1e0a8655de634fc680ccf5f6f8a971a7 P 637e9a119b5f4cf288e2dfce9b1e1975 [term 0 FOLLOWER]: Starting pre-election with config: opid_index: -1 OBSOLETE_local: false peers { permanent_uuid: "ef93da5c0e4e4eb997be5e622242d129" member_type: VOTER last_known_addr { host: "127.10.0.196" port: 45993 } } peers { permanent_uuid: "9b2392aefec240d8a549d54e2a7ca0dc" member_type: VOTER last_known_addr { host: "127.10.0.194" port: 38509 } } peers { permanent_uuid: "637e9a119b5f4cf288e2dfce9b1e1975" member_type: VOTER last_known_addr { host: "127.10.0.195" port: 39937 } }
I20260601 13:32:58.029595 13429 leader_election.cc:290] T 1e0a8655de634fc680ccf5f6f8a971a7 P 637e9a119b5f4cf288e2dfce9b1e1975 [CANDIDATE]: Term 1 pre-election: Requested pre-vote from peers ef93da5c0e4e4eb997be5e622242d129 (127.10.0.196:45993), 9b2392aefec240d8a549d54e2a7ca0dc (127.10.0.194:38509)
I20260601 13:32:58.030239 13298 tablet_service.cc:1917] Received RequestConsensusVote() RPC: tablet_id: "1e0a8655de634fc680ccf5f6f8a971a7" candidate_uuid: "637e9a119b5f4cf288e2dfce9b1e1975" candidate_term: 1 candidate_status { last_received { term: 0 index: 0 } } ignore_live_leader: false dest_uuid: "9b2392aefec240d8a549d54e2a7ca0dc" is_pre_election: true
I20260601 13:32:58.030355 13298 raft_consensus.cc:2468] T 1e0a8655de634fc680ccf5f6f8a971a7 P 9b2392aefec240d8a549d54e2a7ca0dc [term 0 FOLLOWER]: Leader pre-election vote request: Granting yes vote for candidate 637e9a119b5f4cf288e2dfce9b1e1975 in term 0.
I20260601 13:32:58.030659 13339 leader_election.cc:304] T 1e0a8655de634fc680ccf5f6f8a971a7 P 637e9a119b5f4cf288e2dfce9b1e1975 [CANDIDATE]: Term 1 pre-election: Election decided. Result: candidate won. Election summary: received 2 responses out of 3 voters: 2 yes votes; 0 no votes. yes voters: 637e9a119b5f4cf288e2dfce9b1e1975, 9b2392aefec240d8a549d54e2a7ca0dc; no voters: 
I20260601 13:32:58.030844 13425 raft_consensus.cc:493] T 16bc530a1a4745be89c6d3bc9ef51369 P cf2f287b90a644ac9122a1e58fb758ea [term 0 FOLLOWER]: Starting pre-election (no leader contacted us within the election timeout)
I20260601 13:32:58.030853 13429 raft_consensus.cc:2804] T 1e0a8655de634fc680ccf5f6f8a971a7 P 637e9a119b5f4cf288e2dfce9b1e1975 [term 0 FOLLOWER]: Leader pre-election won for term 1
I20260601 13:32:58.030942 13429 raft_consensus.cc:493] T 1e0a8655de634fc680ccf5f6f8a971a7 P 637e9a119b5f4cf288e2dfce9b1e1975 [term 0 FOLLOWER]: Starting leader election (no leader contacted us within the election timeout)
I20260601 13:32:58.030933 13425 raft_consensus.cc:515] T 16bc530a1a4745be89c6d3bc9ef51369 P cf2f287b90a644ac9122a1e58fb758ea [term 0 FOLLOWER]: Starting pre-election with config: opid_index: -1 OBSOLETE_local: false peers { permanent_uuid: "ef93da5c0e4e4eb997be5e622242d129" member_type: VOTER last_known_addr { host: "127.10.0.196" port: 45993 } } peers { permanent_uuid: "cf2f287b90a644ac9122a1e58fb758ea" member_type: VOTER last_known_addr { host: "127.10.0.193" port: 36737 } } peers { permanent_uuid: "637e9a119b5f4cf288e2dfce9b1e1975" member_type: VOTER last_known_addr { host: "127.10.0.195" port: 39937 } }
I20260601 13:32:58.031008 13429 raft_consensus.cc:3060] T 1e0a8655de634fc680ccf5f6f8a971a7 P 637e9a119b5f4cf288e2dfce9b1e1975 [term 0 FOLLOWER]: Advancing to term 1
I20260601 13:32:58.031349 13425 leader_election.cc:290] T 16bc530a1a4745be89c6d3bc9ef51369 P cf2f287b90a644ac9122a1e58fb758ea [CANDIDATE]: Term 1 pre-election: Requested pre-vote from peers ef93da5c0e4e4eb997be5e622242d129 (127.10.0.196:45993), 637e9a119b5f4cf288e2dfce9b1e1975 (127.10.0.195:39937)
I20260601 13:32:58.031775 13511 tablet_service.cc:1917] Received RequestConsensusVote() RPC: tablet_id: "16bc530a1a4745be89c6d3bc9ef51369" candidate_uuid: "cf2f287b90a644ac9122a1e58fb758ea" candidate_term: 1 candidate_status { last_received { term: 0 index: 0 } } ignore_live_leader: false dest_uuid: "ef93da5c0e4e4eb997be5e622242d129" is_pre_election: true
I20260601 13:32:58.031821 13429 raft_consensus.cc:515] T 1e0a8655de634fc680ccf5f6f8a971a7 P 637e9a119b5f4cf288e2dfce9b1e1975 [term 1 FOLLOWER]: Starting leader election with config: opid_index: -1 OBSOLETE_local: false peers { permanent_uuid: "ef93da5c0e4e4eb997be5e622242d129" member_type: VOTER last_known_addr { host: "127.10.0.196" port: 45993 } } peers { permanent_uuid: "9b2392aefec240d8a549d54e2a7ca0dc" member_type: VOTER last_known_addr { host: "127.10.0.194" port: 38509 } } peers { permanent_uuid: "637e9a119b5f4cf288e2dfce9b1e1975" member_type: VOTER last_known_addr { host: "127.10.0.195" port: 39937 } }
I20260601 13:32:58.031913 13511 raft_consensus.cc:2468] T 16bc530a1a4745be89c6d3bc9ef51369 P ef93da5c0e4e4eb997be5e622242d129 [term 0 FOLLOWER]: Leader pre-election vote request: Granting yes vote for candidate cf2f287b90a644ac9122a1e58fb758ea in term 0.
I20260601 13:32:58.032155 13429 leader_election.cc:290] T 1e0a8655de634fc680ccf5f6f8a971a7 P 637e9a119b5f4cf288e2dfce9b1e1975 [CANDIDATE]: Term 1 election: Requested vote from peers ef93da5c0e4e4eb997be5e622242d129 (127.10.0.196:45993), 9b2392aefec240d8a549d54e2a7ca0dc (127.10.0.194:38509)
I20260601 13:32:58.032768 13187 leader_election.cc:304] T 16bc530a1a4745be89c6d3bc9ef51369 P cf2f287b90a644ac9122a1e58fb758ea [CANDIDATE]: Term 1 pre-election: Election decided. Result: candidate won. Election summary: received 2 responses out of 3 voters: 2 yes votes; 0 no votes. yes voters: cf2f287b90a644ac9122a1e58fb758ea, ef93da5c0e4e4eb997be5e622242d129; no voters: 
I20260601 13:32:58.032929 13425 raft_consensus.cc:2804] T 16bc530a1a4745be89c6d3bc9ef51369 P cf2f287b90a644ac9122a1e58fb758ea [term 0 FOLLOWER]: Leader pre-election won for term 1
I20260601 13:32:58.032979 13425 raft_consensus.cc:493] T 16bc530a1a4745be89c6d3bc9ef51369 P cf2f287b90a644ac9122a1e58fb758ea [term 0 FOLLOWER]: Starting leader election (no leader contacted us within the election timeout)
I20260601 13:32:58.033028 13425 raft_consensus.cc:3060] T 16bc530a1a4745be89c6d3bc9ef51369 P cf2f287b90a644ac9122a1e58fb758ea [term 0 FOLLOWER]: Advancing to term 1
I20260601 13:32:58.033397 13373 tablet_service.cc:1917] Received RequestConsensusVote() RPC: tablet_id: "16bc530a1a4745be89c6d3bc9ef51369" candidate_uuid: "cf2f287b90a644ac9122a1e58fb758ea" candidate_term: 1 candidate_status { last_received { term: 0 index: 0 } } ignore_live_leader: false dest_uuid: "637e9a119b5f4cf288e2dfce9b1e1975" is_pre_election: true
I20260601 13:32:58.033512 13373 raft_consensus.cc:2468] T 16bc530a1a4745be89c6d3bc9ef51369 P 637e9a119b5f4cf288e2dfce9b1e1975 [term 0 FOLLOWER]: Leader pre-election vote request: Granting yes vote for candidate cf2f287b90a644ac9122a1e58fb758ea in term 0.
I20260601 13:32:58.033712 13298 tablet_service.cc:1917] Received RequestConsensusVote() RPC: tablet_id: "1e0a8655de634fc680ccf5f6f8a971a7" candidate_uuid: "637e9a119b5f4cf288e2dfce9b1e1975" candidate_term: 1 candidate_status { last_received { term: 0 index: 0 } } ignore_live_leader: false dest_uuid: "9b2392aefec240d8a549d54e2a7ca0dc"
I20260601 13:32:58.033803 13298 raft_consensus.cc:3060] T 1e0a8655de634fc680ccf5f6f8a971a7 P 9b2392aefec240d8a549d54e2a7ca0dc [term 0 FOLLOWER]: Advancing to term 1
I20260601 13:32:58.034145 13425 raft_consensus.cc:515] T 16bc530a1a4745be89c6d3bc9ef51369 P cf2f287b90a644ac9122a1e58fb758ea [term 1 FOLLOWER]: Starting leader election with config: opid_index: -1 OBSOLETE_local: false peers { permanent_uuid: "ef93da5c0e4e4eb997be5e622242d129" member_type: VOTER last_known_addr { host: "127.10.0.196" port: 45993 } } peers { permanent_uuid: "cf2f287b90a644ac9122a1e58fb758ea" member_type: VOTER last_known_addr { host: "127.10.0.193" port: 36737 } } peers { permanent_uuid: "637e9a119b5f4cf288e2dfce9b1e1975" member_type: VOTER last_known_addr { host: "127.10.0.195" port: 39937 } }
I20260601 13:32:58.034557 13425 leader_election.cc:290] T 16bc530a1a4745be89c6d3bc9ef51369 P cf2f287b90a644ac9122a1e58fb758ea [CANDIDATE]: Term 1 election: Requested vote from peers ef93da5c0e4e4eb997be5e622242d129 (127.10.0.196:45993), 637e9a119b5f4cf288e2dfce9b1e1975 (127.10.0.195:39937)
I20260601 13:32:58.034672 13512 tablet_service.cc:1917] Received RequestConsensusVote() RPC: tablet_id: "1e0a8655de634fc680ccf5f6f8a971a7" candidate_uuid: "637e9a119b5f4cf288e2dfce9b1e1975" candidate_term: 1 candidate_status { last_received { term: 0 index: 0 } } ignore_live_leader: false dest_uuid: "ef93da5c0e4e4eb997be5e622242d129"
I20260601 13:32:58.034780 13512 raft_consensus.cc:3060] T 1e0a8655de634fc680ccf5f6f8a971a7 P ef93da5c0e4e4eb997be5e622242d129 [term 0 FOLLOWER]: Advancing to term 1
I20260601 13:32:58.034850 13298 raft_consensus.cc:2468] T 1e0a8655de634fc680ccf5f6f8a971a7 P 9b2392aefec240d8a549d54e2a7ca0dc [term 1 FOLLOWER]: Leader election vote request: Granting yes vote for candidate 637e9a119b5f4cf288e2dfce9b1e1975 in term 1.
I20260601 13:32:58.035091 13510 tablet_service.cc:1917] Received RequestConsensusVote() RPC: tablet_id: "16bc530a1a4745be89c6d3bc9ef51369" candidate_uuid: "cf2f287b90a644ac9122a1e58fb758ea" candidate_term: 1 candidate_status { last_received { term: 0 index: 0 } } ignore_live_leader: false dest_uuid: "ef93da5c0e4e4eb997be5e622242d129"
I20260601 13:32:58.035189 13510 raft_consensus.cc:3060] T 16bc530a1a4745be89c6d3bc9ef51369 P ef93da5c0e4e4eb997be5e622242d129 [term 0 FOLLOWER]: Advancing to term 1
I20260601 13:32:58.035771 13512 raft_consensus.cc:2468] T 1e0a8655de634fc680ccf5f6f8a971a7 P ef93da5c0e4e4eb997be5e622242d129 [term 1 FOLLOWER]: Leader election vote request: Granting yes vote for candidate 637e9a119b5f4cf288e2dfce9b1e1975 in term 1.
I20260601 13:32:58.036037 13511 tablet_service.cc:1917] Received RequestConsensusVote() RPC: tablet_id: "1e0a8655de634fc680ccf5f6f8a971a7" candidate_uuid: "637e9a119b5f4cf288e2dfce9b1e1975" candidate_term: 1 candidate_status { last_received { term: 0 index: 0 } } ignore_live_leader: false dest_uuid: "ef93da5c0e4e4eb997be5e622242d129" is_pre_election: true
I20260601 13:32:58.036114 13510 raft_consensus.cc:2468] T 16bc530a1a4745be89c6d3bc9ef51369 P ef93da5c0e4e4eb997be5e622242d129 [term 1 FOLLOWER]: Leader election vote request: Granting yes vote for candidate cf2f287b90a644ac9122a1e58fb758ea in term 1.
I20260601 13:32:58.036134 13338 leader_election.cc:304] T 1e0a8655de634fc680ccf5f6f8a971a7 P 637e9a119b5f4cf288e2dfce9b1e1975 [CANDIDATE]: Term 1 election: Election decided. Result: candidate won. Election summary: received 2 responses out of 3 voters: 2 yes votes; 0 no votes. yes voters: 637e9a119b5f4cf288e2dfce9b1e1975, ef93da5c0e4e4eb997be5e622242d129; no voters: 
I20260601 13:32:58.036136 13511 raft_consensus.cc:2376] T 1e0a8655de634fc680ccf5f6f8a971a7 P ef93da5c0e4e4eb997be5e622242d129 [term 1 FOLLOWER]: Leader pre-election vote request: Already granted yes vote for candidate 637e9a119b5f4cf288e2dfce9b1e1975 in term 1. Re-sending same reply.
I20260601 13:32:58.036401 13429 raft_consensus.cc:2804] T 1e0a8655de634fc680ccf5f6f8a971a7 P 637e9a119b5f4cf288e2dfce9b1e1975 [term 1 FOLLOWER]: Leader election won for term 1
I20260601 13:32:58.036451 13187 leader_election.cc:304] T 16bc530a1a4745be89c6d3bc9ef51369 P cf2f287b90a644ac9122a1e58fb758ea [CANDIDATE]: Term 1 election: Election decided. Result: candidate won. Election summary: received 2 responses out of 3 voters: 2 yes votes; 0 no votes. yes voters: cf2f287b90a644ac9122a1e58fb758ea, ef93da5c0e4e4eb997be5e622242d129; no voters: 
I20260601 13:32:58.036502 13429 raft_consensus.cc:697] T 1e0a8655de634fc680ccf5f6f8a971a7 P 637e9a119b5f4cf288e2dfce9b1e1975 [term 1 LEADER]: Becoming Leader. State: Replica: 637e9a119b5f4cf288e2dfce9b1e1975, State: Running, Role: LEADER
I20260601 13:32:58.036598 13425 raft_consensus.cc:2804] T 16bc530a1a4745be89c6d3bc9ef51369 P cf2f287b90a644ac9122a1e58fb758ea [term 1 FOLLOWER]: Leader election won for term 1
I20260601 13:32:58.036729 13425 raft_consensus.cc:697] T 16bc530a1a4745be89c6d3bc9ef51369 P cf2f287b90a644ac9122a1e58fb758ea [term 1 LEADER]: Becoming Leader. State: Replica: cf2f287b90a644ac9122a1e58fb758ea, State: Running, Role: LEADER
I20260601 13:32:58.036690 13429 consensus_queue.cc:237] T 1e0a8655de634fc680ccf5f6f8a971a7 P 637e9a119b5f4cf288e2dfce9b1e1975 [LEADER]: Queue going to LEADER mode. State: All replicated index: 0, Majority replicated index: 0, Committed index: 0, Last appended: 0.0, Last appended by leader: 0, Current term: 1, Majority size: 2, State: 0, Mode: LEADER, active raft config: opid_index: -1 OBSOLETE_local: false peers { permanent_uuid: "ef93da5c0e4e4eb997be5e622242d129" member_type: VOTER last_known_addr { host: "127.10.0.196" port: 45993 } } peers { permanent_uuid: "9b2392aefec240d8a549d54e2a7ca0dc" member_type: VOTER last_known_addr { host: "127.10.0.194" port: 38509 } } peers { permanent_uuid: "637e9a119b5f4cf288e2dfce9b1e1975" member_type: VOTER last_known_addr { host: "127.10.0.195" port: 39937 } }
I20260601 13:32:58.036837 13425 consensus_queue.cc:237] T 16bc530a1a4745be89c6d3bc9ef51369 P cf2f287b90a644ac9122a1e58fb758ea [LEADER]: Queue going to LEADER mode. State: All replicated index: 0, Majority replicated index: 0, Committed index: 0, Last appended: 0.0, Last appended by leader: 0, Current term: 1, Majority size: 2, State: 0, Mode: LEADER, active raft config: opid_index: -1 OBSOLETE_local: false peers { permanent_uuid: "ef93da5c0e4e4eb997be5e622242d129" member_type: VOTER last_known_addr { host: "127.10.0.196" port: 45993 } } peers { permanent_uuid: "cf2f287b90a644ac9122a1e58fb758ea" member_type: VOTER last_known_addr { host: "127.10.0.193" port: 36737 } } peers { permanent_uuid: "637e9a119b5f4cf288e2dfce9b1e1975" member_type: VOTER last_known_addr { host: "127.10.0.195" port: 39937 } }
I20260601 13:32:58.036969 13373 tablet_service.cc:1917] Received RequestConsensusVote() RPC: tablet_id: "16bc530a1a4745be89c6d3bc9ef51369" candidate_uuid: "cf2f287b90a644ac9122a1e58fb758ea" candidate_term: 1 candidate_status { last_received { term: 0 index: 0 } } ignore_live_leader: false dest_uuid: "637e9a119b5f4cf288e2dfce9b1e1975"
I20260601 13:32:58.037058 13373 raft_consensus.cc:3060] T 16bc530a1a4745be89c6d3bc9ef51369 P 637e9a119b5f4cf288e2dfce9b1e1975 [term 0 FOLLOWER]: Advancing to term 1
I20260601 13:32:58.038031 13373 raft_consensus.cc:2468] T 16bc530a1a4745be89c6d3bc9ef51369 P 637e9a119b5f4cf288e2dfce9b1e1975 [term 1 FOLLOWER]: Leader election vote request: Granting yes vote for candidate cf2f287b90a644ac9122a1e58fb758ea in term 1.
I20260601 13:32:58.038539 13118 catalog_manager.cc:5696] T 1e0a8655de634fc680ccf5f6f8a971a7 P 637e9a119b5f4cf288e2dfce9b1e1975 reported cstate change: term changed from 0 to 1, leader changed from <none> to 637e9a119b5f4cf288e2dfce9b1e1975 (127.10.0.195). New cstate: current_term: 1 leader_uuid: "637e9a119b5f4cf288e2dfce9b1e1975" committed_config { opid_index: -1 OBSOLETE_local: false peers { permanent_uuid: "ef93da5c0e4e4eb997be5e622242d129" member_type: VOTER last_known_addr { host: "127.10.0.196" port: 45993 } health_report { overall_health: UNKNOWN } } peers { permanent_uuid: "9b2392aefec240d8a549d54e2a7ca0dc" member_type: VOTER last_known_addr { host: "127.10.0.194" port: 38509 } health_report { overall_health: UNKNOWN } } peers { permanent_uuid: "637e9a119b5f4cf288e2dfce9b1e1975" member_type: VOTER last_known_addr { host: "127.10.0.195" port: 39937 } health_report { overall_health: HEALTHY } } }
I20260601 13:32:58.038916 13119 catalog_manager.cc:5696] T 16bc530a1a4745be89c6d3bc9ef51369 P cf2f287b90a644ac9122a1e58fb758ea reported cstate change: term changed from 0 to 1, leader changed from <none> to cf2f287b90a644ac9122a1e58fb758ea (127.10.0.193). New cstate: current_term: 1 leader_uuid: "cf2f287b90a644ac9122a1e58fb758ea" committed_config { opid_index: -1 OBSOLETE_local: false peers { permanent_uuid: "ef93da5c0e4e4eb997be5e622242d129" member_type: VOTER last_known_addr { host: "127.10.0.196" port: 45993 } health_report { overall_health: UNKNOWN } } peers { permanent_uuid: "cf2f287b90a644ac9122a1e58fb758ea" member_type: VOTER last_known_addr { host: "127.10.0.193" port: 36737 } health_report { overall_health: HEALTHY } } peers { permanent_uuid: "637e9a119b5f4cf288e2dfce9b1e1975" member_type: VOTER last_known_addr { host: "127.10.0.195" port: 39937 } health_report { overall_health: UNKNOWN } } }
I20260601 13:32:58.045449 13426 consensus_queue.cc:1048] T 55658477ba8e4bfea328e81106274a0b P 9b2392aefec240d8a549d54e2a7ca0dc [LEADER]: Connected to new peer: Peer: permanent_uuid: "cf2f287b90a644ac9122a1e58fb758ea" member_type: VOTER last_known_addr { host: "127.10.0.193" port: 36737 }, Status: LMP_MISMATCH, Last received: 0.0, Next index: 1, Last known committed idx: 0, Time since last communication: 0.000s
I20260601 13:32:58.048874 13426 consensus_queue.cc:1048] T 55658477ba8e4bfea328e81106274a0b P 9b2392aefec240d8a549d54e2a7ca0dc [LEADER]: Connected to new peer: Peer: permanent_uuid: "637e9a119b5f4cf288e2dfce9b1e1975" member_type: VOTER last_known_addr { host: "127.10.0.195" port: 39937 }, Status: LMP_MISMATCH, Last received: 0.0, Next index: 1, Last known committed idx: 0, Time since last communication: 0.000s
I20260601 13:32:58.080417 13429 raft_consensus.cc:493] T a78c9d43485840e9893fea01ee4f955c P 637e9a119b5f4cf288e2dfce9b1e1975 [term 0 FOLLOWER]: Starting pre-election (no leader contacted us within the election timeout)
I20260601 13:32:58.080601 13429 raft_consensus.cc:515] T a78c9d43485840e9893fea01ee4f955c P 637e9a119b5f4cf288e2dfce9b1e1975 [term 0 FOLLOWER]: Starting pre-election with config: opid_index: -1 OBSOLETE_local: false peers { permanent_uuid: "ef93da5c0e4e4eb997be5e622242d129" member_type: VOTER last_known_addr { host: "127.10.0.196" port: 45993 } } peers { permanent_uuid: "9b2392aefec240d8a549d54e2a7ca0dc" member_type: VOTER last_known_addr { host: "127.10.0.194" port: 38509 } } peers { permanent_uuid: "637e9a119b5f4cf288e2dfce9b1e1975" member_type: VOTER last_known_addr { host: "127.10.0.195" port: 39937 } }
I20260601 13:32:58.081281 13429 leader_election.cc:290] T a78c9d43485840e9893fea01ee4f955c P 637e9a119b5f4cf288e2dfce9b1e1975 [CANDIDATE]: Term 1 pre-election: Requested pre-vote from peers ef93da5c0e4e4eb997be5e622242d129 (127.10.0.196:45993), 9b2392aefec240d8a549d54e2a7ca0dc (127.10.0.194:38509)
