[==========] Running 24 tests from 2 test suites.
[----------] Global test environment set-up.
[----------] 22 tests from AutoRebalancerTest
[ RUN      ] AutoRebalancerTest.OnlyLeaderDoesAutoRebalancing
WARNING: Logging before InitGoogleLogging() is written to STDERR
I20260601 13:31:40.339439 17624 internal_mini_cluster.cc:156] Creating distributed mini masters. Addrs: 127.17.54.62:37439,127.17.54.61:39247,127.17.54.60:43639
I20260601 13:31:40.340696 17624 env_posix.cc:2267] Not raising this process' open files per process limit of 1048576; it is already as high as it can go
I20260601 13:31:40.341285 17624 file_cache.cc:492] Constructed file cache file cache with capacity 419430
W20260601 13:31:40.347981 17629 instance_detector.cc:116] could not retrieve AWS instance metadata: Network error: curl error: HTTP response code said error: The requested URL returned error: 404
W20260601 13:31:40.347994 17632 instance_detector.cc:116] could not retrieve OpenStack instance metadata: Network error: curl error: HTTP response code said error: The requested URL returned error: 404
W20260601 13:31:40.348304 17630 instance_detector.cc:116] could not retrieve Azure instance metadata: Network error: curl error: HTTP response code said error: The requested URL returned error: 404
I20260601 13:31:40.348372 17624 server_base.cc:1061] running on GCE node
I20260601 13:31:40.348899 17624 hybrid_clock.cc:584] initializing the hybrid clock with 'system_unsync' time source
W20260601 13:31:40.349020 17624 system_unsync_time.cc:38] NTP support is disabled. Clock error bounds will not be accurate. This configuration is not suitable for distributed clusters.
I20260601 13:31:40.349066 17624 hybrid_clock.cc:648] HybridClock initialized: now 1780320700349063 us; error 0 us; skew 500 ppm
I20260601 13:31:40.350878 17624 webserver.cc:533] Webserver started at http://127.17.54.62:41093/ using document root <none> and password file <none>
I20260601 13:31:40.351452 17624 fs_manager.cc:362] Metadata directory not provided
I20260601 13:31:40.351511 17624 fs_manager.cc:368] Using write-ahead log directory (fs_wal_dir) as metadata directory
I20260601 13:31:40.351764 17624 server_base.cc:909] This appears to be a new deployment of Kudu; creating new FS layout
I20260601 13:31:40.353384 17624 fs_manager.cc:1068] Generated new instance metadata in path /tmp/dist-test-task2CXLvF/test-tmp/auto_rebalancer-test.0.AutoRebalancerTest.OnlyLeaderDoesAutoRebalancing.1780320700328494-17624-0/minicluster-data/master-0-root/instance:
uuid: "be46147b64b64bbf9adb45c0d643530f"
format_stamp: "Formatted at 2026-06-01 13:31:40 on dist-test-slave-0178"
I20260601 13:31:40.356912 17624 fs_manager.cc:696] Time spent creating directory manager: real 0.003s	user 0.003s	sys 0.000s
I20260601 13:31:40.359097 17637 log_block_manager.cc:4031] Time spent loading block containers with low live blocks: real 0.000s	user 0.000s	sys 0.000s
I20260601 13:31:40.360347 17624 fs_manager.cc:730] Time spent opening block manager: real 0.002s	user 0.003s	sys 0.001s
I20260601 13:31:40.360450 17624 fs_manager.cc:647] Opened local filesystem: /tmp/dist-test-task2CXLvF/test-tmp/auto_rebalancer-test.0.AutoRebalancerTest.OnlyLeaderDoesAutoRebalancing.1780320700328494-17624-0/minicluster-data/master-0-root
uuid: "be46147b64b64bbf9adb45c0d643530f"
format_stamp: "Formatted at 2026-06-01 13:31:40 on dist-test-slave-0178"
I20260601 13:31:40.360575 17624 fs_report.cc:389] FS layout report
--------------------
wal directory: /tmp/dist-test-task2CXLvF/test-tmp/auto_rebalancer-test.0.AutoRebalancerTest.OnlyLeaderDoesAutoRebalancing.1780320700328494-17624-0/minicluster-data/master-0-root
metadata directory: /tmp/dist-test-task2CXLvF/test-tmp/auto_rebalancer-test.0.AutoRebalancerTest.OnlyLeaderDoesAutoRebalancing.1780320700328494-17624-0/minicluster-data/master-0-root
1 data directories: /tmp/dist-test-task2CXLvF/test-tmp/auto_rebalancer-test.0.AutoRebalancerTest.OnlyLeaderDoesAutoRebalancing.1780320700328494-17624-0/minicluster-data/master-0-root/data
Total live blocks: 0
Total live bytes: 0
Total live bytes (after alignment): 0
Total number of LBM containers: 0 (0 full)
Did not check for missing blocks
Did not check for orphaned blocks
Total full LBM containers with extra space: 0 (0 repaired)
Total full LBM container extra space in bytes: 0 (0 repaired)
Total incomplete LBM containers: 0 (0 repaired)
Total LBM partial records: 0 (0 repaired)
Total corrupted LBM metadata records in RocksDB: 0 (0 repaired)
I20260601 13:31:40.392663 17624 rpc_server.cc:225] running with OpenSSL 1.1.1  11 Sep 2018
I20260601 13:31:40.393285 17624 env_posix.cc:2267] Not raising this process' running threads per effective uid limit of 18446744073709551615; it is already as high as it can go
I20260601 13:31:40.393471 17624 kserver.cc:163] Server-wide thread pool size limit: 3276
I20260601 13:31:40.400852 17624 rpc_server.cc:307] RPC server started. Bound to: 127.17.54.62:37439
I20260601 13:31:40.400859 17689 acceptor_pool.cc:272] collecting diagnostics on the listening RPC socket 127.17.54.62:37439 every 8 connection(s)
I20260601 13:31:40.402102 17624 file_cache.cc:492] Constructed file cache file cache with capacity 419430
W20260601 13:31:40.403890 17695 instance_detector.cc:116] could not retrieve OpenStack instance metadata: Network error: curl error: HTTP response code said error: The requested URL returned error: 404
W20260601 13:31:40.403993 17692 instance_detector.cc:116] could not retrieve AWS instance metadata: Network error: curl error: HTTP response code said error: The requested URL returned error: 404
W20260601 13:31:40.404186 17693 instance_detector.cc:116] could not retrieve Azure instance metadata: Network error: curl error: HTTP response code said error: The requested URL returned error: 404
I20260601 13:31:40.404357 17624 server_base.cc:1061] running on GCE node
I20260601 13:31:40.404520 17624 hybrid_clock.cc:584] initializing the hybrid clock with 'system_unsync' time source
W20260601 13:31:40.404563 17624 system_unsync_time.cc:38] NTP support is disabled. Clock error bounds will not be accurate. This configuration is not suitable for distributed clusters.
I20260601 13:31:40.404582 17624 hybrid_clock.cc:648] HybridClock initialized: now 1780320700404582 us; error 0 us; skew 500 ppm
I20260601 13:31:40.404618 17690 data_dirs.cc:400] Could only allocate 1 dirs of requested 3 for tablet 00000000000000000000000000000000. 1 dirs total, 0 dirs full, 0 dirs failed
I20260601 13:31:40.405413 17624 webserver.cc:533] Webserver started at http://127.17.54.61:38137/ using document root <none> and password file <none>
I20260601 13:31:40.405560 17624 fs_manager.cc:362] Metadata directory not provided
I20260601 13:31:40.405611 17624 fs_manager.cc:368] Using write-ahead log directory (fs_wal_dir) as metadata directory
I20260601 13:31:40.405716 17624 server_base.cc:909] This appears to be a new deployment of Kudu; creating new FS layout
I20260601 13:31:40.406126 17624 fs_manager.cc:1068] Generated new instance metadata in path /tmp/dist-test-task2CXLvF/test-tmp/auto_rebalancer-test.0.AutoRebalancerTest.OnlyLeaderDoesAutoRebalancing.1780320700328494-17624-0/minicluster-data/master-1-root/instance:
uuid: "d7b8a4a53d8e451ead97ca9eeddcfafc"
format_stamp: "Formatted at 2026-06-01 13:31:40 on dist-test-slave-0178"
I20260601 13:31:40.407898 17624 fs_manager.cc:696] Time spent creating directory manager: real 0.002s	user 0.002s	sys 0.000s
I20260601 13:31:40.409037 17700 log_block_manager.cc:4031] Time spent loading block containers with low live blocks: real 0.000s	user 0.000s	sys 0.000s
I20260601 13:31:40.409317 17624 fs_manager.cc:730] Time spent opening block manager: real 0.001s	user 0.001s	sys 0.000s
I20260601 13:31:40.409390 17624 fs_manager.cc:647] Opened local filesystem: /tmp/dist-test-task2CXLvF/test-tmp/auto_rebalancer-test.0.AutoRebalancerTest.OnlyLeaderDoesAutoRebalancing.1780320700328494-17624-0/minicluster-data/master-1-root
uuid: "d7b8a4a53d8e451ead97ca9eeddcfafc"
format_stamp: "Formatted at 2026-06-01 13:31:40 on dist-test-slave-0178"
I20260601 13:31:40.409456 17624 fs_report.cc:389] FS layout report
--------------------
wal directory: /tmp/dist-test-task2CXLvF/test-tmp/auto_rebalancer-test.0.AutoRebalancerTest.OnlyLeaderDoesAutoRebalancing.1780320700328494-17624-0/minicluster-data/master-1-root
metadata directory: /tmp/dist-test-task2CXLvF/test-tmp/auto_rebalancer-test.0.AutoRebalancerTest.OnlyLeaderDoesAutoRebalancing.1780320700328494-17624-0/minicluster-data/master-1-root
1 data directories: /tmp/dist-test-task2CXLvF/test-tmp/auto_rebalancer-test.0.AutoRebalancerTest.OnlyLeaderDoesAutoRebalancing.1780320700328494-17624-0/minicluster-data/master-1-root/data
Total live blocks: 0
Total live bytes: 0
Total live bytes (after alignment): 0
Total number of LBM containers: 0 (0 full)
Did not check for missing blocks
Did not check for orphaned blocks
Total full LBM containers with extra space: 0 (0 repaired)
Total full LBM container extra space in bytes: 0 (0 repaired)
Total incomplete LBM containers: 0 (0 repaired)
Total LBM partial records: 0 (0 repaired)
Total corrupted LBM metadata records in RocksDB: 0 (0 repaired)
I20260601 13:31:40.409639 17690 sys_catalog.cc:422] member_type: VOTER last_known_addr { host: "127.17.54.62" port: 37439 } has no permanent_uuid. Determining permanent_uuid...
I20260601 13:31:40.422643 17690 sys_catalog.cc:422] member_type: VOTER last_known_addr { host: "127.17.54.61" port: 39247 } has no permanent_uuid. Determining permanent_uuid...
W20260601 13:31:40.423393 17640 proxy.cc:239] Call had error, refreshing address and retrying: Network error: Client connection negotiation failed: client connection to 127.17.54.61:39247: connect: Connection refused (error 111)
W20260601 13:31:40.424235 17690 consensus_peers.cc:760] Error getting permanent uuid from config peer 127.17.54.61:39247: Network error: Client connection negotiation failed: client connection to 127.17.54.61:39247: connect: Connection refused (error 111)
I20260601 13:31:40.429354 17624 rpc_server.cc:225] running with OpenSSL 1.1.1  11 Sep 2018
I20260601 13:31:40.429756 17624 kserver.cc:163] Server-wide thread pool size limit: 3276
I20260601 13:31:40.434602 17624 rpc_server.cc:307] RPC server started. Bound to: 127.17.54.61:39247
I20260601 13:31:40.434640 17755 acceptor_pool.cc:272] collecting diagnostics on the listening RPC socket 127.17.54.61:39247 every 8 connection(s)
I20260601 13:31:40.435276 17624 file_cache.cc:492] Constructed file cache file cache with capacity 419430
I20260601 13:31:40.435631 17756 data_dirs.cc:400] Could only allocate 1 dirs of requested 3 for tablet 00000000000000000000000000000000. 1 dirs total, 0 dirs full, 0 dirs failed
W20260601 13:31:40.436919 17759 instance_detector.cc:116] could not retrieve Azure instance metadata: Network error: curl error: HTTP response code said error: The requested URL returned error: 404
W20260601 13:31:40.436939 17758 instance_detector.cc:116] could not retrieve AWS instance metadata: Network error: curl error: HTTP response code said error: The requested URL returned error: 404
I20260601 13:31:40.437273 17756 sys_catalog.cc:422] member_type: VOTER last_known_addr { host: "127.17.54.62" port: 37439 } has no permanent_uuid. Determining permanent_uuid...
I20260601 13:31:40.437558 17624 server_base.cc:1061] running on GCE node
W20260601 13:31:40.438370 17761 instance_detector.cc:116] could not retrieve OpenStack instance metadata: Network error: curl error: HTTP response code said error: The requested URL returned error: 404
I20260601 13:31:40.438635 17624 hybrid_clock.cc:584] initializing the hybrid clock with 'system_unsync' time source
W20260601 13:31:40.438699 17624 system_unsync_time.cc:38] NTP support is disabled. Clock error bounds will not be accurate. This configuration is not suitable for distributed clusters.
I20260601 13:31:40.438725 17624 hybrid_clock.cc:648] HybridClock initialized: now 1780320700438724 us; error 0 us; skew 500 ppm
I20260601 13:31:40.439576 17624 webserver.cc:533] Webserver started at http://127.17.54.60:45597/ using document root <none> and password file <none>
I20260601 13:31:40.439730 17624 fs_manager.cc:362] Metadata directory not provided
I20260601 13:31:40.439781 17624 fs_manager.cc:368] Using write-ahead log directory (fs_wal_dir) as metadata directory
I20260601 13:31:40.439859 17624 server_base.cc:909] This appears to be a new deployment of Kudu; creating new FS layout
I20260601 13:31:40.440269 17624 fs_manager.cc:1068] Generated new instance metadata in path /tmp/dist-test-task2CXLvF/test-tmp/auto_rebalancer-test.0.AutoRebalancerTest.OnlyLeaderDoesAutoRebalancing.1780320700328494-17624-0/minicluster-data/master-2-root/instance:
uuid: "b0bc89b700554fa091b4ce9959df1d5e"
format_stamp: "Formatted at 2026-06-01 13:31:40 on dist-test-slave-0178"
I20260601 13:31:40.441913 17624 fs_manager.cc:696] Time spent creating directory manager: real 0.001s	user 0.000s	sys 0.001s
I20260601 13:31:40.442257 17756 sys_catalog.cc:422] member_type: VOTER last_known_addr { host: "127.17.54.61" port: 39247 } has no permanent_uuid. Determining permanent_uuid...
I20260601 13:31:40.443077 17768 log_block_manager.cc:4031] Time spent loading block containers with low live blocks: real 0.000s	user 0.000s	sys 0.000s
I20260601 13:31:40.443331 17624 fs_manager.cc:730] Time spent opening block manager: real 0.001s	user 0.001s	sys 0.000s
I20260601 13:31:40.443418 17624 fs_manager.cc:647] Opened local filesystem: /tmp/dist-test-task2CXLvF/test-tmp/auto_rebalancer-test.0.AutoRebalancerTest.OnlyLeaderDoesAutoRebalancing.1780320700328494-17624-0/minicluster-data/master-2-root
uuid: "b0bc89b700554fa091b4ce9959df1d5e"
format_stamp: "Formatted at 2026-06-01 13:31:40 on dist-test-slave-0178"
I20260601 13:31:40.443483 17624 fs_report.cc:389] FS layout report
--------------------
wal directory: /tmp/dist-test-task2CXLvF/test-tmp/auto_rebalancer-test.0.AutoRebalancerTest.OnlyLeaderDoesAutoRebalancing.1780320700328494-17624-0/minicluster-data/master-2-root
metadata directory: /tmp/dist-test-task2CXLvF/test-tmp/auto_rebalancer-test.0.AutoRebalancerTest.OnlyLeaderDoesAutoRebalancing.1780320700328494-17624-0/minicluster-data/master-2-root
1 data directories: /tmp/dist-test-task2CXLvF/test-tmp/auto_rebalancer-test.0.AutoRebalancerTest.OnlyLeaderDoesAutoRebalancing.1780320700328494-17624-0/minicluster-data/master-2-root/data
Total live blocks: 0
Total live bytes: 0
Total live bytes (after alignment): 0
Total number of LBM containers: 0 (0 full)
Did not check for missing blocks
Did not check for orphaned blocks
Total full LBM containers with extra space: 0 (0 repaired)
Total full LBM container extra space in bytes: 0 (0 repaired)
Total incomplete LBM containers: 0 (0 repaired)
Total LBM partial records: 0 (0 repaired)
Total corrupted LBM metadata records in RocksDB: 0 (0 repaired)
I20260601 13:31:40.446480 17756 sys_catalog.cc:422] member_type: VOTER last_known_addr { host: "127.17.54.60" port: 43639 } has no permanent_uuid. Determining permanent_uuid...
W20260601 13:31:40.447706 17756 consensus_peers.cc:760] Error getting permanent uuid from config peer 127.17.54.60:43639: Network error: Client connection negotiation failed: client connection to 127.17.54.60:43639: connect: Connection refused (error 111)
I20260601 13:31:40.458467 17624 rpc_server.cc:225] running with OpenSSL 1.1.1  11 Sep 2018
I20260601 13:31:40.458923 17624 kserver.cc:163] Server-wide thread pool size limit: 3276
I20260601 13:31:40.463750 17624 rpc_server.cc:307] RPC server started. Bound to: 127.17.54.60:43639
I20260601 13:31:40.463835 17821 acceptor_pool.cc:272] collecting diagnostics on the listening RPC socket 127.17.54.60:43639 every 8 connection(s)
I20260601 13:31:40.464350 17624 internal_mini_cluster.cc:184] Waiting to initialize catalog manager on master 0
I20260601 13:31:40.464752 17822 data_dirs.cc:400] Could only allocate 1 dirs of requested 3 for tablet 00000000000000000000000000000000. 1 dirs total, 0 dirs full, 0 dirs failed
I20260601 13:31:40.465762 17822 sys_catalog.cc:422] member_type: VOTER last_known_addr { host: "127.17.54.62" port: 37439 } has no permanent_uuid. Determining permanent_uuid...
I20260601 13:31:40.470091 17822 sys_catalog.cc:422] member_type: VOTER last_known_addr { host: "127.17.54.61" port: 39247 } has no permanent_uuid. Determining permanent_uuid...
I20260601 13:31:40.473430 17690 consensus_peers.cc:770] Retrying to get permanent uuid for remote peer: member_type: VOTER last_known_addr { host: "127.17.54.61" port: 39247 } attempt: 1
I20260601 13:31:40.474762 17822 sys_catalog.cc:422] member_type: VOTER last_known_addr { host: "127.17.54.60" port: 43639 } has no permanent_uuid. Determining permanent_uuid...
I20260601 13:31:40.477582 17690 sys_catalog.cc:422] member_type: VOTER last_known_addr { host: "127.17.54.60" port: 43639 } has no permanent_uuid. Determining permanent_uuid...
I20260601 13:31:40.481603 17822 tablet_bootstrap.cc:492] T 00000000000000000000000000000000 P b0bc89b700554fa091b4ce9959df1d5e: Bootstrap starting.
I20260601 13:31:40.482815 17690 tablet_bootstrap.cc:492] T 00000000000000000000000000000000 P be46147b64b64bbf9adb45c0d643530f: Bootstrap starting.
I20260601 13:31:40.484920 17822 tablet_bootstrap.cc:654] T 00000000000000000000000000000000 P b0bc89b700554fa091b4ce9959df1d5e: Neither blocks nor log segments found. Creating new log.
I20260601 13:31:40.484920 17690 tablet_bootstrap.cc:654] T 00000000000000000000000000000000 P be46147b64b64bbf9adb45c0d643530f: Neither blocks nor log segments found. Creating new log.
I20260601 13:31:40.486109 17690 log.cc:826] T 00000000000000000000000000000000 P be46147b64b64bbf9adb45c0d643530f: Log is configured to *not* fsync() on all Append() calls
I20260601 13:31:40.486109 17822 log.cc:826] T 00000000000000000000000000000000 P b0bc89b700554fa091b4ce9959df1d5e: Log is configured to *not* fsync() on all Append() calls
I20260601 13:31:40.488158 17690 tablet_bootstrap.cc:492] T 00000000000000000000000000000000 P be46147b64b64bbf9adb45c0d643530f: No bootstrap required, opened a new log
I20260601 13:31:40.488166 17822 tablet_bootstrap.cc:492] T 00000000000000000000000000000000 P b0bc89b700554fa091b4ce9959df1d5e: No bootstrap required, opened a new log
I20260601 13:31:40.491043 17690 raft_consensus.cc:359] T 00000000000000000000000000000000 P be46147b64b64bbf9adb45c0d643530f [term 0 FOLLOWER]: Replica starting. Triggering 0 pending ops. Active config: opid_index: -1 OBSOLETE_local: false peers { permanent_uuid: "be46147b64b64bbf9adb45c0d643530f" member_type: VOTER last_known_addr { host: "127.17.54.62" port: 37439 } } peers { permanent_uuid: "d7b8a4a53d8e451ead97ca9eeddcfafc" member_type: VOTER last_known_addr { host: "127.17.54.61" port: 39247 } } peers { permanent_uuid: "b0bc89b700554fa091b4ce9959df1d5e" member_type: VOTER last_known_addr { host: "127.17.54.60" port: 43639 } }
I20260601 13:31:40.491032 17822 raft_consensus.cc:359] T 00000000000000000000000000000000 P b0bc89b700554fa091b4ce9959df1d5e [term 0 FOLLOWER]: Replica starting. Triggering 0 pending ops. Active config: opid_index: -1 OBSOLETE_local: false peers { permanent_uuid: "be46147b64b64bbf9adb45c0d643530f" member_type: VOTER last_known_addr { host: "127.17.54.62" port: 37439 } } peers { permanent_uuid: "d7b8a4a53d8e451ead97ca9eeddcfafc" member_type: VOTER last_known_addr { host: "127.17.54.61" port: 39247 } } peers { permanent_uuid: "b0bc89b700554fa091b4ce9959df1d5e" member_type: VOTER last_known_addr { host: "127.17.54.60" port: 43639 } }
I20260601 13:31:40.491230 17690 raft_consensus.cc:385] T 00000000000000000000000000000000 P be46147b64b64bbf9adb45c0d643530f [term 0 FOLLOWER]: Consensus starting up: Expiring failure detector timer to make a prompt election more likely
I20260601 13:31:40.491248 17822 raft_consensus.cc:385] T 00000000000000000000000000000000 P b0bc89b700554fa091b4ce9959df1d5e [term 0 FOLLOWER]: Consensus starting up: Expiring failure detector timer to make a prompt election more likely
I20260601 13:31:40.491283 17690 raft_consensus.cc:740] T 00000000000000000000000000000000 P be46147b64b64bbf9adb45c0d643530f [term 0 FOLLOWER]: Becoming Follower/Learner. State: Replica: be46147b64b64bbf9adb45c0d643530f, State: Initialized, Role: FOLLOWER
I20260601 13:31:40.491283 17822 raft_consensus.cc:740] T 00000000000000000000000000000000 P b0bc89b700554fa091b4ce9959df1d5e [term 0 FOLLOWER]: Becoming Follower/Learner. State: Replica: b0bc89b700554fa091b4ce9959df1d5e, State: Initialized, Role: FOLLOWER
I20260601 13:31:40.491729 17690 consensus_queue.cc:260] T 00000000000000000000000000000000 P be46147b64b64bbf9adb45c0d643530f [NON_LEADER]: Queue going to NON_LEADER mode. State: All replicated index: 0, Majority replicated index: 0, Committed index: 0, Last appended: 0.0, Last appended by leader: 0, Current term: 0, Majority size: -1, State: 0, Mode: NON_LEADER, active raft config: opid_index: -1 OBSOLETE_local: false peers { permanent_uuid: "be46147b64b64bbf9adb45c0d643530f" member_type: VOTER last_known_addr { host: "127.17.54.62" port: 37439 } } peers { permanent_uuid: "d7b8a4a53d8e451ead97ca9eeddcfafc" member_type: VOTER last_known_addr { host: "127.17.54.61" port: 39247 } } peers { permanent_uuid: "b0bc89b700554fa091b4ce9959df1d5e" member_type: VOTER last_known_addr { host: "127.17.54.60" port: 43639 } }
I20260601 13:31:40.491729 17822 consensus_queue.cc:260] T 00000000000000000000000000000000 P b0bc89b700554fa091b4ce9959df1d5e [NON_LEADER]: Queue going to NON_LEADER mode. State: All replicated index: 0, Majority replicated index: 0, Committed index: 0, Last appended: 0.0, Last appended by leader: 0, Current term: 0, Majority size: -1, State: 0, Mode: NON_LEADER, active raft config: opid_index: -1 OBSOLETE_local: false peers { permanent_uuid: "be46147b64b64bbf9adb45c0d643530f" member_type: VOTER last_known_addr { host: "127.17.54.62" port: 37439 } } peers { permanent_uuid: "d7b8a4a53d8e451ead97ca9eeddcfafc" member_type: VOTER last_known_addr { host: "127.17.54.61" port: 39247 } } peers { permanent_uuid: "b0bc89b700554fa091b4ce9959df1d5e" member_type: VOTER last_known_addr { host: "127.17.54.60" port: 43639 } }
I20260601 13:31:40.492313 17830 sys_catalog.cc:455] T 00000000000000000000000000000000 P be46147b64b64bbf9adb45c0d643530f [sys.catalog]: SysCatalogTable state changed. Reason: RaftConsensus started. Latest consensus state: current_term: 0 committed_config { opid_index: -1 OBSOLETE_local: false peers { permanent_uuid: "be46147b64b64bbf9adb45c0d643530f" member_type: VOTER last_known_addr { host: "127.17.54.62" port: 37439 } } peers { permanent_uuid: "d7b8a4a53d8e451ead97ca9eeddcfafc" member_type: VOTER last_known_addr { host: "127.17.54.61" port: 39247 } } peers { permanent_uuid: "b0bc89b700554fa091b4ce9959df1d5e" member_type: VOTER last_known_addr { host: "127.17.54.60" port: 43639 } } }
I20260601 13:31:40.492317 17831 sys_catalog.cc:455] T 00000000000000000000000000000000 P b0bc89b700554fa091b4ce9959df1d5e [sys.catalog]: SysCatalogTable state changed. Reason: RaftConsensus started. Latest consensus state: current_term: 0 committed_config { opid_index: -1 OBSOLETE_local: false peers { permanent_uuid: "be46147b64b64bbf9adb45c0d643530f" member_type: VOTER last_known_addr { host: "127.17.54.62" port: 37439 } } peers { permanent_uuid: "d7b8a4a53d8e451ead97ca9eeddcfafc" member_type: VOTER last_known_addr { host: "127.17.54.61" port: 39247 } } peers { permanent_uuid: "b0bc89b700554fa091b4ce9959df1d5e" member_type: VOTER last_known_addr { host: "127.17.54.60" port: 43639 } } }
I20260601 13:31:40.492475 17830 sys_catalog.cc:458] T 00000000000000000000000000000000 P be46147b64b64bbf9adb45c0d643530f [sys.catalog]: This master's current role is: FOLLOWER
I20260601 13:31:40.492570 17831 sys_catalog.cc:458] T 00000000000000000000000000000000 P b0bc89b700554fa091b4ce9959df1d5e [sys.catalog]: This master's current role is: FOLLOWER
I20260601 13:31:40.493026 17822 sys_catalog.cc:565] T 00000000000000000000000000000000 P b0bc89b700554fa091b4ce9959df1d5e [sys.catalog]: configured and running, proceeding with master startup.
I20260601 13:31:40.493026 17690 sys_catalog.cc:565] T 00000000000000000000000000000000 P be46147b64b64bbf9adb45c0d643530f [sys.catalog]: configured and running, proceeding with master startup.
I20260601 13:31:40.495586 17624 internal_mini_cluster.cc:184] Waiting to initialize catalog manager on master 1
W20260601 13:31:40.497895 17852 catalog_manager.cc:1593] T 00000000000000000000000000000000 P b0bc89b700554fa091b4ce9959df1d5e: loading cluster ID for follower catalog manager: Not found: cluster ID entry not found
W20260601 13:31:40.498001 17852 catalog_manager.cc:883] Not found: cluster ID entry not found: failed to prepare follower catalog manager, will retry
W20260601 13:31:40.497895 17853 catalog_manager.cc:1593] T 00000000000000000000000000000000 P be46147b64b64bbf9adb45c0d643530f: loading cluster ID for follower catalog manager: Not found: cluster ID entry not found
W20260601 13:31:40.498039 17853 catalog_manager.cc:883] Not found: cluster ID entry not found: failed to prepare follower catalog manager, will retry
I20260601 13:31:40.499882 17756 consensus_peers.cc:770] Retrying to get permanent uuid for remote peer: member_type: VOTER last_known_addr { host: "127.17.54.60" port: 43639 } attempt: 1
I20260601 13:31:40.505019 17756 tablet_bootstrap.cc:492] T 00000000000000000000000000000000 P d7b8a4a53d8e451ead97ca9eeddcfafc: Bootstrap starting.
I20260601 13:31:40.505934 17756 tablet_bootstrap.cc:654] T 00000000000000000000000000000000 P d7b8a4a53d8e451ead97ca9eeddcfafc: Neither blocks nor log segments found. Creating new log.
I20260601 13:31:40.507057 17756 tablet_bootstrap.cc:492] T 00000000000000000000000000000000 P d7b8a4a53d8e451ead97ca9eeddcfafc: No bootstrap required, opened a new log
I20260601 13:31:40.507507 17756 raft_consensus.cc:359] T 00000000000000000000000000000000 P d7b8a4a53d8e451ead97ca9eeddcfafc [term 0 FOLLOWER]: Replica starting. Triggering 0 pending ops. Active config: opid_index: -1 OBSOLETE_local: false peers { permanent_uuid: "be46147b64b64bbf9adb45c0d643530f" member_type: VOTER last_known_addr { host: "127.17.54.62" port: 37439 } } peers { permanent_uuid: "d7b8a4a53d8e451ead97ca9eeddcfafc" member_type: VOTER last_known_addr { host: "127.17.54.61" port: 39247 } } peers { permanent_uuid: "b0bc89b700554fa091b4ce9959df1d5e" member_type: VOTER last_known_addr { host: "127.17.54.60" port: 43639 } }
I20260601 13:31:40.507598 17756 raft_consensus.cc:385] T 00000000000000000000000000000000 P d7b8a4a53d8e451ead97ca9eeddcfafc [term 0 FOLLOWER]: Consensus starting up: Expiring failure detector timer to make a prompt election more likely
I20260601 13:31:40.507620 17756 raft_consensus.cc:740] T 00000000000000000000000000000000 P d7b8a4a53d8e451ead97ca9eeddcfafc [term 0 FOLLOWER]: Becoming Follower/Learner. State: Replica: d7b8a4a53d8e451ead97ca9eeddcfafc, State: Initialized, Role: FOLLOWER
I20260601 13:31:40.507802 17756 consensus_queue.cc:260] T 00000000000000000000000000000000 P d7b8a4a53d8e451ead97ca9eeddcfafc [NON_LEADER]: Queue going to NON_LEADER mode. State: All replicated index: 0, Majority replicated index: 0, Committed index: 0, Last appended: 0.0, Last appended by leader: 0, Current term: 0, Majority size: -1, State: 0, Mode: NON_LEADER, active raft config: opid_index: -1 OBSOLETE_local: false peers { permanent_uuid: "be46147b64b64bbf9adb45c0d643530f" member_type: VOTER last_known_addr { host: "127.17.54.62" port: 37439 } } peers { permanent_uuid: "d7b8a4a53d8e451ead97ca9eeddcfafc" member_type: VOTER last_known_addr { host: "127.17.54.61" port: 39247 } } peers { permanent_uuid: "b0bc89b700554fa091b4ce9959df1d5e" member_type: VOTER last_known_addr { host: "127.17.54.60" port: 43639 } }
I20260601 13:31:40.508169 17856 sys_catalog.cc:455] T 00000000000000000000000000000000 P d7b8a4a53d8e451ead97ca9eeddcfafc [sys.catalog]: SysCatalogTable state changed. Reason: RaftConsensus started. Latest consensus state: current_term: 0 committed_config { opid_index: -1 OBSOLETE_local: false peers { permanent_uuid: "be46147b64b64bbf9adb45c0d643530f" member_type: VOTER last_known_addr { host: "127.17.54.62" port: 37439 } } peers { permanent_uuid: "d7b8a4a53d8e451ead97ca9eeddcfafc" member_type: VOTER last_known_addr { host: "127.17.54.61" port: 39247 } } peers { permanent_uuid: "b0bc89b700554fa091b4ce9959df1d5e" member_type: VOTER last_known_addr { host: "127.17.54.60" port: 43639 } } }
I20260601 13:31:40.508268 17856 sys_catalog.cc:458] T 00000000000000000000000000000000 P d7b8a4a53d8e451ead97ca9eeddcfafc [sys.catalog]: This master's current role is: FOLLOWER
I20260601 13:31:40.508365 17756 sys_catalog.cc:565] T 00000000000000000000000000000000 P d7b8a4a53d8e451ead97ca9eeddcfafc [sys.catalog]: configured and running, proceeding with master startup.
I20260601 13:31:40.510211 17624 internal_mini_cluster.cc:184] Waiting to initialize catalog manager on master 2
I20260601 13:31:40.510816 17624 file_cache.cc:492] Constructed file cache file cache with capacity 419430
W20260601 13:31:40.510933 17867 catalog_manager.cc:1593] T 00000000000000000000000000000000 P d7b8a4a53d8e451ead97ca9eeddcfafc: loading cluster ID for follower catalog manager: Not found: cluster ID entry not found
W20260601 13:31:40.511008 17867 catalog_manager.cc:883] Not found: cluster ID entry not found: failed to prepare follower catalog manager, will retry
W20260601 13:31:40.513123 17868 instance_detector.cc:116] could not retrieve AWS instance metadata: Network error: curl error: HTTP response code said error: The requested URL returned error: 404
W20260601 13:31:40.513134 17869 instance_detector.cc:116] could not retrieve Azure instance metadata: Network error: curl error: HTTP response code said error: The requested URL returned error: 404
W20260601 13:31:40.517302 17871 instance_detector.cc:116] could not retrieve OpenStack instance metadata: Network error: curl error: HTTP response code said error: The requested URL returned error: 404
I20260601 13:31:40.517302 17624 server_base.cc:1061] running on GCE node
I20260601 13:31:40.517545 17624 hybrid_clock.cc:584] initializing the hybrid clock with 'system_unsync' time source
W20260601 13:31:40.517613 17624 system_unsync_time.cc:38] NTP support is disabled. Clock error bounds will not be accurate. This configuration is not suitable for distributed clusters.
I20260601 13:31:40.517648 17624 hybrid_clock.cc:648] HybridClock initialized: now 1780320700517647 us; error 0 us; skew 500 ppm
I20260601 13:31:40.518661 17624 webserver.cc:533] Webserver started at http://127.17.54.1:40989/ using document root <none> and password file <none>
I20260601 13:31:40.518860 17624 fs_manager.cc:362] Metadata directory not provided
I20260601 13:31:40.518929 17624 fs_manager.cc:368] Using write-ahead log directory (fs_wal_dir) as metadata directory
I20260601 13:31:40.519006 17624 server_base.cc:909] This appears to be a new deployment of Kudu; creating new FS layout
I20260601 13:31:40.519390 17624 fs_manager.cc:1068] Generated new instance metadata in path /tmp/dist-test-task2CXLvF/test-tmp/auto_rebalancer-test.0.AutoRebalancerTest.OnlyLeaderDoesAutoRebalancing.1780320700328494-17624-0/minicluster-data/ts-0-root/instance:
uuid: "fffbdfceb7584ee79c4b1ae478741aa9"
format_stamp: "Formatted at 2026-06-01 13:31:40 on dist-test-slave-0178"
I20260601 13:31:40.520941 17624 fs_manager.cc:696] Time spent creating directory manager: real 0.001s	user 0.001s	sys 0.001s
I20260601 13:31:40.521885 17876 log_block_manager.cc:4031] Time spent loading block containers with low live blocks: real 0.000s	user 0.000s	sys 0.000s
I20260601 13:31:40.522159 17624 fs_manager.cc:730] Time spent opening block manager: real 0.001s	user 0.001s	sys 0.000s
I20260601 13:31:40.522219 17624 fs_manager.cc:647] Opened local filesystem: /tmp/dist-test-task2CXLvF/test-tmp/auto_rebalancer-test.0.AutoRebalancerTest.OnlyLeaderDoesAutoRebalancing.1780320700328494-17624-0/minicluster-data/ts-0-root
uuid: "fffbdfceb7584ee79c4b1ae478741aa9"
format_stamp: "Formatted at 2026-06-01 13:31:40 on dist-test-slave-0178"
I20260601 13:31:40.522300 17624 fs_report.cc:389] FS layout report
--------------------
wal directory: /tmp/dist-test-task2CXLvF/test-tmp/auto_rebalancer-test.0.AutoRebalancerTest.OnlyLeaderDoesAutoRebalancing.1780320700328494-17624-0/minicluster-data/ts-0-root
metadata directory: /tmp/dist-test-task2CXLvF/test-tmp/auto_rebalancer-test.0.AutoRebalancerTest.OnlyLeaderDoesAutoRebalancing.1780320700328494-17624-0/minicluster-data/ts-0-root
1 data directories: /tmp/dist-test-task2CXLvF/test-tmp/auto_rebalancer-test.0.AutoRebalancerTest.OnlyLeaderDoesAutoRebalancing.1780320700328494-17624-0/minicluster-data/ts-0-root/data
Total live blocks: 0
Total live bytes: 0
Total live bytes (after alignment): 0
Total number of LBM containers: 0 (0 full)
Did not check for missing blocks
Did not check for orphaned blocks
Total full LBM containers with extra space: 0 (0 repaired)
Total full LBM container extra space in bytes: 0 (0 repaired)
Total incomplete LBM containers: 0 (0 repaired)
Total LBM partial records: 0 (0 repaired)
Total corrupted LBM metadata records in RocksDB: 0 (0 repaired)
I20260601 13:31:40.527720 17624 rpc_server.cc:225] running with OpenSSL 1.1.1  11 Sep 2018
I20260601 13:31:40.528146 17624 kserver.cc:163] Server-wide thread pool size limit: 3276
I20260601 13:31:40.528597 17624 txn_system_client.cc:432] TxnSystemClient initialization is disabled...
I20260601 13:31:40.529496 17624 ts_tablet_manager.cc:585] Loaded tablet metadata (0 total tablets, 0 live tablets)
I20260601 13:31:40.529548 17624 ts_tablet_manager.cc:531] Time spent load tablet metadata: real 0.000s	user 0.000s	sys 0.000s
I20260601 13:31:40.529603 17624 ts_tablet_manager.cc:616] Registered 0 tablets
I20260601 13:31:40.529647 17624 ts_tablet_manager.cc:595] Time spent register tablets: real 0.000s	user 0.000s	sys 0.000s
I20260601 13:31:40.535838 17624 rpc_server.cc:307] RPC server started. Bound to: 127.17.54.1:44919
I20260601 13:31:40.535945 17939 acceptor_pool.cc:272] collecting diagnostics on the listening RPC socket 127.17.54.1:44919 every 8 connection(s)
I20260601 13:31:40.537078 17624 file_cache.cc:492] Constructed file cache file cache with capacity 419430
I20260601 13:31:40.542142 17940 heartbeater.cc:344] Connected to a master server at 127.17.54.60:43639
I20260601 13:31:40.542313 17940 heartbeater.cc:461] Registering TS with master...
I20260601 13:31:40.542426 17941 heartbeater.cc:344] Connected to a master server at 127.17.54.62:37439
I20260601 13:31:40.542544 17941 heartbeater.cc:461] Registering TS with master...
I20260601 13:31:40.542870 17941 heartbeater.cc:507] Master 127.17.54.62:37439 requested a full tablet report, sending...
I20260601 13:31:40.542872 17940 heartbeater.cc:507] Master 127.17.54.60:43639 requested a full tablet report, sending...
I20260601 13:31:40.544283 17654 ts_manager.cc:194] Registered new tserver with Master: fffbdfceb7584ee79c4b1ae478741aa9 (127.17.54.1:44919)
I20260601 13:31:40.544287 17784 ts_manager.cc:194] Registered new tserver with Master: fffbdfceb7584ee79c4b1ae478741aa9 (127.17.54.1:44919)
I20260601 13:31:40.545495 17942 heartbeater.cc:344] Connected to a master server at 127.17.54.61:39247
I20260601 13:31:40.545603 17942 heartbeater.cc:461] Registering TS with master...
I20260601 13:31:40.545819 17942 heartbeater.cc:507] Master 127.17.54.61:39247 requested a full tablet report, sending...
W20260601 13:31:40.546409 17948 instance_detector.cc:116] could not retrieve Azure instance metadata: Network error: curl error: HTTP response code said error: The requested URL returned error: 404
W20260601 13:31:40.546427 17947 instance_detector.cc:116] could not retrieve AWS instance metadata: Network error: curl error: HTTP response code said error: The requested URL returned error: 404
I20260601 13:31:40.546587 17720 ts_manager.cc:194] Registered new tserver with Master: fffbdfceb7584ee79c4b1ae478741aa9 (127.17.54.1:44919)
W20260601 13:31:40.546929 17950 instance_detector.cc:116] could not retrieve OpenStack instance metadata: Network error: curl error: HTTP response code said error: The requested URL returned error: 404
I20260601 13:31:40.547240 17624 server_base.cc:1061] running on GCE node
I20260601 13:31:40.547453 17624 hybrid_clock.cc:584] initializing the hybrid clock with 'system_unsync' time source
W20260601 13:31:40.547523 17624 system_unsync_time.cc:38] NTP support is disabled. Clock error bounds will not be accurate. This configuration is not suitable for distributed clusters.
I20260601 13:31:40.547560 17624 hybrid_clock.cc:648] HybridClock initialized: now 1780320700547559 us; error 0 us; skew 500 ppm
I20260601 13:31:40.548666 17624 webserver.cc:533] Webserver started at http://127.17.54.2:34997/ using document root <none> and password file <none>
I20260601 13:31:40.548871 17624 fs_manager.cc:362] Metadata directory not provided
I20260601 13:31:40.548942 17624 fs_manager.cc:368] Using write-ahead log directory (fs_wal_dir) as metadata directory
I20260601 13:31:40.549021 17624 server_base.cc:909] This appears to be a new deployment of Kudu; creating new FS layout
I20260601 13:31:40.549403 17624 fs_manager.cc:1068] Generated new instance metadata in path /tmp/dist-test-task2CXLvF/test-tmp/auto_rebalancer-test.0.AutoRebalancerTest.OnlyLeaderDoesAutoRebalancing.1780320700328494-17624-0/minicluster-data/ts-1-root/instance:
uuid: "1f811983ad2a4851bf578f0876eabd17"
format_stamp: "Formatted at 2026-06-01 13:31:40 on dist-test-slave-0178"
I20260601 13:31:40.550904 17624 fs_manager.cc:696] Time spent creating directory manager: real 0.001s	user 0.000s	sys 0.002s
I20260601 13:31:40.551995 17955 log_block_manager.cc:4031] Time spent loading block containers with low live blocks: real 0.000s	user 0.000s	sys 0.000s
I20260601 13:31:40.552297 17624 fs_manager.cc:730] Time spent opening block manager: real 0.001s	user 0.000s	sys 0.001s
I20260601 13:31:40.552382 17624 fs_manager.cc:647] Opened local filesystem: /tmp/dist-test-task2CXLvF/test-tmp/auto_rebalancer-test.0.AutoRebalancerTest.OnlyLeaderDoesAutoRebalancing.1780320700328494-17624-0/minicluster-data/ts-1-root
uuid: "1f811983ad2a4851bf578f0876eabd17"
format_stamp: "Formatted at 2026-06-01 13:31:40 on dist-test-slave-0178"
I20260601 13:31:40.552472 17624 fs_report.cc:389] FS layout report
--------------------
wal directory: /tmp/dist-test-task2CXLvF/test-tmp/auto_rebalancer-test.0.AutoRebalancerTest.OnlyLeaderDoesAutoRebalancing.1780320700328494-17624-0/minicluster-data/ts-1-root
metadata directory: /tmp/dist-test-task2CXLvF/test-tmp/auto_rebalancer-test.0.AutoRebalancerTest.OnlyLeaderDoesAutoRebalancing.1780320700328494-17624-0/minicluster-data/ts-1-root
1 data directories: /tmp/dist-test-task2CXLvF/test-tmp/auto_rebalancer-test.0.AutoRebalancerTest.OnlyLeaderDoesAutoRebalancing.1780320700328494-17624-0/minicluster-data/ts-1-root/data
Total live blocks: 0
Total live bytes: 0
Total live bytes (after alignment): 0
Total number of LBM containers: 0 (0 full)
Did not check for missing blocks
Did not check for orphaned blocks
Total full LBM containers with extra space: 0 (0 repaired)
Total full LBM container extra space in bytes: 0 (0 repaired)
Total incomplete LBM containers: 0 (0 repaired)
Total LBM partial records: 0 (0 repaired)
Total corrupted LBM metadata records in RocksDB: 0 (0 repaired)
I20260601 13:31:40.564515 17624 rpc_server.cc:225] running with OpenSSL 1.1.1  11 Sep 2018
I20260601 13:31:40.565092 17624 kserver.cc:163] Server-wide thread pool size limit: 3276
I20260601 13:31:40.565407 17624 txn_system_client.cc:432] TxnSystemClient initialization is disabled...
I20260601 13:31:40.565970 17624 ts_tablet_manager.cc:585] Loaded tablet metadata (0 total tablets, 0 live tablets)
I20260601 13:31:40.566030 17624 ts_tablet_manager.cc:531] Time spent load tablet metadata: real 0.000s	user 0.000s	sys 0.000s
I20260601 13:31:40.566084 17624 ts_tablet_manager.cc:616] Registered 0 tablets
I20260601 13:31:40.566134 17624 ts_tablet_manager.cc:595] Time spent register tablets: real 0.000s	user 0.000s	sys 0.000s
I20260601 13:31:40.572306 18018 acceptor_pool.cc:272] collecting diagnostics on the listening RPC socket 127.17.54.2:39359 every 8 connection(s)
I20260601 13:31:40.572343 17624 rpc_server.cc:307] RPC server started. Bound to: 127.17.54.2:39359
I20260601 13:31:40.573679 17624 file_cache.cc:492] Constructed file cache file cache with capacity 419430
I20260601 13:31:40.579772 18019 heartbeater.cc:344] Connected to a master server at 127.17.54.60:43639
I20260601 13:31:40.579916 18019 heartbeater.cc:461] Registering TS with master...
I20260601 13:31:40.580227 18019 heartbeater.cc:507] Master 127.17.54.60:43639 requested a full tablet report, sending...
I20260601 13:31:40.580474 18020 heartbeater.cc:344] Connected to a master server at 127.17.54.62:37439
I20260601 13:31:40.580543 18020 heartbeater.cc:461] Registering TS with master...
I20260601 13:31:40.581029 18020 heartbeater.cc:507] Master 127.17.54.62:37439 requested a full tablet report, sending...
I20260601 13:31:40.581137 17784 ts_manager.cc:194] Registered new tserver with Master: 1f811983ad2a4851bf578f0876eabd17 (127.17.54.2:39359)
I20260601 13:31:40.581228 18021 heartbeater.cc:344] Connected to a master server at 127.17.54.61:39247
I20260601 13:31:40.581302 18021 heartbeater.cc:461] Registering TS with master...
I20260601 13:31:40.581497 18021 heartbeater.cc:507] Master 127.17.54.61:39247 requested a full tablet report, sending...
I20260601 13:31:40.582002 17654 ts_manager.cc:194] Registered new tserver with Master: 1f811983ad2a4851bf578f0876eabd17 (127.17.54.2:39359)
I20260601 13:31:40.582265 17720 ts_manager.cc:194] Registered new tserver with Master: 1f811983ad2a4851bf578f0876eabd17 (127.17.54.2:39359)
W20260601 13:31:40.583285 18025 instance_detector.cc:116] could not retrieve AWS instance metadata: Network error: curl error: HTTP response code said error: The requested URL returned error: 404
W20260601 13:31:40.583360 18028 instance_detector.cc:116] could not retrieve OpenStack instance metadata: Network error: curl error: HTTP response code said error: The requested URL returned error: 404
W20260601 13:31:40.583642 18026 instance_detector.cc:116] could not retrieve Azure instance metadata: Network error: curl error: HTTP response code said error: The requested URL returned error: 404
I20260601 13:31:40.584257 17624 server_base.cc:1061] running on GCE node
I20260601 13:31:40.584460 17624 hybrid_clock.cc:584] initializing the hybrid clock with 'system_unsync' time source
W20260601 13:31:40.584518 17624 system_unsync_time.cc:38] NTP support is disabled. Clock error bounds will not be accurate. This configuration is not suitable for distributed clusters.
I20260601 13:31:40.584550 17624 hybrid_clock.cc:648] HybridClock initialized: now 1780320700584549 us; error 0 us; skew 500 ppm
I20260601 13:31:40.585474 17624 webserver.cc:533] Webserver started at http://127.17.54.3:42151/ using document root <none> and password file <none>
I20260601 13:31:40.585651 17624 fs_manager.cc:362] Metadata directory not provided
I20260601 13:31:40.585742 17624 fs_manager.cc:368] Using write-ahead log directory (fs_wal_dir) as metadata directory
I20260601 13:31:40.585827 17624 server_base.cc:909] This appears to be a new deployment of Kudu; creating new FS layout
I20260601 13:31:40.586202 17624 fs_manager.cc:1068] Generated new instance metadata in path /tmp/dist-test-task2CXLvF/test-tmp/auto_rebalancer-test.0.AutoRebalancerTest.OnlyLeaderDoesAutoRebalancing.1780320700328494-17624-0/minicluster-data/ts-2-root/instance:
uuid: "e0d52073edc44624a45d51f1e619d1b3"
format_stamp: "Formatted at 2026-06-01 13:31:40 on dist-test-slave-0178"
I20260601 13:31:40.588004 17624 fs_manager.cc:696] Time spent creating directory manager: real 0.002s	user 0.002s	sys 0.001s
I20260601 13:31:40.589052 18034 log_block_manager.cc:4031] Time spent loading block containers with low live blocks: real 0.000s	user 0.000s	sys 0.000s
I20260601 13:31:40.589342 17624 fs_manager.cc:730] Time spent opening block manager: real 0.001s	user 0.001s	sys 0.000s
I20260601 13:31:40.589429 17624 fs_manager.cc:647] Opened local filesystem: /tmp/dist-test-task2CXLvF/test-tmp/auto_rebalancer-test.0.AutoRebalancerTest.OnlyLeaderDoesAutoRebalancing.1780320700328494-17624-0/minicluster-data/ts-2-root
uuid: "e0d52073edc44624a45d51f1e619d1b3"
format_stamp: "Formatted at 2026-06-01 13:31:40 on dist-test-slave-0178"
I20260601 13:31:40.589530 17624 fs_report.cc:389] FS layout report
--------------------
wal directory: /tmp/dist-test-task2CXLvF/test-tmp/auto_rebalancer-test.0.AutoRebalancerTest.OnlyLeaderDoesAutoRebalancing.1780320700328494-17624-0/minicluster-data/ts-2-root
metadata directory: /tmp/dist-test-task2CXLvF/test-tmp/auto_rebalancer-test.0.AutoRebalancerTest.OnlyLeaderDoesAutoRebalancing.1780320700328494-17624-0/minicluster-data/ts-2-root
1 data directories: /tmp/dist-test-task2CXLvF/test-tmp/auto_rebalancer-test.0.AutoRebalancerTest.OnlyLeaderDoesAutoRebalancing.1780320700328494-17624-0/minicluster-data/ts-2-root/data
Total live blocks: 0
Total live bytes: 0
Total live bytes (after alignment): 0
Total number of LBM containers: 0 (0 full)
Did not check for missing blocks
Did not check for orphaned blocks
Total full LBM containers with extra space: 0 (0 repaired)
Total full LBM container extra space in bytes: 0 (0 repaired)
Total incomplete LBM containers: 0 (0 repaired)
Total LBM partial records: 0 (0 repaired)
Total corrupted LBM metadata records in RocksDB: 0 (0 repaired)
I20260601 13:31:40.599021 17830 raft_consensus.cc:493] T 00000000000000000000000000000000 P be46147b64b64bbf9adb45c0d643530f [term 0 FOLLOWER]: Starting pre-election (no leader contacted us within the election timeout)
I20260601 13:31:40.599227 17830 raft_consensus.cc:515] T 00000000000000000000000000000000 P be46147b64b64bbf9adb45c0d643530f [term 0 FOLLOWER]: Starting pre-election with config: opid_index: -1 OBSOLETE_local: false peers { permanent_uuid: "be46147b64b64bbf9adb45c0d643530f" member_type: VOTER last_known_addr { host: "127.17.54.62" port: 37439 } } peers { permanent_uuid: "d7b8a4a53d8e451ead97ca9eeddcfafc" member_type: VOTER last_known_addr { host: "127.17.54.61" port: 39247 } } peers { permanent_uuid: "b0bc89b700554fa091b4ce9959df1d5e" member_type: VOTER last_known_addr { host: "127.17.54.60" port: 43639 } }
I20260601 13:31:40.600469 17830 leader_election.cc:290] T 00000000000000000000000000000000 P be46147b64b64bbf9adb45c0d643530f [CANDIDATE]: Term 1 pre-election: Requested pre-vote from peers d7b8a4a53d8e451ead97ca9eeddcfafc (127.17.54.61:39247), b0bc89b700554fa091b4ce9959df1d5e (127.17.54.60:43639)
I20260601 13:31:40.600930 17730 tablet_service.cc:1917] Received RequestConsensusVote() RPC: tablet_id: "00000000000000000000000000000000" candidate_uuid: "be46147b64b64bbf9adb45c0d643530f" candidate_term: 1 candidate_status { last_received { term: 0 index: 0 } } ignore_live_leader: false dest_uuid: "d7b8a4a53d8e451ead97ca9eeddcfafc" is_pre_election: true
I20260601 13:31:40.600942 17796 tablet_service.cc:1917] Received RequestConsensusVote() RPC: tablet_id: "00000000000000000000000000000000" candidate_uuid: "be46147b64b64bbf9adb45c0d643530f" candidate_term: 1 candidate_status { last_received { term: 0 index: 0 } } ignore_live_leader: false dest_uuid: "b0bc89b700554fa091b4ce9959df1d5e" is_pre_election: true
I20260601 13:31:40.601125 17730 raft_consensus.cc:2468] T 00000000000000000000000000000000 P d7b8a4a53d8e451ead97ca9eeddcfafc [term 0 FOLLOWER]: Leader pre-election vote request: Granting yes vote for candidate be46147b64b64bbf9adb45c0d643530f in term 0.
I20260601 13:31:40.601154 17796 raft_consensus.cc:2468] T 00000000000000000000000000000000 P b0bc89b700554fa091b4ce9959df1d5e [term 0 FOLLOWER]: Leader pre-election vote request: Granting yes vote for candidate be46147b64b64bbf9adb45c0d643530f in term 0.
I20260601 13:31:40.601506 17641 leader_election.cc:304] T 00000000000000000000000000000000 P be46147b64b64bbf9adb45c0d643530f [CANDIDATE]: Term 1 pre-election: Election decided. Result: candidate won. Election summary: received 2 responses out of 3 voters: 2 yes votes; 0 no votes. yes voters: b0bc89b700554fa091b4ce9959df1d5e, be46147b64b64bbf9adb45c0d643530f; no voters: 
I20260601 13:31:40.601745 17830 raft_consensus.cc:2804] T 00000000000000000000000000000000 P be46147b64b64bbf9adb45c0d643530f [term 0 FOLLOWER]: Leader pre-election won for term 1
I20260601 13:31:40.601804 17830 raft_consensus.cc:493] T 00000000000000000000000000000000 P be46147b64b64bbf9adb45c0d643530f [term 0 FOLLOWER]: Starting leader election (no leader contacted us within the election timeout)
I20260601 13:31:40.601845 17830 raft_consensus.cc:3060] T 00000000000000000000000000000000 P be46147b64b64bbf9adb45c0d643530f [term 0 FOLLOWER]: Advancing to term 1
I20260601 13:31:40.603292 17830 raft_consensus.cc:515] T 00000000000000000000000000000000 P be46147b64b64bbf9adb45c0d643530f [term 1 FOLLOWER]: Starting leader election with config: opid_index: -1 OBSOLETE_local: false peers { permanent_uuid: "be46147b64b64bbf9adb45c0d643530f" member_type: VOTER last_known_addr { host: "127.17.54.62" port: 37439 } } peers { permanent_uuid: "d7b8a4a53d8e451ead97ca9eeddcfafc" member_type: VOTER last_known_addr { host: "127.17.54.61" port: 39247 } } peers { permanent_uuid: "b0bc89b700554fa091b4ce9959df1d5e" member_type: VOTER last_known_addr { host: "127.17.54.60" port: 43639 } }
I20260601 13:31:40.603658 17830 leader_election.cc:290] T 00000000000000000000000000000000 P be46147b64b64bbf9adb45c0d643530f [CANDIDATE]: Term 1 election: Requested vote from peers d7b8a4a53d8e451ead97ca9eeddcfafc (127.17.54.61:39247), b0bc89b700554fa091b4ce9959df1d5e (127.17.54.60:43639)
