I20260601 13:32:39.476346 17201 raft_consensus.cc:359] T 12e50de5419e4197b32fcd182eb582fb P c6e854b692bc42aead3d6e42a00b646e [term 0 FOLLOWER]: Replica starting. Triggering 0 pending ops. Active config: opid_index: -1 OBSOLETE_local: false peers { permanent_uuid: "1c03a57e59ab41789ebd630e3028059e" member_type: VOTER last_known_addr { host: "127.13.152.194" port: 34781 } } peers { permanent_uuid: "c6e854b692bc42aead3d6e42a00b646e" member_type: VOTER last_known_addr { host: "127.13.152.196" port: 35353 } } peers { permanent_uuid: "e68d89cdf6f4428e8ed41369d6fc5612" member_type: VOTER last_known_addr { host: "127.13.152.193" port: 44959 } }
I20260601 13:32:39.476465 17201 raft_consensus.cc:385] T 12e50de5419e4197b32fcd182eb582fb P c6e854b692bc42aead3d6e42a00b646e [term 0 FOLLOWER]: Consensus starting up: Expiring failure detector timer to make a prompt election more likely
I20260601 13:32:39.476502 17201 raft_consensus.cc:740] T 12e50de5419e4197b32fcd182eb582fb P c6e854b692bc42aead3d6e42a00b646e [term 0 FOLLOWER]: Becoming Follower/Learner. State: Replica: c6e854b692bc42aead3d6e42a00b646e, State: Initialized, Role: FOLLOWER
I20260601 13:32:39.476648 17201 consensus_queue.cc:260] T 12e50de5419e4197b32fcd182eb582fb P c6e854b692bc42aead3d6e42a00b646e [NON_LEADER]: Queue going to NON_LEADER mode. State: All replicated index: 0, Majority replicated index: 0, Committed index: 0, Last appended: 0.0, Last appended by leader: 0, Current term: 0, Majority size: -1, State: 0, Mode: NON_LEADER, active raft config: opid_index: -1 OBSOLETE_local: false peers { permanent_uuid: "1c03a57e59ab41789ebd630e3028059e" member_type: VOTER last_known_addr { host: "127.13.152.194" port: 34781 } } peers { permanent_uuid: "c6e854b692bc42aead3d6e42a00b646e" member_type: VOTER last_known_addr { host: "127.13.152.196" port: 35353 } } peers { permanent_uuid: "e68d89cdf6f4428e8ed41369d6fc5612" member_type: VOTER last_known_addr { host: "127.13.152.193" port: 44959 } }
I20260601 13:32:39.476944 17201 ts_tablet_manager.cc:1434] T 12e50de5419e4197b32fcd182eb582fb P c6e854b692bc42aead3d6e42a00b646e: Time spent starting tablet: real 0.001s	user 0.000s	sys 0.000s
I20260601 13:32:39.477092 17074 raft_consensus.cc:493] T ba131c807303482b940f4957d4fcda00 P 63a2e176c9aa4ce9b837058ca48e2d24 [term 0 FOLLOWER]: Starting pre-election (no leader contacted us within the election timeout)
I20260601 13:32:39.477150 17201 tablet_bootstrap.cc:492] T ba131c807303482b940f4957d4fcda00 P c6e854b692bc42aead3d6e42a00b646e: Bootstrap starting.
I20260601 13:32:39.477159 17074 raft_consensus.cc:515] T ba131c807303482b940f4957d4fcda00 P 63a2e176c9aa4ce9b837058ca48e2d24 [term 0 FOLLOWER]: Starting pre-election with config: opid_index: -1 OBSOLETE_local: false peers { permanent_uuid: "c6e854b692bc42aead3d6e42a00b646e" member_type: VOTER last_known_addr { host: "127.13.152.196" port: 35353 } } peers { permanent_uuid: "63a2e176c9aa4ce9b837058ca48e2d24" member_type: VOTER last_known_addr { host: "127.13.152.195" port: 41045 } } peers { permanent_uuid: "e68d89cdf6f4428e8ed41369d6fc5612" member_type: VOTER last_known_addr { host: "127.13.152.193" port: 44959 } }
I20260601 13:32:39.477626 17074 leader_election.cc:290] T ba131c807303482b940f4957d4fcda00 P 63a2e176c9aa4ce9b837058ca48e2d24 [CANDIDATE]: Term 1 pre-election: Requested pre-vote from peers c6e854b692bc42aead3d6e42a00b646e (127.13.152.196:35353), e68d89cdf6f4428e8ed41369d6fc5612 (127.13.152.193:44959)
I20260601 13:32:39.478048 16872 tablet_service.cc:1917] Received RequestConsensusVote() RPC: tablet_id: "ba131c807303482b940f4957d4fcda00" candidate_uuid: "63a2e176c9aa4ce9b837058ca48e2d24" candidate_term: 1 candidate_status { last_received { term: 0 index: 0 } } ignore_live_leader: false dest_uuid: "e68d89cdf6f4428e8ed41369d6fc5612" is_pre_election: true
I20260601 13:32:39.478194 16872 raft_consensus.cc:2468] T ba131c807303482b940f4957d4fcda00 P e68d89cdf6f4428e8ed41369d6fc5612 [term 0 FOLLOWER]: Leader pre-election vote request: Granting yes vote for candidate 63a2e176c9aa4ce9b837058ca48e2d24 in term 0.
I20260601 13:32:39.478781 17201 tablet_bootstrap.cc:654] T ba131c807303482b940f4957d4fcda00 P c6e854b692bc42aead3d6e42a00b646e: Neither blocks nor log segments found. Creating new log.
I20260601 13:32:39.479312 16990 leader_election.cc:304] T ba131c807303482b940f4957d4fcda00 P 63a2e176c9aa4ce9b837058ca48e2d24 [CANDIDATE]: Term 1 pre-election: Election decided. Result: candidate won. Election summary: received 2 responses out of 3 voters: 2 yes votes; 0 no votes. yes voters: 63a2e176c9aa4ce9b837058ca48e2d24, e68d89cdf6f4428e8ed41369d6fc5612; no voters: 
I20260601 13:32:39.480296 17201 tablet_bootstrap.cc:492] T ba131c807303482b940f4957d4fcda00 P c6e854b692bc42aead3d6e42a00b646e: No bootstrap required, opened a new log
I20260601 13:32:39.480401 17201 ts_tablet_manager.cc:1403] T ba131c807303482b940f4957d4fcda00 P c6e854b692bc42aead3d6e42a00b646e: Time spent bootstrapping tablet: real 0.003s	user 0.000s	sys 0.002s
I20260601 13:32:39.480662 17074 raft_consensus.cc:2804] T ba131c807303482b940f4957d4fcda00 P 63a2e176c9aa4ce9b837058ca48e2d24 [term 0 FOLLOWER]: Leader pre-election won for term 1
I20260601 13:32:39.480742 17074 raft_consensus.cc:493] T ba131c807303482b940f4957d4fcda00 P 63a2e176c9aa4ce9b837058ca48e2d24 [term 0 FOLLOWER]: Starting leader election (no leader contacted us within the election timeout)
I20260601 13:32:39.480793 17074 raft_consensus.cc:3060] T ba131c807303482b940f4957d4fcda00 P 63a2e176c9aa4ce9b837058ca48e2d24 [term 0 FOLLOWER]: Advancing to term 1
I20260601 13:32:39.480868 17201 raft_consensus.cc:359] T ba131c807303482b940f4957d4fcda00 P c6e854b692bc42aead3d6e42a00b646e [term 0 FOLLOWER]: Replica starting. Triggering 0 pending ops. Active config: opid_index: -1 OBSOLETE_local: false peers { permanent_uuid: "c6e854b692bc42aead3d6e42a00b646e" member_type: VOTER last_known_addr { host: "127.13.152.196" port: 35353 } } peers { permanent_uuid: "63a2e176c9aa4ce9b837058ca48e2d24" member_type: VOTER last_known_addr { host: "127.13.152.195" port: 41045 } } peers { permanent_uuid: "e68d89cdf6f4428e8ed41369d6fc5612" member_type: VOTER last_known_addr { host: "127.13.152.193" port: 44959 } }
I20260601 13:32:39.480994 17201 raft_consensus.cc:385] T ba131c807303482b940f4957d4fcda00 P c6e854b692bc42aead3d6e42a00b646e [term 0 FOLLOWER]: Consensus starting up: Expiring failure detector timer to make a prompt election more likely
I20260601 13:32:39.481045 17201 raft_consensus.cc:740] T ba131c807303482b940f4957d4fcda00 P c6e854b692bc42aead3d6e42a00b646e [term 0 FOLLOWER]: Becoming Follower/Learner. State: Replica: c6e854b692bc42aead3d6e42a00b646e, State: Initialized, Role: FOLLOWER
I20260601 13:32:39.481180 17201 consensus_queue.cc:260] T ba131c807303482b940f4957d4fcda00 P c6e854b692bc42aead3d6e42a00b646e [NON_LEADER]: Queue going to NON_LEADER mode. State: All replicated index: 0, Majority replicated index: 0, Committed index: 0, Last appended: 0.0, Last appended by leader: 0, Current term: 0, Majority size: -1, State: 0, Mode: NON_LEADER, active raft config: opid_index: -1 OBSOLETE_local: false peers { permanent_uuid: "c6e854b692bc42aead3d6e42a00b646e" member_type: VOTER last_known_addr { host: "127.13.152.196" port: 35353 } } peers { permanent_uuid: "63a2e176c9aa4ce9b837058ca48e2d24" member_type: VOTER last_known_addr { host: "127.13.152.195" port: 41045 } } peers { permanent_uuid: "e68d89cdf6f4428e8ed41369d6fc5612" member_type: VOTER last_known_addr { host: "127.13.152.193" port: 44959 } }
I20260601 13:32:39.481475 17201 ts_tablet_manager.cc:1434] T ba131c807303482b940f4957d4fcda00 P c6e854b692bc42aead3d6e42a00b646e: Time spent starting tablet: real 0.001s	user 0.000s	sys 0.001s
I20260601 13:32:39.481673 17201 tablet_bootstrap.cc:492] T f6d2351d696e4a1689fd70f14a558c96 P c6e854b692bc42aead3d6e42a00b646e: Bootstrap starting.
I20260601 13:32:39.481848 17074 raft_consensus.cc:515] T ba131c807303482b940f4957d4fcda00 P 63a2e176c9aa4ce9b837058ca48e2d24 [term 1 FOLLOWER]: Starting leader election with config: opid_index: -1 OBSOLETE_local: false peers { permanent_uuid: "c6e854b692bc42aead3d6e42a00b646e" member_type: VOTER last_known_addr { host: "127.13.152.196" port: 35353 } } peers { permanent_uuid: "63a2e176c9aa4ce9b837058ca48e2d24" member_type: VOTER last_known_addr { host: "127.13.152.195" port: 41045 } } peers { permanent_uuid: "e68d89cdf6f4428e8ed41369d6fc5612" member_type: VOTER last_known_addr { host: "127.13.152.193" port: 44959 } }
I20260601 13:32:39.482224 17074 leader_election.cc:290] T ba131c807303482b940f4957d4fcda00 P 63a2e176c9aa4ce9b837058ca48e2d24 [CANDIDATE]: Term 1 election: Requested vote from peers c6e854b692bc42aead3d6e42a00b646e (127.13.152.196:35353), e68d89cdf6f4428e8ed41369d6fc5612 (127.13.152.193:44959)
I20260601 13:32:39.482753 16872 tablet_service.cc:1917] Received RequestConsensusVote() RPC: tablet_id: "ba131c807303482b940f4957d4fcda00" candidate_uuid: "63a2e176c9aa4ce9b837058ca48e2d24" candidate_term: 1 candidate_status { last_received { term: 0 index: 0 } } ignore_live_leader: false dest_uuid: "e68d89cdf6f4428e8ed41369d6fc5612"
I20260601 13:32:39.482873 16872 raft_consensus.cc:3060] T ba131c807303482b940f4957d4fcda00 P e68d89cdf6f4428e8ed41369d6fc5612 [term 0 FOLLOWER]: Advancing to term 1
I20260601 13:32:39.483460 17201 tablet_bootstrap.cc:654] T f6d2351d696e4a1689fd70f14a558c96 P c6e854b692bc42aead3d6e42a00b646e: Neither blocks nor log segments found. Creating new log.
I20260601 13:32:39.483839 16872 raft_consensus.cc:2468] T ba131c807303482b940f4957d4fcda00 P e68d89cdf6f4428e8ed41369d6fc5612 [term 1 FOLLOWER]: Leader election vote request: Granting yes vote for candidate 63a2e176c9aa4ce9b837058ca48e2d24 in term 1.
I20260601 13:32:39.484160 16990 leader_election.cc:304] T ba131c807303482b940f4957d4fcda00 P 63a2e176c9aa4ce9b837058ca48e2d24 [CANDIDATE]: Term 1 election: Election decided. Result: candidate won. Election summary: received 2 responses out of 3 voters: 2 yes votes; 0 no votes. yes voters: 63a2e176c9aa4ce9b837058ca48e2d24, e68d89cdf6f4428e8ed41369d6fc5612; no voters: 
I20260601 13:32:39.484491 17201 tablet_bootstrap.cc:492] T f6d2351d696e4a1689fd70f14a558c96 P c6e854b692bc42aead3d6e42a00b646e: No bootstrap required, opened a new log
I20260601 13:32:39.484549 17074 raft_consensus.cc:2804] T ba131c807303482b940f4957d4fcda00 P 63a2e176c9aa4ce9b837058ca48e2d24 [term 1 FOLLOWER]: Leader election won for term 1
I20260601 13:32:39.484598 17201 ts_tablet_manager.cc:1403] T f6d2351d696e4a1689fd70f14a558c96 P c6e854b692bc42aead3d6e42a00b646e: Time spent bootstrapping tablet: real 0.003s	user 0.001s	sys 0.001s
I20260601 13:32:39.484643 17074 raft_consensus.cc:697] T ba131c807303482b940f4957d4fcda00 P 63a2e176c9aa4ce9b837058ca48e2d24 [term 1 LEADER]: Becoming Leader. State: Replica: 63a2e176c9aa4ce9b837058ca48e2d24, State: Running, Role: LEADER
I20260601 13:32:39.484759 17164 tablet_service.cc:1917] Received RequestConsensusVote() RPC: tablet_id: "ba131c807303482b940f4957d4fcda00" candidate_uuid: "63a2e176c9aa4ce9b837058ca48e2d24" candidate_term: 1 candidate_status { last_received { term: 0 index: 0 } } ignore_live_leader: false dest_uuid: "c6e854b692bc42aead3d6e42a00b646e" is_pre_election: true
I20260601 13:32:39.484781 17074 consensus_queue.cc:237] T ba131c807303482b940f4957d4fcda00 P 63a2e176c9aa4ce9b837058ca48e2d24 [LEADER]: Queue going to LEADER mode. State: All replicated index: 0, Majority replicated index: 0, Committed index: 0, Last appended: 0.0, Last appended by leader: 0, Current term: 1, Majority size: 2, State: 0, Mode: LEADER, active raft config: opid_index: -1 OBSOLETE_local: false peers { permanent_uuid: "c6e854b692bc42aead3d6e42a00b646e" member_type: VOTER last_known_addr { host: "127.13.152.196" port: 35353 } } peers { permanent_uuid: "63a2e176c9aa4ce9b837058ca48e2d24" member_type: VOTER last_known_addr { host: "127.13.152.195" port: 41045 } } peers { permanent_uuid: "e68d89cdf6f4428e8ed41369d6fc5612" member_type: VOTER last_known_addr { host: "127.13.152.193" port: 44959 } }
I20260601 13:32:39.484869 17164 raft_consensus.cc:2468] T ba131c807303482b940f4957d4fcda00 P c6e854b692bc42aead3d6e42a00b646e [term 0 FOLLOWER]: Leader pre-election vote request: Granting yes vote for candidate 63a2e176c9aa4ce9b837058ca48e2d24 in term 0.
I20260601 13:32:39.485095 17163 tablet_service.cc:1917] Received RequestConsensusVote() RPC: tablet_id: "ba131c807303482b940f4957d4fcda00" candidate_uuid: "63a2e176c9aa4ce9b837058ca48e2d24" candidate_term: 1 candidate_status { last_received { term: 0 index: 0 } } ignore_live_leader: false dest_uuid: "c6e854b692bc42aead3d6e42a00b646e"
I20260601 13:32:39.485090 17201 raft_consensus.cc:359] T f6d2351d696e4a1689fd70f14a558c96 P c6e854b692bc42aead3d6e42a00b646e [term 0 FOLLOWER]: Replica starting. Triggering 0 pending ops. Active config: opid_index: -1 OBSOLETE_local: false peers { permanent_uuid: "c6e854b692bc42aead3d6e42a00b646e" member_type: VOTER last_known_addr { host: "127.13.152.196" port: 35353 } } peers { permanent_uuid: "1c03a57e59ab41789ebd630e3028059e" member_type: VOTER last_known_addr { host: "127.13.152.194" port: 34781 } } peers { permanent_uuid: "63a2e176c9aa4ce9b837058ca48e2d24" member_type: VOTER last_known_addr { host: "127.13.152.195" port: 41045 } }
I20260601 13:32:39.485215 17201 raft_consensus.cc:385] T f6d2351d696e4a1689fd70f14a558c96 P c6e854b692bc42aead3d6e42a00b646e [term 0 FOLLOWER]: Consensus starting up: Expiring failure detector timer to make a prompt election more likely
I20260601 13:32:39.485229 17163 raft_consensus.cc:3060] T ba131c807303482b940f4957d4fcda00 P c6e854b692bc42aead3d6e42a00b646e [term 0 FOLLOWER]: Advancing to term 1
I20260601 13:32:39.485257 17201 raft_consensus.cc:740] T f6d2351d696e4a1689fd70f14a558c96 P c6e854b692bc42aead3d6e42a00b646e [term 0 FOLLOWER]: Becoming Follower/Learner. State: Replica: c6e854b692bc42aead3d6e42a00b646e, State: Initialized, Role: FOLLOWER
I20260601 13:32:39.485399 17201 consensus_queue.cc:260] T f6d2351d696e4a1689fd70f14a558c96 P c6e854b692bc42aead3d6e42a00b646e [NON_LEADER]: Queue going to NON_LEADER mode. State: All replicated index: 0, Majority replicated index: 0, Committed index: 0, Last appended: 0.0, Last appended by leader: 0, Current term: 0, Majority size: -1, State: 0, Mode: NON_LEADER, active raft config: opid_index: -1 OBSOLETE_local: false peers { permanent_uuid: "c6e854b692bc42aead3d6e42a00b646e" member_type: VOTER last_known_addr { host: "127.13.152.196" port: 35353 } } peers { permanent_uuid: "1c03a57e59ab41789ebd630e3028059e" member_type: VOTER last_known_addr { host: "127.13.152.194" port: 34781 } } peers { permanent_uuid: "63a2e176c9aa4ce9b837058ca48e2d24" member_type: VOTER last_known_addr { host: "127.13.152.195" port: 41045 } }
I20260601 13:32:39.485656 17201 ts_tablet_manager.cc:1434] T f6d2351d696e4a1689fd70f14a558c96 P c6e854b692bc42aead3d6e42a00b646e: Time spent starting tablet: real 0.001s	user 0.001s	sys 0.000s
I20260601 13:32:39.485827 17201 tablet_bootstrap.cc:492] T 13eeb8f4f3ed43ef9b8b130352b90835 P c6e854b692bc42aead3d6e42a00b646e: Bootstrap starting.
I20260601 13:32:39.486212 17163 raft_consensus.cc:2468] T ba131c807303482b940f4957d4fcda00 P c6e854b692bc42aead3d6e42a00b646e [term 1 FOLLOWER]: Leader election vote request: Granting yes vote for candidate 63a2e176c9aa4ce9b837058ca48e2d24 in term 1.
I20260601 13:32:39.486898 17201 tablet_bootstrap.cc:654] T 13eeb8f4f3ed43ef9b8b130352b90835 P c6e854b692bc42aead3d6e42a00b646e: Neither blocks nor log segments found. Creating new log.
I20260601 13:32:39.486918 16769 catalog_manager.cc:5696] T ba131c807303482b940f4957d4fcda00 P 63a2e176c9aa4ce9b837058ca48e2d24 reported cstate change: term changed from 0 to 1, leader changed from <none> to 63a2e176c9aa4ce9b837058ca48e2d24 (127.13.152.195). New cstate: current_term: 1 leader_uuid: "63a2e176c9aa4ce9b837058ca48e2d24" committed_config { opid_index: -1 OBSOLETE_local: false peers { permanent_uuid: "c6e854b692bc42aead3d6e42a00b646e" member_type: VOTER last_known_addr { host: "127.13.152.196" port: 35353 } health_report { overall_health: UNKNOWN } } peers { permanent_uuid: "63a2e176c9aa4ce9b837058ca48e2d24" member_type: VOTER last_known_addr { host: "127.13.152.195" port: 41045 } health_report { overall_health: HEALTHY } } peers { permanent_uuid: "e68d89cdf6f4428e8ed41369d6fc5612" member_type: VOTER last_known_addr { host: "127.13.152.193" port: 44959 } health_report { overall_health: UNKNOWN } } }
I20260601 13:32:39.488041 17201 tablet_bootstrap.cc:492] T 13eeb8f4f3ed43ef9b8b130352b90835 P c6e854b692bc42aead3d6e42a00b646e: No bootstrap required, opened a new log
I20260601 13:32:39.488137 17201 ts_tablet_manager.cc:1403] T 13eeb8f4f3ed43ef9b8b130352b90835 P c6e854b692bc42aead3d6e42a00b646e: Time spent bootstrapping tablet: real 0.002s	user 0.000s	sys 0.002s
I20260601 13:32:39.488564 17201 raft_consensus.cc:359] T 13eeb8f4f3ed43ef9b8b130352b90835 P c6e854b692bc42aead3d6e42a00b646e [term 0 FOLLOWER]: Replica starting. Triggering 0 pending ops. Active config: opid_index: -1 OBSOLETE_local: false peers { permanent_uuid: "c6e854b692bc42aead3d6e42a00b646e" member_type: VOTER last_known_addr { host: "127.13.152.196" port: 35353 } } peers { permanent_uuid: "e68d89cdf6f4428e8ed41369d6fc5612" member_type: VOTER last_known_addr { host: "127.13.152.193" port: 44959 } } peers { permanent_uuid: "1c03a57e59ab41789ebd630e3028059e" member_type: VOTER last_known_addr { host: "127.13.152.194" port: 34781 } }
I20260601 13:32:39.488659 17201 raft_consensus.cc:385] T 13eeb8f4f3ed43ef9b8b130352b90835 P c6e854b692bc42aead3d6e42a00b646e [term 0 FOLLOWER]: Consensus starting up: Expiring failure detector timer to make a prompt election more likely
I20260601 13:32:39.488696 17201 raft_consensus.cc:740] T 13eeb8f4f3ed43ef9b8b130352b90835 P c6e854b692bc42aead3d6e42a00b646e [term 0 FOLLOWER]: Becoming Follower/Learner. State: Replica: c6e854b692bc42aead3d6e42a00b646e, State: Initialized, Role: FOLLOWER
I20260601 13:32:39.488809 17201 consensus_queue.cc:260] T 13eeb8f4f3ed43ef9b8b130352b90835 P c6e854b692bc42aead3d6e42a00b646e [NON_LEADER]: Queue going to NON_LEADER mode. State: All replicated index: 0, Majority replicated index: 0, Committed index: 0, Last appended: 0.0, Last appended by leader: 0, Current term: 0, Majority size: -1, State: 0, Mode: NON_LEADER, active raft config: opid_index: -1 OBSOLETE_local: false peers { permanent_uuid: "c6e854b692bc42aead3d6e42a00b646e" member_type: VOTER last_known_addr { host: "127.13.152.196" port: 35353 } } peers { permanent_uuid: "e68d89cdf6f4428e8ed41369d6fc5612" member_type: VOTER last_known_addr { host: "127.13.152.193" port: 44959 } } peers { permanent_uuid: "1c03a57e59ab41789ebd630e3028059e" member_type: VOTER last_known_addr { host: "127.13.152.194" port: 34781 } }
I20260601 13:32:39.489140 17201 ts_tablet_manager.cc:1434] T 13eeb8f4f3ed43ef9b8b130352b90835 P c6e854b692bc42aead3d6e42a00b646e: Time spent starting tablet: real 0.001s	user 0.000s	sys 0.000s
I20260601 13:32:39.489354 17201 tablet_bootstrap.cc:492] T 4b1c7a9ed9a74b7d9a5ae193f74bd7aa P c6e854b692bc42aead3d6e42a00b646e: Bootstrap starting.
I20260601 13:32:39.490422 17201 tablet_bootstrap.cc:654] T 4b1c7a9ed9a74b7d9a5ae193f74bd7aa P c6e854b692bc42aead3d6e42a00b646e: Neither blocks nor log segments found. Creating new log.
I20260601 13:32:39.491627 17201 tablet_bootstrap.cc:492] T 4b1c7a9ed9a74b7d9a5ae193f74bd7aa P c6e854b692bc42aead3d6e42a00b646e: No bootstrap required, opened a new log
I20260601 13:32:39.491699 17201 ts_tablet_manager.cc:1403] T 4b1c7a9ed9a74b7d9a5ae193f74bd7aa P c6e854b692bc42aead3d6e42a00b646e: Time spent bootstrapping tablet: real 0.002s	user 0.001s	sys 0.001s
I20260601 13:32:39.492059 17201 raft_consensus.cc:359] T 4b1c7a9ed9a74b7d9a5ae193f74bd7aa P c6e854b692bc42aead3d6e42a00b646e [term 0 FOLLOWER]: Replica starting. Triggering 0 pending ops. Active config: opid_index: -1 OBSOLETE_local: false peers { permanent_uuid: "c6e854b692bc42aead3d6e42a00b646e" member_type: VOTER last_known_addr { host: "127.13.152.196" port: 35353 } } peers { permanent_uuid: "e68d89cdf6f4428e8ed41369d6fc5612" member_type: VOTER last_known_addr { host: "127.13.152.193" port: 44959 } } peers { permanent_uuid: "63a2e176c9aa4ce9b837058ca48e2d24" member_type: VOTER last_known_addr { host: "127.13.152.195" port: 41045 } }
I20260601 13:32:39.492147 17201 raft_consensus.cc:385] T 4b1c7a9ed9a74b7d9a5ae193f74bd7aa P c6e854b692bc42aead3d6e42a00b646e [term 0 FOLLOWER]: Consensus starting up: Expiring failure detector timer to make a prompt election more likely
I20260601 13:32:39.492169 17201 raft_consensus.cc:740] T 4b1c7a9ed9a74b7d9a5ae193f74bd7aa P c6e854b692bc42aead3d6e42a00b646e [term 0 FOLLOWER]: Becoming Follower/Learner. State: Replica: c6e854b692bc42aead3d6e42a00b646e, State: Initialized, Role: FOLLOWER
I20260601 13:32:39.492285 17201 consensus_queue.cc:260] T 4b1c7a9ed9a74b7d9a5ae193f74bd7aa P c6e854b692bc42aead3d6e42a00b646e [NON_LEADER]: Queue going to NON_LEADER mode. State: All replicated index: 0, Majority replicated index: 0, Committed index: 0, Last appended: 0.0, Last appended by leader: 0, Current term: 0, Majority size: -1, State: 0, Mode: NON_LEADER, active raft config: opid_index: -1 OBSOLETE_local: false peers { permanent_uuid: "c6e854b692bc42aead3d6e42a00b646e" member_type: VOTER last_known_addr { host: "127.13.152.196" port: 35353 } } peers { permanent_uuid: "e68d89cdf6f4428e8ed41369d6fc5612" member_type: VOTER last_known_addr { host: "127.13.152.193" port: 44959 } } peers { permanent_uuid: "63a2e176c9aa4ce9b837058ca48e2d24" member_type: VOTER last_known_addr { host: "127.13.152.195" port: 41045 } }
I20260601 13:32:39.492511 17201 ts_tablet_manager.cc:1434] T 4b1c7a9ed9a74b7d9a5ae193f74bd7aa P c6e854b692bc42aead3d6e42a00b646e: Time spent starting tablet: real 0.001s	user 0.000s	sys 0.000s
I20260601 13:32:39.508023 17094 consensus_queue.cc:1048] T 23b0585dd9bd42eea8b72f8e44118f94 P 1c03a57e59ab41789ebd630e3028059e [LEADER]: Connected to new peer: Peer: permanent_uuid: "e68d89cdf6f4428e8ed41369d6fc5612" member_type: VOTER last_known_addr { host: "127.13.152.193" port: 44959 }, Status: LMP_MISMATCH, Last received: 0.0, Next index: 1, Last known committed idx: 0, Time since last communication: 0.000s
I20260601 13:32:39.508246 17090 consensus_queue.cc:1048] T 78641d43e6354f579122d030fb2d528a P e68d89cdf6f4428e8ed41369d6fc5612 [LEADER]: Connected to new peer: Peer: permanent_uuid: "1c03a57e59ab41789ebd630e3028059e" member_type: VOTER last_known_addr { host: "127.13.152.194" port: 34781 }, Status: LMP_MISMATCH, Last received: 0.0, Next index: 1, Last known committed idx: 0, Time since last communication: 0.000s
I20260601 13:32:39.511670 17076 consensus_queue.cc:1048] T 78641d43e6354f579122d030fb2d528a P e68d89cdf6f4428e8ed41369d6fc5612 [LEADER]: Connected to new peer: Peer: permanent_uuid: "63a2e176c9aa4ce9b837058ca48e2d24" member_type: VOTER last_known_addr { host: "127.13.152.195" port: 41045 }, Status: LMP_MISMATCH, Last received: 0.0, Next index: 1, Last known committed idx: 0, Time since last communication: 0.000s
I20260601 13:32:39.513415 17110 consensus_queue.cc:1048] T 23b0585dd9bd42eea8b72f8e44118f94 P 1c03a57e59ab41789ebd630e3028059e [LEADER]: Connected to new peer: Peer: permanent_uuid: "63a2e176c9aa4ce9b837058ca48e2d24" member_type: VOTER last_known_addr { host: "127.13.152.195" port: 41045 }, Status: LMP_MISMATCH, Last received: 0.0, Next index: 1, Last known committed idx: 0, Time since last communication: 0.000s
I20260601 13:32:39.520615 17110 raft_consensus.cc:493] T 13eeb8f4f3ed43ef9b8b130352b90835 P 1c03a57e59ab41789ebd630e3028059e [term 0 FOLLOWER]: Starting pre-election (no leader contacted us within the election timeout)
I20260601 13:32:39.520750 17110 raft_consensus.cc:515] T 13eeb8f4f3ed43ef9b8b130352b90835 P 1c03a57e59ab41789ebd630e3028059e [term 0 FOLLOWER]: Starting pre-election with config: opid_index: -1 OBSOLETE_local: false peers { permanent_uuid: "c6e854b692bc42aead3d6e42a00b646e" member_type: VOTER last_known_addr { host: "127.13.152.196" port: 35353 } } peers { permanent_uuid: "e68d89cdf6f4428e8ed41369d6fc5612" member_type: VOTER last_known_addr { host: "127.13.152.193" port: 44959 } } peers { permanent_uuid: "1c03a57e59ab41789ebd630e3028059e" member_type: VOTER last_known_addr { host: "127.13.152.194" port: 34781 } }
I20260601 13:32:39.521214 17110 leader_election.cc:290] T 13eeb8f4f3ed43ef9b8b130352b90835 P 1c03a57e59ab41789ebd630e3028059e [CANDIDATE]: Term 1 pre-election: Requested pre-vote from peers c6e854b692bc42aead3d6e42a00b646e (127.13.152.196:35353), e68d89cdf6f4428e8ed41369d6fc5612 (127.13.152.193:44959)
I20260601 13:32:39.521564 16872 tablet_service.cc:1917] Received RequestConsensusVote() RPC: tablet_id: "13eeb8f4f3ed43ef9b8b130352b90835" candidate_uuid: "1c03a57e59ab41789ebd630e3028059e" candidate_term: 1 candidate_status { last_received { term: 0 index: 0 } } ignore_live_leader: false dest_uuid: "e68d89cdf6f4428e8ed41369d6fc5612" is_pre_election: true
I20260601 13:32:39.521725 16872 raft_consensus.cc:2468] T 13eeb8f4f3ed43ef9b8b130352b90835 P e68d89cdf6f4428e8ed41369d6fc5612 [term 0 FOLLOWER]: Leader pre-election vote request: Granting yes vote for candidate 1c03a57e59ab41789ebd630e3028059e in term 0.
I20260601 13:32:39.522039 16915 leader_election.cc:304] T 13eeb8f4f3ed43ef9b8b130352b90835 P 1c03a57e59ab41789ebd630e3028059e [CANDIDATE]: Term 1 pre-election: Election decided. Result: candidate won. Election summary: received 2 responses out of 3 voters: 2 yes votes; 0 no votes. yes voters: 1c03a57e59ab41789ebd630e3028059e, e68d89cdf6f4428e8ed41369d6fc5612; no voters: 
I20260601 13:32:39.522234 17110 raft_consensus.cc:2804] T 13eeb8f4f3ed43ef9b8b130352b90835 P 1c03a57e59ab41789ebd630e3028059e [term 0 FOLLOWER]: Leader pre-election won for term 1
I20260601 13:32:39.522297 17110 raft_consensus.cc:493] T 13eeb8f4f3ed43ef9b8b130352b90835 P 1c03a57e59ab41789ebd630e3028059e [term 0 FOLLOWER]: Starting leader election (no leader contacted us within the election timeout)
I20260601 13:32:39.522337 17110 raft_consensus.cc:3060] T 13eeb8f4f3ed43ef9b8b130352b90835 P 1c03a57e59ab41789ebd630e3028059e [term 0 FOLLOWER]: Advancing to term 1
I20260601 13:32:39.523394 17110 raft_consensus.cc:515] T 13eeb8f4f3ed43ef9b8b130352b90835 P 1c03a57e59ab41789ebd630e3028059e [term 1 FOLLOWER]: Starting leader election with config: opid_index: -1 OBSOLETE_local: false peers { permanent_uuid: "c6e854b692bc42aead3d6e42a00b646e" member_type: VOTER last_known_addr { host: "127.13.152.196" port: 35353 } } peers { permanent_uuid: "e68d89cdf6f4428e8ed41369d6fc5612" member_type: VOTER last_known_addr { host: "127.13.152.193" port: 44959 } } peers { permanent_uuid: "1c03a57e59ab41789ebd630e3028059e" member_type: VOTER last_known_addr { host: "127.13.152.194" port: 34781 } }
I20260601 13:32:39.523787 17110 leader_election.cc:290] T 13eeb8f4f3ed43ef9b8b130352b90835 P 1c03a57e59ab41789ebd630e3028059e [CANDIDATE]: Term 1 election: Requested vote from peers c6e854b692bc42aead3d6e42a00b646e (127.13.152.196:35353), e68d89cdf6f4428e8ed41369d6fc5612 (127.13.152.193:44959)
I20260601 13:32:39.524230 16872 tablet_service.cc:1917] Received RequestConsensusVote() RPC: tablet_id: "13eeb8f4f3ed43ef9b8b130352b90835" candidate_uuid: "1c03a57e59ab41789ebd630e3028059e" candidate_term: 1 candidate_status { last_received { term: 0 index: 0 } } ignore_live_leader: false dest_uuid: "e68d89cdf6f4428e8ed41369d6fc5612"
I20260601 13:32:39.524339 16872 raft_consensus.cc:3060] T 13eeb8f4f3ed43ef9b8b130352b90835 P e68d89cdf6f4428e8ed41369d6fc5612 [term 0 FOLLOWER]: Advancing to term 1
I20260601 13:32:39.525046 17163 tablet_service.cc:1917] Received RequestConsensusVote() RPC: tablet_id: "13eeb8f4f3ed43ef9b8b130352b90835" candidate_uuid: "1c03a57e59ab41789ebd630e3028059e" candidate_term: 1 candidate_status { last_received { term: 0 index: 0 } } ignore_live_leader: false dest_uuid: "c6e854b692bc42aead3d6e42a00b646e" is_pre_election: true
I20260601 13:32:39.525082 17164 tablet_service.cc:1917] Received RequestConsensusVote() RPC: tablet_id: "13eeb8f4f3ed43ef9b8b130352b90835" candidate_uuid: "1c03a57e59ab41789ebd630e3028059e" candidate_term: 1 candidate_status { last_received { term: 0 index: 0 } } ignore_live_leader: false dest_uuid: "c6e854b692bc42aead3d6e42a00b646e"
I20260601 13:32:39.525166 17163 raft_consensus.cc:2468] T 13eeb8f4f3ed43ef9b8b130352b90835 P c6e854b692bc42aead3d6e42a00b646e [term 0 FOLLOWER]: Leader pre-election vote request: Granting yes vote for candidate 1c03a57e59ab41789ebd630e3028059e in term 0.
I20260601 13:32:39.525287 16872 raft_consensus.cc:2468] T 13eeb8f4f3ed43ef9b8b130352b90835 P e68d89cdf6f4428e8ed41369d6fc5612 [term 1 FOLLOWER]: Leader election vote request: Granting yes vote for candidate 1c03a57e59ab41789ebd630e3028059e in term 1.
I20260601 13:32:39.525508 16915 leader_election.cc:304] T 13eeb8f4f3ed43ef9b8b130352b90835 P 1c03a57e59ab41789ebd630e3028059e [CANDIDATE]: Term 1 election: Election decided. Result: candidate won. Election summary: received 2 responses out of 3 voters: 2 yes votes; 0 no votes. yes voters: 1c03a57e59ab41789ebd630e3028059e, e68d89cdf6f4428e8ed41369d6fc5612; no voters: 
I20260601 13:32:39.525660 17110 raft_consensus.cc:2804] T 13eeb8f4f3ed43ef9b8b130352b90835 P 1c03a57e59ab41789ebd630e3028059e [term 1 FOLLOWER]: Leader election won for term 1
I20260601 13:32:39.525767 17110 raft_consensus.cc:697] T 13eeb8f4f3ed43ef9b8b130352b90835 P 1c03a57e59ab41789ebd630e3028059e [term 1 LEADER]: Becoming Leader. State: Replica: 1c03a57e59ab41789ebd630e3028059e, State: Running, Role: LEADER
I20260601 13:32:39.525906 17110 consensus_queue.cc:237] T 13eeb8f4f3ed43ef9b8b130352b90835 P 1c03a57e59ab41789ebd630e3028059e [LEADER]: Queue going to LEADER mode. State: All replicated index: 0, Majority replicated index: 0, Committed index: 0, Last appended: 0.0, Last appended by leader: 0, Current term: 1, Majority size: 2, State: 0, Mode: LEADER, active raft config: opid_index: -1 OBSOLETE_local: false peers { permanent_uuid: "c6e854b692bc42aead3d6e42a00b646e" member_type: VOTER last_known_addr { host: "127.13.152.196" port: 35353 } } peers { permanent_uuid: "e68d89cdf6f4428e8ed41369d6fc5612" member_type: VOTER last_known_addr { host: "127.13.152.193" port: 44959 } } peers { permanent_uuid: "1c03a57e59ab41789ebd630e3028059e" member_type: VOTER last_known_addr { host: "127.13.152.194" port: 34781 } }
I20260601 13:32:39.527405 16768 catalog_manager.cc:5696] T 13eeb8f4f3ed43ef9b8b130352b90835 P 1c03a57e59ab41789ebd630e3028059e reported cstate change: term changed from 0 to 1, leader changed from <none> to 1c03a57e59ab41789ebd630e3028059e (127.13.152.194). New cstate: current_term: 1 leader_uuid: "1c03a57e59ab41789ebd630e3028059e" committed_config { opid_index: -1 OBSOLETE_local: false peers { permanent_uuid: "c6e854b692bc42aead3d6e42a00b646e" member_type: VOTER last_known_addr { host: "127.13.152.196" port: 35353 } health_report { overall_health: UNKNOWN } } peers { permanent_uuid: "e68d89cdf6f4428e8ed41369d6fc5612" member_type: VOTER last_known_addr { host: "127.13.152.193" port: 44959 } health_report { overall_health: UNKNOWN } } peers { permanent_uuid: "1c03a57e59ab41789ebd630e3028059e" member_type: VOTER last_known_addr { host: "127.13.152.194" port: 34781 } health_report { overall_health: HEALTHY } } }
I20260601 13:32:39.537075 17210 raft_consensus.cc:493] T 12e50de5419e4197b32fcd182eb582fb P c6e854b692bc42aead3d6e42a00b646e [term 0 FOLLOWER]: Starting pre-election (no leader contacted us within the election timeout)
I20260601 13:32:39.537216 17210 raft_consensus.cc:515] T 12e50de5419e4197b32fcd182eb582fb P c6e854b692bc42aead3d6e42a00b646e [term 0 FOLLOWER]: Starting pre-election with config: opid_index: -1 OBSOLETE_local: false peers { permanent_uuid: "1c03a57e59ab41789ebd630e3028059e" member_type: VOTER last_known_addr { host: "127.13.152.194" port: 34781 } } peers { permanent_uuid: "c6e854b692bc42aead3d6e42a00b646e" member_type: VOTER last_known_addr { host: "127.13.152.196" port: 35353 } } peers { permanent_uuid: "e68d89cdf6f4428e8ed41369d6fc5612" member_type: VOTER last_known_addr { host: "127.13.152.193" port: 44959 } }
I20260601 13:32:39.537839 17210 leader_election.cc:290] T 12e50de5419e4197b32fcd182eb582fb P c6e854b692bc42aead3d6e42a00b646e [CANDIDATE]: Term 1 pre-election: Requested pre-vote from peers 1c03a57e59ab41789ebd630e3028059e (127.13.152.194:34781), e68d89cdf6f4428e8ed41369d6fc5612 (127.13.152.193:44959)
I20260601 13:32:39.538424 17110 raft_consensus.cc:493] T f8187b2da72f4276a7470817b2db891d P 1c03a57e59ab41789ebd630e3028059e [term 0 FOLLOWER]: Starting pre-election (no leader contacted us within the election timeout)
I20260601 13:32:39.538528 17110 raft_consensus.cc:515] T f8187b2da72f4276a7470817b2db891d P 1c03a57e59ab41789ebd630e3028059e [term 0 FOLLOWER]: Starting pre-election with config: opid_index: -1 OBSOLETE_local: false peers { permanent_uuid: "1c03a57e59ab41789ebd630e3028059e" member_type: VOTER last_known_addr { host: "127.13.152.194" port: 34781 } } peers { permanent_uuid: "e68d89cdf6f4428e8ed41369d6fc5612" member_type: VOTER last_known_addr { host: "127.13.152.193" port: 44959 } } peers { permanent_uuid: "c6e854b692bc42aead3d6e42a00b646e" member_type: VOTER last_known_addr { host: "127.13.152.196" port: 35353 } }
I20260601 13:32:39.539002 17110 leader_election.cc:290] T f8187b2da72f4276a7470817b2db891d P 1c03a57e59ab41789ebd630e3028059e [CANDIDATE]: Term 1 pre-election: Requested pre-vote from peers e68d89cdf6f4428e8ed41369d6fc5612 (127.13.152.193:44959), c6e854b692bc42aead3d6e42a00b646e (127.13.152.196:35353)
I20260601 13:32:39.539309 17164 tablet_service.cc:1917] Received RequestConsensusVote() RPC: tablet_id: "f8187b2da72f4276a7470817b2db891d" candidate_uuid: "1c03a57e59ab41789ebd630e3028059e" candidate_term: 1 candidate_status { last_received { term: 0 index: 0 } } ignore_live_leader: false dest_uuid: "c6e854b692bc42aead3d6e42a00b646e" is_pre_election: true
I20260601 13:32:39.539397 16872 tablet_service.cc:1917] Received RequestConsensusVote() RPC: tablet_id: "f8187b2da72f4276a7470817b2db891d" candidate_uuid: "1c03a57e59ab41789ebd630e3028059e" candidate_term: 1 candidate_status { last_received { term: 0 index: 0 } } ignore_live_leader: false dest_uuid: "e68d89cdf6f4428e8ed41369d6fc5612" is_pre_election: true
I20260601 13:32:39.539465 17164 raft_consensus.cc:2468] T f8187b2da72f4276a7470817b2db891d P c6e854b692bc42aead3d6e42a00b646e [term 0 FOLLOWER]: Leader pre-election vote request: Granting yes vote for candidate 1c03a57e59ab41789ebd630e3028059e in term 0.
I20260601 13:32:39.539510 16872 raft_consensus.cc:2468] T f8187b2da72f4276a7470817b2db891d P e68d89cdf6f4428e8ed41369d6fc5612 [term 0 FOLLOWER]: Leader pre-election vote request: Granting yes vote for candidate 1c03a57e59ab41789ebd630e3028059e in term 0.
I20260601 13:32:39.539764 16915 leader_election.cc:304] T f8187b2da72f4276a7470817b2db891d P 1c03a57e59ab41789ebd630e3028059e [CANDIDATE]: Term 1 pre-election: Election decided. Result: candidate won. Election summary: received 2 responses out of 3 voters: 2 yes votes; 0 no votes. yes voters: 1c03a57e59ab41789ebd630e3028059e, e68d89cdf6f4428e8ed41369d6fc5612; no voters: 
I20260601 13:32:39.539917 17110 raft_consensus.cc:2804] T f8187b2da72f4276a7470817b2db891d P 1c03a57e59ab41789ebd630e3028059e [term 0 FOLLOWER]: Leader pre-election won for term 1
I20260601 13:32:39.539956 17110 raft_consensus.cc:493] T f8187b2da72f4276a7470817b2db891d P 1c03a57e59ab41789ebd630e3028059e [term 0 FOLLOWER]: Starting leader election (no leader contacted us within the election timeout)
I20260601 13:32:39.539989 17110 raft_consensus.cc:3060] T f8187b2da72f4276a7470817b2db891d P 1c03a57e59ab41789ebd630e3028059e [term 0 FOLLOWER]: Advancing to term 1
I20260601 13:32:39.541041 17110 raft_consensus.cc:515] T f8187b2da72f4276a7470817b2db891d P 1c03a57e59ab41789ebd630e3028059e [term 1 FOLLOWER]: Starting leader election with config: opid_index: -1 OBSOLETE_local: false peers { permanent_uuid: "1c03a57e59ab41789ebd630e3028059e" member_type: VOTER last_known_addr { host: "127.13.152.194" port: 34781 } } peers { permanent_uuid: "e68d89cdf6f4428e8ed41369d6fc5612" member_type: VOTER last_known_addr { host: "127.13.152.193" port: 44959 } } peers { permanent_uuid: "c6e854b692bc42aead3d6e42a00b646e" member_type: VOTER last_known_addr { host: "127.13.152.196" port: 35353 } }
I20260601 13:32:39.541522 17110 leader_election.cc:290] T f8187b2da72f4276a7470817b2db891d P 1c03a57e59ab41789ebd630e3028059e [CANDIDATE]: Term 1 election: Requested vote from peers e68d89cdf6f4428e8ed41369d6fc5612 (127.13.152.193:44959), c6e854b692bc42aead3d6e42a00b646e (127.13.152.196:35353)
I20260601 13:32:39.541682 17164 tablet_service.cc:1917] Received RequestConsensusVote() RPC: tablet_id: "f8187b2da72f4276a7470817b2db891d" candidate_uuid: "1c03a57e59ab41789ebd630e3028059e" candidate_term: 1 candidate_status { last_received { term: 0 index: 0 } } ignore_live_leader: false dest_uuid: "c6e854b692bc42aead3d6e42a00b646e"
I20260601 13:32:39.541718 16873 tablet_service.cc:1917] Received RequestConsensusVote() RPC: tablet_id: "f8187b2da72f4276a7470817b2db891d" candidate_uuid: "1c03a57e59ab41789ebd630e3028059e" candidate_term: 1 candidate_status { last_received { term: 0 index: 0 } } ignore_live_leader: false dest_uuid: "e68d89cdf6f4428e8ed41369d6fc5612"
I20260601 13:32:39.541767 17164 raft_consensus.cc:3060] T f8187b2da72f4276a7470817b2db891d P c6e854b692bc42aead3d6e42a00b646e [term 0 FOLLOWER]: Advancing to term 1
I20260601 13:32:39.541839 16873 raft_consensus.cc:3060] T f8187b2da72f4276a7470817b2db891d P e68d89cdf6f4428e8ed41369d6fc5612 [term 0 FOLLOWER]: Advancing to term 1
I20260601 13:32:39.542675 16872 tablet_service.cc:1917] Received RequestConsensusVote() RPC: tablet_id: "12e50de5419e4197b32fcd182eb582fb" candidate_uuid: "c6e854b692bc42aead3d6e42a00b646e" candidate_term: 1 candidate_status { last_received { term: 0 index: 0 } } ignore_live_leader: false dest_uuid: "e68d89cdf6f4428e8ed41369d6fc5612" is_pre_election: true
I20260601 13:32:39.542790 16872 raft_consensus.cc:2468] T 12e50de5419e4197b32fcd182eb582fb P e68d89cdf6f4428e8ed41369d6fc5612 [term 0 FOLLOWER]: Leader pre-election vote request: Granting yes vote for candidate c6e854b692bc42aead3d6e42a00b646e in term 0.
I20260601 13:32:39.542858 16873 raft_consensus.cc:2468] T f8187b2da72f4276a7470817b2db891d P e68d89cdf6f4428e8ed41369d6fc5612 [term 1 FOLLOWER]: Leader election vote request: Granting yes vote for candidate 1c03a57e59ab41789ebd630e3028059e in term 1.
I20260601 13:32:39.542936 17164 raft_consensus.cc:2468] T f8187b2da72f4276a7470817b2db891d P c6e854b692bc42aead3d6e42a00b646e [term 1 FOLLOWER]: Leader election vote request: Granting yes vote for candidate 1c03a57e59ab41789ebd630e3028059e in term 1.
I20260601 13:32:39.542794 16948 tablet_service.cc:1917] Received RequestConsensusVote() RPC: tablet_id: "12e50de5419e4197b32fcd182eb582fb" candidate_uuid: "c6e854b692bc42aead3d6e42a00b646e" candidate_term: 1 candidate_status { last_received { term: 0 index: 0 } } ignore_live_leader: false dest_uuid: "1c03a57e59ab41789ebd630e3028059e" is_pre_election: true
I20260601 13:32:39.543042 16948 raft_consensus.cc:2468] T 12e50de5419e4197b32fcd182eb582fb P 1c03a57e59ab41789ebd630e3028059e [term 0 FOLLOWER]: Leader pre-election vote request: Granting yes vote for candidate c6e854b692bc42aead3d6e42a00b646e in term 0.
I20260601 13:32:39.543191 17130 leader_election.cc:304] T 12e50de5419e4197b32fcd182eb582fb P c6e854b692bc42aead3d6e42a00b646e [CANDIDATE]: Term 1 pre-election: Election decided. Result: candidate won. Election summary: received 2 responses out of 3 voters: 2 yes votes; 0 no votes. yes voters: c6e854b692bc42aead3d6e42a00b646e, e68d89cdf6f4428e8ed41369d6fc5612; no voters: 
I20260601 13:32:39.543284 16914 leader_election.cc:304] T f8187b2da72f4276a7470817b2db891d P 1c03a57e59ab41789ebd630e3028059e [CANDIDATE]: Term 1 election: Election decided. Result: candidate won. Election summary: received 2 responses out of 3 voters: 2 yes votes; 0 no votes. yes voters: 1c03a57e59ab41789ebd630e3028059e, c6e854b692bc42aead3d6e42a00b646e; no voters: 
I20260601 13:32:39.543416 17110 raft_consensus.cc:2804] T f8187b2da72f4276a7470817b2db891d P 1c03a57e59ab41789ebd630e3028059e [term 1 FOLLOWER]: Leader election won for term 1
I20260601 13:32:39.543479 17210 raft_consensus.cc:2804] T 12e50de5419e4197b32fcd182eb582fb P c6e854b692bc42aead3d6e42a00b646e [term 0 FOLLOWER]: Leader pre-election won for term 1
I20260601 13:32:39.543520 17110 raft_consensus.cc:697] T f8187b2da72f4276a7470817b2db891d P 1c03a57e59ab41789ebd630e3028059e [term 1 LEADER]: Becoming Leader. State: Replica: 1c03a57e59ab41789ebd630e3028059e, State: Running, Role: LEADER
I20260601 13:32:39.543531 17210 raft_consensus.cc:493] T 12e50de5419e4197b32fcd182eb582fb P c6e854b692bc42aead3d6e42a00b646e [term 0 FOLLOWER]: Starting leader election (no leader contacted us within the election timeout)
I20260601 13:32:39.543596 17210 raft_consensus.cc:3060] T 12e50de5419e4197b32fcd182eb582fb P c6e854b692bc42aead3d6e42a00b646e [term 0 FOLLOWER]: Advancing to term 1
I20260601 13:32:39.543671 17110 consensus_queue.cc:237] T f8187b2da72f4276a7470817b2db891d P 1c03a57e59ab41789ebd630e3028059e [LEADER]: Queue going to LEADER mode. State: All replicated index: 0, Majority replicated index: 0, Committed index: 0, Last appended: 0.0, Last appended by leader: 0, Current term: 1, Majority size: 2, State: 0, Mode: LEADER, active raft config: opid_index: -1 OBSOLETE_local: false peers { permanent_uuid: "1c03a57e59ab41789ebd630e3028059e" member_type: VOTER last_known_addr { host: "127.13.152.194" port: 34781 } } peers { permanent_uuid: "e68d89cdf6f4428e8ed41369d6fc5612" member_type: VOTER last_known_addr { host: "127.13.152.193" port: 44959 } } peers { permanent_uuid: "c6e854b692bc42aead3d6e42a00b646e" member_type: VOTER last_known_addr { host: "127.13.152.196" port: 35353 } }
I20260601 13:32:39.544658 17210 raft_consensus.cc:515] T 12e50de5419e4197b32fcd182eb582fb P c6e854b692bc42aead3d6e42a00b646e [term 1 FOLLOWER]: Starting leader election with config: opid_index: -1 OBSOLETE_local: false peers { permanent_uuid: "1c03a57e59ab41789ebd630e3028059e" member_type: VOTER last_known_addr { host: "127.13.152.194" port: 34781 } } peers { permanent_uuid: "c6e854b692bc42aead3d6e42a00b646e" member_type: VOTER last_known_addr { host: "127.13.152.196" port: 35353 } } peers { permanent_uuid: "e68d89cdf6f4428e8ed41369d6fc5612" member_type: VOTER last_known_addr { host: "127.13.152.193" port: 44959 } }
I20260601 13:32:39.544955 17210 leader_election.cc:290] T 12e50de5419e4197b32fcd182eb582fb P c6e854b692bc42aead3d6e42a00b646e [CANDIDATE]: Term 1 election: Requested vote from peers 1c03a57e59ab41789ebd630e3028059e (127.13.152.194:34781), e68d89cdf6f4428e8ed41369d6fc5612 (127.13.152.193:44959)
I20260601 13:32:39.545241 16873 tablet_service.cc:1917] Received RequestConsensusVote() RPC: tablet_id: "12e50de5419e4197b32fcd182eb582fb" candidate_uuid: "c6e854b692bc42aead3d6e42a00b646e" candidate_term: 1 candidate_status { last_received { term: 0 index: 0 } } ignore_live_leader: false dest_uuid: "e68d89cdf6f4428e8ed41369d6fc5612"
I20260601 13:32:39.545244 16948 tablet_service.cc:1917] Received RequestConsensusVote() RPC: tablet_id: "12e50de5419e4197b32fcd182eb582fb" candidate_uuid: "c6e854b692bc42aead3d6e42a00b646e" candidate_term: 1 candidate_status { last_received { term: 0 index: 0 } } ignore_live_leader: false dest_uuid: "1c03a57e59ab41789ebd630e3028059e"
I20260601 13:32:39.545379 16873 raft_consensus.cc:3060] T 12e50de5419e4197b32fcd182eb582fb P e68d89cdf6f4428e8ed41369d6fc5612 [term 0 FOLLOWER]: Advancing to term 1
I20260601 13:32:39.545420 16948 raft_consensus.cc:3060] T 12e50de5419e4197b32fcd182eb582fb P 1c03a57e59ab41789ebd630e3028059e [term 0 FOLLOWER]: Advancing to term 1
I20260601 13:32:39.545630 16768 catalog_manager.cc:5696] T f8187b2da72f4276a7470817b2db891d P 1c03a57e59ab41789ebd630e3028059e reported cstate change: term changed from 0 to 1, leader changed from <none> to 1c03a57e59ab41789ebd630e3028059e (127.13.152.194). New cstate: current_term: 1 leader_uuid: "1c03a57e59ab41789ebd630e3028059e" committed_config { opid_index: -1 OBSOLETE_local: false peers { permanent_uuid: "1c03a57e59ab41789ebd630e3028059e" member_type: VOTER last_known_addr { host: "127.13.152.194" port: 34781 } health_report { overall_health: HEALTHY } } peers { permanent_uuid: "e68d89cdf6f4428e8ed41369d6fc5612" member_type: VOTER last_known_addr { host: "127.13.152.193" port: 44959 } health_report { overall_health: UNKNOWN } } peers { permanent_uuid: "c6e854b692bc42aead3d6e42a00b646e" member_type: VOTER last_known_addr { host: "127.13.152.196" port: 35353 } health_report { overall_health: UNKNOWN } } }
I20260601 13:32:39.546130 16873 raft_consensus.cc:2468] T 12e50de5419e4197b32fcd182eb582fb P e68d89cdf6f4428e8ed41369d6fc5612 [term 1 FOLLOWER]: Leader election vote request: Granting yes vote for candidate c6e854b692bc42aead3d6e42a00b646e in term 1.
I20260601 13:32:39.546322 16948 raft_consensus.cc:2468] T 12e50de5419e4197b32fcd182eb582fb P 1c03a57e59ab41789ebd630e3028059e [term 1 FOLLOWER]: Leader election vote request: Granting yes vote for candidate c6e854b692bc42aead3d6e42a00b646e in term 1.
I20260601 13:32:39.546463 17130 leader_election.cc:304] T 12e50de5419e4197b32fcd182eb582fb P c6e854b692bc42aead3d6e42a00b646e [CANDIDATE]: Term 1 election: Election decided. Result: candidate won. Election summary: received 2 responses out of 3 voters: 2 yes votes; 0 no votes. yes voters: c6e854b692bc42aead3d6e42a00b646e, e68d89cdf6f4428e8ed41369d6fc5612; no voters: 
I20260601 13:32:39.546625 17210 raft_consensus.cc:2804] T 12e50de5419e4197b32fcd182eb582fb P c6e854b692bc42aead3d6e42a00b646e [term 1 FOLLOWER]: Leader election won for term 1
I20260601 13:32:39.546814 17210 raft_consensus.cc:697] T 12e50de5419e4197b32fcd182eb582fb P c6e854b692bc42aead3d6e42a00b646e [term 1 LEADER]: Becoming Leader. State: Replica: c6e854b692bc42aead3d6e42a00b646e, State: Running, Role: LEADER
I20260601 13:32:39.546968 17210 consensus_queue.cc:237] T 12e50de5419e4197b32fcd182eb582fb P c6e854b692bc42aead3d6e42a00b646e [LEADER]: Queue going to LEADER mode. State: All replicated index: 0, Majority replicated index: 0, Committed index: 0, Last appended: 0.0, Last appended by leader: 0, Current term: 1, Majority size: 2, State: 0, Mode: LEADER, active raft config: opid_index: -1 OBSOLETE_local: false peers { permanent_uuid: "1c03a57e59ab41789ebd630e3028059e" member_type: VOTER last_known_addr { host: "127.13.152.194" port: 34781 } } peers { permanent_uuid: "c6e854b692bc42aead3d6e42a00b646e" member_type: VOTER last_known_addr { host: "127.13.152.196" port: 35353 } } peers { permanent_uuid: "e68d89cdf6f4428e8ed41369d6fc5612" member_type: VOTER last_known_addr { host: "127.13.152.193" port: 44959 } }
I20260601 13:32:39.548594 16769 catalog_manager.cc:5696] T 12e50de5419e4197b32fcd182eb582fb P c6e854b692bc42aead3d6e42a00b646e reported cstate change: term changed from 0 to 1, leader changed from <none> to c6e854b692bc42aead3d6e42a00b646e (127.13.152.196). New cstate: current_term: 1 leader_uuid: "c6e854b692bc42aead3d6e42a00b646e" committed_config { opid_index: -1 OBSOLETE_local: false peers { permanent_uuid: "1c03a57e59ab41789ebd630e3028059e" member_type: VOTER last_known_addr { host: "127.13.152.194" port: 34781 } health_report { overall_health: UNKNOWN } } peers { permanent_uuid: "c6e854b692bc42aead3d6e42a00b646e" member_type: VOTER last_known_addr { host: "127.13.152.196" port: 35353 } health_report { overall_health: HEALTHY } } peers { permanent_uuid: "e68d89cdf6f4428e8ed41369d6fc5612" member_type: VOTER last_known_addr { host: "127.13.152.193" port: 44959 } health_report { overall_health: UNKNOWN } } }
I20260601 13:32:39.556260 17110 consensus_queue.cc:1048] T dd63222623e842d2a6403d808865b699 P 1c03a57e59ab41789ebd630e3028059e [LEADER]: Connected to new peer: Peer: permanent_uuid: "63a2e176c9aa4ce9b837058ca48e2d24" member_type: VOTER last_known_addr { host: "127.13.152.195" port: 41045 }, Status: LMP_MISMATCH, Last received: 0.0, Next index: 1, Last known committed idx: 0, Time since last communication: 0.000s
I20260601 13:32:39.559245 17237 consensus_queue.cc:1048] T dd63222623e842d2a6403d808865b699 P 1c03a57e59ab41789ebd630e3028059e [LEADER]: Connected to new peer: Peer: permanent_uuid: "e68d89cdf6f4428e8ed41369d6fc5612" member_type: VOTER last_known_addr { host: "127.13.152.193" port: 44959 }, Status: LMP_MISMATCH, Last received: 0.0, Next index: 1, Last known committed idx: 0, Time since last communication: 0.000s
I20260601 13:32:39.641070 17210 raft_consensus.cc:493] T dd1cc624a4f546419aac5a7c7624c68b P c6e854b692bc42aead3d6e42a00b646e [term 0 FOLLOWER]: Starting pre-election (no leader contacted us within the election timeout)
I20260601 13:32:39.641222 17210 raft_consensus.cc:515] T dd1cc624a4f546419aac5a7c7624c68b P c6e854b692bc42aead3d6e42a00b646e [term 0 FOLLOWER]: Starting pre-election with config: opid_index: -1 OBSOLETE_local: false peers { permanent_uuid: "c6e854b692bc42aead3d6e42a00b646e" member_type: VOTER last_known_addr { host: "127.13.152.196" port: 35353 } } peers { permanent_uuid: "63a2e176c9aa4ce9b837058ca48e2d24" member_type: VOTER last_known_addr { host: "127.13.152.195" port: 41045 } } peers { permanent_uuid: "1c03a57e59ab41789ebd630e3028059e" member_type: VOTER last_known_addr { host: "127.13.152.194" port: 34781 } }
I20260601 13:32:39.641803 17210 leader_election.cc:290] T dd1cc624a4f546419aac5a7c7624c68b P c6e854b692bc42aead3d6e42a00b646e [CANDIDATE]: Term 1 pre-election: Requested pre-vote from peers 63a2e176c9aa4ce9b837058ca48e2d24 (127.13.152.195:41045), 1c03a57e59ab41789ebd630e3028059e (127.13.152.194:34781)
