I20260601 13:22:22.494063  7169 tablet_bootstrap.cc:492] T fb7f3316ac6c43c097b276fa50d20110 P 674e7ab4260248c7ac659967c5a8ae59: Bootstrap replayed 1/1 log segments. Stats: ops{read=2 overwritten=0 applied=2 ignored=0} inserts{seen=0 ignored=0} mutations{seen=0 ignored=0} orphaned_commits=0. Pending: 0 replicates
I20260601 13:22:22.494354  7169 tablet_bootstrap.cc:492] T fb7f3316ac6c43c097b276fa50d20110 P 674e7ab4260248c7ac659967c5a8ae59: Bootstrap complete.
I20260601 13:22:22.494547  7169 ts_tablet_manager.cc:1403] T fb7f3316ac6c43c097b276fa50d20110 P 674e7ab4260248c7ac659967c5a8ae59: Time spent bootstrapping tablet: real 0.004s	user 0.004s	sys 0.000s
I20260601 13:22:22.494995  7169 raft_consensus.cc:359] T fb7f3316ac6c43c097b276fa50d20110 P 674e7ab4260248c7ac659967c5a8ae59 [term 1 LEARNER]: Replica starting. Triggering 0 pending ops. Active config: opid_index: 2 OBSOLETE_local: false peers { permanent_uuid: "7f3ec4e71e6b4a5aa53e889660f82cd6" member_type: VOTER last_known_addr { host: "127.3.161.66" port: 38117 } } peers { permanent_uuid: "e92a0a444aee4b8caf5af2596c5528a3" member_type: VOTER last_known_addr { host: "127.3.161.65" port: 35583 } attrs { replace: true } } peers { permanent_uuid: "5fad406b8702414e92433a8006a898b5" member_type: VOTER last_known_addr { host: "127.3.161.67" port: 41519 } } peers { permanent_uuid: "674e7ab4260248c7ac659967c5a8ae59" member_type: NON_VOTER last_known_addr { host: "127.3.161.68" port: 43825 } attrs { promote: true } }
I20260601 13:22:22.495121  7169 raft_consensus.cc:740] T fb7f3316ac6c43c097b276fa50d20110 P 674e7ab4260248c7ac659967c5a8ae59 [term 1 LEARNER]: Becoming Follower/Learner. State: Replica: 674e7ab4260248c7ac659967c5a8ae59, State: Initialized, Role: LEARNER
I20260601 13:22:22.495229  7169 consensus_queue.cc:260] T fb7f3316ac6c43c097b276fa50d20110 P 674e7ab4260248c7ac659967c5a8ae59 [NON_LEADER]: Queue going to NON_LEADER mode. State: All replicated index: 0, Majority replicated index: 0, Committed index: 2, Last appended: 1.2, Last appended by leader: 2, Current term: 0, Majority size: -1, State: 0, Mode: NON_LEADER, active raft config: opid_index: 2 OBSOLETE_local: false peers { permanent_uuid: "7f3ec4e71e6b4a5aa53e889660f82cd6" member_type: VOTER last_known_addr { host: "127.3.161.66" port: 38117 } } peers { permanent_uuid: "e92a0a444aee4b8caf5af2596c5528a3" member_type: VOTER last_known_addr { host: "127.3.161.65" port: 35583 } attrs { replace: true } } peers { permanent_uuid: "5fad406b8702414e92433a8006a898b5" member_type: VOTER last_known_addr { host: "127.3.161.67" port: 41519 } } peers { permanent_uuid: "674e7ab4260248c7ac659967c5a8ae59" member_type: NON_VOTER last_known_addr { host: "127.3.161.68" port: 43825 } attrs { promote: true } }
I20260601 13:22:22.495930  7169 ts_tablet_manager.cc:1434] T fb7f3316ac6c43c097b276fa50d20110 P 674e7ab4260248c7ac659967c5a8ae59: Time spent starting tablet: real 0.001s	user 0.001s	sys 0.000s
I20260601 13:22:22.496371  6783 tablet_copy_service.cc:342] P 7f3ec4e71e6b4a5aa53e889660f82cd6: Request end of tablet copy session 674e7ab4260248c7ac659967c5a8ae59-fb7f3316ac6c43c097b276fa50d20110 received from {username='slave'} at 127.0.0.1:35474
I20260601 13:22:22.496461  6783 tablet_copy_service.cc:434] P 7f3ec4e71e6b4a5aa53e889660f82cd6: ending tablet copy session 674e7ab4260248c7ac659967c5a8ae59-fb7f3316ac6c43c097b276fa50d20110 on tablet fb7f3316ac6c43c097b276fa50d20110 with peer 674e7ab4260248c7ac659967c5a8ae59
I20260601 13:22:22.557160  7169 ts_tablet_manager.cc:933] T c5a6057b80474f7b96fc174e25841f24 P 674e7ab4260248c7ac659967c5a8ae59: Initiating tablet copy from peer 5fad406b8702414e92433a8006a898b5 (127.3.161.67:41519)
I20260601 13:22:22.557516  7169 tablet_copy_client.cc:323] T c5a6057b80474f7b96fc174e25841f24 P 674e7ab4260248c7ac659967c5a8ae59: tablet copy: Beginning tablet copy session from remote peer at address 127.3.161.67:41519
I20260601 13:22:22.557988  6858 tablet_copy_service.cc:140] P 5fad406b8702414e92433a8006a898b5: Received BeginTabletCopySession request for tablet c5a6057b80474f7b96fc174e25841f24 from peer 674e7ab4260248c7ac659967c5a8ae59 ({username='slave'} at 127.0.0.1:38590)
I20260601 13:22:22.558110  6858 tablet_copy_service.cc:161] P 5fad406b8702414e92433a8006a898b5: Beginning new tablet copy session on tablet c5a6057b80474f7b96fc174e25841f24 from peer 674e7ab4260248c7ac659967c5a8ae59 at {username='slave'} at 127.0.0.1:38590: session id = 674e7ab4260248c7ac659967c5a8ae59-c5a6057b80474f7b96fc174e25841f24
I20260601 13:22:22.559193  6858 tablet_copy_source_session.cc:215] T c5a6057b80474f7b96fc174e25841f24 P 5fad406b8702414e92433a8006a898b5: Tablet Copy: opened 0 blocks and 1 log segments
I20260601 13:22:22.560135  7169 data_dirs.cc:400] Could only allocate 1 dirs of requested 3 for tablet c5a6057b80474f7b96fc174e25841f24. 1 dirs total, 0 dirs full, 0 dirs failed
I20260601 13:22:22.562022  7169 tablet_copy_client.cc:806] T c5a6057b80474f7b96fc174e25841f24 P 674e7ab4260248c7ac659967c5a8ae59: tablet copy: Starting download of 0 data blocks...
I20260601 13:22:22.562230  7169 tablet_copy_client.cc:670] T c5a6057b80474f7b96fc174e25841f24 P 674e7ab4260248c7ac659967c5a8ae59: tablet copy: Starting download of 1 WAL segments...
I20260601 13:22:22.563463  7169 tablet_copy_client.cc:538] T c5a6057b80474f7b96fc174e25841f24 P 674e7ab4260248c7ac659967c5a8ae59: tablet copy: Tablet Copy complete. Replacing tablet superblock.
I20260601 13:22:22.564621  7169 tablet_bootstrap.cc:492] T c5a6057b80474f7b96fc174e25841f24 P 674e7ab4260248c7ac659967c5a8ae59: Bootstrap starting.
I20260601 13:22:22.568390  7169 tablet_bootstrap.cc:492] T c5a6057b80474f7b96fc174e25841f24 P 674e7ab4260248c7ac659967c5a8ae59: Bootstrap replayed 1/1 log segments. Stats: ops{read=3 overwritten=0 applied=3 ignored=0} inserts{seen=0 ignored=0} mutations{seen=0 ignored=0} orphaned_commits=0. Pending: 0 replicates
I20260601 13:22:22.568672  7169 tablet_bootstrap.cc:492] T c5a6057b80474f7b96fc174e25841f24 P 674e7ab4260248c7ac659967c5a8ae59: Bootstrap complete.
I20260601 13:22:22.568873  7169 ts_tablet_manager.cc:1403] T c5a6057b80474f7b96fc174e25841f24 P 674e7ab4260248c7ac659967c5a8ae59: Time spent bootstrapping tablet: real 0.004s	user 0.003s	sys 0.001s
I20260601 13:22:22.569399  7169 raft_consensus.cc:359] T c5a6057b80474f7b96fc174e25841f24 P 674e7ab4260248c7ac659967c5a8ae59 [term 2 LEARNER]: Replica starting. Triggering 0 pending ops. Active config: opid_index: 3 OBSOLETE_local: false peers { permanent_uuid: "e92a0a444aee4b8caf5af2596c5528a3" member_type: VOTER last_known_addr { host: "127.3.161.65" port: 35583 } } peers { permanent_uuid: "7f3ec4e71e6b4a5aa53e889660f82cd6" member_type: VOTER last_known_addr { host: "127.3.161.66" port: 38117 } attrs { replace: true } } peers { permanent_uuid: "5fad406b8702414e92433a8006a898b5" member_type: VOTER last_known_addr { host: "127.3.161.67" port: 41519 } } peers { permanent_uuid: "674e7ab4260248c7ac659967c5a8ae59" member_type: NON_VOTER last_known_addr { host: "127.3.161.68" port: 43825 } attrs { promote: true } }
I20260601 13:22:22.569537  7169 raft_consensus.cc:740] T c5a6057b80474f7b96fc174e25841f24 P 674e7ab4260248c7ac659967c5a8ae59 [term 2 LEARNER]: Becoming Follower/Learner. State: Replica: 674e7ab4260248c7ac659967c5a8ae59, State: Initialized, Role: LEARNER
I20260601 13:22:22.569666  7169 consensus_queue.cc:260] T c5a6057b80474f7b96fc174e25841f24 P 674e7ab4260248c7ac659967c5a8ae59 [NON_LEADER]: Queue going to NON_LEADER mode. State: All replicated index: 0, Majority replicated index: 0, Committed index: 3, Last appended: 2.3, Last appended by leader: 3, Current term: 0, Majority size: -1, State: 0, Mode: NON_LEADER, active raft config: opid_index: 3 OBSOLETE_local: false peers { permanent_uuid: "e92a0a444aee4b8caf5af2596c5528a3" member_type: VOTER last_known_addr { host: "127.3.161.65" port: 35583 } } peers { permanent_uuid: "7f3ec4e71e6b4a5aa53e889660f82cd6" member_type: VOTER last_known_addr { host: "127.3.161.66" port: 38117 } attrs { replace: true } } peers { permanent_uuid: "5fad406b8702414e92433a8006a898b5" member_type: VOTER last_known_addr { host: "127.3.161.67" port: 41519 } } peers { permanent_uuid: "674e7ab4260248c7ac659967c5a8ae59" member_type: NON_VOTER last_known_addr { host: "127.3.161.68" port: 43825 } attrs { promote: true } }
I20260601 13:22:22.570027  7169 ts_tablet_manager.cc:1434] T c5a6057b80474f7b96fc174e25841f24 P 674e7ab4260248c7ac659967c5a8ae59: Time spent starting tablet: real 0.001s	user 0.003s	sys 0.000s
I20260601 13:22:22.570528  6858 tablet_copy_service.cc:342] P 5fad406b8702414e92433a8006a898b5: Request end of tablet copy session 674e7ab4260248c7ac659967c5a8ae59-c5a6057b80474f7b96fc174e25841f24 received from {username='slave'} at 127.0.0.1:38590
I20260601 13:22:22.570616  6858 tablet_copy_service.cc:434] P 5fad406b8702414e92433a8006a898b5: ending tablet copy session 674e7ab4260248c7ac659967c5a8ae59-c5a6057b80474f7b96fc174e25841f24 on tablet c5a6057b80474f7b96fc174e25841f24 with peer 674e7ab4260248c7ac659967c5a8ae59
I20260601 13:22:22.846900  6773 raft_consensus.cc:1217] T 194ef36e665c43d383fc3d50789086a2 P 7f3ec4e71e6b4a5aa53e889660f82cd6 [term 1 LEARNER]: Deduplicated request from leader. Original: 1.1->[1.2-1.2]   Dedup: 1.2->[]
I20260601 13:22:22.927956  6982 raft_consensus.cc:1217] T fb7f3316ac6c43c097b276fa50d20110 P 674e7ab4260248c7ac659967c5a8ae59 [term 1 LEARNER]: Deduplicated request from leader. Original: 1.1->[1.2-1.2]   Dedup: 1.2->[]
I20260601 13:22:22.984897  6847 raft_consensus.cc:1217] T 562f0a8bb53143afb35103c22a7b61cf P 5fad406b8702414e92433a8006a898b5 [term 2 LEARNER]: Deduplicated request from leader. Original: 2.2->[2.3-2.3]   Dedup: 2.3->[]
I20260601 13:22:23.044443  6982 raft_consensus.cc:1217] T c5a6057b80474f7b96fc174e25841f24 P 674e7ab4260248c7ac659967c5a8ae59 [term 2 LEARNER]: Deduplicated request from leader. Original: 2.2->[2.3-2.3]   Dedup: 2.3->[]
I20260601 13:22:23.233451  7176 raft_consensus.cc:1064] T 194ef36e665c43d383fc3d50789086a2 P e92a0a444aee4b8caf5af2596c5528a3: attempting to promote NON_VOTER 7f3ec4e71e6b4a5aa53e889660f82cd6 to VOTER
I20260601 13:22:23.234000  7176 consensus_queue.cc:237] T 194ef36e665c43d383fc3d50789086a2 P e92a0a444aee4b8caf5af2596c5528a3 [LEADER]: Queue going to LEADER mode. State: All replicated index: 0, Majority replicated index: 2, Committed index: 2, Last appended: 1.2, Last appended by leader: 0, Current term: 1, Majority size: 3, State: 0, Mode: LEADER, active raft config: opid_index: 3 OBSOLETE_local: false peers { permanent_uuid: "5fad406b8702414e92433a8006a898b5" member_type: VOTER last_known_addr { host: "127.3.161.67" port: 41519 } } peers { permanent_uuid: "e92a0a444aee4b8caf5af2596c5528a3" member_type: VOTER last_known_addr { host: "127.3.161.65" port: 35583 } } peers { permanent_uuid: "674e7ab4260248c7ac659967c5a8ae59" member_type: VOTER last_known_addr { host: "127.3.161.68" port: 43825 } attrs { replace: true } } peers { permanent_uuid: "7f3ec4e71e6b4a5aa53e889660f82cd6" member_type: VOTER last_known_addr { host: "127.3.161.66" port: 38117 } attrs { promote: false } }
I20260601 13:22:23.235594  6773 raft_consensus.cc:1275] T 194ef36e665c43d383fc3d50789086a2 P 7f3ec4e71e6b4a5aa53e889660f82cd6 [term 1 LEARNER]: Refusing update from remote peer e92a0a444aee4b8caf5af2596c5528a3: Log matching property violated. Preceding OpId in replica: term: 1 index: 2. Preceding OpId from leader: term: 1 index: 3. (index mismatch)
I20260601 13:22:23.235637  6982 raft_consensus.cc:1275] T 194ef36e665c43d383fc3d50789086a2 P 674e7ab4260248c7ac659967c5a8ae59 [term 1 FOLLOWER]: Refusing update from remote peer e92a0a444aee4b8caf5af2596c5528a3: Log matching property violated. Preceding OpId in replica: term: 1 index: 2. Preceding OpId from leader: term: 1 index: 3. (index mismatch)
I20260601 13:22:23.235716  6847 raft_consensus.cc:1275] T 194ef36e665c43d383fc3d50789086a2 P 5fad406b8702414e92433a8006a898b5 [term 1 FOLLOWER]: Refusing update from remote peer e92a0a444aee4b8caf5af2596c5528a3: Log matching property violated. Preceding OpId in replica: term: 1 index: 2. Preceding OpId from leader: term: 1 index: 3. (index mismatch)
I20260601 13:22:23.236028  7175 consensus_queue.cc:1048] T 194ef36e665c43d383fc3d50789086a2 P e92a0a444aee4b8caf5af2596c5528a3 [LEADER]: Connected to new peer: Peer: permanent_uuid: "7f3ec4e71e6b4a5aa53e889660f82cd6" member_type: VOTER last_known_addr { host: "127.3.161.66" port: 38117 } attrs { promote: false }, Status: LMP_MISMATCH, Last received: 0.0, Next index: 3, Last known committed idx: 2, Time since last communication: 0.000s
I20260601 13:22:23.236243  7180 consensus_queue.cc:1048] T 194ef36e665c43d383fc3d50789086a2 P e92a0a444aee4b8caf5af2596c5528a3 [LEADER]: Connected to new peer: Peer: permanent_uuid: "674e7ab4260248c7ac659967c5a8ae59" member_type: VOTER last_known_addr { host: "127.3.161.68" port: 43825 } attrs { replace: true }, Status: LMP_MISMATCH, Last received: 0.0, Next index: 3, Last known committed idx: 2, Time since last communication: 0.000s
I20260601 13:22:23.236441  6898 consensus_queue.cc:1048] T 194ef36e665c43d383fc3d50789086a2 P e92a0a444aee4b8caf5af2596c5528a3 [LEADER]: Connected to new peer: Peer: permanent_uuid: "5fad406b8702414e92433a8006a898b5" member_type: VOTER last_known_addr { host: "127.3.161.67" port: 41519 }, Status: LMP_MISMATCH, Last received: 0.0, Next index: 3, Last known committed idx: 2, Time since last communication: 0.000s
I20260601 13:22:23.238277  6898 raft_consensus.cc:2955] T 194ef36e665c43d383fc3d50789086a2 P e92a0a444aee4b8caf5af2596c5528a3 [term 1 LEADER]: Committing config change with OpId 1.3: config changed from index 2 to 3, 7f3ec4e71e6b4a5aa53e889660f82cd6 (127.3.161.66) changed from NON_VOTER to VOTER. New config: { opid_index: 3 OBSOLETE_local: false peers { permanent_uuid: "5fad406b8702414e92433a8006a898b5" member_type: VOTER last_known_addr { host: "127.3.161.67" port: 41519 } } peers { permanent_uuid: "e92a0a444aee4b8caf5af2596c5528a3" member_type: VOTER last_known_addr { host: "127.3.161.65" port: 35583 } } peers { permanent_uuid: "674e7ab4260248c7ac659967c5a8ae59" member_type: VOTER last_known_addr { host: "127.3.161.68" port: 43825 } attrs { replace: true } } peers { permanent_uuid: "7f3ec4e71e6b4a5aa53e889660f82cd6" member_type: VOTER last_known_addr { host: "127.3.161.66" port: 38117 } attrs { promote: false } } }
I20260601 13:22:23.238804  6773 raft_consensus.cc:2955] T 194ef36e665c43d383fc3d50789086a2 P 7f3ec4e71e6b4a5aa53e889660f82cd6 [term 1 FOLLOWER]: Committing config change with OpId 1.3: config changed from index 2 to 3, 7f3ec4e71e6b4a5aa53e889660f82cd6 (127.3.161.66) changed from NON_VOTER to VOTER. New config: { opid_index: 3 OBSOLETE_local: false peers { permanent_uuid: "5fad406b8702414e92433a8006a898b5" member_type: VOTER last_known_addr { host: "127.3.161.67" port: 41519 } } peers { permanent_uuid: "e92a0a444aee4b8caf5af2596c5528a3" member_type: VOTER last_known_addr { host: "127.3.161.65" port: 35583 } } peers { permanent_uuid: "674e7ab4260248c7ac659967c5a8ae59" member_type: VOTER last_known_addr { host: "127.3.161.68" port: 43825 } attrs { replace: true } } peers { permanent_uuid: "7f3ec4e71e6b4a5aa53e889660f82cd6" member_type: VOTER last_known_addr { host: "127.3.161.66" port: 38117 } attrs { promote: false } } }
I20260601 13:22:23.238837  6982 raft_consensus.cc:2955] T 194ef36e665c43d383fc3d50789086a2 P 674e7ab4260248c7ac659967c5a8ae59 [term 1 FOLLOWER]: Committing config change with OpId 1.3: config changed from index 2 to 3, 7f3ec4e71e6b4a5aa53e889660f82cd6 (127.3.161.66) changed from NON_VOTER to VOTER. New config: { opid_index: 3 OBSOLETE_local: false peers { permanent_uuid: "5fad406b8702414e92433a8006a898b5" member_type: VOTER last_known_addr { host: "127.3.161.67" port: 41519 } } peers { permanent_uuid: "e92a0a444aee4b8caf5af2596c5528a3" member_type: VOTER last_known_addr { host: "127.3.161.65" port: 35583 } } peers { permanent_uuid: "674e7ab4260248c7ac659967c5a8ae59" member_type: VOTER last_known_addr { host: "127.3.161.68" port: 43825 } attrs { replace: true } } peers { permanent_uuid: "7f3ec4e71e6b4a5aa53e889660f82cd6" member_type: VOTER last_known_addr { host: "127.3.161.66" port: 38117 } attrs { promote: false } } }
I20260601 13:22:23.241173  6594 catalog_manager.cc:5696] T 194ef36e665c43d383fc3d50789086a2 P 7f3ec4e71e6b4a5aa53e889660f82cd6 reported cstate change: config changed from index 2 to 3, 7f3ec4e71e6b4a5aa53e889660f82cd6 (127.3.161.66) changed from NON_VOTER to VOTER. New cstate: current_term: 1 leader_uuid: "e92a0a444aee4b8caf5af2596c5528a3" committed_config { opid_index: 3 OBSOLETE_local: false peers { permanent_uuid: "5fad406b8702414e92433a8006a898b5" member_type: VOTER last_known_addr { host: "127.3.161.67" port: 41519 } } peers { permanent_uuid: "e92a0a444aee4b8caf5af2596c5528a3" member_type: VOTER last_known_addr { host: "127.3.161.65" port: 35583 } } peers { permanent_uuid: "674e7ab4260248c7ac659967c5a8ae59" member_type: VOTER last_known_addr { host: "127.3.161.68" port: 43825 } attrs { replace: true } } peers { permanent_uuid: "7f3ec4e71e6b4a5aa53e889660f82cd6" member_type: VOTER last_known_addr { host: "127.3.161.66" port: 38117 } attrs { promote: false } } }
I20260601 13:22:23.241568  6847 raft_consensus.cc:2955] T 194ef36e665c43d383fc3d50789086a2 P 5fad406b8702414e92433a8006a898b5 [term 1 FOLLOWER]: Committing config change with OpId 1.3: config changed from index 2 to 3, 7f3ec4e71e6b4a5aa53e889660f82cd6 (127.3.161.66) changed from NON_VOTER to VOTER. New config: { opid_index: 3 OBSOLETE_local: false peers { permanent_uuid: "5fad406b8702414e92433a8006a898b5" member_type: VOTER last_known_addr { host: "127.3.161.67" port: 41519 } } peers { permanent_uuid: "e92a0a444aee4b8caf5af2596c5528a3" member_type: VOTER last_known_addr { host: "127.3.161.65" port: 35583 } } peers { permanent_uuid: "674e7ab4260248c7ac659967c5a8ae59" member_type: VOTER last_known_addr { host: "127.3.161.68" port: 43825 } attrs { replace: true } } peers { permanent_uuid: "7f3ec4e71e6b4a5aa53e889660f82cd6" member_type: VOTER last_known_addr { host: "127.3.161.66" port: 38117 } attrs { promote: false } } }
I20260601 13:22:23.245260  6697 consensus_queue.cc:237] T 194ef36e665c43d383fc3d50789086a2 P e92a0a444aee4b8caf5af2596c5528a3 [LEADER]: Queue going to LEADER mode. State: All replicated index: 0, Majority replicated index: 3, Committed index: 3, Last appended: 1.3, Last appended by leader: 0, Current term: 1, Majority size: 2, State: 0, Mode: LEADER, active raft config: opid_index: 4 OBSOLETE_local: false peers { permanent_uuid: "5fad406b8702414e92433a8006a898b5" member_type: VOTER last_known_addr { host: "127.3.161.67" port: 41519 } } peers { permanent_uuid: "e92a0a444aee4b8caf5af2596c5528a3" member_type: VOTER last_known_addr { host: "127.3.161.65" port: 35583 } } peers { permanent_uuid: "7f3ec4e71e6b4a5aa53e889660f82cd6" member_type: VOTER last_known_addr { host: "127.3.161.66" port: 38117 } attrs { promote: false } }
I20260601 13:22:23.246403  6773 raft_consensus.cc:1275] T 194ef36e665c43d383fc3d50789086a2 P 7f3ec4e71e6b4a5aa53e889660f82cd6 [term 1 FOLLOWER]: Refusing update from remote peer e92a0a444aee4b8caf5af2596c5528a3: Log matching property violated. Preceding OpId in replica: term: 1 index: 3. Preceding OpId from leader: term: 1 index: 4. (index mismatch)
I20260601 13:22:23.246490  6847 raft_consensus.cc:1275] T 194ef36e665c43d383fc3d50789086a2 P 5fad406b8702414e92433a8006a898b5 [term 1 FOLLOWER]: Refusing update from remote peer e92a0a444aee4b8caf5af2596c5528a3: Log matching property violated. Preceding OpId in replica: term: 1 index: 3. Preceding OpId from leader: term: 1 index: 4. (index mismatch)
I20260601 13:22:23.246838  7180 consensus_queue.cc:1048] T 194ef36e665c43d383fc3d50789086a2 P e92a0a444aee4b8caf5af2596c5528a3 [LEADER]: Connected to new peer: Peer: permanent_uuid: "5fad406b8702414e92433a8006a898b5" member_type: VOTER last_known_addr { host: "127.3.161.67" port: 41519 }, Status: LMP_MISMATCH, Last received: 0.0, Next index: 4, Last known committed idx: 3, Time since last communication: 0.000s
I20260601 13:22:23.246999  7175 consensus_queue.cc:1048] T 194ef36e665c43d383fc3d50789086a2 P e92a0a444aee4b8caf5af2596c5528a3 [LEADER]: Connected to new peer: Peer: permanent_uuid: "7f3ec4e71e6b4a5aa53e889660f82cd6" member_type: VOTER last_known_addr { host: "127.3.161.66" port: 38117 } attrs { promote: false }, Status: LMP_MISMATCH, Last received: 0.0, Next index: 4, Last known committed idx: 3, Time since last communication: 0.000s
I20260601 13:22:23.248405  7175 raft_consensus.cc:2955] T 194ef36e665c43d383fc3d50789086a2 P e92a0a444aee4b8caf5af2596c5528a3 [term 1 LEADER]: Committing config change with OpId 1.4: config changed from index 3 to 4, VOTER 674e7ab4260248c7ac659967c5a8ae59 (127.3.161.68) evicted. New config: { opid_index: 4 OBSOLETE_local: false peers { permanent_uuid: "5fad406b8702414e92433a8006a898b5" member_type: VOTER last_known_addr { host: "127.3.161.67" port: 41519 } } peers { permanent_uuid: "e92a0a444aee4b8caf5af2596c5528a3" member_type: VOTER last_known_addr { host: "127.3.161.65" port: 35583 } } peers { permanent_uuid: "7f3ec4e71e6b4a5aa53e889660f82cd6" member_type: VOTER last_known_addr { host: "127.3.161.66" port: 38117 } attrs { promote: false } } }
I20260601 13:22:23.248936  6847 raft_consensus.cc:2955] T 194ef36e665c43d383fc3d50789086a2 P 5fad406b8702414e92433a8006a898b5 [term 1 FOLLOWER]: Committing config change with OpId 1.4: config changed from index 3 to 4, VOTER 674e7ab4260248c7ac659967c5a8ae59 (127.3.161.68) evicted. New config: { opid_index: 4 OBSOLETE_local: false peers { permanent_uuid: "5fad406b8702414e92433a8006a898b5" member_type: VOTER last_known_addr { host: "127.3.161.67" port: 41519 } } peers { permanent_uuid: "e92a0a444aee4b8caf5af2596c5528a3" member_type: VOTER last_known_addr { host: "127.3.161.65" port: 35583 } } peers { permanent_uuid: "7f3ec4e71e6b4a5aa53e889660f82cd6" member_type: VOTER last_known_addr { host: "127.3.161.66" port: 38117 } attrs { promote: false } } }
I20260601 13:22:23.248936  6773 raft_consensus.cc:2955] T 194ef36e665c43d383fc3d50789086a2 P 7f3ec4e71e6b4a5aa53e889660f82cd6 [term 1 FOLLOWER]: Committing config change with OpId 1.4: config changed from index 3 to 4, VOTER 674e7ab4260248c7ac659967c5a8ae59 (127.3.161.68) evicted. New config: { opid_index: 4 OBSOLETE_local: false peers { permanent_uuid: "5fad406b8702414e92433a8006a898b5" member_type: VOTER last_known_addr { host: "127.3.161.67" port: 41519 } } peers { permanent_uuid: "e92a0a444aee4b8caf5af2596c5528a3" member_type: VOTER last_known_addr { host: "127.3.161.65" port: 35583 } } peers { permanent_uuid: "7f3ec4e71e6b4a5aa53e889660f82cd6" member_type: VOTER last_known_addr { host: "127.3.161.66" port: 38117 } attrs { promote: false } } }
I20260601 13:22:23.250818  6580 catalog_manager.cc:5209] ChangeConfig:REMOVE_PEER RPC for tablet 194ef36e665c43d383fc3d50789086a2 with cas_config_opid_index 3: ChangeConfig:REMOVE_PEER succeeded (attempt 1)
I20260601 13:22:23.251240  6593 catalog_manager.cc:5696] T 194ef36e665c43d383fc3d50789086a2 P 7f3ec4e71e6b4a5aa53e889660f82cd6 reported cstate change: config changed from index 3 to 4, VOTER 674e7ab4260248c7ac659967c5a8ae59 (127.3.161.68) evicted. New cstate: current_term: 1 leader_uuid: "e92a0a444aee4b8caf5af2596c5528a3" committed_config { opid_index: 4 OBSOLETE_local: false peers { permanent_uuid: "5fad406b8702414e92433a8006a898b5" member_type: VOTER last_known_addr { host: "127.3.161.67" port: 41519 } } peers { permanent_uuid: "e92a0a444aee4b8caf5af2596c5528a3" member_type: VOTER last_known_addr { host: "127.3.161.65" port: 35583 } } peers { permanent_uuid: "7f3ec4e71e6b4a5aa53e889660f82cd6" member_type: VOTER last_known_addr { host: "127.3.161.66" port: 38117 } attrs { promote: false } } }
I20260601 13:22:23.253711  6973 tablet_service.cc:1558] Processing DeleteTablet for tablet 194ef36e665c43d383fc3d50789086a2 with delete_type TABLET_DATA_TOMBSTONED (TS 674e7ab4260248c7ac659967c5a8ae59 not found in new config with opid_index 4) from {username='slave'} at 127.0.0.1:57790
I20260601 13:22:23.254170  7188 tablet_replica.cc:333] T 194ef36e665c43d383fc3d50789086a2 P 674e7ab4260248c7ac659967c5a8ae59: stopping tablet replica
I20260601 13:22:23.254317  7188 raft_consensus.cc:2243] T 194ef36e665c43d383fc3d50789086a2 P 674e7ab4260248c7ac659967c5a8ae59 [term 1 FOLLOWER]: Raft consensus shutting down.
I20260601 13:22:23.254470  7188 raft_consensus.cc:2272] T 194ef36e665c43d383fc3d50789086a2 P 674e7ab4260248c7ac659967c5a8ae59 [term 1 FOLLOWER]: Raft consensus is shut down!
I20260601 13:22:23.254981  7188 ts_tablet_manager.cc:1916] T 194ef36e665c43d383fc3d50789086a2 P 674e7ab4260248c7ac659967c5a8ae59: Deleting tablet data with delete state TABLET_DATA_TOMBSTONED
I20260601 13:22:23.256645  7188 ts_tablet_manager.cc:1929] T 194ef36e665c43d383fc3d50789086a2 P 674e7ab4260248c7ac659967c5a8ae59: tablet deleted with delete type TABLET_DATA_TOMBSTONED: last-logged OpId 1.3
I20260601 13:22:23.256745  7188 log.cc:1199] T 194ef36e665c43d383fc3d50789086a2 P 674e7ab4260248c7ac659967c5a8ae59: Deleting WAL directory at /tmp/dist-test-taskTuHXkK/test-tmp/auto_rebalancer-test.0.AutoRebalancerTest.RangeAwareRebalancesNewRangeReplicas.1780320067231245-3717-0/minicluster-data/ts-3-root/wals/194ef36e665c43d383fc3d50789086a2
I20260601 13:22:23.257225  6578 catalog_manager.cc:5027] TS 674e7ab4260248c7ac659967c5a8ae59 (127.3.161.68:43825): tablet 194ef36e665c43d383fc3d50789086a2 (table range_aware_rebalance_new_range [id=7dd99ebe7062457e9dfc0aeffa13dcfc]) successfully deleted
I20260601 13:22:23.341660  6648 auto_leader_rebalancer.cc:140] leader rebalance for table range_aware_rebalance_new_range
I20260601 13:22:23.343179  6648 auto_leader_rebalancer.cc:388] table: range_aware_rebalance_new_range, leader rebalance finish, leader transfer count: 0
I20260601 13:22:23.343374  6648 auto_leader_rebalancer.cc:451] All tables' leader rebalancing finished this round
I20260601 13:22:23.476023  7177 raft_consensus.cc:1064] T fb7f3316ac6c43c097b276fa50d20110 P 7f3ec4e71e6b4a5aa53e889660f82cd6: attempting to promote NON_VOTER 674e7ab4260248c7ac659967c5a8ae59 to VOTER
I20260601 13:22:23.476516  7177 consensus_queue.cc:237] T fb7f3316ac6c43c097b276fa50d20110 P 7f3ec4e71e6b4a5aa53e889660f82cd6 [LEADER]: Queue going to LEADER mode. State: All replicated index: 0, Majority replicated index: 2, Committed index: 2, Last appended: 1.2, Last appended by leader: 0, Current term: 1, Majority size: 3, State: 0, Mode: LEADER, active raft config: opid_index: 3 OBSOLETE_local: false peers { permanent_uuid: "7f3ec4e71e6b4a5aa53e889660f82cd6" member_type: VOTER last_known_addr { host: "127.3.161.66" port: 38117 } } peers { permanent_uuid: "e92a0a444aee4b8caf5af2596c5528a3" member_type: VOTER last_known_addr { host: "127.3.161.65" port: 35583 } attrs { replace: true } } peers { permanent_uuid: "5fad406b8702414e92433a8006a898b5" member_type: VOTER last_known_addr { host: "127.3.161.67" port: 41519 } } peers { permanent_uuid: "674e7ab4260248c7ac659967c5a8ae59" member_type: VOTER last_known_addr { host: "127.3.161.68" port: 43825 } attrs { promote: false } }
I20260601 13:22:23.478256  6982 raft_consensus.cc:1275] T fb7f3316ac6c43c097b276fa50d20110 P 674e7ab4260248c7ac659967c5a8ae59 [term 1 LEARNER]: Refusing update from remote peer 7f3ec4e71e6b4a5aa53e889660f82cd6: Log matching property violated. Preceding OpId in replica: term: 1 index: 2. Preceding OpId from leader: term: 1 index: 3. (index mismatch)
I20260601 13:22:23.478291  6697 raft_consensus.cc:1275] T fb7f3316ac6c43c097b276fa50d20110 P e92a0a444aee4b8caf5af2596c5528a3 [term 1 FOLLOWER]: Refusing update from remote peer 7f3ec4e71e6b4a5aa53e889660f82cd6: Log matching property violated. Preceding OpId in replica: term: 1 index: 2. Preceding OpId from leader: term: 1 index: 3. (index mismatch)
I20260601 13:22:23.478636  7177 consensus_queue.cc:1048] T fb7f3316ac6c43c097b276fa50d20110 P 7f3ec4e71e6b4a5aa53e889660f82cd6 [LEADER]: Connected to new peer: Peer: permanent_uuid: "e92a0a444aee4b8caf5af2596c5528a3" member_type: VOTER last_known_addr { host: "127.3.161.65" port: 35583 } attrs { replace: true }, Status: LMP_MISMATCH, Last received: 0.0, Next index: 3, Last known committed idx: 2, Time since last communication: 0.000s
I20260601 13:22:23.478856  7189 consensus_queue.cc:1048] T fb7f3316ac6c43c097b276fa50d20110 P 7f3ec4e71e6b4a5aa53e889660f82cd6 [LEADER]: Connected to new peer: Peer: permanent_uuid: "674e7ab4260248c7ac659967c5a8ae59" member_type: VOTER last_known_addr { host: "127.3.161.68" port: 43825 } attrs { promote: false }, Status: LMP_MISMATCH, Last received: 0.0, Next index: 3, Last known committed idx: 2, Time since last communication: 0.000s
I20260601 13:22:23.478948  6847 raft_consensus.cc:1275] T fb7f3316ac6c43c097b276fa50d20110 P 5fad406b8702414e92433a8006a898b5 [term 1 FOLLOWER]: Refusing update from remote peer 7f3ec4e71e6b4a5aa53e889660f82cd6: Log matching property violated. Preceding OpId in replica: term: 1 index: 2. Preceding OpId from leader: term: 1 index: 3. (index mismatch)
I20260601 13:22:23.479596  7192 consensus_queue.cc:1048] T fb7f3316ac6c43c097b276fa50d20110 P 7f3ec4e71e6b4a5aa53e889660f82cd6 [LEADER]: Connected to new peer: Peer: permanent_uuid: "5fad406b8702414e92433a8006a898b5" member_type: VOTER last_known_addr { host: "127.3.161.67" port: 41519 }, Status: LMP_MISMATCH, Last received: 0.0, Next index: 3, Last known committed idx: 2, Time since last communication: 0.000s
I20260601 13:22:23.479737  7154 raft_consensus.cc:1064] T c5a6057b80474f7b96fc174e25841f24 P 5fad406b8702414e92433a8006a898b5: attempting to promote NON_VOTER 674e7ab4260248c7ac659967c5a8ae59 to VOTER
I20260601 13:22:23.480379  7154 consensus_queue.cc:237] T c5a6057b80474f7b96fc174e25841f24 P 5fad406b8702414e92433a8006a898b5 [LEADER]: Queue going to LEADER mode. State: All replicated index: 0, Majority replicated index: 3, Committed index: 3, Last appended: 2.3, Last appended by leader: 1, Current term: 2, Majority size: 3, State: 0, Mode: LEADER, active raft config: opid_index: 4 OBSOLETE_local: false peers { permanent_uuid: "e92a0a444aee4b8caf5af2596c5528a3" member_type: VOTER last_known_addr { host: "127.3.161.65" port: 35583 } } peers { permanent_uuid: "7f3ec4e71e6b4a5aa53e889660f82cd6" member_type: VOTER last_known_addr { host: "127.3.161.66" port: 38117 } attrs { replace: true } } peers { permanent_uuid: "5fad406b8702414e92433a8006a898b5" member_type: VOTER last_known_addr { host: "127.3.161.67" port: 41519 } } peers { permanent_uuid: "674e7ab4260248c7ac659967c5a8ae59" member_type: VOTER last_known_addr { host: "127.3.161.68" port: 43825 } attrs { promote: false } }
I20260601 13:22:23.481528  7177 raft_consensus.cc:2955] T fb7f3316ac6c43c097b276fa50d20110 P 7f3ec4e71e6b4a5aa53e889660f82cd6 [term 1 LEADER]: Committing config change with OpId 1.3: config changed from index 2 to 3, 674e7ab4260248c7ac659967c5a8ae59 (127.3.161.68) changed from NON_VOTER to VOTER. New config: { opid_index: 3 OBSOLETE_local: false peers { permanent_uuid: "7f3ec4e71e6b4a5aa53e889660f82cd6" member_type: VOTER last_known_addr { host: "127.3.161.66" port: 38117 } } peers { permanent_uuid: "e92a0a444aee4b8caf5af2596c5528a3" member_type: VOTER last_known_addr { host: "127.3.161.65" port: 35583 } attrs { replace: true } } peers { permanent_uuid: "5fad406b8702414e92433a8006a898b5" member_type: VOTER last_known_addr { host: "127.3.161.67" port: 41519 } } peers { permanent_uuid: "674e7ab4260248c7ac659967c5a8ae59" member_type: VOTER last_known_addr { host: "127.3.161.68" port: 43825 } attrs { promote: false } } }
I20260601 13:22:23.482122  6697 raft_consensus.cc:1275] T c5a6057b80474f7b96fc174e25841f24 P e92a0a444aee4b8caf5af2596c5528a3 [term 2 FOLLOWER]: Refusing update from remote peer 5fad406b8702414e92433a8006a898b5: Log matching property violated. Preceding OpId in replica: term: 2 index: 3. Preceding OpId from leader: term: 2 index: 4. (index mismatch)
I20260601 13:22:23.482122  6773 raft_consensus.cc:1275] T c5a6057b80474f7b96fc174e25841f24 P 7f3ec4e71e6b4a5aa53e889660f82cd6 [term 2 FOLLOWER]: Refusing update from remote peer 5fad406b8702414e92433a8006a898b5: Log matching property violated. Preceding OpId in replica: term: 2 index: 3. Preceding OpId from leader: term: 2 index: 4. (index mismatch)
I20260601 13:22:23.482520  6982 raft_consensus.cc:1275] T c5a6057b80474f7b96fc174e25841f24 P 674e7ab4260248c7ac659967c5a8ae59 [term 2 LEARNER]: Refusing update from remote peer 5fad406b8702414e92433a8006a898b5: Log matching property violated. Preceding OpId in replica: term: 2 index: 3. Preceding OpId from leader: term: 2 index: 4. (index mismatch)
I20260601 13:22:23.482573  6697 raft_consensus.cc:2955] T fb7f3316ac6c43c097b276fa50d20110 P e92a0a444aee4b8caf5af2596c5528a3 [term 1 FOLLOWER]: Committing config change with OpId 1.3: config changed from index 2 to 3, 674e7ab4260248c7ac659967c5a8ae59 (127.3.161.68) changed from NON_VOTER to VOTER. New config: { opid_index: 3 OBSOLETE_local: false peers { permanent_uuid: "7f3ec4e71e6b4a5aa53e889660f82cd6" member_type: VOTER last_known_addr { host: "127.3.161.66" port: 38117 } } peers { permanent_uuid: "e92a0a444aee4b8caf5af2596c5528a3" member_type: VOTER last_known_addr { host: "127.3.161.65" port: 35583 } attrs { replace: true } } peers { permanent_uuid: "5fad406b8702414e92433a8006a898b5" member_type: VOTER last_known_addr { host: "127.3.161.67" port: 41519 } } peers { permanent_uuid: "674e7ab4260248c7ac659967c5a8ae59" member_type: VOTER last_known_addr { host: "127.3.161.68" port: 43825 } attrs { promote: false } } }
I20260601 13:22:23.482865  7178 consensus_queue.cc:1048] T c5a6057b80474f7b96fc174e25841f24 P 5fad406b8702414e92433a8006a898b5 [LEADER]: Connected to new peer: Peer: permanent_uuid: "e92a0a444aee4b8caf5af2596c5528a3" member_type: VOTER last_known_addr { host: "127.3.161.65" port: 35583 }, Status: LMP_MISMATCH, Last received: 0.0, Next index: 4, Last known committed idx: 3, Time since last communication: 0.000s
I20260601 13:22:23.484011  7197 consensus_queue.cc:1048] T c5a6057b80474f7b96fc174e25841f24 P 5fad406b8702414e92433a8006a898b5 [LEADER]: Connected to new peer: Peer: permanent_uuid: "7f3ec4e71e6b4a5aa53e889660f82cd6" member_type: VOTER last_known_addr { host: "127.3.161.66" port: 38117 } attrs { replace: true }, Status: LMP_MISMATCH, Last received: 0.0, Next index: 4, Last known committed idx: 3, Time since last communication: 0.000s
I20260601 13:22:23.484642  6591 catalog_manager.cc:5696] T fb7f3316ac6c43c097b276fa50d20110 P 7f3ec4e71e6b4a5aa53e889660f82cd6 reported cstate change: config changed from index 2 to 3, 674e7ab4260248c7ac659967c5a8ae59 (127.3.161.68) changed from NON_VOTER to VOTER. New cstate: current_term: 1 leader_uuid: "7f3ec4e71e6b4a5aa53e889660f82cd6" committed_config { opid_index: 3 OBSOLETE_local: false peers { permanent_uuid: "7f3ec4e71e6b4a5aa53e889660f82cd6" member_type: VOTER last_known_addr { host: "127.3.161.66" port: 38117 } health_report { overall_health: HEALTHY } } peers { permanent_uuid: "e92a0a444aee4b8caf5af2596c5528a3" member_type: VOTER last_known_addr { host: "127.3.161.65" port: 35583 } attrs { replace: true } health_report { overall_health: HEALTHY } } peers { permanent_uuid: "5fad406b8702414e92433a8006a898b5" member_type: VOTER last_known_addr { host: "127.3.161.67" port: 41519 } health_report { overall_health: HEALTHY } } peers { permanent_uuid: "674e7ab4260248c7ac659967c5a8ae59" member_type: VOTER last_known_addr { host: "127.3.161.68" port: 43825 } attrs { promote: false } health_report { overall_health: HEALTHY } } }
I20260601 13:22:23.485354  6847 raft_consensus.cc:2955] T fb7f3316ac6c43c097b276fa50d20110 P 5fad406b8702414e92433a8006a898b5 [term 1 FOLLOWER]: Committing config change with OpId 1.3: config changed from index 2 to 3, 674e7ab4260248c7ac659967c5a8ae59 (127.3.161.68) changed from NON_VOTER to VOTER. New config: { opid_index: 3 OBSOLETE_local: false peers { permanent_uuid: "7f3ec4e71e6b4a5aa53e889660f82cd6" member_type: VOTER last_known_addr { host: "127.3.161.66" port: 38117 } } peers { permanent_uuid: "e92a0a444aee4b8caf5af2596c5528a3" member_type: VOTER last_known_addr { host: "127.3.161.65" port: 35583 } attrs { replace: true } } peers { permanent_uuid: "5fad406b8702414e92433a8006a898b5" member_type: VOTER last_known_addr { host: "127.3.161.67" port: 41519 } } peers { permanent_uuid: "674e7ab4260248c7ac659967c5a8ae59" member_type: VOTER last_known_addr { host: "127.3.161.68" port: 43825 } attrs { promote: false } } }
I20260601 13:22:23.486176  6982 raft_consensus.cc:2955] T fb7f3316ac6c43c097b276fa50d20110 P 674e7ab4260248c7ac659967c5a8ae59 [term 1 FOLLOWER]: Committing config change with OpId 1.3: config changed from index 2 to 3, 674e7ab4260248c7ac659967c5a8ae59 (127.3.161.68) changed from NON_VOTER to VOTER. New config: { opid_index: 3 OBSOLETE_local: false peers { permanent_uuid: "7f3ec4e71e6b4a5aa53e889660f82cd6" member_type: VOTER last_known_addr { host: "127.3.161.66" port: 38117 } } peers { permanent_uuid: "e92a0a444aee4b8caf5af2596c5528a3" member_type: VOTER last_known_addr { host: "127.3.161.65" port: 35583 } attrs { replace: true } } peers { permanent_uuid: "5fad406b8702414e92433a8006a898b5" member_type: VOTER last_known_addr { host: "127.3.161.67" port: 41519 } } peers { permanent_uuid: "674e7ab4260248c7ac659967c5a8ae59" member_type: VOTER last_known_addr { host: "127.3.161.68" port: 43825 } attrs { promote: false } } }
I20260601 13:22:23.486886  7197 consensus_queue.cc:1048] T c5a6057b80474f7b96fc174e25841f24 P 5fad406b8702414e92433a8006a898b5 [LEADER]: Connected to new peer: Peer: permanent_uuid: "674e7ab4260248c7ac659967c5a8ae59" member_type: VOTER last_known_addr { host: "127.3.161.68" port: 43825 } attrs { promote: false }, Status: LMP_MISMATCH, Last received: 0.0, Next index: 4, Last known committed idx: 3, Time since last communication: 0.000s
I20260601 13:22:23.489578  6773 consensus_queue.cc:237] T fb7f3316ac6c43c097b276fa50d20110 P 7f3ec4e71e6b4a5aa53e889660f82cd6 [LEADER]: Queue going to LEADER mode. State: All replicated index: 0, Majority replicated index: 3, Committed index: 3, Last appended: 1.3, Last appended by leader: 0, Current term: 1, Majority size: 2, State: 0, Mode: LEADER, active raft config: opid_index: 4 OBSOLETE_local: false peers { permanent_uuid: "7f3ec4e71e6b4a5aa53e889660f82cd6" member_type: VOTER last_known_addr { host: "127.3.161.66" port: 38117 } } peers { permanent_uuid: "5fad406b8702414e92433a8006a898b5" member_type: VOTER last_known_addr { host: "127.3.161.67" port: 41519 } } peers { permanent_uuid: "674e7ab4260248c7ac659967c5a8ae59" member_type: VOTER last_known_addr { host: "127.3.161.68" port: 43825 } attrs { promote: false } }
I20260601 13:22:23.490831  6847 raft_consensus.cc:1275] T fb7f3316ac6c43c097b276fa50d20110 P 5fad406b8702414e92433a8006a898b5 [term 1 FOLLOWER]: Refusing update from remote peer 7f3ec4e71e6b4a5aa53e889660f82cd6: Log matching property violated. Preceding OpId in replica: term: 1 index: 3. Preceding OpId from leader: term: 1 index: 4. (index mismatch)
I20260601 13:22:23.491251  7192 consensus_queue.cc:1048] T fb7f3316ac6c43c097b276fa50d20110 P 7f3ec4e71e6b4a5aa53e889660f82cd6 [LEADER]: Connected to new peer: Peer: permanent_uuid: "5fad406b8702414e92433a8006a898b5" member_type: VOTER last_known_addr { host: "127.3.161.67" port: 41519 }, Status: LMP_MISMATCH, Last received: 0.0, Next index: 4, Last known committed idx: 3, Time since last communication: 0.000s
I20260601 13:22:23.493098  7192 raft_consensus.cc:2955] T fb7f3316ac6c43c097b276fa50d20110 P 7f3ec4e71e6b4a5aa53e889660f82cd6 [term 1 LEADER]: Committing config change with OpId 1.4: config changed from index 3 to 4, VOTER e92a0a444aee4b8caf5af2596c5528a3 (127.3.161.65) evicted. New config: { opid_index: 4 OBSOLETE_local: false peers { permanent_uuid: "7f3ec4e71e6b4a5aa53e889660f82cd6" member_type: VOTER last_known_addr { host: "127.3.161.66" port: 38117 } } peers { permanent_uuid: "5fad406b8702414e92433a8006a898b5" member_type: VOTER last_known_addr { host: "127.3.161.67" port: 41519 } } peers { permanent_uuid: "674e7ab4260248c7ac659967c5a8ae59" member_type: VOTER last_known_addr { host: "127.3.161.68" port: 43825 } attrs { promote: false } } }
I20260601 13:22:23.494700  6982 raft_consensus.cc:1275] T fb7f3316ac6c43c097b276fa50d20110 P 674e7ab4260248c7ac659967c5a8ae59 [term 1 FOLLOWER]: Refusing update from remote peer 7f3ec4e71e6b4a5aa53e889660f82cd6: Log matching property violated. Preceding OpId in replica: term: 1 index: 3. Preceding OpId from leader: term: 1 index: 4. (index mismatch)
I20260601 13:22:23.495000  6578 catalog_manager.cc:5209] ChangeConfig:REMOVE_PEER RPC for tablet fb7f3316ac6c43c097b276fa50d20110 with cas_config_opid_index 3: ChangeConfig:REMOVE_PEER succeeded (attempt 1)
I20260601 13:22:23.495308  7190 consensus_queue.cc:1048] T fb7f3316ac6c43c097b276fa50d20110 P 7f3ec4e71e6b4a5aa53e889660f82cd6 [LEADER]: Connected to new peer: Peer: permanent_uuid: "674e7ab4260248c7ac659967c5a8ae59" member_type: VOTER last_known_addr { host: "127.3.161.68" port: 43825 } attrs { promote: false }, Status: LMP_MISMATCH, Last received: 0.0, Next index: 4, Last known committed idx: 3, Time since last communication: 0.000s
I20260601 13:22:23.496675  6982 raft_consensus.cc:2955] T fb7f3316ac6c43c097b276fa50d20110 P 674e7ab4260248c7ac659967c5a8ae59 [term 1 FOLLOWER]: Committing config change with OpId 1.4: config changed from index 3 to 4, VOTER e92a0a444aee4b8caf5af2596c5528a3 (127.3.161.65) evicted. New config: { opid_index: 4 OBSOLETE_local: false peers { permanent_uuid: "7f3ec4e71e6b4a5aa53e889660f82cd6" member_type: VOTER last_known_addr { host: "127.3.161.66" port: 38117 } } peers { permanent_uuid: "5fad406b8702414e92433a8006a898b5" member_type: VOTER last_known_addr { host: "127.3.161.67" port: 41519 } } peers { permanent_uuid: "674e7ab4260248c7ac659967c5a8ae59" member_type: VOTER last_known_addr { host: "127.3.161.68" port: 43825 } attrs { promote: false } } }
I20260601 13:22:23.496894  7197 raft_consensus.cc:2955] T c5a6057b80474f7b96fc174e25841f24 P 5fad406b8702414e92433a8006a898b5 [term 2 LEADER]: Committing config change with OpId 2.4: config changed from index 3 to 4, 674e7ab4260248c7ac659967c5a8ae59 (127.3.161.68) changed from NON_VOTER to VOTER. New config: { opid_index: 4 OBSOLETE_local: false peers { permanent_uuid: "e92a0a444aee4b8caf5af2596c5528a3" member_type: VOTER last_known_addr { host: "127.3.161.65" port: 35583 } } peers { permanent_uuid: "7f3ec4e71e6b4a5aa53e889660f82cd6" member_type: VOTER last_known_addr { host: "127.3.161.66" port: 38117 } attrs { replace: true } } peers { permanent_uuid: "5fad406b8702414e92433a8006a898b5" member_type: VOTER last_known_addr { host: "127.3.161.67" port: 41519 } } peers { permanent_uuid: "674e7ab4260248c7ac659967c5a8ae59" member_type: VOTER last_known_addr { host: "127.3.161.68" port: 43825 } attrs { promote: false } } }
I20260601 13:22:23.497287  6771 raft_consensus.cc:2955] T c5a6057b80474f7b96fc174e25841f24 P 7f3ec4e71e6b4a5aa53e889660f82cd6 [term 2 FOLLOWER]: Committing config change with OpId 2.4: config changed from index 3 to 4, 674e7ab4260248c7ac659967c5a8ae59 (127.3.161.68) changed from NON_VOTER to VOTER. New config: { opid_index: 4 OBSOLETE_local: false peers { permanent_uuid: "e92a0a444aee4b8caf5af2596c5528a3" member_type: VOTER last_known_addr { host: "127.3.161.65" port: 35583 } } peers { permanent_uuid: "7f3ec4e71e6b4a5aa53e889660f82cd6" member_type: VOTER last_known_addr { host: "127.3.161.66" port: 38117 } attrs { replace: true } } peers { permanent_uuid: "5fad406b8702414e92433a8006a898b5" member_type: VOTER last_known_addr { host: "127.3.161.67" port: 41519 } } peers { permanent_uuid: "674e7ab4260248c7ac659967c5a8ae59" member_type: VOTER last_known_addr { host: "127.3.161.68" port: 43825 } attrs { promote: false } } }
I20260601 13:22:23.498219  6847 raft_consensus.cc:2955] T fb7f3316ac6c43c097b276fa50d20110 P 5fad406b8702414e92433a8006a898b5 [term 1 FOLLOWER]: Committing config change with OpId 1.4: config changed from index 3 to 4, VOTER e92a0a444aee4b8caf5af2596c5528a3 (127.3.161.65) evicted. New config: { opid_index: 4 OBSOLETE_local: false peers { permanent_uuid: "7f3ec4e71e6b4a5aa53e889660f82cd6" member_type: VOTER last_known_addr { host: "127.3.161.66" port: 38117 } } peers { permanent_uuid: "5fad406b8702414e92433a8006a898b5" member_type: VOTER last_known_addr { host: "127.3.161.67" port: 41519 } } peers { permanent_uuid: "674e7ab4260248c7ac659967c5a8ae59" member_type: VOTER last_known_addr { host: "127.3.161.68" port: 43825 } attrs { promote: false } } }
I20260601 13:22:23.498914  6591 catalog_manager.cc:5696] T fb7f3316ac6c43c097b276fa50d20110 P 7f3ec4e71e6b4a5aa53e889660f82cd6 reported cstate change: config changed from index 3 to 4, VOTER e92a0a444aee4b8caf5af2596c5528a3 (127.3.161.65) evicted. New cstate: current_term: 1 leader_uuid: "7f3ec4e71e6b4a5aa53e889660f82cd6" committed_config { opid_index: 4 OBSOLETE_local: false peers { permanent_uuid: "7f3ec4e71e6b4a5aa53e889660f82cd6" member_type: VOTER last_known_addr { host: "127.3.161.66" port: 38117 } health_report { overall_health: HEALTHY } } peers { permanent_uuid: "5fad406b8702414e92433a8006a898b5" member_type: VOTER last_known_addr { host: "127.3.161.67" port: 41519 } health_report { overall_health: HEALTHY } } peers { permanent_uuid: "674e7ab4260248c7ac659967c5a8ae59" member_type: VOTER last_known_addr { host: "127.3.161.68" port: 43825 } attrs { promote: false } health_report { overall_health: UNKNOWN } } }
I20260601 13:22:23.501025  6697 raft_consensus.cc:2955] T c5a6057b80474f7b96fc174e25841f24 P e92a0a444aee4b8caf5af2596c5528a3 [term 2 FOLLOWER]: Committing config change with OpId 2.4: config changed from index 3 to 4, 674e7ab4260248c7ac659967c5a8ae59 (127.3.161.68) changed from NON_VOTER to VOTER. New config: { opid_index: 4 OBSOLETE_local: false peers { permanent_uuid: "e92a0a444aee4b8caf5af2596c5528a3" member_type: VOTER last_known_addr { host: "127.3.161.65" port: 35583 } } peers { permanent_uuid: "7f3ec4e71e6b4a5aa53e889660f82cd6" member_type: VOTER last_known_addr { host: "127.3.161.66" port: 38117 } attrs { replace: true } } peers { permanent_uuid: "5fad406b8702414e92433a8006a898b5" member_type: VOTER last_known_addr { host: "127.3.161.67" port: 41519 } } peers { permanent_uuid: "674e7ab4260248c7ac659967c5a8ae59" member_type: VOTER last_known_addr { host: "127.3.161.68" port: 43825 } attrs { promote: false } } }
I20260601 13:22:23.501682  6682 tablet_service.cc:1558] Processing DeleteTablet for tablet fb7f3316ac6c43c097b276fa50d20110 with delete_type TABLET_DATA_TOMBSTONED (TS e92a0a444aee4b8caf5af2596c5528a3 not found in new config with opid_index 4) from {username='slave'} at 127.0.0.1:40120
I20260601 13:22:23.502512  6984 raft_consensus.cc:2955] T c5a6057b80474f7b96fc174e25841f24 P 674e7ab4260248c7ac659967c5a8ae59 [term 2 FOLLOWER]: Committing config change with OpId 2.4: config changed from index 3 to 4, 674e7ab4260248c7ac659967c5a8ae59 (127.3.161.68) changed from NON_VOTER to VOTER. New config: { opid_index: 4 OBSOLETE_local: false peers { permanent_uuid: "e92a0a444aee4b8caf5af2596c5528a3" member_type: VOTER last_known_addr { host: "127.3.161.65" port: 35583 } } peers { permanent_uuid: "7f3ec4e71e6b4a5aa53e889660f82cd6" member_type: VOTER last_known_addr { host: "127.3.161.66" port: 38117 } attrs { replace: true } } peers { permanent_uuid: "5fad406b8702414e92433a8006a898b5" member_type: VOTER last_known_addr { host: "127.3.161.67" port: 41519 } } peers { permanent_uuid: "674e7ab4260248c7ac659967c5a8ae59" member_type: VOTER last_known_addr { host: "127.3.161.68" port: 43825 } attrs { promote: false } } }
I20260601 13:22:23.502641  6591 catalog_manager.cc:5696] T c5a6057b80474f7b96fc174e25841f24 P 7f3ec4e71e6b4a5aa53e889660f82cd6 reported cstate change: config changed from index 3 to 4, 674e7ab4260248c7ac659967c5a8ae59 (127.3.161.68) changed from NON_VOTER to VOTER. New cstate: current_term: 2 leader_uuid: "5fad406b8702414e92433a8006a898b5" committed_config { opid_index: 4 OBSOLETE_local: false peers { permanent_uuid: "e92a0a444aee4b8caf5af2596c5528a3" member_type: VOTER last_known_addr { host: "127.3.161.65" port: 35583 } } peers { permanent_uuid: "7f3ec4e71e6b4a5aa53e889660f82cd6" member_type: VOTER last_known_addr { host: "127.3.161.66" port: 38117 } attrs { replace: true } } peers { permanent_uuid: "5fad406b8702414e92433a8006a898b5" member_type: VOTER last_known_addr { host: "127.3.161.67" port: 41519 } } peers { permanent_uuid: "674e7ab4260248c7ac659967c5a8ae59" member_type: VOTER last_known_addr { host: "127.3.161.68" port: 43825 } attrs { promote: false } } }
I20260601 13:22:23.504215  7201 tablet_replica.cc:333] T fb7f3316ac6c43c097b276fa50d20110 P e92a0a444aee4b8caf5af2596c5528a3: stopping tablet replica
I20260601 13:22:23.504377  7201 raft_consensus.cc:2243] T fb7f3316ac6c43c097b276fa50d20110 P e92a0a444aee4b8caf5af2596c5528a3 [term 1 FOLLOWER]: Raft consensus shutting down.
I20260601 13:22:23.504667  7201 raft_consensus.cc:2272] T fb7f3316ac6c43c097b276fa50d20110 P e92a0a444aee4b8caf5af2596c5528a3 [term 1 FOLLOWER]: Raft consensus is shut down!
I20260601 13:22:23.505900  7201 ts_tablet_manager.cc:1916] T fb7f3316ac6c43c097b276fa50d20110 P e92a0a444aee4b8caf5af2596c5528a3: Deleting tablet data with delete state TABLET_DATA_TOMBSTONED
I20260601 13:22:23.506186  7180 raft_consensus.cc:1064] T 562f0a8bb53143afb35103c22a7b61cf P e92a0a444aee4b8caf5af2596c5528a3: attempting to promote NON_VOTER 5fad406b8702414e92433a8006a898b5 to VOTER
