I20260601 13:22:19.077592  6591 catalog_manager.cc:5696] T 194ef36e665c43d383fc3d50789086a2 P e92a0a444aee4b8caf5af2596c5528a3 reported cstate change: term changed from 0 to 1, leader changed from <none> to e92a0a444aee4b8caf5af2596c5528a3 (127.3.161.65). New cstate: current_term: 1 leader_uuid: "e92a0a444aee4b8caf5af2596c5528a3" committed_config { opid_index: -1 OBSOLETE_local: false peers { permanent_uuid: "5fad406b8702414e92433a8006a898b5" member_type: VOTER last_known_addr { host: "127.3.161.67" port: 41519 } health_report { overall_health: UNKNOWN } } peers { permanent_uuid: "e92a0a444aee4b8caf5af2596c5528a3" member_type: VOTER last_known_addr { host: "127.3.161.65" port: 35583 } health_report { overall_health: HEALTHY } } peers { permanent_uuid: "674e7ab4260248c7ac659967c5a8ae59" member_type: VOTER last_known_addr { host: "127.3.161.68" port: 43825 } health_report { overall_health: UNKNOWN } } }
I20260601 13:22:19.077713  7031 raft_consensus.cc:359] T 8eab7b641d3845e090f0a78ebac35575 P 674e7ab4260248c7ac659967c5a8ae59 [term 0 FOLLOWER]: Replica starting. Triggering 0 pending ops. Active config: opid_index: -1 OBSOLETE_local: false peers { permanent_uuid: "674e7ab4260248c7ac659967c5a8ae59" member_type: VOTER last_known_addr { host: "127.3.161.68" port: 43825 } } peers { permanent_uuid: "7f3ec4e71e6b4a5aa53e889660f82cd6" member_type: VOTER last_known_addr { host: "127.3.161.66" port: 38117 } } peers { permanent_uuid: "5fad406b8702414e92433a8006a898b5" member_type: VOTER last_known_addr { host: "127.3.161.67" port: 41519 } }
I20260601 13:22:19.077786  7031 raft_consensus.cc:385] T 8eab7b641d3845e090f0a78ebac35575 P 674e7ab4260248c7ac659967c5a8ae59 [term 0 FOLLOWER]: Consensus starting up: Expiring failure detector timer to make a prompt election more likely
I20260601 13:22:19.077816  7031 raft_consensus.cc:740] T 8eab7b641d3845e090f0a78ebac35575 P 674e7ab4260248c7ac659967c5a8ae59 [term 0 FOLLOWER]: Becoming Follower/Learner. State: Replica: 674e7ab4260248c7ac659967c5a8ae59, State: Initialized, Role: FOLLOWER
I20260601 13:22:19.077929  7031 consensus_queue.cc:260] T 8eab7b641d3845e090f0a78ebac35575 P 674e7ab4260248c7ac659967c5a8ae59 [NON_LEADER]: Queue going to NON_LEADER mode. State: All replicated index: 0, Majority replicated index: 0, Committed index: 0, Last appended: 0.0, Last appended by leader: 0, Current term: 0, Majority size: -1, State: 0, Mode: NON_LEADER, active raft config: opid_index: -1 OBSOLETE_local: false peers { permanent_uuid: "674e7ab4260248c7ac659967c5a8ae59" member_type: VOTER last_known_addr { host: "127.3.161.68" port: 43825 } } peers { permanent_uuid: "7f3ec4e71e6b4a5aa53e889660f82cd6" member_type: VOTER last_known_addr { host: "127.3.161.66" port: 38117 } } peers { permanent_uuid: "5fad406b8702414e92433a8006a898b5" member_type: VOTER last_known_addr { host: "127.3.161.67" port: 41519 } }
I20260601 13:22:19.078312  7031 ts_tablet_manager.cc:1434] T 8eab7b641d3845e090f0a78ebac35575 P 674e7ab4260248c7ac659967c5a8ae59: Time spent starting tablet: real 0.001s	user 0.001s	sys 0.000s
I20260601 13:22:19.078470  7031 tablet_bootstrap.cc:492] T 562f0a8bb53143afb35103c22a7b61cf P 674e7ab4260248c7ac659967c5a8ae59: Bootstrap starting.
I20260601 13:22:19.079473  6898 raft_consensus.cc:493] T 1639f65e37a44ec4b35cec88882e37ac P e92a0a444aee4b8caf5af2596c5528a3 [term 0 FOLLOWER]: Starting pre-election (no leader contacted us within the election timeout)
I20260601 13:22:19.079532  7031 tablet_bootstrap.cc:654] T 562f0a8bb53143afb35103c22a7b61cf P 674e7ab4260248c7ac659967c5a8ae59: Neither blocks nor log segments found. Creating new log.
I20260601 13:22:19.079552  6898 raft_consensus.cc:515] T 1639f65e37a44ec4b35cec88882e37ac P e92a0a444aee4b8caf5af2596c5528a3 [term 0 FOLLOWER]: Starting pre-election with config: opid_index: -1 OBSOLETE_local: false peers { permanent_uuid: "e92a0a444aee4b8caf5af2596c5528a3" member_type: VOTER last_known_addr { host: "127.3.161.65" port: 35583 } } peers { permanent_uuid: "674e7ab4260248c7ac659967c5a8ae59" member_type: VOTER last_known_addr { host: "127.3.161.68" port: 43825 } } peers { permanent_uuid: "5fad406b8702414e92433a8006a898b5" member_type: VOTER last_known_addr { host: "127.3.161.67" port: 41519 } }
I20260601 13:22:19.079897  6898 leader_election.cc:290] T 1639f65e37a44ec4b35cec88882e37ac P e92a0a444aee4b8caf5af2596c5528a3 [CANDIDATE]: Term 1 pre-election: Requested pre-vote from peers 674e7ab4260248c7ac659967c5a8ae59 (127.3.161.68:43825), 5fad406b8702414e92433a8006a898b5 (127.3.161.67:41519)
I20260601 13:22:19.080360  6983 tablet_service.cc:1917] Received RequestConsensusVote() RPC: tablet_id: "1639f65e37a44ec4b35cec88882e37ac" candidate_uuid: "e92a0a444aee4b8caf5af2596c5528a3" candidate_term: 1 candidate_status { last_received { term: 0 index: 0 } } ignore_live_leader: false dest_uuid: "674e7ab4260248c7ac659967c5a8ae59" is_pre_election: true
I20260601 13:22:19.080440  6848 tablet_service.cc:1917] Received RequestConsensusVote() RPC: tablet_id: "1639f65e37a44ec4b35cec88882e37ac" candidate_uuid: "e92a0a444aee4b8caf5af2596c5528a3" candidate_term: 1 candidate_status { last_received { term: 0 index: 0 } } ignore_live_leader: false dest_uuid: "5fad406b8702414e92433a8006a898b5" is_pre_election: true
I20260601 13:22:19.080474  6983 raft_consensus.cc:2468] T 1639f65e37a44ec4b35cec88882e37ac P 674e7ab4260248c7ac659967c5a8ae59 [term 0 FOLLOWER]: Leader pre-election vote request: Granting yes vote for candidate e92a0a444aee4b8caf5af2596c5528a3 in term 0.
I20260601 13:22:19.080552  6848 raft_consensus.cc:2468] T 1639f65e37a44ec4b35cec88882e37ac P 5fad406b8702414e92433a8006a898b5 [term 0 FOLLOWER]: Leader pre-election vote request: Granting yes vote for candidate e92a0a444aee4b8caf5af2596c5528a3 in term 0.
I20260601 13:22:19.080631  6894 tablet_bootstrap.cc:492] T 562f0a8bb53143afb35103c22a7b61cf P e92a0a444aee4b8caf5af2596c5528a3: No bootstrap required, opened a new log
I20260601 13:22:19.080709  6894 ts_tablet_manager.cc:1403] T 562f0a8bb53143afb35103c22a7b61cf P e92a0a444aee4b8caf5af2596c5528a3: Time spent bootstrapping tablet: real 0.011s	user 0.002s	sys 0.000s
I20260601 13:22:19.080756  6660 leader_election.cc:304] T 1639f65e37a44ec4b35cec88882e37ac P e92a0a444aee4b8caf5af2596c5528a3 [CANDIDATE]: Term 1 pre-election: Election decided. Result: candidate won. Election summary: received 2 responses out of 3 voters: 2 yes votes; 0 no votes. yes voters: 674e7ab4260248c7ac659967c5a8ae59, e92a0a444aee4b8caf5af2596c5528a3; no voters: 
I20260601 13:22:19.080919  6898 raft_consensus.cc:2804] T 1639f65e37a44ec4b35cec88882e37ac P e92a0a444aee4b8caf5af2596c5528a3 [term 0 FOLLOWER]: Leader pre-election won for term 1
I20260601 13:22:19.080971  6898 raft_consensus.cc:493] T 1639f65e37a44ec4b35cec88882e37ac P e92a0a444aee4b8caf5af2596c5528a3 [term 0 FOLLOWER]: Starting leader election (no leader contacted us within the election timeout)
I20260601 13:22:19.081027  6898 raft_consensus.cc:3060] T 1639f65e37a44ec4b35cec88882e37ac P e92a0a444aee4b8caf5af2596c5528a3 [term 0 FOLLOWER]: Advancing to term 1
I20260601 13:22:19.081159  6894 raft_consensus.cc:359] T 562f0a8bb53143afb35103c22a7b61cf P e92a0a444aee4b8caf5af2596c5528a3 [term 0 FOLLOWER]: Replica starting. Triggering 0 pending ops. Active config: opid_index: -1 OBSOLETE_local: false peers { permanent_uuid: "674e7ab4260248c7ac659967c5a8ae59" member_type: VOTER last_known_addr { host: "127.3.161.68" port: 43825 } } peers { permanent_uuid: "e92a0a444aee4b8caf5af2596c5528a3" member_type: VOTER last_known_addr { host: "127.3.161.65" port: 35583 } } peers { permanent_uuid: "7f3ec4e71e6b4a5aa53e889660f82cd6" member_type: VOTER last_known_addr { host: "127.3.161.66" port: 38117 } }
I20260601 13:22:19.081264  6894 raft_consensus.cc:385] T 562f0a8bb53143afb35103c22a7b61cf P e92a0a444aee4b8caf5af2596c5528a3 [term 0 FOLLOWER]: Consensus starting up: Expiring failure detector timer to make a prompt election more likely
I20260601 13:22:19.081303  6894 raft_consensus.cc:740] T 562f0a8bb53143afb35103c22a7b61cf P e92a0a444aee4b8caf5af2596c5528a3 [term 0 FOLLOWER]: Becoming Follower/Learner. State: Replica: e92a0a444aee4b8caf5af2596c5528a3, State: Initialized, Role: FOLLOWER
I20260601 13:22:19.081420  6894 consensus_queue.cc:260] T 562f0a8bb53143afb35103c22a7b61cf P e92a0a444aee4b8caf5af2596c5528a3 [NON_LEADER]: Queue going to NON_LEADER mode. State: All replicated index: 0, Majority replicated index: 0, Committed index: 0, Last appended: 0.0, Last appended by leader: 0, Current term: 0, Majority size: -1, State: 0, Mode: NON_LEADER, active raft config: opid_index: -1 OBSOLETE_local: false peers { permanent_uuid: "674e7ab4260248c7ac659967c5a8ae59" member_type: VOTER last_known_addr { host: "127.3.161.68" port: 43825 } } peers { permanent_uuid: "e92a0a444aee4b8caf5af2596c5528a3" member_type: VOTER last_known_addr { host: "127.3.161.65" port: 35583 } } peers { permanent_uuid: "7f3ec4e71e6b4a5aa53e889660f82cd6" member_type: VOTER last_known_addr { host: "127.3.161.66" port: 38117 } }
I20260601 13:22:19.081720  6894 ts_tablet_manager.cc:1434] T 562f0a8bb53143afb35103c22a7b61cf P e92a0a444aee4b8caf5af2596c5528a3: Time spent starting tablet: real 0.001s	user 0.000s	sys 0.000s
I20260601 13:22:19.082067  6898 raft_consensus.cc:515] T 1639f65e37a44ec4b35cec88882e37ac P e92a0a444aee4b8caf5af2596c5528a3 [term 1 FOLLOWER]: Starting leader election with config: opid_index: -1 OBSOLETE_local: false peers { permanent_uuid: "e92a0a444aee4b8caf5af2596c5528a3" member_type: VOTER last_known_addr { host: "127.3.161.65" port: 35583 } } peers { permanent_uuid: "674e7ab4260248c7ac659967c5a8ae59" member_type: VOTER last_known_addr { host: "127.3.161.68" port: 43825 } } peers { permanent_uuid: "5fad406b8702414e92433a8006a898b5" member_type: VOTER last_known_addr { host: "127.3.161.67" port: 41519 } }
I20260601 13:22:19.082402  7031 tablet_bootstrap.cc:492] T 562f0a8bb53143afb35103c22a7b61cf P 674e7ab4260248c7ac659967c5a8ae59: No bootstrap required, opened a new log
I20260601 13:22:19.082419  6898 leader_election.cc:290] T 1639f65e37a44ec4b35cec88882e37ac P e92a0a444aee4b8caf5af2596c5528a3 [CANDIDATE]: Term 1 election: Requested vote from peers 674e7ab4260248c7ac659967c5a8ae59 (127.3.161.68:43825), 5fad406b8702414e92433a8006a898b5 (127.3.161.67:41519)
I20260601 13:22:19.082495  7031 ts_tablet_manager.cc:1403] T 562f0a8bb53143afb35103c22a7b61cf P 674e7ab4260248c7ac659967c5a8ae59: Time spent bootstrapping tablet: real 0.004s	user 0.002s	sys 0.000s
I20260601 13:22:19.082726  6848 tablet_service.cc:1917] Received RequestConsensusVote() RPC: tablet_id: "1639f65e37a44ec4b35cec88882e37ac" candidate_uuid: "e92a0a444aee4b8caf5af2596c5528a3" candidate_term: 1 candidate_status { last_received { term: 0 index: 0 } } ignore_live_leader: false dest_uuid: "5fad406b8702414e92433a8006a898b5"
I20260601 13:22:19.082727  6983 tablet_service.cc:1917] Received RequestConsensusVote() RPC: tablet_id: "1639f65e37a44ec4b35cec88882e37ac" candidate_uuid: "e92a0a444aee4b8caf5af2596c5528a3" candidate_term: 1 candidate_status { last_received { term: 0 index: 0 } } ignore_live_leader: false dest_uuid: "674e7ab4260248c7ac659967c5a8ae59"
I20260601 13:22:19.082851  6848 raft_consensus.cc:3060] T 1639f65e37a44ec4b35cec88882e37ac P 5fad406b8702414e92433a8006a898b5 [term 0 FOLLOWER]: Advancing to term 1
I20260601 13:22:19.082880  6983 raft_consensus.cc:3060] T 1639f65e37a44ec4b35cec88882e37ac P 674e7ab4260248c7ac659967c5a8ae59 [term 0 FOLLOWER]: Advancing to term 1
I20260601 13:22:19.082958  7031 raft_consensus.cc:359] T 562f0a8bb53143afb35103c22a7b61cf P 674e7ab4260248c7ac659967c5a8ae59 [term 0 FOLLOWER]: Replica starting. Triggering 0 pending ops. Active config: opid_index: -1 OBSOLETE_local: false peers { permanent_uuid: "674e7ab4260248c7ac659967c5a8ae59" member_type: VOTER last_known_addr { host: "127.3.161.68" port: 43825 } } peers { permanent_uuid: "e92a0a444aee4b8caf5af2596c5528a3" member_type: VOTER last_known_addr { host: "127.3.161.65" port: 35583 } } peers { permanent_uuid: "7f3ec4e71e6b4a5aa53e889660f82cd6" member_type: VOTER last_known_addr { host: "127.3.161.66" port: 38117 } }
I20260601 13:22:19.083058  7031 raft_consensus.cc:385] T 562f0a8bb53143afb35103c22a7b61cf P 674e7ab4260248c7ac659967c5a8ae59 [term 0 FOLLOWER]: Consensus starting up: Expiring failure detector timer to make a prompt election more likely
I20260601 13:22:19.083091  7031 raft_consensus.cc:740] T 562f0a8bb53143afb35103c22a7b61cf P 674e7ab4260248c7ac659967c5a8ae59 [term 0 FOLLOWER]: Becoming Follower/Learner. State: Replica: 674e7ab4260248c7ac659967c5a8ae59, State: Initialized, Role: FOLLOWER
I20260601 13:22:19.083202  7031 consensus_queue.cc:260] T 562f0a8bb53143afb35103c22a7b61cf P 674e7ab4260248c7ac659967c5a8ae59 [NON_LEADER]: Queue going to NON_LEADER mode. State: All replicated index: 0, Majority replicated index: 0, Committed index: 0, Last appended: 0.0, Last appended by leader: 0, Current term: 0, Majority size: -1, State: 0, Mode: NON_LEADER, active raft config: opid_index: -1 OBSOLETE_local: false peers { permanent_uuid: "674e7ab4260248c7ac659967c5a8ae59" member_type: VOTER last_known_addr { host: "127.3.161.68" port: 43825 } } peers { permanent_uuid: "e92a0a444aee4b8caf5af2596c5528a3" member_type: VOTER last_known_addr { host: "127.3.161.65" port: 35583 } } peers { permanent_uuid: "7f3ec4e71e6b4a5aa53e889660f82cd6" member_type: VOTER last_known_addr { host: "127.3.161.66" port: 38117 } }
I20260601 13:22:19.083572  7031 ts_tablet_manager.cc:1434] T 562f0a8bb53143afb35103c22a7b61cf P 674e7ab4260248c7ac659967c5a8ae59: Time spent starting tablet: real 0.001s	user 0.001s	sys 0.000s
I20260601 13:22:19.083774  6848 raft_consensus.cc:2468] T 1639f65e37a44ec4b35cec88882e37ac P 5fad406b8702414e92433a8006a898b5 [term 1 FOLLOWER]: Leader election vote request: Granting yes vote for candidate e92a0a444aee4b8caf5af2596c5528a3 in term 1.
I20260601 13:22:19.083845  7031 tablet_bootstrap.cc:492] T 194ef36e665c43d383fc3d50789086a2 P 674e7ab4260248c7ac659967c5a8ae59: Bootstrap starting.
I20260601 13:22:19.084005  6660 leader_election.cc:304] T 1639f65e37a44ec4b35cec88882e37ac P e92a0a444aee4b8caf5af2596c5528a3 [CANDIDATE]: Term 1 election: Election decided. Result: candidate won. Election summary: received 2 responses out of 3 voters: 2 yes votes; 0 no votes. yes voters: 5fad406b8702414e92433a8006a898b5, e92a0a444aee4b8caf5af2596c5528a3; no voters: 
I20260601 13:22:19.084055  6983 raft_consensus.cc:2468] T 1639f65e37a44ec4b35cec88882e37ac P 674e7ab4260248c7ac659967c5a8ae59 [term 1 FOLLOWER]: Leader election vote request: Granting yes vote for candidate e92a0a444aee4b8caf5af2596c5528a3 in term 1.
I20260601 13:22:19.084157  6898 raft_consensus.cc:2804] T 1639f65e37a44ec4b35cec88882e37ac P e92a0a444aee4b8caf5af2596c5528a3 [term 1 FOLLOWER]: Leader election won for term 1
I20260601 13:22:19.084267  6898 raft_consensus.cc:697] T 1639f65e37a44ec4b35cec88882e37ac P e92a0a444aee4b8caf5af2596c5528a3 [term 1 LEADER]: Becoming Leader. State: Replica: e92a0a444aee4b8caf5af2596c5528a3, State: Running, Role: LEADER
I20260601 13:22:19.084372  6898 consensus_queue.cc:237] T 1639f65e37a44ec4b35cec88882e37ac P e92a0a444aee4b8caf5af2596c5528a3 [LEADER]: Queue going to LEADER mode. State: All replicated index: 0, Majority replicated index: 0, Committed index: 0, Last appended: 0.0, Last appended by leader: 0, Current term: 1, Majority size: 2, State: 0, Mode: LEADER, active raft config: opid_index: -1 OBSOLETE_local: false peers { permanent_uuid: "e92a0a444aee4b8caf5af2596c5528a3" member_type: VOTER last_known_addr { host: "127.3.161.65" port: 35583 } } peers { permanent_uuid: "674e7ab4260248c7ac659967c5a8ae59" member_type: VOTER last_known_addr { host: "127.3.161.68" port: 43825 } } peers { permanent_uuid: "5fad406b8702414e92433a8006a898b5" member_type: VOTER last_known_addr { host: "127.3.161.67" port: 41519 } }
I20260601 13:22:19.084923  7031 tablet_bootstrap.cc:654] T 194ef36e665c43d383fc3d50789086a2 P 674e7ab4260248c7ac659967c5a8ae59: Neither blocks nor log segments found. Creating new log.
I20260601 13:22:19.086021  7031 tablet_bootstrap.cc:492] T 194ef36e665c43d383fc3d50789086a2 P 674e7ab4260248c7ac659967c5a8ae59: No bootstrap required, opened a new log
I20260601 13:22:19.086102  7031 ts_tablet_manager.cc:1403] T 194ef36e665c43d383fc3d50789086a2 P 674e7ab4260248c7ac659967c5a8ae59: Time spent bootstrapping tablet: real 0.002s	user 0.002s	sys 0.000s
I20260601 13:22:19.086521  7031 raft_consensus.cc:359] T 194ef36e665c43d383fc3d50789086a2 P 674e7ab4260248c7ac659967c5a8ae59 [term 0 FOLLOWER]: Replica starting. Triggering 0 pending ops. Active config: opid_index: -1 OBSOLETE_local: false peers { permanent_uuid: "5fad406b8702414e92433a8006a898b5" member_type: VOTER last_known_addr { host: "127.3.161.67" port: 41519 } } peers { permanent_uuid: "e92a0a444aee4b8caf5af2596c5528a3" member_type: VOTER last_known_addr { host: "127.3.161.65" port: 35583 } } peers { permanent_uuid: "674e7ab4260248c7ac659967c5a8ae59" member_type: VOTER last_known_addr { host: "127.3.161.68" port: 43825 } }
I20260601 13:22:19.086632  7031 raft_consensus.cc:385] T 194ef36e665c43d383fc3d50789086a2 P 674e7ab4260248c7ac659967c5a8ae59 [term 0 FOLLOWER]: Consensus starting up: Expiring failure detector timer to make a prompt election more likely
I20260601 13:22:19.086668  7031 raft_consensus.cc:740] T 194ef36e665c43d383fc3d50789086a2 P 674e7ab4260248c7ac659967c5a8ae59 [term 0 FOLLOWER]: Becoming Follower/Learner. State: Replica: 674e7ab4260248c7ac659967c5a8ae59, State: Initialized, Role: FOLLOWER
I20260601 13:22:19.086807  7031 consensus_queue.cc:260] T 194ef36e665c43d383fc3d50789086a2 P 674e7ab4260248c7ac659967c5a8ae59 [NON_LEADER]: Queue going to NON_LEADER mode. State: All replicated index: 0, Majority replicated index: 0, Committed index: 0, Last appended: 0.0, Last appended by leader: 0, Current term: 0, Majority size: -1, State: 0, Mode: NON_LEADER, active raft config: opid_index: -1 OBSOLETE_local: false peers { permanent_uuid: "5fad406b8702414e92433a8006a898b5" member_type: VOTER last_known_addr { host: "127.3.161.67" port: 41519 } } peers { permanent_uuid: "e92a0a444aee4b8caf5af2596c5528a3" member_type: VOTER last_known_addr { host: "127.3.161.65" port: 35583 } } peers { permanent_uuid: "674e7ab4260248c7ac659967c5a8ae59" member_type: VOTER last_known_addr { host: "127.3.161.68" port: 43825 } }
I20260601 13:22:19.087169  7031 ts_tablet_manager.cc:1434] T 194ef36e665c43d383fc3d50789086a2 P 674e7ab4260248c7ac659967c5a8ae59: Time spent starting tablet: real 0.001s	user 0.000s	sys 0.001s
I20260601 13:22:19.087110  6592 catalog_manager.cc:5696] T 1639f65e37a44ec4b35cec88882e37ac P e92a0a444aee4b8caf5af2596c5528a3 reported cstate change: term changed from 0 to 1, leader changed from <none> to e92a0a444aee4b8caf5af2596c5528a3 (127.3.161.65). New cstate: current_term: 1 leader_uuid: "e92a0a444aee4b8caf5af2596c5528a3" committed_config { opid_index: -1 OBSOLETE_local: false peers { permanent_uuid: "e92a0a444aee4b8caf5af2596c5528a3" member_type: VOTER last_known_addr { host: "127.3.161.65" port: 35583 } health_report { overall_health: HEALTHY } } peers { permanent_uuid: "674e7ab4260248c7ac659967c5a8ae59" member_type: VOTER last_known_addr { host: "127.3.161.68" port: 43825 } health_report { overall_health: UNKNOWN } } peers { permanent_uuid: "5fad406b8702414e92433a8006a898b5" member_type: VOTER last_known_addr { host: "127.3.161.67" port: 41519 } health_report { overall_health: UNKNOWN } } }
I20260601 13:22:19.099148  7036 raft_consensus.cc:493] T 3a96a82e11e248d58efb0ff454e2e960 P 674e7ab4260248c7ac659967c5a8ae59 [term 0 FOLLOWER]: Starting pre-election (no leader contacted us within the election timeout)
I20260601 13:22:19.099323  7036 raft_consensus.cc:515] T 3a96a82e11e248d58efb0ff454e2e960 P 674e7ab4260248c7ac659967c5a8ae59 [term 0 FOLLOWER]: Starting pre-election with config: opid_index: -1 OBSOLETE_local: false peers { permanent_uuid: "e92a0a444aee4b8caf5af2596c5528a3" member_type: VOTER last_known_addr { host: "127.3.161.65" port: 35583 } } peers { permanent_uuid: "674e7ab4260248c7ac659967c5a8ae59" member_type: VOTER last_known_addr { host: "127.3.161.68" port: 43825 } } peers { permanent_uuid: "7f3ec4e71e6b4a5aa53e889660f82cd6" member_type: VOTER last_known_addr { host: "127.3.161.66" port: 38117 } }
I20260601 13:22:19.099941  7036 leader_election.cc:290] T 3a96a82e11e248d58efb0ff454e2e960 P 674e7ab4260248c7ac659967c5a8ae59 [CANDIDATE]: Term 1 pre-election: Requested pre-vote from peers e92a0a444aee4b8caf5af2596c5528a3 (127.3.161.65:35583), 7f3ec4e71e6b4a5aa53e889660f82cd6 (127.3.161.66:38117)
I20260601 13:22:19.104354  6773 tablet_service.cc:1917] Received RequestConsensusVote() RPC: tablet_id: "3a96a82e11e248d58efb0ff454e2e960" candidate_uuid: "674e7ab4260248c7ac659967c5a8ae59" candidate_term: 1 candidate_status { last_received { term: 0 index: 0 } } ignore_live_leader: false dest_uuid: "7f3ec4e71e6b4a5aa53e889660f82cd6" is_pre_election: true
I20260601 13:22:19.104354  6696 tablet_service.cc:1917] Received RequestConsensusVote() RPC: tablet_id: "3a96a82e11e248d58efb0ff454e2e960" candidate_uuid: "674e7ab4260248c7ac659967c5a8ae59" candidate_term: 1 candidate_status { last_received { term: 0 index: 0 } } ignore_live_leader: false dest_uuid: "e92a0a444aee4b8caf5af2596c5528a3" is_pre_election: true
I20260601 13:22:19.104635  6696 raft_consensus.cc:2468] T 3a96a82e11e248d58efb0ff454e2e960 P e92a0a444aee4b8caf5af2596c5528a3 [term 0 FOLLOWER]: Leader pre-election vote request: Granting yes vote for candidate 674e7ab4260248c7ac659967c5a8ae59 in term 0.
I20260601 13:22:19.104636  6773 raft_consensus.cc:2468] T 3a96a82e11e248d58efb0ff454e2e960 P 7f3ec4e71e6b4a5aa53e889660f82cd6 [term 0 FOLLOWER]: Leader pre-election vote request: Granting yes vote for candidate 674e7ab4260248c7ac659967c5a8ae59 in term 0.
I20260601 13:22:19.104993  6949 leader_election.cc:304] T 3a96a82e11e248d58efb0ff454e2e960 P 674e7ab4260248c7ac659967c5a8ae59 [CANDIDATE]: Term 1 pre-election: Election decided. Result: candidate won. Election summary: received 3 responses out of 3 voters: 3 yes votes; 0 no votes. yes voters: 674e7ab4260248c7ac659967c5a8ae59, 7f3ec4e71e6b4a5aa53e889660f82cd6, e92a0a444aee4b8caf5af2596c5528a3; no voters: 
I20260601 13:22:19.105238  7036 raft_consensus.cc:2804] T 3a96a82e11e248d58efb0ff454e2e960 P 674e7ab4260248c7ac659967c5a8ae59 [term 0 FOLLOWER]: Leader pre-election won for term 1
I20260601 13:22:19.105338  7036 raft_consensus.cc:493] T 3a96a82e11e248d58efb0ff454e2e960 P 674e7ab4260248c7ac659967c5a8ae59 [term 0 FOLLOWER]: Starting leader election (no leader contacted us within the election timeout)
I20260601 13:22:19.105404  7036 raft_consensus.cc:3060] T 3a96a82e11e248d58efb0ff454e2e960 P 674e7ab4260248c7ac659967c5a8ae59 [term 0 FOLLOWER]: Advancing to term 1
I20260601 13:22:19.106469  7036 raft_consensus.cc:515] T 3a96a82e11e248d58efb0ff454e2e960 P 674e7ab4260248c7ac659967c5a8ae59 [term 1 FOLLOWER]: Starting leader election with config: opid_index: -1 OBSOLETE_local: false peers { permanent_uuid: "e92a0a444aee4b8caf5af2596c5528a3" member_type: VOTER last_known_addr { host: "127.3.161.65" port: 35583 } } peers { permanent_uuid: "674e7ab4260248c7ac659967c5a8ae59" member_type: VOTER last_known_addr { host: "127.3.161.68" port: 43825 } } peers { permanent_uuid: "7f3ec4e71e6b4a5aa53e889660f82cd6" member_type: VOTER last_known_addr { host: "127.3.161.66" port: 38117 } }
I20260601 13:22:19.106904  7036 leader_election.cc:290] T 3a96a82e11e248d58efb0ff454e2e960 P 674e7ab4260248c7ac659967c5a8ae59 [CANDIDATE]: Term 1 election: Requested vote from peers e92a0a444aee4b8caf5af2596c5528a3 (127.3.161.65:35583), 7f3ec4e71e6b4a5aa53e889660f82cd6 (127.3.161.66:38117)
I20260601 13:22:19.107419  6696 tablet_service.cc:1917] Received RequestConsensusVote() RPC: tablet_id: "3a96a82e11e248d58efb0ff454e2e960" candidate_uuid: "674e7ab4260248c7ac659967c5a8ae59" candidate_term: 1 candidate_status { last_received { term: 0 index: 0 } } ignore_live_leader: false dest_uuid: "e92a0a444aee4b8caf5af2596c5528a3"
I20260601 13:22:19.107419  6773 tablet_service.cc:1917] Received RequestConsensusVote() RPC: tablet_id: "3a96a82e11e248d58efb0ff454e2e960" candidate_uuid: "674e7ab4260248c7ac659967c5a8ae59" candidate_term: 1 candidate_status { last_received { term: 0 index: 0 } } ignore_live_leader: false dest_uuid: "7f3ec4e71e6b4a5aa53e889660f82cd6"
I20260601 13:22:19.107589  6773 raft_consensus.cc:3060] T 3a96a82e11e248d58efb0ff454e2e960 P 7f3ec4e71e6b4a5aa53e889660f82cd6 [term 0 FOLLOWER]: Advancing to term 1
I20260601 13:22:19.107589  6696 raft_consensus.cc:3060] T 3a96a82e11e248d58efb0ff454e2e960 P e92a0a444aee4b8caf5af2596c5528a3 [term 0 FOLLOWER]: Advancing to term 1
I20260601 13:22:19.108521  6696 raft_consensus.cc:2468] T 3a96a82e11e248d58efb0ff454e2e960 P e92a0a444aee4b8caf5af2596c5528a3 [term 1 FOLLOWER]: Leader election vote request: Granting yes vote for candidate 674e7ab4260248c7ac659967c5a8ae59 in term 1.
I20260601 13:22:19.108521  6773 raft_consensus.cc:2468] T 3a96a82e11e248d58efb0ff454e2e960 P 7f3ec4e71e6b4a5aa53e889660f82cd6 [term 1 FOLLOWER]: Leader election vote request: Granting yes vote for candidate 674e7ab4260248c7ac659967c5a8ae59 in term 1.
I20260601 13:22:19.108883  6949 leader_election.cc:304] T 3a96a82e11e248d58efb0ff454e2e960 P 674e7ab4260248c7ac659967c5a8ae59 [CANDIDATE]: Term 1 election: Election decided. Result: candidate won. Election summary: received 2 responses out of 3 voters: 2 yes votes; 0 no votes. yes voters: 674e7ab4260248c7ac659967c5a8ae59, e92a0a444aee4b8caf5af2596c5528a3; no voters: 
I20260601 13:22:19.109109  7036 raft_consensus.cc:2804] T 3a96a82e11e248d58efb0ff454e2e960 P 674e7ab4260248c7ac659967c5a8ae59 [term 1 FOLLOWER]: Leader election won for term 1
I20260601 13:22:19.109241  7036 raft_consensus.cc:697] T 3a96a82e11e248d58efb0ff454e2e960 P 674e7ab4260248c7ac659967c5a8ae59 [term 1 LEADER]: Becoming Leader. State: Replica: 674e7ab4260248c7ac659967c5a8ae59, State: Running, Role: LEADER
I20260601 13:22:19.109390  7036 consensus_queue.cc:237] T 3a96a82e11e248d58efb0ff454e2e960 P 674e7ab4260248c7ac659967c5a8ae59 [LEADER]: Queue going to LEADER mode. State: All replicated index: 0, Majority replicated index: 0, Committed index: 0, Last appended: 0.0, Last appended by leader: 0, Current term: 1, Majority size: 2, State: 0, Mode: LEADER, active raft config: opid_index: -1 OBSOLETE_local: false peers { permanent_uuid: "e92a0a444aee4b8caf5af2596c5528a3" member_type: VOTER last_known_addr { host: "127.3.161.65" port: 35583 } } peers { permanent_uuid: "674e7ab4260248c7ac659967c5a8ae59" member_type: VOTER last_known_addr { host: "127.3.161.68" port: 43825 } } peers { permanent_uuid: "7f3ec4e71e6b4a5aa53e889660f82cd6" member_type: VOTER last_known_addr { host: "127.3.161.66" port: 38117 } }
I20260601 13:22:19.110967  6592 catalog_manager.cc:5696] T 3a96a82e11e248d58efb0ff454e2e960 P 674e7ab4260248c7ac659967c5a8ae59 reported cstate change: term changed from 0 to 1, leader changed from <none> to 674e7ab4260248c7ac659967c5a8ae59 (127.3.161.68). New cstate: current_term: 1 leader_uuid: "674e7ab4260248c7ac659967c5a8ae59" committed_config { opid_index: -1 OBSOLETE_local: false peers { permanent_uuid: "e92a0a444aee4b8caf5af2596c5528a3" member_type: VOTER last_known_addr { host: "127.3.161.65" port: 35583 } health_report { overall_health: UNKNOWN } } peers { permanent_uuid: "674e7ab4260248c7ac659967c5a8ae59" member_type: VOTER last_known_addr { host: "127.3.161.68" port: 43825 } health_report { overall_health: HEALTHY } } peers { permanent_uuid: "7f3ec4e71e6b4a5aa53e889660f82cd6" member_type: VOTER last_known_addr { host: "127.3.161.66" port: 38117 } health_report { overall_health: UNKNOWN } } }
I20260601 13:22:19.113163  6907 raft_consensus.cc:493] T 0622a3fb28d74499be1c6e8d70b32531 P 5fad406b8702414e92433a8006a898b5 [term 0 FOLLOWER]: Starting pre-election (no leader contacted us within the election timeout)
I20260601 13:22:19.113270  6907 raft_consensus.cc:515] T 0622a3fb28d74499be1c6e8d70b32531 P 5fad406b8702414e92433a8006a898b5 [term 0 FOLLOWER]: Starting pre-election with config: opid_index: -1 OBSOLETE_local: false peers { permanent_uuid: "e92a0a444aee4b8caf5af2596c5528a3" member_type: VOTER last_known_addr { host: "127.3.161.65" port: 35583 } } peers { permanent_uuid: "674e7ab4260248c7ac659967c5a8ae59" member_type: VOTER last_known_addr { host: "127.3.161.68" port: 43825 } } peers { permanent_uuid: "5fad406b8702414e92433a8006a898b5" member_type: VOTER last_known_addr { host: "127.3.161.67" port: 41519 } }
I20260601 13:22:19.113726  6907 leader_election.cc:290] T 0622a3fb28d74499be1c6e8d70b32531 P 5fad406b8702414e92433a8006a898b5 [CANDIDATE]: Term 1 pre-election: Requested pre-vote from peers e92a0a444aee4b8caf5af2596c5528a3 (127.3.161.65:35583), 674e7ab4260248c7ac659967c5a8ae59 (127.3.161.68:43825)
I20260601 13:22:19.114089  6696 tablet_service.cc:1917] Received RequestConsensusVote() RPC: tablet_id: "0622a3fb28d74499be1c6e8d70b32531" candidate_uuid: "5fad406b8702414e92433a8006a898b5" candidate_term: 1 candidate_status { last_received { term: 0 index: 0 } } ignore_live_leader: false dest_uuid: "e92a0a444aee4b8caf5af2596c5528a3" is_pre_election: true
I20260601 13:22:19.114238  6696 raft_consensus.cc:2468] T 0622a3fb28d74499be1c6e8d70b32531 P e92a0a444aee4b8caf5af2596c5528a3 [term 0 FOLLOWER]: Leader pre-election vote request: Granting yes vote for candidate 5fad406b8702414e92433a8006a898b5 in term 0.
I20260601 13:22:19.114590  6813 leader_election.cc:304] T 0622a3fb28d74499be1c6e8d70b32531 P 5fad406b8702414e92433a8006a898b5 [CANDIDATE]: Term 1 pre-election: Election decided. Result: candidate won. Election summary: received 2 responses out of 3 voters: 2 yes votes; 0 no votes. yes voters: 5fad406b8702414e92433a8006a898b5, e92a0a444aee4b8caf5af2596c5528a3; no voters: 
I20260601 13:22:19.114836  6907 raft_consensus.cc:2804] T 0622a3fb28d74499be1c6e8d70b32531 P 5fad406b8702414e92433a8006a898b5 [term 0 FOLLOWER]: Leader pre-election won for term 1
I20260601 13:22:19.114903  6907 raft_consensus.cc:493] T 0622a3fb28d74499be1c6e8d70b32531 P 5fad406b8702414e92433a8006a898b5 [term 0 FOLLOWER]: Starting leader election (no leader contacted us within the election timeout)
I20260601 13:22:19.114944  6907 raft_consensus.cc:3060] T 0622a3fb28d74499be1c6e8d70b32531 P 5fad406b8702414e92433a8006a898b5 [term 0 FOLLOWER]: Advancing to term 1
I20260601 13:22:19.115918  6907 raft_consensus.cc:515] T 0622a3fb28d74499be1c6e8d70b32531 P 5fad406b8702414e92433a8006a898b5 [term 1 FOLLOWER]: Starting leader election with config: opid_index: -1 OBSOLETE_local: false peers { permanent_uuid: "e92a0a444aee4b8caf5af2596c5528a3" member_type: VOTER last_known_addr { host: "127.3.161.65" port: 35583 } } peers { permanent_uuid: "674e7ab4260248c7ac659967c5a8ae59" member_type: VOTER last_known_addr { host: "127.3.161.68" port: 43825 } } peers { permanent_uuid: "5fad406b8702414e92433a8006a898b5" member_type: VOTER last_known_addr { host: "127.3.161.67" port: 41519 } }
I20260601 13:22:19.116300  6907 leader_election.cc:290] T 0622a3fb28d74499be1c6e8d70b32531 P 5fad406b8702414e92433a8006a898b5 [CANDIDATE]: Term 1 election: Requested vote from peers e92a0a444aee4b8caf5af2596c5528a3 (127.3.161.65:35583), 674e7ab4260248c7ac659967c5a8ae59 (127.3.161.68:43825)
I20260601 13:22:19.116564  6696 tablet_service.cc:1917] Received RequestConsensusVote() RPC: tablet_id: "0622a3fb28d74499be1c6e8d70b32531" candidate_uuid: "5fad406b8702414e92433a8006a898b5" candidate_term: 1 candidate_status { last_received { term: 0 index: 0 } } ignore_live_leader: false dest_uuid: "e92a0a444aee4b8caf5af2596c5528a3"
I20260601 13:22:19.116665  6696 raft_consensus.cc:3060] T 0622a3fb28d74499be1c6e8d70b32531 P e92a0a444aee4b8caf5af2596c5528a3 [term 0 FOLLOWER]: Advancing to term 1
I20260601 13:22:19.116879  6903 consensus_queue.cc:1048] T 6ce3a96e8b1949238d154a0e9a44085d P 7f3ec4e71e6b4a5aa53e889660f82cd6 [LEADER]: Connected to new peer: Peer: permanent_uuid: "5fad406b8702414e92433a8006a898b5" member_type: VOTER last_known_addr { host: "127.3.161.67" port: 41519 }, Status: LMP_MISMATCH, Last received: 0.0, Next index: 1, Last known committed idx: 0, Time since last communication: 0.000s
I20260601 13:22:19.117619  6696 raft_consensus.cc:2468] T 0622a3fb28d74499be1c6e8d70b32531 P e92a0a444aee4b8caf5af2596c5528a3 [term 1 FOLLOWER]: Leader election vote request: Granting yes vote for candidate 5fad406b8702414e92433a8006a898b5 in term 1.
I20260601 13:22:19.118127  6813 leader_election.cc:304] T 0622a3fb28d74499be1c6e8d70b32531 P 5fad406b8702414e92433a8006a898b5 [CANDIDATE]: Term 1 election: Election decided. Result: candidate won. Election summary: received 2 responses out of 3 voters: 2 yes votes; 0 no votes. yes voters: 5fad406b8702414e92433a8006a898b5, e92a0a444aee4b8caf5af2596c5528a3; no voters: 
I20260601 13:22:19.118247  6983 tablet_service.cc:1917] Received RequestConsensusVote() RPC: tablet_id: "0622a3fb28d74499be1c6e8d70b32531" candidate_uuid: "5fad406b8702414e92433a8006a898b5" candidate_term: 1 candidate_status { last_received { term: 0 index: 0 } } ignore_live_leader: false dest_uuid: "674e7ab4260248c7ac659967c5a8ae59" is_pre_election: true
I20260601 13:22:19.118351  6983 raft_consensus.cc:2468] T 0622a3fb28d74499be1c6e8d70b32531 P 674e7ab4260248c7ac659967c5a8ae59 [term 0 FOLLOWER]: Leader pre-election vote request: Granting yes vote for candidate 5fad406b8702414e92433a8006a898b5 in term 0.
I20260601 13:22:19.118566  6984 tablet_service.cc:1917] Received RequestConsensusVote() RPC: tablet_id: "0622a3fb28d74499be1c6e8d70b32531" candidate_uuid: "5fad406b8702414e92433a8006a898b5" candidate_term: 1 candidate_status { last_received { term: 0 index: 0 } } ignore_live_leader: false dest_uuid: "674e7ab4260248c7ac659967c5a8ae59"
I20260601 13:22:19.118664  6984 raft_consensus.cc:3060] T 0622a3fb28d74499be1c6e8d70b32531 P 674e7ab4260248c7ac659967c5a8ae59 [term 0 FOLLOWER]: Advancing to term 1
I20260601 13:22:19.118842  6907 raft_consensus.cc:2804] T 0622a3fb28d74499be1c6e8d70b32531 P 5fad406b8702414e92433a8006a898b5 [term 1 FOLLOWER]: Leader election won for term 1
I20260601 13:22:19.118921  6907 raft_consensus.cc:697] T 0622a3fb28d74499be1c6e8d70b32531 P 5fad406b8702414e92433a8006a898b5 [term 1 LEADER]: Becoming Leader. State: Replica: 5fad406b8702414e92433a8006a898b5, State: Running, Role: LEADER
I20260601 13:22:19.119032  6907 consensus_queue.cc:237] T 0622a3fb28d74499be1c6e8d70b32531 P 5fad406b8702414e92433a8006a898b5 [LEADER]: Queue going to LEADER mode. State: All replicated index: 0, Majority replicated index: 0, Committed index: 0, Last appended: 0.0, Last appended by leader: 0, Current term: 1, Majority size: 2, State: 0, Mode: LEADER, active raft config: opid_index: -1 OBSOLETE_local: false peers { permanent_uuid: "e92a0a444aee4b8caf5af2596c5528a3" member_type: VOTER last_known_addr { host: "127.3.161.65" port: 35583 } } peers { permanent_uuid: "674e7ab4260248c7ac659967c5a8ae59" member_type: VOTER last_known_addr { host: "127.3.161.68" port: 43825 } } peers { permanent_uuid: "5fad406b8702414e92433a8006a898b5" member_type: VOTER last_known_addr { host: "127.3.161.67" port: 41519 } }
I20260601 13:22:19.119755  6984 raft_consensus.cc:2468] T 0622a3fb28d74499be1c6e8d70b32531 P 674e7ab4260248c7ac659967c5a8ae59 [term 1 FOLLOWER]: Leader election vote request: Granting yes vote for candidate 5fad406b8702414e92433a8006a898b5 in term 1.
I20260601 13:22:19.120407  6926 consensus_queue.cc:1048] T 6ce3a96e8b1949238d154a0e9a44085d P 7f3ec4e71e6b4a5aa53e889660f82cd6 [LEADER]: Connected to new peer: Peer: permanent_uuid: "e92a0a444aee4b8caf5af2596c5528a3" member_type: VOTER last_known_addr { host: "127.3.161.65" port: 35583 }, Status: LMP_MISMATCH, Last received: 0.0, Next index: 1, Last known committed idx: 0, Time since last communication: 0.000s
I20260601 13:22:19.121055  6591 catalog_manager.cc:5696] T 0622a3fb28d74499be1c6e8d70b32531 P 5fad406b8702414e92433a8006a898b5 reported cstate change: term changed from 0 to 1, leader changed from <none> to 5fad406b8702414e92433a8006a898b5 (127.3.161.67). New cstate: current_term: 1 leader_uuid: "5fad406b8702414e92433a8006a898b5" committed_config { opid_index: -1 OBSOLETE_local: false peers { permanent_uuid: "e92a0a444aee4b8caf5af2596c5528a3" member_type: VOTER last_known_addr { host: "127.3.161.65" port: 35583 } health_report { overall_health: UNKNOWN } } peers { permanent_uuid: "674e7ab4260248c7ac659967c5a8ae59" member_type: VOTER last_known_addr { host: "127.3.161.68" port: 43825 } health_report { overall_health: UNKNOWN } } peers { permanent_uuid: "5fad406b8702414e92433a8006a898b5" member_type: VOTER last_known_addr { host: "127.3.161.67" port: 41519 } health_report { overall_health: HEALTHY } } }
I20260601 13:22:19.127745  6926 consensus_queue.cc:1048] T c5a6057b80474f7b96fc174e25841f24 P 7f3ec4e71e6b4a5aa53e889660f82cd6 [LEADER]: Connected to new peer: Peer: permanent_uuid: "e92a0a444aee4b8caf5af2596c5528a3" member_type: VOTER last_known_addr { host: "127.3.161.65" port: 35583 }, Status: LMP_MISMATCH, Last received: 0.0, Next index: 1, Last known committed idx: 0, Time since last communication: 0.000s
I20260601 13:22:19.130496  7059 consensus_queue.cc:1048] T c5a6057b80474f7b96fc174e25841f24 P 7f3ec4e71e6b4a5aa53e889660f82cd6 [LEADER]: Connected to new peer: Peer: permanent_uuid: "5fad406b8702414e92433a8006a898b5" member_type: VOTER last_known_addr { host: "127.3.161.67" port: 41519 }, Status: LMP_MISMATCH, Last received: 0.0, Next index: 1, Last known committed idx: 0, Time since last communication: 0.000s
I20260601 13:22:19.160002  7036 raft_consensus.cc:493] T 8eab7b641d3845e090f0a78ebac35575 P 674e7ab4260248c7ac659967c5a8ae59 [term 0 FOLLOWER]: Starting pre-election (no leader contacted us within the election timeout)
I20260601 13:22:19.160156  7036 raft_consensus.cc:515] T 8eab7b641d3845e090f0a78ebac35575 P 674e7ab4260248c7ac659967c5a8ae59 [term 0 FOLLOWER]: Starting pre-election with config: opid_index: -1 OBSOLETE_local: false peers { permanent_uuid: "674e7ab4260248c7ac659967c5a8ae59" member_type: VOTER last_known_addr { host: "127.3.161.68" port: 43825 } } peers { permanent_uuid: "7f3ec4e71e6b4a5aa53e889660f82cd6" member_type: VOTER last_known_addr { host: "127.3.161.66" port: 38117 } } peers { permanent_uuid: "5fad406b8702414e92433a8006a898b5" member_type: VOTER last_known_addr { host: "127.3.161.67" port: 41519 } }
I20260601 13:22:19.160771  7036 leader_election.cc:290] T 8eab7b641d3845e090f0a78ebac35575 P 674e7ab4260248c7ac659967c5a8ae59 [CANDIDATE]: Term 1 pre-election: Requested pre-vote from peers 7f3ec4e71e6b4a5aa53e889660f82cd6 (127.3.161.66:38117), 5fad406b8702414e92433a8006a898b5 (127.3.161.67:41519)
I20260601 13:22:19.161307  6773 tablet_service.cc:1917] Received RequestConsensusVote() RPC: tablet_id: "8eab7b641d3845e090f0a78ebac35575" candidate_uuid: "674e7ab4260248c7ac659967c5a8ae59" candidate_term: 1 candidate_status { last_received { term: 0 index: 0 } } ignore_live_leader: false dest_uuid: "7f3ec4e71e6b4a5aa53e889660f82cd6" is_pre_election: true
I20260601 13:22:19.161450  6773 raft_consensus.cc:2468] T 8eab7b641d3845e090f0a78ebac35575 P 7f3ec4e71e6b4a5aa53e889660f82cd6 [term 0 FOLLOWER]: Leader pre-election vote request: Granting yes vote for candidate 674e7ab4260248c7ac659967c5a8ae59 in term 0.
I20260601 13:22:19.161818  6947 leader_election.cc:304] T 8eab7b641d3845e090f0a78ebac35575 P 674e7ab4260248c7ac659967c5a8ae59 [CANDIDATE]: Term 1 pre-election: Election decided. Result: candidate won. Election summary: received 2 responses out of 3 voters: 2 yes votes; 0 no votes. yes voters: 674e7ab4260248c7ac659967c5a8ae59, 7f3ec4e71e6b4a5aa53e889660f82cd6; no voters: 
I20260601 13:22:19.161993  7036 raft_consensus.cc:2804] T 8eab7b641d3845e090f0a78ebac35575 P 674e7ab4260248c7ac659967c5a8ae59 [term 0 FOLLOWER]: Leader pre-election won for term 1
I20260601 13:22:19.162072  7036 raft_consensus.cc:493] T 8eab7b641d3845e090f0a78ebac35575 P 674e7ab4260248c7ac659967c5a8ae59 [term 0 FOLLOWER]: Starting leader election (no leader contacted us within the election timeout)
I20260601 13:22:19.162122  7036 raft_consensus.cc:3060] T 8eab7b641d3845e090f0a78ebac35575 P 674e7ab4260248c7ac659967c5a8ae59 [term 0 FOLLOWER]: Advancing to term 1
I20260601 13:22:19.163146  7036 raft_consensus.cc:515] T 8eab7b641d3845e090f0a78ebac35575 P 674e7ab4260248c7ac659967c5a8ae59 [term 1 FOLLOWER]: Starting leader election with config: opid_index: -1 OBSOLETE_local: false peers { permanent_uuid: "674e7ab4260248c7ac659967c5a8ae59" member_type: VOTER last_known_addr { host: "127.3.161.68" port: 43825 } } peers { permanent_uuid: "7f3ec4e71e6b4a5aa53e889660f82cd6" member_type: VOTER last_known_addr { host: "127.3.161.66" port: 38117 } } peers { permanent_uuid: "5fad406b8702414e92433a8006a898b5" member_type: VOTER last_known_addr { host: "127.3.161.67" port: 41519 } }
I20260601 13:22:19.163530  7036 leader_election.cc:290] T 8eab7b641d3845e090f0a78ebac35575 P 674e7ab4260248c7ac659967c5a8ae59 [CANDIDATE]: Term 1 election: Requested vote from peers 7f3ec4e71e6b4a5aa53e889660f82cd6 (127.3.161.66:38117), 5fad406b8702414e92433a8006a898b5 (127.3.161.67:41519)
I20260601 13:22:19.163838  6773 tablet_service.cc:1917] Received RequestConsensusVote() RPC: tablet_id: "8eab7b641d3845e090f0a78ebac35575" candidate_uuid: "674e7ab4260248c7ac659967c5a8ae59" candidate_term: 1 candidate_status { last_received { term: 0 index: 0 } } ignore_live_leader: false dest_uuid: "7f3ec4e71e6b4a5aa53e889660f82cd6"
I20260601 13:22:19.163971  6773 raft_consensus.cc:3060] T 8eab7b641d3845e090f0a78ebac35575 P 7f3ec4e71e6b4a5aa53e889660f82cd6 [term 0 FOLLOWER]: Advancing to term 1
I20260601 13:22:19.164676  6848 tablet_service.cc:1917] Received RequestConsensusVote() RPC: tablet_id: "8eab7b641d3845e090f0a78ebac35575" candidate_uuid: "674e7ab4260248c7ac659967c5a8ae59" candidate_term: 1 candidate_status { last_received { term: 0 index: 0 } } ignore_live_leader: false dest_uuid: "5fad406b8702414e92433a8006a898b5" is_pre_election: true
I20260601 13:22:19.164804  6847 tablet_service.cc:1917] Received RequestConsensusVote() RPC: tablet_id: "8eab7b641d3845e090f0a78ebac35575" candidate_uuid: "674e7ab4260248c7ac659967c5a8ae59" candidate_term: 1 candidate_status { last_received { term: 0 index: 0 } } ignore_live_leader: false dest_uuid: "5fad406b8702414e92433a8006a898b5"
I20260601 13:22:19.164903  6773 raft_consensus.cc:2468] T 8eab7b641d3845e090f0a78ebac35575 P 7f3ec4e71e6b4a5aa53e889660f82cd6 [term 1 FOLLOWER]: Leader election vote request: Granting yes vote for candidate 674e7ab4260248c7ac659967c5a8ae59 in term 1.
I20260601 13:22:19.164803  6848 raft_consensus.cc:2468] T 8eab7b641d3845e090f0a78ebac35575 P 5fad406b8702414e92433a8006a898b5 [term 0 FOLLOWER]: Leader pre-election vote request: Granting yes vote for candidate 674e7ab4260248c7ac659967c5a8ae59 in term 0.
I20260601 13:22:19.165251  6947 leader_election.cc:304] T 8eab7b641d3845e090f0a78ebac35575 P 674e7ab4260248c7ac659967c5a8ae59 [CANDIDATE]: Term 1 election: Election decided. Result: candidate won. Election summary: received 2 responses out of 3 voters: 2 yes votes; 0 no votes. yes voters: 674e7ab4260248c7ac659967c5a8ae59, 7f3ec4e71e6b4a5aa53e889660f82cd6; no voters: 
I20260601 13:22:19.165405  7036 raft_consensus.cc:2804] T 8eab7b641d3845e090f0a78ebac35575 P 674e7ab4260248c7ac659967c5a8ae59 [term 1 FOLLOWER]: Leader election won for term 1
I20260601 13:22:19.165539  7036 raft_consensus.cc:697] T 8eab7b641d3845e090f0a78ebac35575 P 674e7ab4260248c7ac659967c5a8ae59 [term 1 LEADER]: Becoming Leader. State: Replica: 674e7ab4260248c7ac659967c5a8ae59, State: Running, Role: LEADER
I20260601 13:22:19.165686  7036 consensus_queue.cc:237] T 8eab7b641d3845e090f0a78ebac35575 P 674e7ab4260248c7ac659967c5a8ae59 [LEADER]: Queue going to LEADER mode. State: All replicated index: 0, Majority replicated index: 0, Committed index: 0, Last appended: 0.0, Last appended by leader: 0, Current term: 1, Majority size: 2, State: 0, Mode: LEADER, active raft config: opid_index: -1 OBSOLETE_local: false peers { permanent_uuid: "674e7ab4260248c7ac659967c5a8ae59" member_type: VOTER last_known_addr { host: "127.3.161.68" port: 43825 } } peers { permanent_uuid: "7f3ec4e71e6b4a5aa53e889660f82cd6" member_type: VOTER last_known_addr { host: "127.3.161.66" port: 38117 } } peers { permanent_uuid: "5fad406b8702414e92433a8006a898b5" member_type: VOTER last_known_addr { host: "127.3.161.67" port: 41519 } }
I20260601 13:22:19.167186  6592 catalog_manager.cc:5696] T 8eab7b641d3845e090f0a78ebac35575 P 674e7ab4260248c7ac659967c5a8ae59 reported cstate change: term changed from 0 to 1, leader changed from <none> to 674e7ab4260248c7ac659967c5a8ae59 (127.3.161.68). New cstate: current_term: 1 leader_uuid: "674e7ab4260248c7ac659967c5a8ae59" committed_config { opid_index: -1 OBSOLETE_local: false peers { permanent_uuid: "674e7ab4260248c7ac659967c5a8ae59" member_type: VOTER last_known_addr { host: "127.3.161.68" port: 43825 } health_report { overall_health: HEALTHY } } peers { permanent_uuid: "7f3ec4e71e6b4a5aa53e889660f82cd6" member_type: VOTER last_known_addr { host: "127.3.161.66" port: 38117 } health_report { overall_health: UNKNOWN } } peers { permanent_uuid: "5fad406b8702414e92433a8006a898b5" member_type: VOTER last_known_addr { host: "127.3.161.67" port: 41519 } health_report { overall_health: UNKNOWN } } }
I20260601 13:22:19.197139  6931 consensus_queue.cc:1048] T 3a3f8fbe3c544899b61f36bebc857e9e P 5fad406b8702414e92433a8006a898b5 [LEADER]: Connected to new peer: Peer: permanent_uuid: "e92a0a444aee4b8caf5af2596c5528a3" member_type: VOTER last_known_addr { host: "127.3.161.65" port: 35583 }, Status: LMP_MISMATCH, Last received: 0.0, Next index: 1, Last known committed idx: 0, Time since last communication: 0.000s
I20260601 13:22:19.200443  6931 consensus_queue.cc:1048] T 3a3f8fbe3c544899b61f36bebc857e9e P 5fad406b8702414e92433a8006a898b5 [LEADER]: Connected to new peer: Peer: permanent_uuid: "7f3ec4e71e6b4a5aa53e889660f82cd6" member_type: VOTER last_known_addr { host: "127.3.161.66" port: 38117 }, Status: LMP_MISMATCH, Last received: 0.0, Next index: 1, Last known committed idx: 0, Time since last communication: 0.000s
I20260601 13:22:19.222232  7036 raft_consensus.cc:493] T 7c0cc5fd30d74fd28e5f92123f88d96f P 674e7ab4260248c7ac659967c5a8ae59 [term 0 FOLLOWER]: Starting pre-election (no leader contacted us within the election timeout)
I20260601 13:22:19.222419  7036 raft_consensus.cc:515] T 7c0cc5fd30d74fd28e5f92123f88d96f P 674e7ab4260248c7ac659967c5a8ae59 [term 0 FOLLOWER]: Starting pre-election with config: opid_index: -1 OBSOLETE_local: false peers { permanent_uuid: "5fad406b8702414e92433a8006a898b5" member_type: VOTER last_known_addr { host: "127.3.161.67" port: 41519 } } peers { permanent_uuid: "7f3ec4e71e6b4a5aa53e889660f82cd6" member_type: VOTER last_known_addr { host: "127.3.161.66" port: 38117 } } peers { permanent_uuid: "674e7ab4260248c7ac659967c5a8ae59" member_type: VOTER last_known_addr { host: "127.3.161.68" port: 43825 } }
I20260601 13:22:19.222882  7036 leader_election.cc:290] T 7c0cc5fd30d74fd28e5f92123f88d96f P 674e7ab4260248c7ac659967c5a8ae59 [CANDIDATE]: Term 1 pre-election: Requested pre-vote from peers 5fad406b8702414e92433a8006a898b5 (127.3.161.67:41519), 7f3ec4e71e6b4a5aa53e889660f82cd6 (127.3.161.66:38117)
I20260601 13:22:19.223452  6847 tablet_service.cc:1917] Received RequestConsensusVote() RPC: tablet_id: "7c0cc5fd30d74fd28e5f92123f88d96f" candidate_uuid: "674e7ab4260248c7ac659967c5a8ae59" candidate_term: 1 candidate_status { last_received { term: 0 index: 0 } } ignore_live_leader: false dest_uuid: "5fad406b8702414e92433a8006a898b5" is_pre_election: true
I20260601 13:22:19.223452  6773 tablet_service.cc:1917] Received RequestConsensusVote() RPC: tablet_id: "7c0cc5fd30d74fd28e5f92123f88d96f" candidate_uuid: "674e7ab4260248c7ac659967c5a8ae59" candidate_term: 1 candidate_status { last_received { term: 0 index: 0 } } ignore_live_leader: false dest_uuid: "7f3ec4e71e6b4a5aa53e889660f82cd6" is_pre_election: true
I20260601 13:22:19.223642  6773 raft_consensus.cc:2468] T 7c0cc5fd30d74fd28e5f92123f88d96f P 7f3ec4e71e6b4a5aa53e889660f82cd6 [term 0 FOLLOWER]: Leader pre-election vote request: Granting yes vote for candidate 674e7ab4260248c7ac659967c5a8ae59 in term 0.
I20260601 13:22:19.223642  6847 raft_consensus.cc:2468] T 7c0cc5fd30d74fd28e5f92123f88d96f P 5fad406b8702414e92433a8006a898b5 [term 0 FOLLOWER]: Leader pre-election vote request: Granting yes vote for candidate 674e7ab4260248c7ac659967c5a8ae59 in term 0.
I20260601 13:22:19.223989  6947 leader_election.cc:304] T 7c0cc5fd30d74fd28e5f92123f88d96f P 674e7ab4260248c7ac659967c5a8ae59 [CANDIDATE]: Term 1 pre-election: Election decided. Result: candidate won. Election summary: received 2 responses out of 3 voters: 2 yes votes; 0 no votes. yes voters: 674e7ab4260248c7ac659967c5a8ae59, 7f3ec4e71e6b4a5aa53e889660f82cd6; no voters: 
I20260601 13:22:19.224196  7036 raft_consensus.cc:2804] T 7c0cc5fd30d74fd28e5f92123f88d96f P 674e7ab4260248c7ac659967c5a8ae59 [term 0 FOLLOWER]: Leader pre-election won for term 1
I20260601 13:22:19.224295  7036 raft_consensus.cc:493] T 7c0cc5fd30d74fd28e5f92123f88d96f P 674e7ab4260248c7ac659967c5a8ae59 [term 0 FOLLOWER]: Starting leader election (no leader contacted us within the election timeout)
I20260601 13:22:19.224354  7036 raft_consensus.cc:3060] T 7c0cc5fd30d74fd28e5f92123f88d96f P 674e7ab4260248c7ac659967c5a8ae59 [term 0 FOLLOWER]: Advancing to term 1
