I20260601 13:32:34.652534 29370 raft_consensus.cc:515] T 413eef0c7eb945dd84ee3f2731e324ea P 73c78a9ccbe74c29af147974fd5f06bd [term 1 FOLLOWER]: Starting leader election with config: opid_index: -1 OBSOLETE_local: false peers { permanent_uuid: "62cbcd0453814f83a0c118853b681185" member_type: VOTER last_known_addr { host: "127.25.144.65" port: 45391 } } peers { permanent_uuid: "a9bdfd477b1b47a2b62d0763b7c41a75" member_type: VOTER last_known_addr { host: "127.25.144.66" port: 37981 } } peers { permanent_uuid: "73c78a9ccbe74c29af147974fd5f06bd" member_type: VOTER last_known_addr { host: "127.25.144.67" port: 40925 } }
I20260601 13:32:34.652626 29344 raft_consensus.cc:493] T c9e2adf0f8ac45a2a75b22315f558ee8 P 62cbcd0453814f83a0c118853b681185 [term 0 FOLLOWER]: Starting leader election (no leader contacted us within the election timeout)
I20260601 13:32:34.652661 29344 raft_consensus.cc:3060] T c9e2adf0f8ac45a2a75b22315f558ee8 P 62cbcd0453814f83a0c118853b681185 [term 0 FOLLOWER]: Advancing to term 1
I20260601 13:32:34.652886 29370 leader_election.cc:290] T 413eef0c7eb945dd84ee3f2731e324ea P 73c78a9ccbe74c29af147974fd5f06bd [CANDIDATE]: Term 1 election: Requested vote from peers 62cbcd0453814f83a0c118853b681185 (127.25.144.65:45391), a9bdfd477b1b47a2b62d0763b7c41a75 (127.25.144.66:37981)
I20260601 13:32:34.653195 29139 tablet_service.cc:1917] Received RequestConsensusVote() RPC: tablet_id: "413eef0c7eb945dd84ee3f2731e324ea" candidate_uuid: "73c78a9ccbe74c29af147974fd5f06bd" candidate_term: 1 candidate_status { last_received { term: 0 index: 0 } } ignore_live_leader: false dest_uuid: "62cbcd0453814f83a0c118853b681185"
I20260601 13:32:34.653283 29139 raft_consensus.cc:3060] T 413eef0c7eb945dd84ee3f2731e324ea P 62cbcd0453814f83a0c118853b681185 [term 0 FOLLOWER]: Advancing to term 1
I20260601 13:32:34.653448 29344 raft_consensus.cc:515] T c9e2adf0f8ac45a2a75b22315f558ee8 P 62cbcd0453814f83a0c118853b681185 [term 1 FOLLOWER]: Starting leader election with config: opid_index: -1 OBSOLETE_local: false peers { permanent_uuid: "62cbcd0453814f83a0c118853b681185" member_type: VOTER last_known_addr { host: "127.25.144.65" port: 45391 } } peers { permanent_uuid: "a9bdfd477b1b47a2b62d0763b7c41a75" member_type: VOTER last_known_addr { host: "127.25.144.66" port: 37981 } } peers { permanent_uuid: "73c78a9ccbe74c29af147974fd5f06bd" member_type: VOTER last_known_addr { host: "127.25.144.67" port: 40925 } }
I20260601 13:32:34.654065 29139 raft_consensus.cc:2468] T 413eef0c7eb945dd84ee3f2731e324ea P 62cbcd0453814f83a0c118853b681185 [term 1 FOLLOWER]: Leader election vote request: Granting yes vote for candidate 73c78a9ccbe74c29af147974fd5f06bd in term 1.
I20260601 13:32:34.654060 29289 tablet_service.cc:1917] Received RequestConsensusVote() RPC: tablet_id: "c9e2adf0f8ac45a2a75b22315f558ee8" candidate_uuid: "62cbcd0453814f83a0c118853b681185" candidate_term: 1 candidate_status { last_received { term: 0 index: 0 } } ignore_live_leader: false dest_uuid: "73c78a9ccbe74c29af147974fd5f06bd"
I20260601 13:32:34.654184 29289 raft_consensus.cc:3060] T c9e2adf0f8ac45a2a75b22315f558ee8 P 73c78a9ccbe74c29af147974fd5f06bd [term 0 FOLLOWER]: Advancing to term 1
I20260601 13:32:34.654222 29215 tablet_service.cc:1917] Received RequestConsensusVote() RPC: tablet_id: "c9e2adf0f8ac45a2a75b22315f558ee8" candidate_uuid: "62cbcd0453814f83a0c118853b681185" candidate_term: 1 candidate_status { last_received { term: 0 index: 0 } } ignore_live_leader: false dest_uuid: "a9bdfd477b1b47a2b62d0763b7c41a75"
I20260601 13:32:34.654294 29215 raft_consensus.cc:3060] T c9e2adf0f8ac45a2a75b22315f558ee8 P a9bdfd477b1b47a2b62d0763b7c41a75 [term 0 FOLLOWER]: Advancing to term 1
I20260601 13:32:34.654420 29255 leader_election.cc:304] T 413eef0c7eb945dd84ee3f2731e324ea P 73c78a9ccbe74c29af147974fd5f06bd [CANDIDATE]: Term 1 election: Election decided. Result: candidate won. Election summary: received 2 responses out of 3 voters: 2 yes votes; 0 no votes. yes voters: 62cbcd0453814f83a0c118853b681185, 73c78a9ccbe74c29af147974fd5f06bd; no voters: 
I20260601 13:32:34.654557 29370 raft_consensus.cc:2804] T 413eef0c7eb945dd84ee3f2731e324ea P 73c78a9ccbe74c29af147974fd5f06bd [term 1 FOLLOWER]: Leader election won for term 1
I20260601 13:32:34.654628 29370 raft_consensus.cc:697] T 413eef0c7eb945dd84ee3f2731e324ea P 73c78a9ccbe74c29af147974fd5f06bd [term 1 LEADER]: Becoming Leader. State: Replica: 73c78a9ccbe74c29af147974fd5f06bd, State: Running, Role: LEADER
I20260601 13:32:34.654739 29370 consensus_queue.cc:237] T 413eef0c7eb945dd84ee3f2731e324ea P 73c78a9ccbe74c29af147974fd5f06bd [LEADER]: Queue going to LEADER mode. State: All replicated index: 0, Majority replicated index: 0, Committed index: 0, Last appended: 0.0, Last appended by leader: 0, Current term: 1, Majority size: 2, State: 0, Mode: LEADER, active raft config: opid_index: -1 OBSOLETE_local: false peers { permanent_uuid: "62cbcd0453814f83a0c118853b681185" member_type: VOTER last_known_addr { host: "127.25.144.65" port: 45391 } } peers { permanent_uuid: "a9bdfd477b1b47a2b62d0763b7c41a75" member_type: VOTER last_known_addr { host: "127.25.144.66" port: 37981 } } peers { permanent_uuid: "73c78a9ccbe74c29af147974fd5f06bd" member_type: VOTER last_known_addr { host: "127.25.144.67" port: 40925 } }
I20260601 13:32:34.655042 29215 raft_consensus.cc:2468] T c9e2adf0f8ac45a2a75b22315f558ee8 P a9bdfd477b1b47a2b62d0763b7c41a75 [term 1 FOLLOWER]: Leader election vote request: Granting yes vote for candidate 62cbcd0453814f83a0c118853b681185 in term 1.
I20260601 13:32:34.655042 29289 raft_consensus.cc:2468] T c9e2adf0f8ac45a2a75b22315f558ee8 P 73c78a9ccbe74c29af147974fd5f06bd [term 1 FOLLOWER]: Leader election vote request: Granting yes vote for candidate 62cbcd0453814f83a0c118853b681185 in term 1.
I20260601 13:32:34.654060 29214 tablet_service.cc:1917] Received RequestConsensusVote() RPC: tablet_id: "413eef0c7eb945dd84ee3f2731e324ea" candidate_uuid: "73c78a9ccbe74c29af147974fd5f06bd" candidate_term: 1 candidate_status { last_received { term: 0 index: 0 } } ignore_live_leader: false dest_uuid: "a9bdfd477b1b47a2b62d0763b7c41a75"
I20260601 13:32:34.655364 29104 leader_election.cc:304] T c9e2adf0f8ac45a2a75b22315f558ee8 P 62cbcd0453814f83a0c118853b681185 [CANDIDATE]: Term 1 election: Election decided. Result: candidate won. Election summary: received 2 responses out of 3 voters: 2 yes votes; 0 no votes. yes voters: 62cbcd0453814f83a0c118853b681185, a9bdfd477b1b47a2b62d0763b7c41a75; no voters: 
I20260601 13:32:34.655416 29214 raft_consensus.cc:3060] T 413eef0c7eb945dd84ee3f2731e324ea P a9bdfd477b1b47a2b62d0763b7c41a75 [term 0 FOLLOWER]: Advancing to term 1
I20260601 13:32:34.655531 29372 raft_consensus.cc:2804] T c9e2adf0f8ac45a2a75b22315f558ee8 P 62cbcd0453814f83a0c118853b681185 [term 1 FOLLOWER]: Leader election won for term 1
I20260601 13:32:34.655714 29372 raft_consensus.cc:697] T c9e2adf0f8ac45a2a75b22315f558ee8 P 62cbcd0453814f83a0c118853b681185 [term 1 LEADER]: Becoming Leader. State: Replica: 62cbcd0453814f83a0c118853b681185, State: Running, Role: LEADER
I20260601 13:32:34.655864 29372 consensus_queue.cc:237] T c9e2adf0f8ac45a2a75b22315f558ee8 P 62cbcd0453814f83a0c118853b681185 [LEADER]: Queue going to LEADER mode. State: All replicated index: 0, Majority replicated index: 0, Committed index: 0, Last appended: 0.0, Last appended by leader: 0, Current term: 1, Majority size: 2, State: 0, Mode: LEADER, active raft config: opid_index: -1 OBSOLETE_local: false peers { permanent_uuid: "62cbcd0453814f83a0c118853b681185" member_type: VOTER last_known_addr { host: "127.25.144.65" port: 45391 } } peers { permanent_uuid: "a9bdfd477b1b47a2b62d0763b7c41a75" member_type: VOTER last_known_addr { host: "127.25.144.66" port: 37981 } } peers { permanent_uuid: "73c78a9ccbe74c29af147974fd5f06bd" member_type: VOTER last_known_addr { host: "127.25.144.67" port: 40925 } }
I20260601 13:32:34.656355 29214 raft_consensus.cc:2468] T 413eef0c7eb945dd84ee3f2731e324ea P a9bdfd477b1b47a2b62d0763b7c41a75 [term 1 FOLLOWER]: Leader election vote request: Granting yes vote for candidate 73c78a9ccbe74c29af147974fd5f06bd in term 1.
I20260601 13:32:34.656986 29344 leader_election.cc:290] T c9e2adf0f8ac45a2a75b22315f558ee8 P 62cbcd0453814f83a0c118853b681185 [CANDIDATE]: Term 1 election: Requested vote from peers a9bdfd477b1b47a2b62d0763b7c41a75 (127.25.144.66:37981), 73c78a9ccbe74c29af147974fd5f06bd (127.25.144.67:40925)
I20260601 13:32:34.657528 29033 catalog_manager.cc:5696] T 413eef0c7eb945dd84ee3f2731e324ea P 73c78a9ccbe74c29af147974fd5f06bd reported cstate change: term changed from 0 to 1, leader changed from <none> to 73c78a9ccbe74c29af147974fd5f06bd (127.25.144.67). New cstate: current_term: 1 leader_uuid: "73c78a9ccbe74c29af147974fd5f06bd" committed_config { opid_index: -1 OBSOLETE_local: false peers { permanent_uuid: "62cbcd0453814f83a0c118853b681185" member_type: VOTER last_known_addr { host: "127.25.144.65" port: 45391 } health_report { overall_health: UNKNOWN } } peers { permanent_uuid: "a9bdfd477b1b47a2b62d0763b7c41a75" member_type: VOTER last_known_addr { host: "127.25.144.66" port: 37981 } health_report { overall_health: UNKNOWN } } peers { permanent_uuid: "73c78a9ccbe74c29af147974fd5f06bd" member_type: VOTER last_known_addr { host: "127.25.144.67" port: 40925 } health_report { overall_health: HEALTHY } } }
I20260601 13:32:34.657541 29035 catalog_manager.cc:5696] T c9e2adf0f8ac45a2a75b22315f558ee8 P 62cbcd0453814f83a0c118853b681185 reported cstate change: term changed from 0 to 1, leader changed from <none> to 62cbcd0453814f83a0c118853b681185 (127.25.144.65). New cstate: current_term: 1 leader_uuid: "62cbcd0453814f83a0c118853b681185" committed_config { opid_index: -1 OBSOLETE_local: false peers { permanent_uuid: "62cbcd0453814f83a0c118853b681185" member_type: VOTER last_known_addr { host: "127.25.144.65" port: 45391 } health_report { overall_health: HEALTHY } } peers { permanent_uuid: "a9bdfd477b1b47a2b62d0763b7c41a75" member_type: VOTER last_known_addr { host: "127.25.144.66" port: 37981 } health_report { overall_health: UNKNOWN } } peers { permanent_uuid: "73c78a9ccbe74c29af147974fd5f06bd" member_type: VOTER last_known_addr { host: "127.25.144.67" port: 40925 } health_report { overall_health: UNKNOWN } } }
I20260601 13:32:34.742761 29341 raft_consensus.cc:493] T 2bffbde8bed54f9bb16a74a7eb6a934e P a9bdfd477b1b47a2b62d0763b7c41a75 [term 0 FOLLOWER]: Starting pre-election (no leader contacted us within the election timeout)
I20260601 13:32:34.742930 29341 raft_consensus.cc:515] T 2bffbde8bed54f9bb16a74a7eb6a934e P a9bdfd477b1b47a2b62d0763b7c41a75 [term 0 FOLLOWER]: Starting pre-election with config: opid_index: -1 OBSOLETE_local: false peers { permanent_uuid: "73c78a9ccbe74c29af147974fd5f06bd" member_type: VOTER last_known_addr { host: "127.25.144.67" port: 40925 } } peers { permanent_uuid: "62cbcd0453814f83a0c118853b681185" member_type: VOTER last_known_addr { host: "127.25.144.65" port: 45391 } } peers { permanent_uuid: "a9bdfd477b1b47a2b62d0763b7c41a75" member_type: VOTER last_known_addr { host: "127.25.144.66" port: 37981 } }
I20260601 13:32:34.743558 29341 leader_election.cc:290] T 2bffbde8bed54f9bb16a74a7eb6a934e P a9bdfd477b1b47a2b62d0763b7c41a75 [CANDIDATE]: Term 1 pre-election: Requested pre-vote from peers 73c78a9ccbe74c29af147974fd5f06bd (127.25.144.67:40925), 62cbcd0453814f83a0c118853b681185 (127.25.144.65:45391)
I20260601 13:32:34.744324 29370 raft_consensus.cc:493] T 2bffbde8bed54f9bb16a74a7eb6a934e P 73c78a9ccbe74c29af147974fd5f06bd [term 0 FOLLOWER]: Starting pre-election (no leader contacted us within the election timeout)
I20260601 13:32:34.744451 29370 raft_consensus.cc:515] T 2bffbde8bed54f9bb16a74a7eb6a934e P 73c78a9ccbe74c29af147974fd5f06bd [term 0 FOLLOWER]: Starting pre-election with config: opid_index: -1 OBSOLETE_local: false peers { permanent_uuid: "73c78a9ccbe74c29af147974fd5f06bd" member_type: VOTER last_known_addr { host: "127.25.144.67" port: 40925 } } peers { permanent_uuid: "62cbcd0453814f83a0c118853b681185" member_type: VOTER last_known_addr { host: "127.25.144.65" port: 45391 } } peers { permanent_uuid: "a9bdfd477b1b47a2b62d0763b7c41a75" member_type: VOTER last_known_addr { host: "127.25.144.66" port: 37981 } }
I20260601 13:32:34.744851 29370 leader_election.cc:290] T 2bffbde8bed54f9bb16a74a7eb6a934e P 73c78a9ccbe74c29af147974fd5f06bd [CANDIDATE]: Term 1 pre-election: Requested pre-vote from peers 62cbcd0453814f83a0c118853b681185 (127.25.144.65:45391), a9bdfd477b1b47a2b62d0763b7c41a75 (127.25.144.66:37981)
I20260601 13:32:34.745260 29214 tablet_service.cc:1917] Received RequestConsensusVote() RPC: tablet_id: "2bffbde8bed54f9bb16a74a7eb6a934e" candidate_uuid: "73c78a9ccbe74c29af147974fd5f06bd" candidate_term: 1 candidate_status { last_received { term: 0 index: 0 } } ignore_live_leader: false dest_uuid: "a9bdfd477b1b47a2b62d0763b7c41a75" is_pre_election: true
I20260601 13:32:34.745381 29214 raft_consensus.cc:2468] T 2bffbde8bed54f9bb16a74a7eb6a934e P a9bdfd477b1b47a2b62d0763b7c41a75 [term 0 FOLLOWER]: Leader pre-election vote request: Granting yes vote for candidate 73c78a9ccbe74c29af147974fd5f06bd in term 0.
I20260601 13:32:34.745404 29139 tablet_service.cc:1917] Received RequestConsensusVote() RPC: tablet_id: "2bffbde8bed54f9bb16a74a7eb6a934e" candidate_uuid: "73c78a9ccbe74c29af147974fd5f06bd" candidate_term: 1 candidate_status { last_received { term: 0 index: 0 } } ignore_live_leader: false dest_uuid: "62cbcd0453814f83a0c118853b681185" is_pre_election: true
I20260601 13:32:34.745522 29139 raft_consensus.cc:2468] T 2bffbde8bed54f9bb16a74a7eb6a934e P 62cbcd0453814f83a0c118853b681185 [term 0 FOLLOWER]: Leader pre-election vote request: Granting yes vote for candidate 73c78a9ccbe74c29af147974fd5f06bd in term 0.
I20260601 13:32:34.745745 29255 leader_election.cc:304] T 2bffbde8bed54f9bb16a74a7eb6a934e P 73c78a9ccbe74c29af147974fd5f06bd [CANDIDATE]: Term 1 pre-election: Election decided. Result: candidate won. Election summary: received 2 responses out of 3 voters: 2 yes votes; 0 no votes. yes voters: 73c78a9ccbe74c29af147974fd5f06bd, a9bdfd477b1b47a2b62d0763b7c41a75; no voters: 
I20260601 13:32:34.745977 29370 raft_consensus.cc:2804] T 2bffbde8bed54f9bb16a74a7eb6a934e P 73c78a9ccbe74c29af147974fd5f06bd [term 0 FOLLOWER]: Leader pre-election won for term 1
I20260601 13:32:34.746037 29370 raft_consensus.cc:493] T 2bffbde8bed54f9bb16a74a7eb6a934e P 73c78a9ccbe74c29af147974fd5f06bd [term 0 FOLLOWER]: Starting leader election (no leader contacted us within the election timeout)
I20260601 13:32:34.746085 29370 raft_consensus.cc:3060] T 2bffbde8bed54f9bb16a74a7eb6a934e P 73c78a9ccbe74c29af147974fd5f06bd [term 0 FOLLOWER]: Advancing to term 1
I20260601 13:32:34.747185 29370 raft_consensus.cc:515] T 2bffbde8bed54f9bb16a74a7eb6a934e P 73c78a9ccbe74c29af147974fd5f06bd [term 1 FOLLOWER]: Starting leader election with config: opid_index: -1 OBSOLETE_local: false peers { permanent_uuid: "73c78a9ccbe74c29af147974fd5f06bd" member_type: VOTER last_known_addr { host: "127.25.144.67" port: 40925 } } peers { permanent_uuid: "62cbcd0453814f83a0c118853b681185" member_type: VOTER last_known_addr { host: "127.25.144.65" port: 45391 } } peers { permanent_uuid: "a9bdfd477b1b47a2b62d0763b7c41a75" member_type: VOTER last_known_addr { host: "127.25.144.66" port: 37981 } }
I20260601 13:32:34.747608 29370 leader_election.cc:290] T 2bffbde8bed54f9bb16a74a7eb6a934e P 73c78a9ccbe74c29af147974fd5f06bd [CANDIDATE]: Term 1 election: Requested vote from peers 62cbcd0453814f83a0c118853b681185 (127.25.144.65:45391), a9bdfd477b1b47a2b62d0763b7c41a75 (127.25.144.66:37981)
I20260601 13:32:34.747745 29139 tablet_service.cc:1917] Received RequestConsensusVote() RPC: tablet_id: "2bffbde8bed54f9bb16a74a7eb6a934e" candidate_uuid: "a9bdfd477b1b47a2b62d0763b7c41a75" candidate_term: 1 candidate_status { last_received { term: 0 index: 0 } } ignore_live_leader: false dest_uuid: "62cbcd0453814f83a0c118853b681185" is_pre_election: true
I20260601 13:32:34.747876 29139 raft_consensus.cc:2468] T 2bffbde8bed54f9bb16a74a7eb6a934e P 62cbcd0453814f83a0c118853b681185 [term 0 FOLLOWER]: Leader pre-election vote request: Granting yes vote for candidate a9bdfd477b1b47a2b62d0763b7c41a75 in term 0.
I20260601 13:32:34.747926 29138 tablet_service.cc:1917] Received RequestConsensusVote() RPC: tablet_id: "2bffbde8bed54f9bb16a74a7eb6a934e" candidate_uuid: "73c78a9ccbe74c29af147974fd5f06bd" candidate_term: 1 candidate_status { last_received { term: 0 index: 0 } } ignore_live_leader: false dest_uuid: "62cbcd0453814f83a0c118853b681185"
I20260601 13:32:34.747948 29214 tablet_service.cc:1917] Received RequestConsensusVote() RPC: tablet_id: "2bffbde8bed54f9bb16a74a7eb6a934e" candidate_uuid: "73c78a9ccbe74c29af147974fd5f06bd" candidate_term: 1 candidate_status { last_received { term: 0 index: 0 } } ignore_live_leader: false dest_uuid: "a9bdfd477b1b47a2b62d0763b7c41a75"
I20260601 13:32:34.748068 29214 raft_consensus.cc:3060] T 2bffbde8bed54f9bb16a74a7eb6a934e P a9bdfd477b1b47a2b62d0763b7c41a75 [term 0 FOLLOWER]: Advancing to term 1
I20260601 13:32:34.748029 29289 tablet_service.cc:1917] Received RequestConsensusVote() RPC: tablet_id: "2bffbde8bed54f9bb16a74a7eb6a934e" candidate_uuid: "a9bdfd477b1b47a2b62d0763b7c41a75" candidate_term: 1 candidate_status { last_received { term: 0 index: 0 } } ignore_live_leader: false dest_uuid: "73c78a9ccbe74c29af147974fd5f06bd" is_pre_election: true
I20260601 13:32:34.748149 29180 leader_election.cc:304] T 2bffbde8bed54f9bb16a74a7eb6a934e P a9bdfd477b1b47a2b62d0763b7c41a75 [CANDIDATE]: Term 1 pre-election: Election decided. Result: candidate won. Election summary: received 2 responses out of 3 voters: 2 yes votes; 0 no votes. yes voters: 62cbcd0453814f83a0c118853b681185, a9bdfd477b1b47a2b62d0763b7c41a75; no voters: 
I20260601 13:32:34.748217 29289 raft_consensus.cc:2393] T 2bffbde8bed54f9bb16a74a7eb6a934e P 73c78a9ccbe74c29af147974fd5f06bd [term 1 FOLLOWER]: Leader pre-election vote request: Denying vote to candidate a9bdfd477b1b47a2b62d0763b7c41a75 in current term 1: Already voted for candidate 73c78a9ccbe74c29af147974fd5f06bd in this term.
I20260601 13:32:34.748040 29138 raft_consensus.cc:3060] T 2bffbde8bed54f9bb16a74a7eb6a934e P 62cbcd0453814f83a0c118853b681185 [term 0 FOLLOWER]: Advancing to term 1
I20260601 13:32:34.749029 29214 raft_consensus.cc:2468] T 2bffbde8bed54f9bb16a74a7eb6a934e P a9bdfd477b1b47a2b62d0763b7c41a75 [term 1 FOLLOWER]: Leader election vote request: Granting yes vote for candidate 73c78a9ccbe74c29af147974fd5f06bd in term 1.
I20260601 13:32:34.749148 29341 raft_consensus.cc:2764] T 2bffbde8bed54f9bb16a74a7eb6a934e P a9bdfd477b1b47a2b62d0763b7c41a75 [term 1 FOLLOWER]: Leader pre-election decision vote started in defunct term 0: won
I20260601 13:32:34.749342 29255 leader_election.cc:304] T 2bffbde8bed54f9bb16a74a7eb6a934e P 73c78a9ccbe74c29af147974fd5f06bd [CANDIDATE]: Term 1 election: Election decided. Result: candidate won. Election summary: received 2 responses out of 3 voters: 2 yes votes; 0 no votes. yes voters: 73c78a9ccbe74c29af147974fd5f06bd, a9bdfd477b1b47a2b62d0763b7c41a75; no voters: 
I20260601 13:32:34.749615 29138 raft_consensus.cc:2468] T 2bffbde8bed54f9bb16a74a7eb6a934e P 62cbcd0453814f83a0c118853b681185 [term 1 FOLLOWER]: Leader election vote request: Granting yes vote for candidate 73c78a9ccbe74c29af147974fd5f06bd in term 1.
I20260601 13:32:34.749797 29370 raft_consensus.cc:2804] T 2bffbde8bed54f9bb16a74a7eb6a934e P 73c78a9ccbe74c29af147974fd5f06bd [term 1 FOLLOWER]: Leader election won for term 1
I20260601 13:32:34.749876 29370 raft_consensus.cc:697] T 2bffbde8bed54f9bb16a74a7eb6a934e P 73c78a9ccbe74c29af147974fd5f06bd [term 1 LEADER]: Becoming Leader. State: Replica: 73c78a9ccbe74c29af147974fd5f06bd, State: Running, Role: LEADER
I20260601 13:32:34.750034 29370 consensus_queue.cc:237] T 2bffbde8bed54f9bb16a74a7eb6a934e P 73c78a9ccbe74c29af147974fd5f06bd [LEADER]: Queue going to LEADER mode. State: All replicated index: 0, Majority replicated index: 0, Committed index: 0, Last appended: 0.0, Last appended by leader: 0, Current term: 1, Majority size: 2, State: 0, Mode: LEADER, active raft config: opid_index: -1 OBSOLETE_local: false peers { permanent_uuid: "73c78a9ccbe74c29af147974fd5f06bd" member_type: VOTER last_known_addr { host: "127.25.144.67" port: 40925 } } peers { permanent_uuid: "62cbcd0453814f83a0c118853b681185" member_type: VOTER last_known_addr { host: "127.25.144.65" port: 45391 } } peers { permanent_uuid: "a9bdfd477b1b47a2b62d0763b7c41a75" member_type: VOTER last_known_addr { host: "127.25.144.66" port: 37981 } }
I20260601 13:32:34.751919 29033 catalog_manager.cc:5696] T 2bffbde8bed54f9bb16a74a7eb6a934e P 73c78a9ccbe74c29af147974fd5f06bd reported cstate change: term changed from 0 to 1, leader changed from <none> to 73c78a9ccbe74c29af147974fd5f06bd (127.25.144.67). New cstate: current_term: 1 leader_uuid: "73c78a9ccbe74c29af147974fd5f06bd" committed_config { opid_index: -1 OBSOLETE_local: false peers { permanent_uuid: "73c78a9ccbe74c29af147974fd5f06bd" member_type: VOTER last_known_addr { host: "127.25.144.67" port: 40925 } health_report { overall_health: HEALTHY } } peers { permanent_uuid: "62cbcd0453814f83a0c118853b681185" member_type: VOTER last_known_addr { host: "127.25.144.65" port: 45391 } health_report { overall_health: UNKNOWN } } peers { permanent_uuid: "a9bdfd477b1b47a2b62d0763b7c41a75" member_type: VOTER last_known_addr { host: "127.25.144.66" port: 37981 } health_report { overall_health: UNKNOWN } } }
I20260601 13:32:34.782730 29349 raft_consensus.cc:493] T aa42a04f912e478ea52ef9decf80156a P 73c78a9ccbe74c29af147974fd5f06bd [term 0 FOLLOWER]: Starting pre-election (no leader contacted us within the election timeout)
I20260601 13:32:34.782884 29349 raft_consensus.cc:515] T aa42a04f912e478ea52ef9decf80156a P 73c78a9ccbe74c29af147974fd5f06bd [term 0 FOLLOWER]: Starting pre-election with config: opid_index: -1 OBSOLETE_local: false peers { permanent_uuid: "62cbcd0453814f83a0c118853b681185" member_type: VOTER last_known_addr { host: "127.25.144.65" port: 45391 } } peers { permanent_uuid: "a9bdfd477b1b47a2b62d0763b7c41a75" member_type: VOTER last_known_addr { host: "127.25.144.66" port: 37981 } } peers { permanent_uuid: "73c78a9ccbe74c29af147974fd5f06bd" member_type: VOTER last_known_addr { host: "127.25.144.67" port: 40925 } }
I20260601 13:32:34.783344 29349 leader_election.cc:290] T aa42a04f912e478ea52ef9decf80156a P 73c78a9ccbe74c29af147974fd5f06bd [CANDIDATE]: Term 1 pre-election: Requested pre-vote from peers 62cbcd0453814f83a0c118853b681185 (127.25.144.65:45391), a9bdfd477b1b47a2b62d0763b7c41a75 (127.25.144.66:37981)
I20260601 13:32:34.783748 29138 tablet_service.cc:1917] Received RequestConsensusVote() RPC: tablet_id: "aa42a04f912e478ea52ef9decf80156a" candidate_uuid: "73c78a9ccbe74c29af147974fd5f06bd" candidate_term: 1 candidate_status { last_received { term: 0 index: 0 } } ignore_live_leader: false dest_uuid: "62cbcd0453814f83a0c118853b681185" is_pre_election: true
I20260601 13:32:34.783860 29138 raft_consensus.cc:2468] T aa42a04f912e478ea52ef9decf80156a P 62cbcd0453814f83a0c118853b681185 [term 0 FOLLOWER]: Leader pre-election vote request: Granting yes vote for candidate 73c78a9ccbe74c29af147974fd5f06bd in term 0.
I20260601 13:32:34.783885 29214 tablet_service.cc:1917] Received RequestConsensusVote() RPC: tablet_id: "aa42a04f912e478ea52ef9decf80156a" candidate_uuid: "73c78a9ccbe74c29af147974fd5f06bd" candidate_term: 1 candidate_status { last_received { term: 0 index: 0 } } ignore_live_leader: false dest_uuid: "a9bdfd477b1b47a2b62d0763b7c41a75" is_pre_election: true
I20260601 13:32:34.784031 29214 raft_consensus.cc:2468] T aa42a04f912e478ea52ef9decf80156a P a9bdfd477b1b47a2b62d0763b7c41a75 [term 0 FOLLOWER]: Leader pre-election vote request: Granting yes vote for candidate 73c78a9ccbe74c29af147974fd5f06bd in term 0.
I20260601 13:32:34.784147 29255 leader_election.cc:304] T aa42a04f912e478ea52ef9decf80156a P 73c78a9ccbe74c29af147974fd5f06bd [CANDIDATE]: Term 1 pre-election: Election decided. Result: candidate won. Election summary: received 2 responses out of 3 voters: 2 yes votes; 0 no votes. yes voters: 62cbcd0453814f83a0c118853b681185, 73c78a9ccbe74c29af147974fd5f06bd; no voters: 
I20260601 13:32:34.784315 29349 raft_consensus.cc:2804] T aa42a04f912e478ea52ef9decf80156a P 73c78a9ccbe74c29af147974fd5f06bd [term 0 FOLLOWER]: Leader pre-election won for term 1
I20260601 13:32:34.784375 29349 raft_consensus.cc:493] T aa42a04f912e478ea52ef9decf80156a P 73c78a9ccbe74c29af147974fd5f06bd [term 0 FOLLOWER]: Starting leader election (no leader contacted us within the election timeout)
I20260601 13:32:34.784420 29349 raft_consensus.cc:3060] T aa42a04f912e478ea52ef9decf80156a P 73c78a9ccbe74c29af147974fd5f06bd [term 0 FOLLOWER]: Advancing to term 1
I20260601 13:32:34.785230 29349 raft_consensus.cc:515] T aa42a04f912e478ea52ef9decf80156a P 73c78a9ccbe74c29af147974fd5f06bd [term 1 FOLLOWER]: Starting leader election with config: opid_index: -1 OBSOLETE_local: false peers { permanent_uuid: "62cbcd0453814f83a0c118853b681185" member_type: VOTER last_known_addr { host: "127.25.144.65" port: 45391 } } peers { permanent_uuid: "a9bdfd477b1b47a2b62d0763b7c41a75" member_type: VOTER last_known_addr { host: "127.25.144.66" port: 37981 } } peers { permanent_uuid: "73c78a9ccbe74c29af147974fd5f06bd" member_type: VOTER last_known_addr { host: "127.25.144.67" port: 40925 } }
I20260601 13:32:34.785581 29349 leader_election.cc:290] T aa42a04f912e478ea52ef9decf80156a P 73c78a9ccbe74c29af147974fd5f06bd [CANDIDATE]: Term 1 election: Requested vote from peers 62cbcd0453814f83a0c118853b681185 (127.25.144.65:45391), a9bdfd477b1b47a2b62d0763b7c41a75 (127.25.144.66:37981)
I20260601 13:32:34.786036 29138 tablet_service.cc:1917] Received RequestConsensusVote() RPC: tablet_id: "aa42a04f912e478ea52ef9decf80156a" candidate_uuid: "73c78a9ccbe74c29af147974fd5f06bd" candidate_term: 1 candidate_status { last_received { term: 0 index: 0 } } ignore_live_leader: false dest_uuid: "62cbcd0453814f83a0c118853b681185"
I20260601 13:32:34.786036 29214 tablet_service.cc:1917] Received RequestConsensusVote() RPC: tablet_id: "aa42a04f912e478ea52ef9decf80156a" candidate_uuid: "73c78a9ccbe74c29af147974fd5f06bd" candidate_term: 1 candidate_status { last_received { term: 0 index: 0 } } ignore_live_leader: false dest_uuid: "a9bdfd477b1b47a2b62d0763b7c41a75"
I20260601 13:32:34.786187 29214 raft_consensus.cc:3060] T aa42a04f912e478ea52ef9decf80156a P a9bdfd477b1b47a2b62d0763b7c41a75 [term 0 FOLLOWER]: Advancing to term 1
I20260601 13:32:34.786187 29138 raft_consensus.cc:3060] T aa42a04f912e478ea52ef9decf80156a P 62cbcd0453814f83a0c118853b681185 [term 0 FOLLOWER]: Advancing to term 1
I20260601 13:32:34.787204 29138 raft_consensus.cc:2468] T aa42a04f912e478ea52ef9decf80156a P 62cbcd0453814f83a0c118853b681185 [term 1 FOLLOWER]: Leader election vote request: Granting yes vote for candidate 73c78a9ccbe74c29af147974fd5f06bd in term 1.
I20260601 13:32:34.787200 29214 raft_consensus.cc:2468] T aa42a04f912e478ea52ef9decf80156a P a9bdfd477b1b47a2b62d0763b7c41a75 [term 1 FOLLOWER]: Leader election vote request: Granting yes vote for candidate 73c78a9ccbe74c29af147974fd5f06bd in term 1.
I20260601 13:32:34.787545 29255 leader_election.cc:304] T aa42a04f912e478ea52ef9decf80156a P 73c78a9ccbe74c29af147974fd5f06bd [CANDIDATE]: Term 1 election: Election decided. Result: candidate won. Election summary: received 2 responses out of 3 voters: 2 yes votes; 0 no votes. yes voters: 73c78a9ccbe74c29af147974fd5f06bd, a9bdfd477b1b47a2b62d0763b7c41a75; no voters: 
I20260601 13:32:34.787705 29349 raft_consensus.cc:2804] T aa42a04f912e478ea52ef9decf80156a P 73c78a9ccbe74c29af147974fd5f06bd [term 1 FOLLOWER]: Leader election won for term 1
I20260601 13:32:34.787825 29349 raft_consensus.cc:697] T aa42a04f912e478ea52ef9decf80156a P 73c78a9ccbe74c29af147974fd5f06bd [term 1 LEADER]: Becoming Leader. State: Replica: 73c78a9ccbe74c29af147974fd5f06bd, State: Running, Role: LEADER
I20260601 13:32:34.787957 29349 consensus_queue.cc:237] T aa42a04f912e478ea52ef9decf80156a P 73c78a9ccbe74c29af147974fd5f06bd [LEADER]: Queue going to LEADER mode. State: All replicated index: 0, Majority replicated index: 0, Committed index: 0, Last appended: 0.0, Last appended by leader: 0, Current term: 1, Majority size: 2, State: 0, Mode: LEADER, active raft config: opid_index: -1 OBSOLETE_local: false peers { permanent_uuid: "62cbcd0453814f83a0c118853b681185" member_type: VOTER last_known_addr { host: "127.25.144.65" port: 45391 } } peers { permanent_uuid: "a9bdfd477b1b47a2b62d0763b7c41a75" member_type: VOTER last_known_addr { host: "127.25.144.66" port: 37981 } } peers { permanent_uuid: "73c78a9ccbe74c29af147974fd5f06bd" member_type: VOTER last_known_addr { host: "127.25.144.67" port: 40925 } }
I20260601 13:32:34.789633 29033 catalog_manager.cc:5696] T aa42a04f912e478ea52ef9decf80156a P 73c78a9ccbe74c29af147974fd5f06bd reported cstate change: term changed from 0 to 1, leader changed from <none> to 73c78a9ccbe74c29af147974fd5f06bd (127.25.144.67). New cstate: current_term: 1 leader_uuid: "73c78a9ccbe74c29af147974fd5f06bd" committed_config { opid_index: -1 OBSOLETE_local: false peers { permanent_uuid: "62cbcd0453814f83a0c118853b681185" member_type: VOTER last_known_addr { host: "127.25.144.65" port: 45391 } health_report { overall_health: UNKNOWN } } peers { permanent_uuid: "a9bdfd477b1b47a2b62d0763b7c41a75" member_type: VOTER last_known_addr { host: "127.25.144.66" port: 37981 } health_report { overall_health: UNKNOWN } } peers { permanent_uuid: "73c78a9ccbe74c29af147974fd5f06bd" member_type: VOTER last_known_addr { host: "127.25.144.67" port: 40925 } health_report { overall_health: HEALTHY } } }
I20260601 13:32:34.793887 29341 raft_consensus.cc:493] T d06b44764ed942a8802301c0b6153583 P a9bdfd477b1b47a2b62d0763b7c41a75 [term 0 FOLLOWER]: Starting pre-election (no leader contacted us within the election timeout)
I20260601 13:32:34.794041 29341 raft_consensus.cc:515] T d06b44764ed942a8802301c0b6153583 P a9bdfd477b1b47a2b62d0763b7c41a75 [term 0 FOLLOWER]: Starting pre-election with config: opid_index: -1 OBSOLETE_local: false peers { permanent_uuid: "62cbcd0453814f83a0c118853b681185" member_type: VOTER last_known_addr { host: "127.25.144.65" port: 45391 } } peers { permanent_uuid: "a9bdfd477b1b47a2b62d0763b7c41a75" member_type: VOTER last_known_addr { host: "127.25.144.66" port: 37981 } } peers { permanent_uuid: "73c78a9ccbe74c29af147974fd5f06bd" member_type: VOTER last_known_addr { host: "127.25.144.67" port: 40925 } }
I20260601 13:32:34.794585 29341 leader_election.cc:290] T d06b44764ed942a8802301c0b6153583 P a9bdfd477b1b47a2b62d0763b7c41a75 [CANDIDATE]: Term 1 pre-election: Requested pre-vote from peers 62cbcd0453814f83a0c118853b681185 (127.25.144.65:45391), 73c78a9ccbe74c29af147974fd5f06bd (127.25.144.67:40925)
I20260601 13:32:34.795073 29138 tablet_service.cc:1917] Received RequestConsensusVote() RPC: tablet_id: "d06b44764ed942a8802301c0b6153583" candidate_uuid: "a9bdfd477b1b47a2b62d0763b7c41a75" candidate_term: 1 candidate_status { last_received { term: 0 index: 0 } } ignore_live_leader: false dest_uuid: "62cbcd0453814f83a0c118853b681185" is_pre_election: true
I20260601 13:32:34.795073 29289 tablet_service.cc:1917] Received RequestConsensusVote() RPC: tablet_id: "d06b44764ed942a8802301c0b6153583" candidate_uuid: "a9bdfd477b1b47a2b62d0763b7c41a75" candidate_term: 1 candidate_status { last_received { term: 0 index: 0 } } ignore_live_leader: false dest_uuid: "73c78a9ccbe74c29af147974fd5f06bd" is_pre_election: true
I20260601 13:32:34.795295 29138 raft_consensus.cc:2468] T d06b44764ed942a8802301c0b6153583 P 62cbcd0453814f83a0c118853b681185 [term 0 FOLLOWER]: Leader pre-election vote request: Granting yes vote for candidate a9bdfd477b1b47a2b62d0763b7c41a75 in term 0.
I20260601 13:32:34.795295 29289 raft_consensus.cc:2468] T d06b44764ed942a8802301c0b6153583 P 73c78a9ccbe74c29af147974fd5f06bd [term 0 FOLLOWER]: Leader pre-election vote request: Granting yes vote for candidate a9bdfd477b1b47a2b62d0763b7c41a75 in term 0.
I20260601 13:32:34.795634 29181 leader_election.cc:304] T d06b44764ed942a8802301c0b6153583 P a9bdfd477b1b47a2b62d0763b7c41a75 [CANDIDATE]: Term 1 pre-election: Election decided. Result: candidate won. Election summary: received 3 responses out of 3 voters: 3 yes votes; 0 no votes. yes voters: 62cbcd0453814f83a0c118853b681185, 73c78a9ccbe74c29af147974fd5f06bd, a9bdfd477b1b47a2b62d0763b7c41a75; no voters: 
I20260601 13:32:34.795825 29341 raft_consensus.cc:2804] T d06b44764ed942a8802301c0b6153583 P a9bdfd477b1b47a2b62d0763b7c41a75 [term 0 FOLLOWER]: Leader pre-election won for term 1
I20260601 13:32:34.795902 29341 raft_consensus.cc:493] T d06b44764ed942a8802301c0b6153583 P a9bdfd477b1b47a2b62d0763b7c41a75 [term 0 FOLLOWER]: Starting leader election (no leader contacted us within the election timeout)
I20260601 13:32:34.795940 29341 raft_consensus.cc:3060] T d06b44764ed942a8802301c0b6153583 P a9bdfd477b1b47a2b62d0763b7c41a75 [term 0 FOLLOWER]: Advancing to term 1
I20260601 13:32:34.796834 29341 raft_consensus.cc:515] T d06b44764ed942a8802301c0b6153583 P a9bdfd477b1b47a2b62d0763b7c41a75 [term 1 FOLLOWER]: Starting leader election with config: opid_index: -1 OBSOLETE_local: false peers { permanent_uuid: "62cbcd0453814f83a0c118853b681185" member_type: VOTER last_known_addr { host: "127.25.144.65" port: 45391 } } peers { permanent_uuid: "a9bdfd477b1b47a2b62d0763b7c41a75" member_type: VOTER last_known_addr { host: "127.25.144.66" port: 37981 } } peers { permanent_uuid: "73c78a9ccbe74c29af147974fd5f06bd" member_type: VOTER last_known_addr { host: "127.25.144.67" port: 40925 } }
I20260601 13:32:34.797228 29341 leader_election.cc:290] T d06b44764ed942a8802301c0b6153583 P a9bdfd477b1b47a2b62d0763b7c41a75 [CANDIDATE]: Term 1 election: Requested vote from peers 62cbcd0453814f83a0c118853b681185 (127.25.144.65:45391), 73c78a9ccbe74c29af147974fd5f06bd (127.25.144.67:40925)
I20260601 13:32:34.797646 29138 tablet_service.cc:1917] Received RequestConsensusVote() RPC: tablet_id: "d06b44764ed942a8802301c0b6153583" candidate_uuid: "a9bdfd477b1b47a2b62d0763b7c41a75" candidate_term: 1 candidate_status { last_received { term: 0 index: 0 } } ignore_live_leader: false dest_uuid: "62cbcd0453814f83a0c118853b681185"
I20260601 13:32:34.797672 29289 tablet_service.cc:1917] Received RequestConsensusVote() RPC: tablet_id: "d06b44764ed942a8802301c0b6153583" candidate_uuid: "a9bdfd477b1b47a2b62d0763b7c41a75" candidate_term: 1 candidate_status { last_received { term: 0 index: 0 } } ignore_live_leader: false dest_uuid: "73c78a9ccbe74c29af147974fd5f06bd"
I20260601 13:32:34.797778 29289 raft_consensus.cc:3060] T d06b44764ed942a8802301c0b6153583 P 73c78a9ccbe74c29af147974fd5f06bd [term 0 FOLLOWER]: Advancing to term 1
I20260601 13:32:34.797781 29138 raft_consensus.cc:3060] T d06b44764ed942a8802301c0b6153583 P 62cbcd0453814f83a0c118853b681185 [term 0 FOLLOWER]: Advancing to term 1
I20260601 13:32:34.798573 29138 raft_consensus.cc:2468] T d06b44764ed942a8802301c0b6153583 P 62cbcd0453814f83a0c118853b681185 [term 1 FOLLOWER]: Leader election vote request: Granting yes vote for candidate a9bdfd477b1b47a2b62d0763b7c41a75 in term 1.
I20260601 13:32:34.798579 29289 raft_consensus.cc:2468] T d06b44764ed942a8802301c0b6153583 P 73c78a9ccbe74c29af147974fd5f06bd [term 1 FOLLOWER]: Leader election vote request: Granting yes vote for candidate a9bdfd477b1b47a2b62d0763b7c41a75 in term 1.
I20260601 13:32:34.798897 29180 leader_election.cc:304] T d06b44764ed942a8802301c0b6153583 P a9bdfd477b1b47a2b62d0763b7c41a75 [CANDIDATE]: Term 1 election: Election decided. Result: candidate won. Election summary: received 2 responses out of 3 voters: 2 yes votes; 0 no votes. yes voters: 62cbcd0453814f83a0c118853b681185, a9bdfd477b1b47a2b62d0763b7c41a75; no voters: 
I20260601 13:32:34.799067 29341 raft_consensus.cc:2804] T d06b44764ed942a8802301c0b6153583 P a9bdfd477b1b47a2b62d0763b7c41a75 [term 1 FOLLOWER]: Leader election won for term 1
I20260601 13:32:34.799355 29341 raft_consensus.cc:697] T d06b44764ed942a8802301c0b6153583 P a9bdfd477b1b47a2b62d0763b7c41a75 [term 1 LEADER]: Becoming Leader. State: Replica: a9bdfd477b1b47a2b62d0763b7c41a75, State: Running, Role: LEADER
I20260601 13:32:34.799496 29341 consensus_queue.cc:237] T d06b44764ed942a8802301c0b6153583 P a9bdfd477b1b47a2b62d0763b7c41a75 [LEADER]: Queue going to LEADER mode. State: All replicated index: 0, Majority replicated index: 0, Committed index: 0, Last appended: 0.0, Last appended by leader: 0, Current term: 1, Majority size: 2, State: 0, Mode: LEADER, active raft config: opid_index: -1 OBSOLETE_local: false peers { permanent_uuid: "62cbcd0453814f83a0c118853b681185" member_type: VOTER last_known_addr { host: "127.25.144.65" port: 45391 } } peers { permanent_uuid: "a9bdfd477b1b47a2b62d0763b7c41a75" member_type: VOTER last_known_addr { host: "127.25.144.66" port: 37981 } } peers { permanent_uuid: "73c78a9ccbe74c29af147974fd5f06bd" member_type: VOTER last_known_addr { host: "127.25.144.67" port: 40925 } }
I20260601 13:32:34.801133 29033 catalog_manager.cc:5696] T d06b44764ed942a8802301c0b6153583 P a9bdfd477b1b47a2b62d0763b7c41a75 reported cstate change: term changed from 0 to 1, leader changed from <none> to a9bdfd477b1b47a2b62d0763b7c41a75 (127.25.144.66). New cstate: current_term: 1 leader_uuid: "a9bdfd477b1b47a2b62d0763b7c41a75" committed_config { opid_index: -1 OBSOLETE_local: false peers { permanent_uuid: "62cbcd0453814f83a0c118853b681185" member_type: VOTER last_known_addr { host: "127.25.144.65" port: 45391 } health_report { overall_health: UNKNOWN } } peers { permanent_uuid: "a9bdfd477b1b47a2b62d0763b7c41a75" member_type: VOTER last_known_addr { host: "127.25.144.66" port: 37981 } health_report { overall_health: HEALTHY } } peers { permanent_uuid: "73c78a9ccbe74c29af147974fd5f06bd" member_type: VOTER last_known_addr { host: "127.25.144.67" port: 40925 } health_report { overall_health: UNKNOWN } } }
I20260601 13:32:34.837060 29349 raft_consensus.cc:493] T 8cf74ba5cec845b4a6d482a0752b4d57 P 73c78a9ccbe74c29af147974fd5f06bd [term 0 FOLLOWER]: Starting pre-election (no leader contacted us within the election timeout)
I20260601 13:32:34.837224 29349 raft_consensus.cc:515] T 8cf74ba5cec845b4a6d482a0752b4d57 P 73c78a9ccbe74c29af147974fd5f06bd [term 0 FOLLOWER]: Starting pre-election with config: opid_index: -1 OBSOLETE_local: false peers { permanent_uuid: "62cbcd0453814f83a0c118853b681185" member_type: VOTER last_known_addr { host: "127.25.144.65" port: 45391 } } peers { permanent_uuid: "a9bdfd477b1b47a2b62d0763b7c41a75" member_type: VOTER last_known_addr { host: "127.25.144.66" port: 37981 } } peers { permanent_uuid: "73c78a9ccbe74c29af147974fd5f06bd" member_type: VOTER last_known_addr { host: "127.25.144.67" port: 40925 } }
I20260601 13:32:34.837680 29349 leader_election.cc:290] T 8cf74ba5cec845b4a6d482a0752b4d57 P 73c78a9ccbe74c29af147974fd5f06bd [CANDIDATE]: Term 1 pre-election: Requested pre-vote from peers 62cbcd0453814f83a0c118853b681185 (127.25.144.65:45391), a9bdfd477b1b47a2b62d0763b7c41a75 (127.25.144.66:37981)
I20260601 13:32:34.838133 29138 tablet_service.cc:1917] Received RequestConsensusVote() RPC: tablet_id: "8cf74ba5cec845b4a6d482a0752b4d57" candidate_uuid: "73c78a9ccbe74c29af147974fd5f06bd" candidate_term: 1 candidate_status { last_received { term: 0 index: 0 } } ignore_live_leader: false dest_uuid: "62cbcd0453814f83a0c118853b681185" is_pre_election: true
I20260601 13:32:34.838253 29138 raft_consensus.cc:2468] T 8cf74ba5cec845b4a6d482a0752b4d57 P 62cbcd0453814f83a0c118853b681185 [term 0 FOLLOWER]: Leader pre-election vote request: Granting yes vote for candidate 73c78a9ccbe74c29af147974fd5f06bd in term 0.
I20260601 13:32:34.838233 29214 tablet_service.cc:1917] Received RequestConsensusVote() RPC: tablet_id: "8cf74ba5cec845b4a6d482a0752b4d57" candidate_uuid: "73c78a9ccbe74c29af147974fd5f06bd" candidate_term: 1 candidate_status { last_received { term: 0 index: 0 } } ignore_live_leader: false dest_uuid: "a9bdfd477b1b47a2b62d0763b7c41a75" is_pre_election: true
I20260601 13:32:34.838389 29214 raft_consensus.cc:2468] T 8cf74ba5cec845b4a6d482a0752b4d57 P a9bdfd477b1b47a2b62d0763b7c41a75 [term 0 FOLLOWER]: Leader pre-election vote request: Granting yes vote for candidate 73c78a9ccbe74c29af147974fd5f06bd in term 0.
I20260601 13:32:34.838631 29255 leader_election.cc:304] T 8cf74ba5cec845b4a6d482a0752b4d57 P 73c78a9ccbe74c29af147974fd5f06bd [CANDIDATE]: Term 1 pre-election: Election decided. Result: candidate won. Election summary: received 2 responses out of 3 voters: 2 yes votes; 0 no votes. yes voters: 62cbcd0453814f83a0c118853b681185, 73c78a9ccbe74c29af147974fd5f06bd; no voters: 
I20260601 13:32:34.838800 29349 raft_consensus.cc:2804] T 8cf74ba5cec845b4a6d482a0752b4d57 P 73c78a9ccbe74c29af147974fd5f06bd [term 0 FOLLOWER]: Leader pre-election won for term 1
I20260601 13:32:34.838857 29349 raft_consensus.cc:493] T 8cf74ba5cec845b4a6d482a0752b4d57 P 73c78a9ccbe74c29af147974fd5f06bd [term 0 FOLLOWER]: Starting leader election (no leader contacted us within the election timeout)
I20260601 13:32:34.838892 29349 raft_consensus.cc:3060] T 8cf74ba5cec845b4a6d482a0752b4d57 P 73c78a9ccbe74c29af147974fd5f06bd [term 0 FOLLOWER]: Advancing to term 1
I20260601 13:32:34.839753 29349 raft_consensus.cc:515] T 8cf74ba5cec845b4a6d482a0752b4d57 P 73c78a9ccbe74c29af147974fd5f06bd [term 1 FOLLOWER]: Starting leader election with config: opid_index: -1 OBSOLETE_local: false peers { permanent_uuid: "62cbcd0453814f83a0c118853b681185" member_type: VOTER last_known_addr { host: "127.25.144.65" port: 45391 } } peers { permanent_uuid: "a9bdfd477b1b47a2b62d0763b7c41a75" member_type: VOTER last_known_addr { host: "127.25.144.66" port: 37981 } } peers { permanent_uuid: "73c78a9ccbe74c29af147974fd5f06bd" member_type: VOTER last_known_addr { host: "127.25.144.67" port: 40925 } }
I20260601 13:32:34.840086 29349 leader_election.cc:290] T 8cf74ba5cec845b4a6d482a0752b4d57 P 73c78a9ccbe74c29af147974fd5f06bd [CANDIDATE]: Term 1 election: Requested vote from peers 62cbcd0453814f83a0c118853b681185 (127.25.144.65:45391), a9bdfd477b1b47a2b62d0763b7c41a75 (127.25.144.66:37981)
I20260601 13:32:34.840467 29138 tablet_service.cc:1917] Received RequestConsensusVote() RPC: tablet_id: "8cf74ba5cec845b4a6d482a0752b4d57" candidate_uuid: "73c78a9ccbe74c29af147974fd5f06bd" candidate_term: 1 candidate_status { last_received { term: 0 index: 0 } } ignore_live_leader: false dest_uuid: "62cbcd0453814f83a0c118853b681185"
I20260601 13:32:34.840467 29214 tablet_service.cc:1917] Received RequestConsensusVote() RPC: tablet_id: "8cf74ba5cec845b4a6d482a0752b4d57" candidate_uuid: "73c78a9ccbe74c29af147974fd5f06bd" candidate_term: 1 candidate_status { last_received { term: 0 index: 0 } } ignore_live_leader: false dest_uuid: "a9bdfd477b1b47a2b62d0763b7c41a75"
I20260601 13:32:34.840577 29138 raft_consensus.cc:3060] T 8cf74ba5cec845b4a6d482a0752b4d57 P 62cbcd0453814f83a0c118853b681185 [term 0 FOLLOWER]: Advancing to term 1
I20260601 13:32:34.840595 29214 raft_consensus.cc:3060] T 8cf74ba5cec845b4a6d482a0752b4d57 P a9bdfd477b1b47a2b62d0763b7c41a75 [term 0 FOLLOWER]: Advancing to term 1
I20260601 13:32:34.841296 29214 raft_consensus.cc:2468] T 8cf74ba5cec845b4a6d482a0752b4d57 P a9bdfd477b1b47a2b62d0763b7c41a75 [term 1 FOLLOWER]: Leader election vote request: Granting yes vote for candidate 73c78a9ccbe74c29af147974fd5f06bd in term 1.
I20260601 13:32:34.841414 29138 raft_consensus.cc:2468] T 8cf74ba5cec845b4a6d482a0752b4d57 P 62cbcd0453814f83a0c118853b681185 [term 1 FOLLOWER]: Leader election vote request: Granting yes vote for candidate 73c78a9ccbe74c29af147974fd5f06bd in term 1.
I20260601 13:32:34.841558 29255 leader_election.cc:304] T 8cf74ba5cec845b4a6d482a0752b4d57 P 73c78a9ccbe74c29af147974fd5f06bd [CANDIDATE]: Term 1 election: Election decided. Result: candidate won. Election summary: received 2 responses out of 3 voters: 2 yes votes; 0 no votes. yes voters: 73c78a9ccbe74c29af147974fd5f06bd, a9bdfd477b1b47a2b62d0763b7c41a75; no voters: 
I20260601 13:32:34.841701 29349 raft_consensus.cc:2804] T 8cf74ba5cec845b4a6d482a0752b4d57 P 73c78a9ccbe74c29af147974fd5f06bd [term 1 FOLLOWER]: Leader election won for term 1
I20260601 13:32:34.841786 29349 raft_consensus.cc:697] T 8cf74ba5cec845b4a6d482a0752b4d57 P 73c78a9ccbe74c29af147974fd5f06bd [term 1 LEADER]: Becoming Leader. State: Replica: 73c78a9ccbe74c29af147974fd5f06bd, State: Running, Role: LEADER
I20260601 13:32:34.841943 29349 consensus_queue.cc:237] T 8cf74ba5cec845b4a6d482a0752b4d57 P 73c78a9ccbe74c29af147974fd5f06bd [LEADER]: Queue going to LEADER mode. State: All replicated index: 0, Majority replicated index: 0, Committed index: 0, Last appended: 0.0, Last appended by leader: 0, Current term: 1, Majority size: 2, State: 0, Mode: LEADER, active raft config: opid_index: -1 OBSOLETE_local: false peers { permanent_uuid: "62cbcd0453814f83a0c118853b681185" member_type: VOTER last_known_addr { host: "127.25.144.65" port: 45391 } } peers { permanent_uuid: "a9bdfd477b1b47a2b62d0763b7c41a75" member_type: VOTER last_known_addr { host: "127.25.144.66" port: 37981 } } peers { permanent_uuid: "73c78a9ccbe74c29af147974fd5f06bd" member_type: VOTER last_known_addr { host: "127.25.144.67" port: 40925 } }
I20260601 13:32:34.843545 29033 catalog_manager.cc:5696] T 8cf74ba5cec845b4a6d482a0752b4d57 P 73c78a9ccbe74c29af147974fd5f06bd reported cstate change: term changed from 0 to 1, leader changed from <none> to 73c78a9ccbe74c29af147974fd5f06bd (127.25.144.67). New cstate: current_term: 1 leader_uuid: "73c78a9ccbe74c29af147974fd5f06bd" committed_config { opid_index: -1 OBSOLETE_local: false peers { permanent_uuid: "62cbcd0453814f83a0c118853b681185" member_type: VOTER last_known_addr { host: "127.25.144.65" port: 45391 } health_report { overall_health: UNKNOWN } } peers { permanent_uuid: "a9bdfd477b1b47a2b62d0763b7c41a75" member_type: VOTER last_known_addr { host: "127.25.144.66" port: 37981 } health_report { overall_health: UNKNOWN } } peers { permanent_uuid: "73c78a9ccbe74c29af147974fd5f06bd" member_type: VOTER last_known_addr { host: "127.25.144.67" port: 40925 } health_report { overall_health: HEALTHY } } }
I20260601 13:32:34.884186 26177 file_cache.cc:492] Constructed file cache file cache with capacity 419430
W20260601 13:32:34.886409 29386 instance_detector.cc:116] could not retrieve Azure instance metadata: Network error: curl error: HTTP response code said error: The requested URL returned error: 404
I20260601 13:32:34.886401 26177 server_base.cc:1061] running on GCE node
W20260601 13:32:34.886447 29388 instance_detector.cc:116] could not retrieve OpenStack instance metadata: Network error: curl error: HTTP response code said error: The requested URL returned error: 404
W20260601 13:32:34.886447 29385 instance_detector.cc:116] could not retrieve AWS instance metadata: Network error: curl error: HTTP response code said error: The requested URL returned error: 404
I20260601 13:32:34.886866 26177 hybrid_clock.cc:584] initializing the hybrid clock with 'system_unsync' time source
W20260601 13:32:34.886912 26177 system_unsync_time.cc:38] NTP support is disabled. Clock error bounds will not be accurate. This configuration is not suitable for distributed clusters.
I20260601 13:32:34.886927 26177 hybrid_clock.cc:648] HybridClock initialized: now 1780320754886927 us; error 0 us; skew 500 ppm
I20260601 13:32:34.887866 26177 webserver.cc:533] Webserver started at http://127.25.144.68:38615/ using document root <none> and password file <none>
I20260601 13:32:34.887995 26177 fs_manager.cc:362] Metadata directory not provided
I20260601 13:32:34.888036 26177 fs_manager.cc:368] Using write-ahead log directory (fs_wal_dir) as metadata directory
I20260601 13:32:34.888088 26177 server_base.cc:909] This appears to be a new deployment of Kudu; creating new FS layout
I20260601 13:32:34.888509 26177 fs_manager.cc:1068] Generated new instance metadata in path /tmp/dist-test-taskjYSoX9/test-tmp/auto_rebalancer-test.0.AutoRebalancerTest.RangeAwareRebalancesNewRangeReplicas.1780320683518621-26177-0/minicluster-data/ts-3-root/instance:
uuid: "bbfa39e0dda14ba189816d8b55d99a7d"
format_stamp: "Formatted at 2026-06-01 13:32:34 on dist-test-slave-jnlr"
I20260601 13:32:34.889914 26177 fs_manager.cc:696] Time spent creating directory manager: real 0.001s	user 0.000s	sys 0.002s
I20260601 13:32:34.890956 29393 log_block_manager.cc:4031] Time spent loading block containers with low live blocks: real 0.000s	user 0.000s	sys 0.000s
I20260601 13:32:34.891288 26177 fs_manager.cc:730] Time spent opening block manager: real 0.001s	user 0.001s	sys 0.000s
I20260601 13:32:34.891360 26177 fs_manager.cc:647] Opened local filesystem: /tmp/dist-test-taskjYSoX9/test-tmp/auto_rebalancer-test.0.AutoRebalancerTest.RangeAwareRebalancesNewRangeReplicas.1780320683518621-26177-0/minicluster-data/ts-3-root
uuid: "bbfa39e0dda14ba189816d8b55d99a7d"
format_stamp: "Formatted at 2026-06-01 13:32:34 on dist-test-slave-jnlr"
I20260601 13:32:34.891436 26177 fs_report.cc:389] FS layout report
--------------------
wal directory: /tmp/dist-test-taskjYSoX9/test-tmp/auto_rebalancer-test.0.AutoRebalancerTest.RangeAwareRebalancesNewRangeReplicas.1780320683518621-26177-0/minicluster-data/ts-3-root
metadata directory: /tmp/dist-test-taskjYSoX9/test-tmp/auto_rebalancer-test.0.AutoRebalancerTest.RangeAwareRebalancesNewRangeReplicas.1780320683518621-26177-0/minicluster-data/ts-3-root
1 data directories: /tmp/dist-test-taskjYSoX9/test-tmp/auto_rebalancer-test.0.AutoRebalancerTest.RangeAwareRebalancesNewRangeReplicas.1780320683518621-26177-0/minicluster-data/ts-3-root/data
Total live blocks: 0
Total live bytes: 0
Total live bytes (after alignment): 0
Total number of LBM containers: 0 (0 full)
Did not check for missing blocks
Did not check for orphaned blocks
Total full LBM containers with extra space: 0 (0 repaired)
