I20260601 13:32:27.259423 12818 catalog_manager.cc:1382] Generated new cluster ID: b1012375723d472f94aff0f907d3a0dd
I20260601 13:32:27.259500 12818 catalog_manager.cc:1530] Initializing Kudu internal certificate authority...
I20260601 13:32:27.302886 12818 catalog_manager.cc:1405] Generated new certificate authority record
I20260601 13:32:27.303675 12818 catalog_manager.cc:1539] Loading token signing keys...
I20260601 13:32:27.311843 12818 catalog_manager.cc:6069] T 00000000000000000000000000000000 P 87d9bc7fbc934cadb2448d09466a33ea: Generated new TSK 0
I20260601 13:32:27.312100 12818 catalog_manager.cc:1549] Initializing in-progress tserver states...
I20260601 13:32:27.322495 10272 file_cache.cc:492] Constructed file cache file cache with capacity 419430
W20260601 13:32:27.324972 12831 instance_detector.cc:116] could not retrieve OpenStack instance metadata: Network error: curl error: HTTP response code said error: The requested URL returned error: 404
W20260601 13:32:27.325040 12829 instance_detector.cc:116] could not retrieve Azure instance metadata: Network error: curl error: HTTP response code said error: The requested URL returned error: 404
W20260601 13:32:27.325047 12828 instance_detector.cc:116] could not retrieve AWS instance metadata: Network error: curl error: HTTP response code said error: The requested URL returned error: 404
I20260601 13:32:27.325410 10272 server_base.cc:1061] running on GCE node
I20260601 13:32:27.325640 10272 hybrid_clock.cc:584] initializing the hybrid clock with 'system_unsync' time source
W20260601 13:32:27.325685 10272 system_unsync_time.cc:38] NTP support is disabled. Clock error bounds will not be accurate. This configuration is not suitable for distributed clusters.
I20260601 13:32:27.325701 10272 hybrid_clock.cc:648] HybridClock initialized: now 1780320747325701 us; error 0 us; skew 500 ppm
I20260601 13:32:27.326833 10272 webserver.cc:533] Webserver started at http://127.10.8.1:36637/ using document root <none> and password file <none>
I20260601 13:32:27.327024 10272 fs_manager.cc:362] Metadata directory not provided
I20260601 13:32:27.327162 10272 fs_manager.cc:368] Using write-ahead log directory (fs_wal_dir) as metadata directory
I20260601 13:32:27.327276 10272 server_base.cc:909] This appears to be a new deployment of Kudu; creating new FS layout
I20260601 13:32:27.327690 10272 fs_manager.cc:1068] Generated new instance metadata in path /tmp/dist-test-taskW2m42e/test-tmp/auto_rebalancer-test.0.AutoRebalancerTest.RangeAwareBuildClusterInfoGroupsByRange.1780320681362307-10272-0/minicluster-data/ts-0-root/instance:
uuid: "c08a9c31b8984c2c8b4d2e0f033c5ae9"
format_stamp: "Formatted at 2026-06-01 13:32:27 on dist-test-slave-zw2r"
I20260601 13:32:27.329329 10272 fs_manager.cc:696] Time spent creating directory manager: real 0.001s	user 0.002s	sys 0.001s
I20260601 13:32:27.330508 12836 log_block_manager.cc:4031] Time spent loading block containers with low live blocks: real 0.000s	user 0.000s	sys 0.000s
I20260601 13:32:27.330919 10272 fs_manager.cc:730] Time spent opening block manager: real 0.001s	user 0.001s	sys 0.000s
I20260601 13:32:27.331032 10272 fs_manager.cc:647] Opened local filesystem: /tmp/dist-test-taskW2m42e/test-tmp/auto_rebalancer-test.0.AutoRebalancerTest.RangeAwareBuildClusterInfoGroupsByRange.1780320681362307-10272-0/minicluster-data/ts-0-root
uuid: "c08a9c31b8984c2c8b4d2e0f033c5ae9"
format_stamp: "Formatted at 2026-06-01 13:32:27 on dist-test-slave-zw2r"
I20260601 13:32:27.331207 10272 fs_report.cc:389] FS layout report
--------------------
wal directory: /tmp/dist-test-taskW2m42e/test-tmp/auto_rebalancer-test.0.AutoRebalancerTest.RangeAwareBuildClusterInfoGroupsByRange.1780320681362307-10272-0/minicluster-data/ts-0-root
metadata directory: /tmp/dist-test-taskW2m42e/test-tmp/auto_rebalancer-test.0.AutoRebalancerTest.RangeAwareBuildClusterInfoGroupsByRange.1780320681362307-10272-0/minicluster-data/ts-0-root
1 data directories: /tmp/dist-test-taskW2m42e/test-tmp/auto_rebalancer-test.0.AutoRebalancerTest.RangeAwareBuildClusterInfoGroupsByRange.1780320681362307-10272-0/minicluster-data/ts-0-root/data
Total live blocks: 0
Total live bytes: 0
Total live bytes (after alignment): 0
Total number of LBM containers: 0 (0 full)
Did not check for missing blocks
Did not check for orphaned blocks
Total full LBM containers with extra space: 0 (0 repaired)
Total full LBM container extra space in bytes: 0 (0 repaired)
Total incomplete LBM containers: 0 (0 repaired)
Total LBM partial records: 0 (0 repaired)
Total corrupted LBM metadata records in RocksDB: 0 (0 repaired)
I20260601 13:32:27.340605 10272 rpc_server.cc:225] running with OpenSSL 1.1.1  11 Sep 2018
I20260601 13:32:27.341085 10272 kserver.cc:163] Server-wide thread pool size limit: 3276
I20260601 13:32:27.341475 10272 txn_system_client.cc:432] TxnSystemClient initialization is disabled...
I20260601 13:32:27.341988 10272 ts_tablet_manager.cc:585] Loaded tablet metadata (0 total tablets, 0 live tablets)
I20260601 13:32:27.342046 10272 ts_tablet_manager.cc:531] Time spent load tablet metadata: real 0.000s	user 0.000s	sys 0.000s
I20260601 13:32:27.342128 10272 ts_tablet_manager.cc:616] Registered 0 tablets
I20260601 13:32:27.342175 10272 ts_tablet_manager.cc:595] Time spent register tablets: real 0.000s	user 0.000s	sys 0.000s
I20260601 13:32:27.346696 10272 rpc_server.cc:307] RPC server started. Bound to: 127.10.8.1:38777
I20260601 13:32:27.346779 12899 acceptor_pool.cc:272] collecting diagnostics on the listening RPC socket 127.10.8.1:38777 every 8 connection(s)
I20260601 13:32:27.347590 10272 file_cache.cc:492] Constructed file cache file cache with capacity 419430
W20260601 13:32:27.349653 12904 instance_detector.cc:116] could not retrieve AWS instance metadata: Network error: curl error: HTTP response code said error: The requested URL returned error: 404
I20260601 13:32:27.349805 10272 server_base.cc:1061] running on GCE node
W20260601 13:32:27.349710 12905 instance_detector.cc:116] could not retrieve Azure instance metadata: Network error: curl error: HTTP response code said error: The requested URL returned error: 404
W20260601 13:32:27.350171 12907 instance_detector.cc:116] could not retrieve OpenStack instance metadata: Network error: curl error: HTTP response code said error: The requested URL returned error: 404
I20260601 13:32:27.350375 10272 hybrid_clock.cc:584] initializing the hybrid clock with 'system_unsync' time source
W20260601 13:32:27.350447 10272 system_unsync_time.cc:38] NTP support is disabled. Clock error bounds will not be accurate. This configuration is not suitable for distributed clusters.
I20260601 13:32:27.350479 10272 hybrid_clock.cc:648] HybridClock initialized: now 1780320747350479 us; error 0 us; skew 500 ppm
I20260601 13:32:27.351533 10272 webserver.cc:533] Webserver started at http://127.10.8.2:39775/ using document root <none> and password file <none>
I20260601 13:32:27.351744 10272 fs_manager.cc:362] Metadata directory not provided
I20260601 13:32:27.351817 10272 fs_manager.cc:368] Using write-ahead log directory (fs_wal_dir) as metadata directory
I20260601 13:32:27.351893 10272 server_base.cc:909] This appears to be a new deployment of Kudu; creating new FS layout
I20260601 13:32:27.352387 10272 fs_manager.cc:1068] Generated new instance metadata in path /tmp/dist-test-taskW2m42e/test-tmp/auto_rebalancer-test.0.AutoRebalancerTest.RangeAwareBuildClusterInfoGroupsByRange.1780320681362307-10272-0/minicluster-data/ts-1-root/instance:
uuid: "a6a3d377983b4824b8ad8b461a9feb87"
format_stamp: "Formatted at 2026-06-01 13:32:27 on dist-test-slave-zw2r"
I20260601 13:32:27.352626 12900 heartbeater.cc:344] Connected to a master server at 127.10.8.62:34797
I20260601 13:32:27.352761 12900 heartbeater.cc:461] Registering TS with master...
I20260601 13:32:27.352984 12900 heartbeater.cc:507] Master 127.10.8.62:34797 requested a full tablet report, sending...
I20260601 13:32:27.353699 12771 ts_manager.cc:194] Registered new tserver with Master: c08a9c31b8984c2c8b4d2e0f033c5ae9 (127.10.8.1:38777)
I20260601 13:32:27.354254 10272 fs_manager.cc:696] Time spent creating directory manager: real 0.002s	user 0.003s	sys 0.000s
I20260601 13:32:27.354390 12771 master_service.cc:502] Signed X509 certificate for tserver {username='slave'} at 127.0.0.1:39818
I20260601 13:32:27.355392 12912 log_block_manager.cc:4031] Time spent loading block containers with low live blocks: real 0.000s	user 0.000s	sys 0.000s
I20260601 13:32:27.355741 10272 fs_manager.cc:730] Time spent opening block manager: real 0.001s	user 0.001s	sys 0.000s
I20260601 13:32:27.355826 10272 fs_manager.cc:647] Opened local filesystem: /tmp/dist-test-taskW2m42e/test-tmp/auto_rebalancer-test.0.AutoRebalancerTest.RangeAwareBuildClusterInfoGroupsByRange.1780320681362307-10272-0/minicluster-data/ts-1-root
uuid: "a6a3d377983b4824b8ad8b461a9feb87"
format_stamp: "Formatted at 2026-06-01 13:32:27 on dist-test-slave-zw2r"
I20260601 13:32:27.355923 10272 fs_report.cc:389] FS layout report
--------------------
wal directory: /tmp/dist-test-taskW2m42e/test-tmp/auto_rebalancer-test.0.AutoRebalancerTest.RangeAwareBuildClusterInfoGroupsByRange.1780320681362307-10272-0/minicluster-data/ts-1-root
metadata directory: /tmp/dist-test-taskW2m42e/test-tmp/auto_rebalancer-test.0.AutoRebalancerTest.RangeAwareBuildClusterInfoGroupsByRange.1780320681362307-10272-0/minicluster-data/ts-1-root
1 data directories: /tmp/dist-test-taskW2m42e/test-tmp/auto_rebalancer-test.0.AutoRebalancerTest.RangeAwareBuildClusterInfoGroupsByRange.1780320681362307-10272-0/minicluster-data/ts-1-root/data
Total live blocks: 0
Total live bytes: 0
Total live bytes (after alignment): 0
Total number of LBM containers: 0 (0 full)
Did not check for missing blocks
Did not check for orphaned blocks
Total full LBM containers with extra space: 0 (0 repaired)
Total full LBM container extra space in bytes: 0 (0 repaired)
Total incomplete LBM containers: 0 (0 repaired)
Total LBM partial records: 0 (0 repaired)
Total corrupted LBM metadata records in RocksDB: 0 (0 repaired)
I20260601 13:32:27.364306 10272 rpc_server.cc:225] running with OpenSSL 1.1.1  11 Sep 2018
I20260601 13:32:27.364748 10272 kserver.cc:163] Server-wide thread pool size limit: 3276
I20260601 13:32:27.365078 10272 txn_system_client.cc:432] TxnSystemClient initialization is disabled...
I20260601 13:32:27.365628 10272 ts_tablet_manager.cc:585] Loaded tablet metadata (0 total tablets, 0 live tablets)
I20260601 13:32:27.365691 10272 ts_tablet_manager.cc:531] Time spent load tablet metadata: real 0.000s	user 0.000s	sys 0.000s
I20260601 13:32:27.365751 10272 ts_tablet_manager.cc:616] Registered 0 tablets
I20260601 13:32:27.365783 10272 ts_tablet_manager.cc:595] Time spent register tablets: real 0.000s	user 0.000s	sys 0.000s
I20260601 13:32:27.370898 10272 rpc_server.cc:307] RPC server started. Bound to: 127.10.8.2:42713
I20260601 13:32:27.371079 12975 acceptor_pool.cc:272] collecting diagnostics on the listening RPC socket 127.10.8.2:42713 every 8 connection(s)
I20260601 13:32:27.371855 10272 file_cache.cc:492] Constructed file cache file cache with capacity 419430
W20260601 13:32:27.373805 12979 instance_detector.cc:116] could not retrieve AWS instance metadata: Network error: curl error: HTTP response code said error: The requested URL returned error: 404
W20260601 13:32:27.374238 12980 instance_detector.cc:116] could not retrieve Azure instance metadata: Network error: curl error: HTTP response code said error: The requested URL returned error: 404
W20260601 13:32:27.374415 12982 instance_detector.cc:116] could not retrieve OpenStack instance metadata: Network error: curl error: HTTP response code said error: The requested URL returned error: 404
I20260601 13:32:27.374608 10272 server_base.cc:1061] running on GCE node
I20260601 13:32:27.374811 10272 hybrid_clock.cc:584] initializing the hybrid clock with 'system_unsync' time source
W20260601 13:32:27.374868 10272 system_unsync_time.cc:38] NTP support is disabled. Clock error bounds will not be accurate. This configuration is not suitable for distributed clusters.
I20260601 13:32:27.374902 10272 hybrid_clock.cc:648] HybridClock initialized: now 1780320747374902 us; error 0 us; skew 500 ppm
I20260601 13:32:27.376025 10272 webserver.cc:533] Webserver started at http://127.10.8.3:45021/ using document root <none> and password file <none>
I20260601 13:32:27.376277 10272 fs_manager.cc:362] Metadata directory not provided
I20260601 13:32:27.376345 10272 fs_manager.cc:368] Using write-ahead log directory (fs_wal_dir) as metadata directory
I20260601 13:32:27.376418 10272 server_base.cc:909] This appears to be a new deployment of Kudu; creating new FS layout
I20260601 13:32:27.376920 12976 heartbeater.cc:344] Connected to a master server at 127.10.8.62:34797
I20260601 13:32:27.376920 10272 fs_manager.cc:1068] Generated new instance metadata in path /tmp/dist-test-taskW2m42e/test-tmp/auto_rebalancer-test.0.AutoRebalancerTest.RangeAwareBuildClusterInfoGroupsByRange.1780320681362307-10272-0/minicluster-data/ts-2-root/instance:
uuid: "47997f00ef3742d8a53400958aaaab50"
format_stamp: "Formatted at 2026-06-01 13:32:27 on dist-test-slave-zw2r"
I20260601 13:32:27.377053 12976 heartbeater.cc:461] Registering TS with master...
I20260601 13:32:27.377345 12976 heartbeater.cc:507] Master 127.10.8.62:34797 requested a full tablet report, sending...
I20260601 13:32:27.378347 12771 ts_manager.cc:194] Registered new tserver with Master: a6a3d377983b4824b8ad8b461a9feb87 (127.10.8.2:42713)
I20260601 13:32:27.378901 10272 fs_manager.cc:696] Time spent creating directory manager: real 0.002s	user 0.001s	sys 0.000s
I20260601 13:32:27.379154 12771 master_service.cc:502] Signed X509 certificate for tserver {username='slave'} at 127.0.0.1:39832
I20260601 13:32:27.380244 12987 log_block_manager.cc:4031] Time spent loading block containers with low live blocks: real 0.000s	user 0.000s	sys 0.000s
I20260601 13:32:27.380647 10272 fs_manager.cc:730] Time spent opening block manager: real 0.001s	user 0.001s	sys 0.000s
I20260601 13:32:27.380714 10272 fs_manager.cc:647] Opened local filesystem: /tmp/dist-test-taskW2m42e/test-tmp/auto_rebalancer-test.0.AutoRebalancerTest.RangeAwareBuildClusterInfoGroupsByRange.1780320681362307-10272-0/minicluster-data/ts-2-root
uuid: "47997f00ef3742d8a53400958aaaab50"
format_stamp: "Formatted at 2026-06-01 13:32:27 on dist-test-slave-zw2r"
I20260601 13:32:27.380810 10272 fs_report.cc:389] FS layout report
--------------------
wal directory: /tmp/dist-test-taskW2m42e/test-tmp/auto_rebalancer-test.0.AutoRebalancerTest.RangeAwareBuildClusterInfoGroupsByRange.1780320681362307-10272-0/minicluster-data/ts-2-root
metadata directory: /tmp/dist-test-taskW2m42e/test-tmp/auto_rebalancer-test.0.AutoRebalancerTest.RangeAwareBuildClusterInfoGroupsByRange.1780320681362307-10272-0/minicluster-data/ts-2-root
1 data directories: /tmp/dist-test-taskW2m42e/test-tmp/auto_rebalancer-test.0.AutoRebalancerTest.RangeAwareBuildClusterInfoGroupsByRange.1780320681362307-10272-0/minicluster-data/ts-2-root/data
Total live blocks: 0
Total live bytes: 0
Total live bytes (after alignment): 0
Total number of LBM containers: 0 (0 full)
Did not check for missing blocks
Did not check for orphaned blocks
Total full LBM containers with extra space: 0 (0 repaired)
Total full LBM container extra space in bytes: 0 (0 repaired)
Total incomplete LBM containers: 0 (0 repaired)
Total LBM partial records: 0 (0 repaired)
Total corrupted LBM metadata records in RocksDB: 0 (0 repaired)
I20260601 13:32:27.388319 10272 rpc_server.cc:225] running with OpenSSL 1.1.1  11 Sep 2018
I20260601 13:32:27.388862 10272 kserver.cc:163] Server-wide thread pool size limit: 3276
I20260601 13:32:27.389297 10272 txn_system_client.cc:432] TxnSystemClient initialization is disabled...
I20260601 13:32:27.389822 10272 ts_tablet_manager.cc:585] Loaded tablet metadata (0 total tablets, 0 live tablets)
I20260601 13:32:27.389889 10272 ts_tablet_manager.cc:531] Time spent load tablet metadata: real 0.000s	user 0.000s	sys 0.000s
I20260601 13:32:27.389946 10272 ts_tablet_manager.cc:616] Registered 0 tablets
I20260601 13:32:27.389997 10272 ts_tablet_manager.cc:595] Time spent register tablets: real 0.000s	user 0.000s	sys 0.000s
I20260601 13:32:27.395036 10272 rpc_server.cc:307] RPC server started. Bound to: 127.10.8.3:37877
I20260601 13:32:27.395108 13050 acceptor_pool.cc:272] collecting diagnostics on the listening RPC socket 127.10.8.3:37877 every 8 connection(s)
I20260601 13:32:27.401095 13051 heartbeater.cc:344] Connected to a master server at 127.10.8.62:34797
I20260601 13:32:27.401362 13051 heartbeater.cc:461] Registering TS with master...
I20260601 13:32:27.401664 13051 heartbeater.cc:507] Master 127.10.8.62:34797 requested a full tablet report, sending...
I20260601 13:32:27.402534 12771 ts_manager.cc:194] Registered new tserver with Master: 47997f00ef3742d8a53400958aaaab50 (127.10.8.3:37877)
I20260601 13:32:27.403192 12771 master_service.cc:502] Signed X509 certificate for tserver {username='slave'} at 127.0.0.1:39834
I20260601 13:32:27.403578 10272 internal_mini_cluster.cc:371] 3 TS(s) registered with all masters after 0.008058976s
I20260601 13:32:28.355299 12900 heartbeater.cc:499] Master 127.10.8.62:34797 was elected leader, sending a full tablet report...
I20260601 13:32:28.380445 12976 heartbeater.cc:499] Master 127.10.8.62:34797 was elected leader, sending a full tablet report...
I20260601 13:32:28.404546 13051 heartbeater.cc:499] Master 127.10.8.62:34797 was elected leader, sending a full tablet report...
I20260601 13:32:28.446977 12771 catalog_manager.cc:2282] Servicing CreateTable request from {username='slave'} at 127.0.0.1:39838:
name: "range_aware_auto_rebalancer_test"
schema {
  columns {
    name: "key"
    type: INT32
    is_key: true
    is_nullable: false
    encoding: AUTO_ENCODING
    compression: DEFAULT_COMPRESSION
    cfile_block_size: 0
    immutable: false
  }
}
num_replicas: 3
split_rows_range_bounds {
  rows: "\006\001\000\000\000\000\007\001\n\000\000\000\006\001\n\000\000\000\007\001\024\000\000\000""\006\001\000\000\000\000\007\001\n\000\000\000\006\001\n\000\000\000\007\001\024\000\000\000"
  indirect_data: """"
}
partition_schema {
  hash_schema {
    columns {
      name: "key"
    }
    num_buckets: 2
    seed: 0
  }
  range_schema {
    columns {
      name: "key"
    }
  }
}
W20260601 13:32:28.447805 12771 catalog_manager.cc:7076] The number of live tablet servers is not enough to re-replicate a tablet replica of the newly created table range_aware_auto_rebalancer_test in case of a server failure: 4 tablet servers would be needed, 3 are available. Consider bringing up more tablet servers.
I20260601 13:32:28.462239 12940 tablet_service.cc:1511] Processing CreateTablet for tablet 31c1a631bc3b44778ffca725c233cbb5 (DEFAULT_TABLE table=range_aware_auto_rebalancer_test [id=3c2184d750ec44ceb2e650d978da4872]), partition=HASH (key) PARTITION 0, RANGE (key) PARTITION 0 <= VALUES < 10
I20260601 13:32:28.462669 12940 data_dirs.cc:400] Could only allocate 1 dirs of requested 3 for tablet 31c1a631bc3b44778ffca725c233cbb5. 1 dirs total, 0 dirs full, 0 dirs failed
I20260601 13:32:28.463958 12937 tablet_service.cc:1511] Processing CreateTablet for tablet a4b94b763c7b48efb2d86babd2f07755 (DEFAULT_TABLE table=range_aware_auto_rebalancer_test [id=3c2184d750ec44ceb2e650d978da4872]), partition=HASH (key) PARTITION 1, RANGE (key) PARTITION 10 <= VALUES < 20
I20260601 13:32:28.464341 12937 data_dirs.cc:400] Could only allocate 1 dirs of requested 3 for tablet a4b94b763c7b48efb2d86babd2f07755. 1 dirs total, 0 dirs full, 0 dirs failed
I20260601 13:32:28.464596 13015 tablet_service.cc:1511] Processing CreateTablet for tablet 31c1a631bc3b44778ffca725c233cbb5 (DEFAULT_TABLE table=range_aware_auto_rebalancer_test [id=3c2184d750ec44ceb2e650d978da4872]), partition=HASH (key) PARTITION 0, RANGE (key) PARTITION 0 <= VALUES < 10
I20260601 13:32:28.464924 13015 data_dirs.cc:400] Could only allocate 1 dirs of requested 3 for tablet 31c1a631bc3b44778ffca725c233cbb5. 1 dirs total, 0 dirs full, 0 dirs failed
I20260601 13:32:28.465485 12938 tablet_service.cc:1511] Processing CreateTablet for tablet b3d2eb774cef40c4aa8346d0243b1438 (DEFAULT_TABLE table=range_aware_auto_rebalancer_test [id=3c2184d750ec44ceb2e650d978da4872]), partition=HASH (key) PARTITION 1, RANGE (key) PARTITION 0 <= VALUES < 10
I20260601 13:32:28.465759 12938 data_dirs.cc:400] Could only allocate 1 dirs of requested 3 for tablet b3d2eb774cef40c4aa8346d0243b1438. 1 dirs total, 0 dirs full, 0 dirs failed
I20260601 13:32:28.465786 13071 tablet_bootstrap.cc:492] T 31c1a631bc3b44778ffca725c233cbb5 P a6a3d377983b4824b8ad8b461a9feb87: Bootstrap starting.
I20260601 13:32:28.466791 13071 tablet_bootstrap.cc:654] T 31c1a631bc3b44778ffca725c233cbb5 P a6a3d377983b4824b8ad8b461a9feb87: Neither blocks nor log segments found. Creating new log.
I20260601 13:32:28.467878 13072 tablet_bootstrap.cc:492] T 31c1a631bc3b44778ffca725c233cbb5 P 47997f00ef3742d8a53400958aaaab50: Bootstrap starting.
I20260601 13:32:28.468216 12939 tablet_service.cc:1511] Processing CreateTablet for tablet 54a9950d68ce4b42820855117d0d2af7 (DEFAULT_TABLE table=range_aware_auto_rebalancer_test [id=3c2184d750ec44ceb2e650d978da4872]), partition=HASH (key) PARTITION 0, RANGE (key) PARTITION 10 <= VALUES < 20
I20260601 13:32:28.468555 12939 data_dirs.cc:400] Could only allocate 1 dirs of requested 3 for tablet 54a9950d68ce4b42820855117d0d2af7. 1 dirs total, 0 dirs full, 0 dirs failed
I20260601 13:32:28.469345 13072 tablet_bootstrap.cc:654] T 31c1a631bc3b44778ffca725c233cbb5 P 47997f00ef3742d8a53400958aaaab50: Neither blocks nor log segments found. Creating new log.
I20260601 13:32:28.471128 13072 tablet_bootstrap.cc:492] T 31c1a631bc3b44778ffca725c233cbb5 P 47997f00ef3742d8a53400958aaaab50: No bootstrap required, opened a new log
I20260601 13:32:28.471294 13072 ts_tablet_manager.cc:1403] T 31c1a631bc3b44778ffca725c233cbb5 P 47997f00ef3742d8a53400958aaaab50: Time spent bootstrapping tablet: real 0.003s	user 0.000s	sys 0.003s
I20260601 13:32:28.471526 13014 tablet_service.cc:1511] Processing CreateTablet for tablet 54a9950d68ce4b42820855117d0d2af7 (DEFAULT_TABLE table=range_aware_auto_rebalancer_test [id=3c2184d750ec44ceb2e650d978da4872]), partition=HASH (key) PARTITION 0, RANGE (key) PARTITION 10 <= VALUES < 20
I20260601 13:32:28.471837 13014 data_dirs.cc:400] Could only allocate 1 dirs of requested 3 for tablet 54a9950d68ce4b42820855117d0d2af7. 1 dirs total, 0 dirs full, 0 dirs failed
I20260601 13:32:28.471868 13012 tablet_service.cc:1511] Processing CreateTablet for tablet a4b94b763c7b48efb2d86babd2f07755 (DEFAULT_TABLE table=range_aware_auto_rebalancer_test [id=3c2184d750ec44ceb2e650d978da4872]), partition=HASH (key) PARTITION 1, RANGE (key) PARTITION 10 <= VALUES < 20
I20260601 13:32:28.472144 13012 data_dirs.cc:400] Could only allocate 1 dirs of requested 3 for tablet a4b94b763c7b48efb2d86babd2f07755. 1 dirs total, 0 dirs full, 0 dirs failed
I20260601 13:32:28.472172 13072 raft_consensus.cc:359] T 31c1a631bc3b44778ffca725c233cbb5 P 47997f00ef3742d8a53400958aaaab50 [term 0 FOLLOWER]: Replica starting. Triggering 0 pending ops. Active config: opid_index: -1 OBSOLETE_local: false peers { permanent_uuid: "a6a3d377983b4824b8ad8b461a9feb87" member_type: VOTER last_known_addr { host: "127.10.8.2" port: 42713 } } peers { permanent_uuid: "c08a9c31b8984c2c8b4d2e0f033c5ae9" member_type: VOTER last_known_addr { host: "127.10.8.1" port: 38777 } } peers { permanent_uuid: "47997f00ef3742d8a53400958aaaab50" member_type: VOTER last_known_addr { host: "127.10.8.3" port: 37877 } }
I20260601 13:32:28.472345 13072 raft_consensus.cc:385] T 31c1a631bc3b44778ffca725c233cbb5 P 47997f00ef3742d8a53400958aaaab50 [term 0 FOLLOWER]: Consensus starting up: Expiring failure detector timer to make a prompt election more likely
I20260601 13:32:28.472383 13072 raft_consensus.cc:740] T 31c1a631bc3b44778ffca725c233cbb5 P 47997f00ef3742d8a53400958aaaab50 [term 0 FOLLOWER]: Becoming Follower/Learner. State: Replica: 47997f00ef3742d8a53400958aaaab50, State: Initialized, Role: FOLLOWER
I20260601 13:32:28.472620 13072 consensus_queue.cc:260] T 31c1a631bc3b44778ffca725c233cbb5 P 47997f00ef3742d8a53400958aaaab50 [NON_LEADER]: Queue going to NON_LEADER mode. State: All replicated index: 0, Majority replicated index: 0, Committed index: 0, Last appended: 0.0, Last appended by leader: 0, Current term: 0, Majority size: -1, State: 0, Mode: NON_LEADER, active raft config: opid_index: -1 OBSOLETE_local: false peers { permanent_uuid: "a6a3d377983b4824b8ad8b461a9feb87" member_type: VOTER last_known_addr { host: "127.10.8.2" port: 42713 } } peers { permanent_uuid: "c08a9c31b8984c2c8b4d2e0f033c5ae9" member_type: VOTER last_known_addr { host: "127.10.8.1" port: 38777 } } peers { permanent_uuid: "47997f00ef3742d8a53400958aaaab50" member_type: VOTER last_known_addr { host: "127.10.8.3" port: 37877 } }
I20260601 13:32:28.473466 13072 ts_tablet_manager.cc:1434] T 31c1a631bc3b44778ffca725c233cbb5 P 47997f00ef3742d8a53400958aaaab50: Time spent starting tablet: real 0.002s	user 0.000s	sys 0.001s
I20260601 13:32:28.474458 13072 tablet_bootstrap.cc:492] T 54a9950d68ce4b42820855117d0d2af7 P 47997f00ef3742d8a53400958aaaab50: Bootstrap starting.
I20260601 13:32:28.474570 13013 tablet_service.cc:1511] Processing CreateTablet for tablet b3d2eb774cef40c4aa8346d0243b1438 (DEFAULT_TABLE table=range_aware_auto_rebalancer_test [id=3c2184d750ec44ceb2e650d978da4872]), partition=HASH (key) PARTITION 1, RANGE (key) PARTITION 0 <= VALUES < 10
I20260601 13:32:28.474892 13013 data_dirs.cc:400] Could only allocate 1 dirs of requested 3 for tablet b3d2eb774cef40c4aa8346d0243b1438. 1 dirs total, 0 dirs full, 0 dirs failed
I20260601 13:32:28.476985 13072 tablet_bootstrap.cc:654] T 54a9950d68ce4b42820855117d0d2af7 P 47997f00ef3742d8a53400958aaaab50: Neither blocks nor log segments found. Creating new log.
I20260601 13:32:28.477994 13071 tablet_bootstrap.cc:492] T 31c1a631bc3b44778ffca725c233cbb5 P a6a3d377983b4824b8ad8b461a9feb87: No bootstrap required, opened a new log
I20260601 13:32:28.478102 13071 ts_tablet_manager.cc:1403] T 31c1a631bc3b44778ffca725c233cbb5 P a6a3d377983b4824b8ad8b461a9feb87: Time spent bootstrapping tablet: real 0.012s	user 0.002s	sys 0.000s
I20260601 13:32:28.478173 12864 tablet_service.cc:1511] Processing CreateTablet for tablet 31c1a631bc3b44778ffca725c233cbb5 (DEFAULT_TABLE table=range_aware_auto_rebalancer_test [id=3c2184d750ec44ceb2e650d978da4872]), partition=HASH (key) PARTITION 0, RANGE (key) PARTITION 0 <= VALUES < 10
I20260601 13:32:28.478371 12862 tablet_service.cc:1511] Processing CreateTablet for tablet b3d2eb774cef40c4aa8346d0243b1438 (DEFAULT_TABLE table=range_aware_auto_rebalancer_test [id=3c2184d750ec44ceb2e650d978da4872]), partition=HASH (key) PARTITION 1, RANGE (key) PARTITION 0 <= VALUES < 10
I20260601 13:32:28.478470 12864 data_dirs.cc:400] Could only allocate 1 dirs of requested 3 for tablet 31c1a631bc3b44778ffca725c233cbb5. 1 dirs total, 0 dirs full, 0 dirs failed
I20260601 13:32:28.478511 13071 raft_consensus.cc:359] T 31c1a631bc3b44778ffca725c233cbb5 P a6a3d377983b4824b8ad8b461a9feb87 [term 0 FOLLOWER]: Replica starting. Triggering 0 pending ops. Active config: opid_index: -1 OBSOLETE_local: false peers { permanent_uuid: "a6a3d377983b4824b8ad8b461a9feb87" member_type: VOTER last_known_addr { host: "127.10.8.2" port: 42713 } } peers { permanent_uuid: "c08a9c31b8984c2c8b4d2e0f033c5ae9" member_type: VOTER last_known_addr { host: "127.10.8.1" port: 38777 } } peers { permanent_uuid: "47997f00ef3742d8a53400958aaaab50" member_type: VOTER last_known_addr { host: "127.10.8.3" port: 37877 } }
I20260601 13:32:28.478609 13071 raft_consensus.cc:385] T 31c1a631bc3b44778ffca725c233cbb5 P a6a3d377983b4824b8ad8b461a9feb87 [term 0 FOLLOWER]: Consensus starting up: Expiring failure detector timer to make a prompt election more likely
I20260601 13:32:28.478610 12862 data_dirs.cc:400] Could only allocate 1 dirs of requested 3 for tablet b3d2eb774cef40c4aa8346d0243b1438. 1 dirs total, 0 dirs full, 0 dirs failed
I20260601 13:32:28.478693 13071 raft_consensus.cc:740] T 31c1a631bc3b44778ffca725c233cbb5 P a6a3d377983b4824b8ad8b461a9feb87 [term 0 FOLLOWER]: Becoming Follower/Learner. State: Replica: a6a3d377983b4824b8ad8b461a9feb87, State: Initialized, Role: FOLLOWER
I20260601 13:32:28.478820 13071 consensus_queue.cc:260] T 31c1a631bc3b44778ffca725c233cbb5 P a6a3d377983b4824b8ad8b461a9feb87 [NON_LEADER]: Queue going to NON_LEADER mode. State: All replicated index: 0, Majority replicated index: 0, Committed index: 0, Last appended: 0.0, Last appended by leader: 0, Current term: 0, Majority size: -1, State: 0, Mode: NON_LEADER, active raft config: opid_index: -1 OBSOLETE_local: false peers { permanent_uuid: "a6a3d377983b4824b8ad8b461a9feb87" member_type: VOTER last_known_addr { host: "127.10.8.2" port: 42713 } } peers { permanent_uuid: "c08a9c31b8984c2c8b4d2e0f033c5ae9" member_type: VOTER last_known_addr { host: "127.10.8.1" port: 38777 } } peers { permanent_uuid: "47997f00ef3742d8a53400958aaaab50" member_type: VOTER last_known_addr { host: "127.10.8.3" port: 37877 } }
I20260601 13:32:28.479195 13071 ts_tablet_manager.cc:1434] T 31c1a631bc3b44778ffca725c233cbb5 P a6a3d377983b4824b8ad8b461a9feb87: Time spent starting tablet: real 0.001s	user 0.001s	sys 0.000s
I20260601 13:32:28.479197 12861 tablet_service.cc:1511] Processing CreateTablet for tablet a4b94b763c7b48efb2d86babd2f07755 (DEFAULT_TABLE table=range_aware_auto_rebalancer_test [id=3c2184d750ec44ceb2e650d978da4872]), partition=HASH (key) PARTITION 1, RANGE (key) PARTITION 10 <= VALUES < 20
I20260601 13:32:28.479432 13071 tablet_bootstrap.cc:492] T b3d2eb774cef40c4aa8346d0243b1438 P a6a3d377983b4824b8ad8b461a9feb87: Bootstrap starting.
I20260601 13:32:28.479509 12861 data_dirs.cc:400] Could only allocate 1 dirs of requested 3 for tablet a4b94b763c7b48efb2d86babd2f07755. 1 dirs total, 0 dirs full, 0 dirs failed
I20260601 13:32:28.480517 13071 tablet_bootstrap.cc:654] T b3d2eb774cef40c4aa8346d0243b1438 P a6a3d377983b4824b8ad8b461a9feb87: Neither blocks nor log segments found. Creating new log.
I20260601 13:32:28.481961 13079 tablet_bootstrap.cc:492] T b3d2eb774cef40c4aa8346d0243b1438 P c08a9c31b8984c2c8b4d2e0f033c5ae9: Bootstrap starting.
I20260601 13:32:28.482056 12863 tablet_service.cc:1511] Processing CreateTablet for tablet 54a9950d68ce4b42820855117d0d2af7 (DEFAULT_TABLE table=range_aware_auto_rebalancer_test [id=3c2184d750ec44ceb2e650d978da4872]), partition=HASH (key) PARTITION 0, RANGE (key) PARTITION 10 <= VALUES < 20
I20260601 13:32:28.482376 12863 data_dirs.cc:400] Could only allocate 1 dirs of requested 3 for tablet 54a9950d68ce4b42820855117d0d2af7. 1 dirs total, 0 dirs full, 0 dirs failed
I20260601 13:32:28.482489 13071 tablet_bootstrap.cc:492] T b3d2eb774cef40c4aa8346d0243b1438 P a6a3d377983b4824b8ad8b461a9feb87: No bootstrap required, opened a new log
I20260601 13:32:28.482616 13071 ts_tablet_manager.cc:1403] T b3d2eb774cef40c4aa8346d0243b1438 P a6a3d377983b4824b8ad8b461a9feb87: Time spent bootstrapping tablet: real 0.003s	user 0.002s	sys 0.000s
I20260601 13:32:28.483037 13071 raft_consensus.cc:359] T b3d2eb774cef40c4aa8346d0243b1438 P a6a3d377983b4824b8ad8b461a9feb87 [term 0 FOLLOWER]: Replica starting. Triggering 0 pending ops. Active config: opid_index: -1 OBSOLETE_local: false peers { permanent_uuid: "c08a9c31b8984c2c8b4d2e0f033c5ae9" member_type: VOTER last_known_addr { host: "127.10.8.1" port: 38777 } } peers { permanent_uuid: "a6a3d377983b4824b8ad8b461a9feb87" member_type: VOTER last_known_addr { host: "127.10.8.2" port: 42713 } } peers { permanent_uuid: "47997f00ef3742d8a53400958aaaab50" member_type: VOTER last_known_addr { host: "127.10.8.3" port: 37877 } }
I20260601 13:32:28.483134 13071 raft_consensus.cc:385] T b3d2eb774cef40c4aa8346d0243b1438 P a6a3d377983b4824b8ad8b461a9feb87 [term 0 FOLLOWER]: Consensus starting up: Expiring failure detector timer to make a prompt election more likely
I20260601 13:32:28.483157 13071 raft_consensus.cc:740] T b3d2eb774cef40c4aa8346d0243b1438 P a6a3d377983b4824b8ad8b461a9feb87 [term 0 FOLLOWER]: Becoming Follower/Learner. State: Replica: a6a3d377983b4824b8ad8b461a9feb87, State: Initialized, Role: FOLLOWER
I20260601 13:32:28.483319 13071 consensus_queue.cc:260] T b3d2eb774cef40c4aa8346d0243b1438 P a6a3d377983b4824b8ad8b461a9feb87 [NON_LEADER]: Queue going to NON_LEADER mode. State: All replicated index: 0, Majority replicated index: 0, Committed index: 0, Last appended: 0.0, Last appended by leader: 0, Current term: 0, Majority size: -1, State: 0, Mode: NON_LEADER, active raft config: opid_index: -1 OBSOLETE_local: false peers { permanent_uuid: "c08a9c31b8984c2c8b4d2e0f033c5ae9" member_type: VOTER last_known_addr { host: "127.10.8.1" port: 38777 } } peers { permanent_uuid: "a6a3d377983b4824b8ad8b461a9feb87" member_type: VOTER last_known_addr { host: "127.10.8.2" port: 42713 } } peers { permanent_uuid: "47997f00ef3742d8a53400958aaaab50" member_type: VOTER last_known_addr { host: "127.10.8.3" port: 37877 } }
I20260601 13:32:28.483621 13071 ts_tablet_manager.cc:1434] T b3d2eb774cef40c4aa8346d0243b1438 P a6a3d377983b4824b8ad8b461a9feb87: Time spent starting tablet: real 0.001s	user 0.000s	sys 0.000s
I20260601 13:32:28.483835 13071 tablet_bootstrap.cc:492] T 54a9950d68ce4b42820855117d0d2af7 P a6a3d377983b4824b8ad8b461a9feb87: Bootstrap starting.
I20260601 13:32:28.484851 13071 tablet_bootstrap.cc:654] T 54a9950d68ce4b42820855117d0d2af7 P a6a3d377983b4824b8ad8b461a9feb87: Neither blocks nor log segments found. Creating new log.
I20260601 13:32:28.485332 13072 tablet_bootstrap.cc:492] T 54a9950d68ce4b42820855117d0d2af7 P 47997f00ef3742d8a53400958aaaab50: No bootstrap required, opened a new log
I20260601 13:32:28.485493 13072 ts_tablet_manager.cc:1403] T 54a9950d68ce4b42820855117d0d2af7 P 47997f00ef3742d8a53400958aaaab50: Time spent bootstrapping tablet: real 0.011s	user 0.003s	sys 0.000s
I20260601 13:32:28.486035 13071 tablet_bootstrap.cc:492] T 54a9950d68ce4b42820855117d0d2af7 P a6a3d377983b4824b8ad8b461a9feb87: No bootstrap required, opened a new log
I20260601 13:32:28.486125 13071 ts_tablet_manager.cc:1403] T 54a9950d68ce4b42820855117d0d2af7 P a6a3d377983b4824b8ad8b461a9feb87: Time spent bootstrapping tablet: real 0.002s	user 0.002s	sys 0.000s
I20260601 13:32:28.486218 13079 tablet_bootstrap.cc:654] T b3d2eb774cef40c4aa8346d0243b1438 P c08a9c31b8984c2c8b4d2e0f033c5ae9: Neither blocks nor log segments found. Creating new log.
I20260601 13:32:28.486148 13072 raft_consensus.cc:359] T 54a9950d68ce4b42820855117d0d2af7 P 47997f00ef3742d8a53400958aaaab50 [term 0 FOLLOWER]: Replica starting. Triggering 0 pending ops. Active config: opid_index: -1 OBSOLETE_local: false peers { permanent_uuid: "c08a9c31b8984c2c8b4d2e0f033c5ae9" member_type: VOTER last_known_addr { host: "127.10.8.1" port: 38777 } } peers { permanent_uuid: "a6a3d377983b4824b8ad8b461a9feb87" member_type: VOTER last_known_addr { host: "127.10.8.2" port: 42713 } } peers { permanent_uuid: "47997f00ef3742d8a53400958aaaab50" member_type: VOTER last_known_addr { host: "127.10.8.3" port: 37877 } }
I20260601 13:32:28.486334 13072 raft_consensus.cc:385] T 54a9950d68ce4b42820855117d0d2af7 P 47997f00ef3742d8a53400958aaaab50 [term 0 FOLLOWER]: Consensus starting up: Expiring failure detector timer to make a prompt election more likely
I20260601 13:32:28.486404 13072 raft_consensus.cc:740] T 54a9950d68ce4b42820855117d0d2af7 P 47997f00ef3742d8a53400958aaaab50 [term 0 FOLLOWER]: Becoming Follower/Learner. State: Replica: 47997f00ef3742d8a53400958aaaab50, State: Initialized, Role: FOLLOWER
I20260601 13:32:28.486579 13071 raft_consensus.cc:359] T 54a9950d68ce4b42820855117d0d2af7 P a6a3d377983b4824b8ad8b461a9feb87 [term 0 FOLLOWER]: Replica starting. Triggering 0 pending ops. Active config: opid_index: -1 OBSOLETE_local: false peers { permanent_uuid: "c08a9c31b8984c2c8b4d2e0f033c5ae9" member_type: VOTER last_known_addr { host: "127.10.8.1" port: 38777 } } peers { permanent_uuid: "a6a3d377983b4824b8ad8b461a9feb87" member_type: VOTER last_known_addr { host: "127.10.8.2" port: 42713 } } peers { permanent_uuid: "47997f00ef3742d8a53400958aaaab50" member_type: VOTER last_known_addr { host: "127.10.8.3" port: 37877 } }
I20260601 13:32:28.486639 13072 consensus_queue.cc:260] T 54a9950d68ce4b42820855117d0d2af7 P 47997f00ef3742d8a53400958aaaab50 [NON_LEADER]: Queue going to NON_LEADER mode. State: All replicated index: 0, Majority replicated index: 0, Committed index: 0, Last appended: 0.0, Last appended by leader: 0, Current term: 0, Majority size: -1, State: 0, Mode: NON_LEADER, active raft config: opid_index: -1 OBSOLETE_local: false peers { permanent_uuid: "c08a9c31b8984c2c8b4d2e0f033c5ae9" member_type: VOTER last_known_addr { host: "127.10.8.1" port: 38777 } } peers { permanent_uuid: "a6a3d377983b4824b8ad8b461a9feb87" member_type: VOTER last_known_addr { host: "127.10.8.2" port: 42713 } } peers { permanent_uuid: "47997f00ef3742d8a53400958aaaab50" member_type: VOTER last_known_addr { host: "127.10.8.3" port: 37877 } }
I20260601 13:32:28.486721 13071 raft_consensus.cc:385] T 54a9950d68ce4b42820855117d0d2af7 P a6a3d377983b4824b8ad8b461a9feb87 [term 0 FOLLOWER]: Consensus starting up: Expiring failure detector timer to make a prompt election more likely
I20260601 13:32:28.486824 13071 raft_consensus.cc:740] T 54a9950d68ce4b42820855117d0d2af7 P a6a3d377983b4824b8ad8b461a9feb87 [term 0 FOLLOWER]: Becoming Follower/Learner. State: Replica: a6a3d377983b4824b8ad8b461a9feb87, State: Initialized, Role: FOLLOWER
I20260601 13:32:28.486953 13071 consensus_queue.cc:260] T 54a9950d68ce4b42820855117d0d2af7 P a6a3d377983b4824b8ad8b461a9feb87 [NON_LEADER]: Queue going to NON_LEADER mode. State: All replicated index: 0, Majority replicated index: 0, Committed index: 0, Last appended: 0.0, Last appended by leader: 0, Current term: 0, Majority size: -1, State: 0, Mode: NON_LEADER, active raft config: opid_index: -1 OBSOLETE_local: false peers { permanent_uuid: "c08a9c31b8984c2c8b4d2e0f033c5ae9" member_type: VOTER last_known_addr { host: "127.10.8.1" port: 38777 } } peers { permanent_uuid: "a6a3d377983b4824b8ad8b461a9feb87" member_type: VOTER last_known_addr { host: "127.10.8.2" port: 42713 } } peers { permanent_uuid: "47997f00ef3742d8a53400958aaaab50" member_type: VOTER last_known_addr { host: "127.10.8.3" port: 37877 } }
I20260601 13:32:28.487164 13072 ts_tablet_manager.cc:1434] T 54a9950d68ce4b42820855117d0d2af7 P 47997f00ef3742d8a53400958aaaab50: Time spent starting tablet: real 0.002s	user 0.001s	sys 0.000s
I20260601 13:32:28.487241 13071 ts_tablet_manager.cc:1434] T 54a9950d68ce4b42820855117d0d2af7 P a6a3d377983b4824b8ad8b461a9feb87: Time spent starting tablet: real 0.001s	user 0.001s	sys 0.000s
I20260601 13:32:28.487417 13072 tablet_bootstrap.cc:492] T a4b94b763c7b48efb2d86babd2f07755 P 47997f00ef3742d8a53400958aaaab50: Bootstrap starting.
I20260601 13:32:28.487428 13071 tablet_bootstrap.cc:492] T a4b94b763c7b48efb2d86babd2f07755 P a6a3d377983b4824b8ad8b461a9feb87: Bootstrap starting.
I20260601 13:32:28.488590 13071 tablet_bootstrap.cc:654] T a4b94b763c7b48efb2d86babd2f07755 P a6a3d377983b4824b8ad8b461a9feb87: Neither blocks nor log segments found. Creating new log.
I20260601 13:32:28.488989 13072 tablet_bootstrap.cc:654] T a4b94b763c7b48efb2d86babd2f07755 P 47997f00ef3742d8a53400958aaaab50: Neither blocks nor log segments found. Creating new log.
I20260601 13:32:28.489708 13079 tablet_bootstrap.cc:492] T b3d2eb774cef40c4aa8346d0243b1438 P c08a9c31b8984c2c8b4d2e0f033c5ae9: No bootstrap required, opened a new log
I20260601 13:32:28.489848 13079 ts_tablet_manager.cc:1403] T b3d2eb774cef40c4aa8346d0243b1438 P c08a9c31b8984c2c8b4d2e0f033c5ae9: Time spent bootstrapping tablet: real 0.008s	user 0.003s	sys 0.000s
I20260601 13:32:28.490443 13071 tablet_bootstrap.cc:492] T a4b94b763c7b48efb2d86babd2f07755 P a6a3d377983b4824b8ad8b461a9feb87: No bootstrap required, opened a new log
I20260601 13:32:28.490429 13079 raft_consensus.cc:359] T b3d2eb774cef40c4aa8346d0243b1438 P c08a9c31b8984c2c8b4d2e0f033c5ae9 [term 0 FOLLOWER]: Replica starting. Triggering 0 pending ops. Active config: opid_index: -1 OBSOLETE_local: false peers { permanent_uuid: "c08a9c31b8984c2c8b4d2e0f033c5ae9" member_type: VOTER last_known_addr { host: "127.10.8.1" port: 38777 } } peers { permanent_uuid: "a6a3d377983b4824b8ad8b461a9feb87" member_type: VOTER last_known_addr { host: "127.10.8.2" port: 42713 } } peers { permanent_uuid: "47997f00ef3742d8a53400958aaaab50" member_type: VOTER last_known_addr { host: "127.10.8.3" port: 37877 } }
I20260601 13:32:28.490574 13071 ts_tablet_manager.cc:1403] T a4b94b763c7b48efb2d86babd2f07755 P a6a3d377983b4824b8ad8b461a9feb87: Time spent bootstrapping tablet: real 0.003s	user 0.001s	sys 0.001s
I20260601 13:32:28.490578 13079 raft_consensus.cc:385] T b3d2eb774cef40c4aa8346d0243b1438 P c08a9c31b8984c2c8b4d2e0f033c5ae9 [term 0 FOLLOWER]: Consensus starting up: Expiring failure detector timer to make a prompt election more likely
I20260601 13:32:28.490763 13079 raft_consensus.cc:740] T b3d2eb774cef40c4aa8346d0243b1438 P c08a9c31b8984c2c8b4d2e0f033c5ae9 [term 0 FOLLOWER]: Becoming Follower/Learner. State: Replica: c08a9c31b8984c2c8b4d2e0f033c5ae9, State: Initialized, Role: FOLLOWER
I20260601 13:32:28.490918 13079 consensus_queue.cc:260] T b3d2eb774cef40c4aa8346d0243b1438 P c08a9c31b8984c2c8b4d2e0f033c5ae9 [NON_LEADER]: Queue going to NON_LEADER mode. State: All replicated index: 0, Majority replicated index: 0, Committed index: 0, Last appended: 0.0, Last appended by leader: 0, Current term: 0, Majority size: -1, State: 0, Mode: NON_LEADER, active raft config: opid_index: -1 OBSOLETE_local: false peers { permanent_uuid: "c08a9c31b8984c2c8b4d2e0f033c5ae9" member_type: VOTER last_known_addr { host: "127.10.8.1" port: 38777 } } peers { permanent_uuid: "a6a3d377983b4824b8ad8b461a9feb87" member_type: VOTER last_known_addr { host: "127.10.8.2" port: 42713 } } peers { permanent_uuid: "47997f00ef3742d8a53400958aaaab50" member_type: VOTER last_known_addr { host: "127.10.8.3" port: 37877 } }
I20260601 13:32:28.491132 13071 raft_consensus.cc:359] T a4b94b763c7b48efb2d86babd2f07755 P a6a3d377983b4824b8ad8b461a9feb87 [term 0 FOLLOWER]: Replica starting. Triggering 0 pending ops. Active config: opid_index: -1 OBSOLETE_local: false peers { permanent_uuid: "c08a9c31b8984c2c8b4d2e0f033c5ae9" member_type: VOTER last_known_addr { host: "127.10.8.1" port: 38777 } } peers { permanent_uuid: "a6a3d377983b4824b8ad8b461a9feb87" member_type: VOTER last_known_addr { host: "127.10.8.2" port: 42713 } } peers { permanent_uuid: "47997f00ef3742d8a53400958aaaab50" member_type: VOTER last_known_addr { host: "127.10.8.3" port: 37877 } }
I20260601 13:32:28.491253 13071 raft_consensus.cc:385] T a4b94b763c7b48efb2d86babd2f07755 P a6a3d377983b4824b8ad8b461a9feb87 [term 0 FOLLOWER]: Consensus starting up: Expiring failure detector timer to make a prompt election more likely
I20260601 13:32:28.491305 13071 raft_consensus.cc:740] T a4b94b763c7b48efb2d86babd2f07755 P a6a3d377983b4824b8ad8b461a9feb87 [term 0 FOLLOWER]: Becoming Follower/Learner. State: Replica: a6a3d377983b4824b8ad8b461a9feb87, State: Initialized, Role: FOLLOWER
I20260601 13:32:28.491357 13079 ts_tablet_manager.cc:1434] T b3d2eb774cef40c4aa8346d0243b1438 P c08a9c31b8984c2c8b4d2e0f033c5ae9: Time spent starting tablet: real 0.001s	user 0.001s	sys 0.000s
I20260601 13:32:28.491459 13071 consensus_queue.cc:260] T a4b94b763c7b48efb2d86babd2f07755 P a6a3d377983b4824b8ad8b461a9feb87 [NON_LEADER]: Queue going to NON_LEADER mode. State: All replicated index: 0, Majority replicated index: 0, Committed index: 0, Last appended: 0.0, Last appended by leader: 0, Current term: 0, Majority size: -1, State: 0, Mode: NON_LEADER, active raft config: opid_index: -1 OBSOLETE_local: false peers { permanent_uuid: "c08a9c31b8984c2c8b4d2e0f033c5ae9" member_type: VOTER last_known_addr { host: "127.10.8.1" port: 38777 } } peers { permanent_uuid: "a6a3d377983b4824b8ad8b461a9feb87" member_type: VOTER last_known_addr { host: "127.10.8.2" port: 42713 } } peers { permanent_uuid: "47997f00ef3742d8a53400958aaaab50" member_type: VOTER last_known_addr { host: "127.10.8.3" port: 37877 } }
I20260601 13:32:28.491560 13079 tablet_bootstrap.cc:492] T 31c1a631bc3b44778ffca725c233cbb5 P c08a9c31b8984c2c8b4d2e0f033c5ae9: Bootstrap starting.
I20260601 13:32:28.491819 13071 ts_tablet_manager.cc:1434] T a4b94b763c7b48efb2d86babd2f07755 P a6a3d377983b4824b8ad8b461a9feb87: Time spent starting tablet: real 0.001s	user 0.000s	sys 0.001s
I20260601 13:32:28.492771 13079 tablet_bootstrap.cc:654] T 31c1a631bc3b44778ffca725c233cbb5 P c08a9c31b8984c2c8b4d2e0f033c5ae9: Neither blocks nor log segments found. Creating new log.
I20260601 13:32:28.490653 13072 tablet_bootstrap.cc:492] T a4b94b763c7b48efb2d86babd2f07755 P 47997f00ef3742d8a53400958aaaab50: No bootstrap required, opened a new log
I20260601 13:32:28.493392 13072 ts_tablet_manager.cc:1403] T a4b94b763c7b48efb2d86babd2f07755 P 47997f00ef3742d8a53400958aaaab50: Time spent bootstrapping tablet: real 0.006s	user 0.002s	sys 0.000s
I20260601 13:32:28.493930 13072 raft_consensus.cc:359] T a4b94b763c7b48efb2d86babd2f07755 P 47997f00ef3742d8a53400958aaaab50 [term 0 FOLLOWER]: Replica starting. Triggering 0 pending ops. Active config: opid_index: -1 OBSOLETE_local: false peers { permanent_uuid: "c08a9c31b8984c2c8b4d2e0f033c5ae9" member_type: VOTER last_known_addr { host: "127.10.8.1" port: 38777 } } peers { permanent_uuid: "a6a3d377983b4824b8ad8b461a9feb87" member_type: VOTER last_known_addr { host: "127.10.8.2" port: 42713 } } peers { permanent_uuid: "47997f00ef3742d8a53400958aaaab50" member_type: VOTER last_known_addr { host: "127.10.8.3" port: 37877 } }
I20260601 13:32:28.494055 13079 tablet_bootstrap.cc:492] T 31c1a631bc3b44778ffca725c233cbb5 P c08a9c31b8984c2c8b4d2e0f033c5ae9: No bootstrap required, opened a new log
I20260601 13:32:28.494071 13072 raft_consensus.cc:385] T a4b94b763c7b48efb2d86babd2f07755 P 47997f00ef3742d8a53400958aaaab50 [term 0 FOLLOWER]: Consensus starting up: Expiring failure detector timer to make a prompt election more likely
I20260601 13:32:28.494164 13079 ts_tablet_manager.cc:1403] T 31c1a631bc3b44778ffca725c233cbb5 P c08a9c31b8984c2c8b4d2e0f033c5ae9: Time spent bootstrapping tablet: real 0.003s	user 0.002s	sys 0.000s
I20260601 13:32:28.494153 13072 raft_consensus.cc:740] T a4b94b763c7b48efb2d86babd2f07755 P 47997f00ef3742d8a53400958aaaab50 [term 0 FOLLOWER]: Becoming Follower/Learner. State: Replica: 47997f00ef3742d8a53400958aaaab50, State: Initialized, Role: FOLLOWER
I20260601 13:32:28.494343 13072 consensus_queue.cc:260] T a4b94b763c7b48efb2d86babd2f07755 P 47997f00ef3742d8a53400958aaaab50 [NON_LEADER]: Queue going to NON_LEADER mode. State: All replicated index: 0, Majority replicated index: 0, Committed index: 0, Last appended: 0.0, Last appended by leader: 0, Current term: 0, Majority size: -1, State: 0, Mode: NON_LEADER, active raft config: opid_index: -1 OBSOLETE_local: false peers { permanent_uuid: "c08a9c31b8984c2c8b4d2e0f033c5ae9" member_type: VOTER last_known_addr { host: "127.10.8.1" port: 38777 } } peers { permanent_uuid: "a6a3d377983b4824b8ad8b461a9feb87" member_type: VOTER last_known_addr { host: "127.10.8.2" port: 42713 } } peers { permanent_uuid: "47997f00ef3742d8a53400958aaaab50" member_type: VOTER last_known_addr { host: "127.10.8.3" port: 37877 } }
I20260601 13:32:28.494686 13072 ts_tablet_manager.cc:1434] T a4b94b763c7b48efb2d86babd2f07755 P 47997f00ef3742d8a53400958aaaab50: Time spent starting tablet: real 0.001s	user 0.001s	sys 0.000s
I20260601 13:32:28.494684 13079 raft_consensus.cc:359] T 31c1a631bc3b44778ffca725c233cbb5 P c08a9c31b8984c2c8b4d2e0f033c5ae9 [term 0 FOLLOWER]: Replica starting. Triggering 0 pending ops. Active config: opid_index: -1 OBSOLETE_local: false peers { permanent_uuid: "a6a3d377983b4824b8ad8b461a9feb87" member_type: VOTER last_known_addr { host: "127.10.8.2" port: 42713 } } peers { permanent_uuid: "c08a9c31b8984c2c8b4d2e0f033c5ae9" member_type: VOTER last_known_addr { host: "127.10.8.1" port: 38777 } } peers { permanent_uuid: "47997f00ef3742d8a53400958aaaab50" member_type: VOTER last_known_addr { host: "127.10.8.3" port: 37877 } }
I20260601 13:32:28.494831 13079 raft_consensus.cc:385] T 31c1a631bc3b44778ffca725c233cbb5 P c08a9c31b8984c2c8b4d2e0f033c5ae9 [term 0 FOLLOWER]: Consensus starting up: Expiring failure detector timer to make a prompt election more likely
I20260601 13:32:28.494854 13079 raft_consensus.cc:740] T 31c1a631bc3b44778ffca725c233cbb5 P c08a9c31b8984c2c8b4d2e0f033c5ae9 [term 0 FOLLOWER]: Becoming Follower/Learner. State: Replica: c08a9c31b8984c2c8b4d2e0f033c5ae9, State: Initialized, Role: FOLLOWER
I20260601 13:32:28.494889 13072 tablet_bootstrap.cc:492] T b3d2eb774cef40c4aa8346d0243b1438 P 47997f00ef3742d8a53400958aaaab50: Bootstrap starting.
I20260601 13:32:28.494994 13079 consensus_queue.cc:260] T 31c1a631bc3b44778ffca725c233cbb5 P c08a9c31b8984c2c8b4d2e0f033c5ae9 [NON_LEADER]: Queue going to NON_LEADER mode. State: All replicated index: 0, Majority replicated index: 0, Committed index: 0, Last appended: 0.0, Last appended by leader: 0, Current term: 0, Majority size: -1, State: 0, Mode: NON_LEADER, active raft config: opid_index: -1 OBSOLETE_local: false peers { permanent_uuid: "a6a3d377983b4824b8ad8b461a9feb87" member_type: VOTER last_known_addr { host: "127.10.8.2" port: 42713 } } peers { permanent_uuid: "c08a9c31b8984c2c8b4d2e0f033c5ae9" member_type: VOTER last_known_addr { host: "127.10.8.1" port: 38777 } } peers { permanent_uuid: "47997f00ef3742d8a53400958aaaab50" member_type: VOTER last_known_addr { host: "127.10.8.3" port: 37877 } }
