I20260601 13:33:08.751417 15295 ts_tablet_manager.cc:1403] T ff2a17f5a15d42e99e6cc4773faf4a6c P 76b3832a2d014907b4219ddf0e966198: Time spent bootstrapping tablet: real 0.035s	user 0.025s	sys 0.004s
I20260601 13:33:08.751368 15298 consensus_queue.cc:260] T 0f775a5adc174cac8878534cd0469639 P c6e212bb5b8a425a9829cb3654793d67 [NON_LEADER]: Queue going to NON_LEADER mode. State: All replicated index: 0, Majority replicated index: 0, Committed index: 26, Last appended: 1.26, Last appended by leader: 26, Current term: 0, Majority size: -1, State: 0, Mode: NON_LEADER, active raft config: opid_index: 26 OBSOLETE_local: false peers { permanent_uuid: "6c30fb99fac74c4e9b28d51b9710e250" member_type: VOTER last_known_addr { host: "127.10.8.1" port: 35365 } } peers { permanent_uuid: "fc8464d4ff924e488a05677e4eb2dd27" member_type: VOTER last_known_addr { host: "127.10.8.2" port: 34961 } } peers { permanent_uuid: "65c31b925489459a960eba57771ab015" member_type: VOTER last_known_addr { host: "127.10.8.3" port: 41965 } attrs { replace: true } } peers { permanent_uuid: "c6e212bb5b8a425a9829cb3654793d67" member_type: NON_VOTER last_known_addr { host: "127.10.8.4" port: 45749 } attrs { promote: true } }
I20260601 13:33:08.751921 15298 ts_tablet_manager.cc:1434] T 0f775a5adc174cac8878534cd0469639 P c6e212bb5b8a425a9829cb3654793d67: Time spent starting tablet: real 0.001s	user 0.002s	sys 0.000s
I20260601 13:33:08.752071 15295 raft_consensus.cc:359] T ff2a17f5a15d42e99e6cc4773faf4a6c P 76b3832a2d014907b4219ddf0e966198 [term 1 LEARNER]: Replica starting. Triggering 0 pending ops. Active config: opid_index: 26 OBSOLETE_local: false peers { permanent_uuid: "6c30fb99fac74c4e9b28d51b9710e250" member_type: VOTER last_known_addr { host: "127.10.8.1" port: 35365 } attrs { replace: true } } peers { permanent_uuid: "fc8464d4ff924e488a05677e4eb2dd27" member_type: VOTER last_known_addr { host: "127.10.8.2" port: 34961 } } peers { permanent_uuid: "65c31b925489459a960eba57771ab015" member_type: VOTER last_known_addr { host: "127.10.8.3" port: 41965 } } peers { permanent_uuid: "76b3832a2d014907b4219ddf0e966198" member_type: NON_VOTER last_known_addr { host: "127.10.8.6" port: 36077 } attrs { promote: true } }
I20260601 13:33:08.752233 15295 raft_consensus.cc:740] T ff2a17f5a15d42e99e6cc4773faf4a6c P 76b3832a2d014907b4219ddf0e966198 [term 1 LEARNER]: Becoming Follower/Learner. State: Replica: 76b3832a2d014907b4219ddf0e966198, State: Initialized, Role: LEARNER
I20260601 13:33:08.752384 15295 consensus_queue.cc:260] T ff2a17f5a15d42e99e6cc4773faf4a6c P 76b3832a2d014907b4219ddf0e966198 [NON_LEADER]: Queue going to NON_LEADER mode. State: All replicated index: 0, Majority replicated index: 0, Committed index: 26, Last appended: 1.26, Last appended by leader: 26, Current term: 0, Majority size: -1, State: 0, Mode: NON_LEADER, active raft config: opid_index: 26 OBSOLETE_local: false peers { permanent_uuid: "6c30fb99fac74c4e9b28d51b9710e250" member_type: VOTER last_known_addr { host: "127.10.8.1" port: 35365 } attrs { replace: true } } peers { permanent_uuid: "fc8464d4ff924e488a05677e4eb2dd27" member_type: VOTER last_known_addr { host: "127.10.8.2" port: 34961 } } peers { permanent_uuid: "65c31b925489459a960eba57771ab015" member_type: VOTER last_known_addr { host: "127.10.8.3" port: 41965 } } peers { permanent_uuid: "76b3832a2d014907b4219ddf0e966198" member_type: NON_VOTER last_known_addr { host: "127.10.8.6" port: 36077 } attrs { promote: true } }
I20260601 13:33:08.752815 15295 ts_tablet_manager.cc:1434] T ff2a17f5a15d42e99e6cc4773faf4a6c P 76b3832a2d014907b4219ddf0e966198: Time spent starting tablet: real 0.001s	user 0.001s	sys 0.000s
I20260601 13:33:08.753832 14787 tablet_copy_service.cc:342] P fc8464d4ff924e488a05677e4eb2dd27: Request end of tablet copy session 76b3832a2d014907b4219ddf0e966198-ff2a17f5a15d42e99e6cc4773faf4a6c received from {username='slave'} at 127.0.0.1:40366
I20260601 13:33:08.753922 14787 tablet_copy_service.cc:434] P fc8464d4ff924e488a05677e4eb2dd27: ending tablet copy session 76b3832a2d014907b4219ddf0e966198-ff2a17f5a15d42e99e6cc4773faf4a6c on tablet ff2a17f5a15d42e99e6cc4773faf4a6c with peer 76b3832a2d014907b4219ddf0e966198
I20260601 13:33:08.755015 14787 tablet_copy_service.cc:342] P fc8464d4ff924e488a05677e4eb2dd27: Request end of tablet copy session c6e212bb5b8a425a9829cb3654793d67-0f775a5adc174cac8878534cd0469639 received from {username='slave'} at 127.0.0.1:40374
I20260601 13:33:08.755092 14787 tablet_copy_service.cc:434] P fc8464d4ff924e488a05677e4eb2dd27: ending tablet copy session c6e212bb5b8a425a9829cb3654793d67-0f775a5adc174cac8878534cd0469639 on tablet 0f775a5adc174cac8878534cd0469639 with peer c6e212bb5b8a425a9829cb3654793d67
I20260601 13:33:08.757484 15301 tablet_bootstrap.cc:492] T 89955f41e1d44094b6c44eb73d60afb6 P 76b3832a2d014907b4219ddf0e966198: Bootstrap replayed 1/1 log segments. Stats: ops{read=26 overwritten=0 applied=26 ignored=0} inserts{seen=91 ignored=0} mutations{seen=0 ignored=0} orphaned_commits=0. Pending: 0 replicates
I20260601 13:33:08.757779 15301 tablet_bootstrap.cc:492] T 89955f41e1d44094b6c44eb73d60afb6 P 76b3832a2d014907b4219ddf0e966198: Bootstrap complete.
I20260601 13:33:08.757974 15301 ts_tablet_manager.cc:1403] T 89955f41e1d44094b6c44eb73d60afb6 P 76b3832a2d014907b4219ddf0e966198: Time spent bootstrapping tablet: real 0.024s	user 0.015s	sys 0.007s
I20260601 13:33:08.758404 15301 raft_consensus.cc:359] T 89955f41e1d44094b6c44eb73d60afb6 P 76b3832a2d014907b4219ddf0e966198 [term 1 LEARNER]: Replica starting. Triggering 0 pending ops. Active config: opid_index: 26 OBSOLETE_local: false peers { permanent_uuid: "6c30fb99fac74c4e9b28d51b9710e250" member_type: VOTER last_known_addr { host: "127.10.8.1" port: 35365 } } peers { permanent_uuid: "fc8464d4ff924e488a05677e4eb2dd27" member_type: VOTER last_known_addr { host: "127.10.8.2" port: 34961 } attrs { replace: true } } peers { permanent_uuid: "65c31b925489459a960eba57771ab015" member_type: VOTER last_known_addr { host: "127.10.8.3" port: 41965 } } peers { permanent_uuid: "76b3832a2d014907b4219ddf0e966198" member_type: NON_VOTER last_known_addr { host: "127.10.8.6" port: 36077 } attrs { promote: true } }
I20260601 13:33:08.758529 15301 raft_consensus.cc:740] T 89955f41e1d44094b6c44eb73d60afb6 P 76b3832a2d014907b4219ddf0e966198 [term 1 LEARNER]: Becoming Follower/Learner. State: Replica: 76b3832a2d014907b4219ddf0e966198, State: Initialized, Role: LEARNER
I20260601 13:33:08.758668 15301 consensus_queue.cc:260] T 89955f41e1d44094b6c44eb73d60afb6 P 76b3832a2d014907b4219ddf0e966198 [NON_LEADER]: Queue going to NON_LEADER mode. State: All replicated index: 0, Majority replicated index: 0, Committed index: 26, Last appended: 1.26, Last appended by leader: 26, Current term: 0, Majority size: -1, State: 0, Mode: NON_LEADER, active raft config: opid_index: 26 OBSOLETE_local: false peers { permanent_uuid: "6c30fb99fac74c4e9b28d51b9710e250" member_type: VOTER last_known_addr { host: "127.10.8.1" port: 35365 } } peers { permanent_uuid: "fc8464d4ff924e488a05677e4eb2dd27" member_type: VOTER last_known_addr { host: "127.10.8.2" port: 34961 } attrs { replace: true } } peers { permanent_uuid: "65c31b925489459a960eba57771ab015" member_type: VOTER last_known_addr { host: "127.10.8.3" port: 41965 } } peers { permanent_uuid: "76b3832a2d014907b4219ddf0e966198" member_type: NON_VOTER last_known_addr { host: "127.10.8.6" port: 36077 } attrs { promote: true } }
I20260601 13:33:08.758952 15301 ts_tablet_manager.cc:1434] T 89955f41e1d44094b6c44eb73d60afb6 P 76b3832a2d014907b4219ddf0e966198: Time spent starting tablet: real 0.001s	user 0.000s	sys 0.000s
I20260601 13:33:08.759436 14871 tablet_copy_service.cc:342] P 65c31b925489459a960eba57771ab015: Request end of tablet copy session 76b3832a2d014907b4219ddf0e966198-89955f41e1d44094b6c44eb73d60afb6 received from {username='slave'} at 127.0.0.1:41450
I20260601 13:33:08.759536 14871 tablet_copy_service.cc:434] P 65c31b925489459a960eba57771ab015: ending tablet copy session 76b3832a2d014907b4219ddf0e966198-89955f41e1d44094b6c44eb73d60afb6 on tablet 89955f41e1d44094b6c44eb73d60afb6 with peer 76b3832a2d014907b4219ddf0e966198
I20260601 13:33:08.771229 15303 tablet_copy_client.cc:538] T c4d2faf15e6842f7acc2b93e9a15ac60 P c6e212bb5b8a425a9829cb3654793d67: tablet copy: Tablet Copy complete. Replacing tablet superblock.
I20260601 13:33:08.772861 15303 tablet_bootstrap.cc:492] T c4d2faf15e6842f7acc2b93e9a15ac60 P c6e212bb5b8a425a9829cb3654793d67: Bootstrap starting.
I20260601 13:33:08.788908 15305 tablet_copy_client.cc:538] T ff7d4dfbab254c8f9e6223c698772b12 P e52725625fd440728ce7012b5c029ccb: tablet copy: Tablet Copy complete. Replacing tablet superblock.
I20260601 13:33:08.790655 15305 tablet_bootstrap.cc:492] T ff7d4dfbab254c8f9e6223c698772b12 P e52725625fd440728ce7012b5c029ccb: Bootstrap starting.
I20260601 13:33:08.792797 15303 tablet_bootstrap.cc:492] T c4d2faf15e6842f7acc2b93e9a15ac60 P c6e212bb5b8a425a9829cb3654793d67: Bootstrap replayed 1/1 log segments. Stats: ops{read=26 overwritten=0 applied=26 ignored=0} inserts{seen=106 ignored=0} mutations{seen=0 ignored=0} orphaned_commits=0. Pending: 0 replicates
I20260601 13:33:08.793098 15303 tablet_bootstrap.cc:492] T c4d2faf15e6842f7acc2b93e9a15ac60 P c6e212bb5b8a425a9829cb3654793d67: Bootstrap complete.
I20260601 13:33:08.793323 15303 ts_tablet_manager.cc:1403] T c4d2faf15e6842f7acc2b93e9a15ac60 P c6e212bb5b8a425a9829cb3654793d67: Time spent bootstrapping tablet: real 0.021s	user 0.020s	sys 0.002s
I20260601 13:33:08.794061 15303 raft_consensus.cc:359] T c4d2faf15e6842f7acc2b93e9a15ac60 P c6e212bb5b8a425a9829cb3654793d67 [term 1 LEARNER]: Replica starting. Triggering 0 pending ops. Active config: opid_index: 26 OBSOLETE_local: false peers { permanent_uuid: "6c30fb99fac74c4e9b28d51b9710e250" member_type: VOTER last_known_addr { host: "127.10.8.1" port: 35365 } } peers { permanent_uuid: "fc8464d4ff924e488a05677e4eb2dd27" member_type: VOTER last_known_addr { host: "127.10.8.2" port: 34961 } } peers { permanent_uuid: "65c31b925489459a960eba57771ab015" member_type: VOTER last_known_addr { host: "127.10.8.3" port: 41965 } attrs { replace: true } } peers { permanent_uuid: "c6e212bb5b8a425a9829cb3654793d67" member_type: NON_VOTER last_known_addr { host: "127.10.8.4" port: 45749 } attrs { promote: true } }
I20260601 13:33:08.794219 15303 raft_consensus.cc:740] T c4d2faf15e6842f7acc2b93e9a15ac60 P c6e212bb5b8a425a9829cb3654793d67 [term 1 LEARNER]: Becoming Follower/Learner. State: Replica: c6e212bb5b8a425a9829cb3654793d67, State: Initialized, Role: LEARNER
I20260601 13:33:08.794343 15303 consensus_queue.cc:260] T c4d2faf15e6842f7acc2b93e9a15ac60 P c6e212bb5b8a425a9829cb3654793d67 [NON_LEADER]: Queue going to NON_LEADER mode. State: All replicated index: 0, Majority replicated index: 0, Committed index: 26, Last appended: 1.26, Last appended by leader: 26, Current term: 0, Majority size: -1, State: 0, Mode: NON_LEADER, active raft config: opid_index: 26 OBSOLETE_local: false peers { permanent_uuid: "6c30fb99fac74c4e9b28d51b9710e250" member_type: VOTER last_known_addr { host: "127.10.8.1" port: 35365 } } peers { permanent_uuid: "fc8464d4ff924e488a05677e4eb2dd27" member_type: VOTER last_known_addr { host: "127.10.8.2" port: 34961 } } peers { permanent_uuid: "65c31b925489459a960eba57771ab015" member_type: VOTER last_known_addr { host: "127.10.8.3" port: 41965 } attrs { replace: true } } peers { permanent_uuid: "c6e212bb5b8a425a9829cb3654793d67" member_type: NON_VOTER last_known_addr { host: "127.10.8.4" port: 45749 } attrs { promote: true } }
I20260601 13:33:08.794749 15303 ts_tablet_manager.cc:1434] T c4d2faf15e6842f7acc2b93e9a15ac60 P c6e212bb5b8a425a9829cb3654793d67: Time spent starting tablet: real 0.001s	user 0.001s	sys 0.000s
I20260601 13:33:08.795356 14720 tablet_copy_service.cc:342] P 6c30fb99fac74c4e9b28d51b9710e250: Request end of tablet copy session c6e212bb5b8a425a9829cb3654793d67-c4d2faf15e6842f7acc2b93e9a15ac60 received from {username='slave'} at 127.0.0.1:48932
I20260601 13:33:08.795452 14720 tablet_copy_service.cc:434] P 6c30fb99fac74c4e9b28d51b9710e250: ending tablet copy session c6e212bb5b8a425a9829cb3654793d67-c4d2faf15e6842f7acc2b93e9a15ac60 on tablet c4d2faf15e6842f7acc2b93e9a15ac60 with peer c6e212bb5b8a425a9829cb3654793d67
I20260601 13:33:08.813648 15305 tablet_bootstrap.cc:492] T ff7d4dfbab254c8f9e6223c698772b12 P e52725625fd440728ce7012b5c029ccb: Bootstrap replayed 1/1 log segments. Stats: ops{read=26 overwritten=0 applied=26 ignored=0} inserts{seen=95 ignored=0} mutations{seen=0 ignored=0} orphaned_commits=0. Pending: 0 replicates
I20260601 13:33:08.814026 15305 tablet_bootstrap.cc:492] T ff7d4dfbab254c8f9e6223c698772b12 P e52725625fd440728ce7012b5c029ccb: Bootstrap complete.
I20260601 13:33:08.814260 15305 ts_tablet_manager.cc:1403] T ff7d4dfbab254c8f9e6223c698772b12 P e52725625fd440728ce7012b5c029ccb: Time spent bootstrapping tablet: real 0.024s	user 0.020s	sys 0.003s
I20260601 13:33:08.814770 15305 raft_consensus.cc:359] T ff7d4dfbab254c8f9e6223c698772b12 P e52725625fd440728ce7012b5c029ccb [term 1 LEARNER]: Replica starting. Triggering 0 pending ops. Active config: opid_index: 26 OBSOLETE_local: false peers { permanent_uuid: "6c30fb99fac74c4e9b28d51b9710e250" member_type: VOTER last_known_addr { host: "127.10.8.1" port: 35365 } attrs { replace: true } } peers { permanent_uuid: "fc8464d4ff924e488a05677e4eb2dd27" member_type: VOTER last_known_addr { host: "127.10.8.2" port: 34961 } } peers { permanent_uuid: "65c31b925489459a960eba57771ab015" member_type: VOTER last_known_addr { host: "127.10.8.3" port: 41965 } } peers { permanent_uuid: "e52725625fd440728ce7012b5c029ccb" member_type: NON_VOTER last_known_addr { host: "127.10.8.5" port: 43095 } attrs { promote: true } }
I20260601 13:33:08.814883 15305 raft_consensus.cc:740] T ff7d4dfbab254c8f9e6223c698772b12 P e52725625fd440728ce7012b5c029ccb [term 1 LEARNER]: Becoming Follower/Learner. State: Replica: e52725625fd440728ce7012b5c029ccb, State: Initialized, Role: LEARNER
I20260601 13:33:08.815001 15305 consensus_queue.cc:260] T ff7d4dfbab254c8f9e6223c698772b12 P e52725625fd440728ce7012b5c029ccb [NON_LEADER]: Queue going to NON_LEADER mode. State: All replicated index: 0, Majority replicated index: 0, Committed index: 26, Last appended: 1.26, Last appended by leader: 26, Current term: 0, Majority size: -1, State: 0, Mode: NON_LEADER, active raft config: opid_index: 26 OBSOLETE_local: false peers { permanent_uuid: "6c30fb99fac74c4e9b28d51b9710e250" member_type: VOTER last_known_addr { host: "127.10.8.1" port: 35365 } attrs { replace: true } } peers { permanent_uuid: "fc8464d4ff924e488a05677e4eb2dd27" member_type: VOTER last_known_addr { host: "127.10.8.2" port: 34961 } } peers { permanent_uuid: "65c31b925489459a960eba57771ab015" member_type: VOTER last_known_addr { host: "127.10.8.3" port: 41965 } } peers { permanent_uuid: "e52725625fd440728ce7012b5c029ccb" member_type: NON_VOTER last_known_addr { host: "127.10.8.5" port: 43095 } attrs { promote: true } }
I20260601 13:33:08.815410 15305 ts_tablet_manager.cc:1434] T ff7d4dfbab254c8f9e6223c698772b12 P e52725625fd440728ce7012b5c029ccb: Time spent starting tablet: real 0.001s	user 0.002s	sys 0.000s
I20260601 13:33:08.816092 14787 tablet_copy_service.cc:342] P fc8464d4ff924e488a05677e4eb2dd27: Request end of tablet copy session e52725625fd440728ce7012b5c029ccb-ff7d4dfbab254c8f9e6223c698772b12 received from {username='slave'} at 127.0.0.1:40390
I20260601 13:33:08.816197 14787 tablet_copy_service.cc:434] P fc8464d4ff924e488a05677e4eb2dd27: ending tablet copy session e52725625fd440728ce7012b5c029ccb-ff7d4dfbab254c8f9e6223c698772b12 on tablet ff7d4dfbab254c8f9e6223c698772b12 with peer e52725625fd440728ce7012b5c029ccb
I20260601 13:33:08.867967 15308 tablet_copy_client.cc:538] T 46ae714e1e0147bbaf3079ea05117b45 P e52725625fd440728ce7012b5c029ccb: tablet copy: Tablet Copy complete. Replacing tablet superblock.
I20260601 13:33:08.869973 15308 tablet_bootstrap.cc:492] T 46ae714e1e0147bbaf3079ea05117b45 P e52725625fd440728ce7012b5c029ccb: Bootstrap starting.
I20260601 13:33:08.897059 15308 tablet_bootstrap.cc:492] T 46ae714e1e0147bbaf3079ea05117b45 P e52725625fd440728ce7012b5c029ccb: Bootstrap replayed 1/1 log segments. Stats: ops{read=26 overwritten=0 applied=26 ignored=0} inserts{seen=97 ignored=0} mutations{seen=0 ignored=0} orphaned_commits=0. Pending: 0 replicates
I20260601 13:33:08.897477 15308 tablet_bootstrap.cc:492] T 46ae714e1e0147bbaf3079ea05117b45 P e52725625fd440728ce7012b5c029ccb: Bootstrap complete.
I20260601 13:33:08.897701 15308 ts_tablet_manager.cc:1403] T 46ae714e1e0147bbaf3079ea05117b45 P e52725625fd440728ce7012b5c029ccb: Time spent bootstrapping tablet: real 0.028s	user 0.024s	sys 0.004s
I20260601 13:33:08.898249 15308 raft_consensus.cc:359] T 46ae714e1e0147bbaf3079ea05117b45 P e52725625fd440728ce7012b5c029ccb [term 1 LEARNER]: Replica starting. Triggering 0 pending ops. Active config: opid_index: 26 OBSOLETE_local: false peers { permanent_uuid: "6c30fb99fac74c4e9b28d51b9710e250" member_type: VOTER last_known_addr { host: "127.10.8.1" port: 35365 } } peers { permanent_uuid: "fc8464d4ff924e488a05677e4eb2dd27" member_type: VOTER last_known_addr { host: "127.10.8.2" port: 34961 } attrs { replace: true } } peers { permanent_uuid: "65c31b925489459a960eba57771ab015" member_type: VOTER last_known_addr { host: "127.10.8.3" port: 41965 } } peers { permanent_uuid: "e52725625fd440728ce7012b5c029ccb" member_type: NON_VOTER last_known_addr { host: "127.10.8.5" port: 43095 } attrs { promote: true } }
I20260601 13:33:08.898389 15308 raft_consensus.cc:740] T 46ae714e1e0147bbaf3079ea05117b45 P e52725625fd440728ce7012b5c029ccb [term 1 LEARNER]: Becoming Follower/Learner. State: Replica: e52725625fd440728ce7012b5c029ccb, State: Initialized, Role: LEARNER
I20260601 13:33:08.898499 15308 consensus_queue.cc:260] T 46ae714e1e0147bbaf3079ea05117b45 P e52725625fd440728ce7012b5c029ccb [NON_LEADER]: Queue going to NON_LEADER mode. State: All replicated index: 0, Majority replicated index: 0, Committed index: 26, Last appended: 1.26, Last appended by leader: 26, Current term: 0, Majority size: -1, State: 0, Mode: NON_LEADER, active raft config: opid_index: 26 OBSOLETE_local: false peers { permanent_uuid: "6c30fb99fac74c4e9b28d51b9710e250" member_type: VOTER last_known_addr { host: "127.10.8.1" port: 35365 } } peers { permanent_uuid: "fc8464d4ff924e488a05677e4eb2dd27" member_type: VOTER last_known_addr { host: "127.10.8.2" port: 34961 } attrs { replace: true } } peers { permanent_uuid: "65c31b925489459a960eba57771ab015" member_type: VOTER last_known_addr { host: "127.10.8.3" port: 41965 } } peers { permanent_uuid: "e52725625fd440728ce7012b5c029ccb" member_type: NON_VOTER last_known_addr { host: "127.10.8.5" port: 43095 } attrs { promote: true } }
I20260601 13:33:08.898802 15308 ts_tablet_manager.cc:1434] T 46ae714e1e0147bbaf3079ea05117b45 P e52725625fd440728ce7012b5c029ccb: Time spent starting tablet: real 0.001s	user 0.000s	sys 0.000s
I20260601 13:33:08.899762 14720 tablet_copy_service.cc:342] P 6c30fb99fac74c4e9b28d51b9710e250: Request end of tablet copy session e52725625fd440728ce7012b5c029ccb-46ae714e1e0147bbaf3079ea05117b45 received from {username='slave'} at 127.0.0.1:48944
I20260601 13:33:08.899899 14720 tablet_copy_service.cc:434] P 6c30fb99fac74c4e9b28d51b9710e250: ending tablet copy session e52725625fd440728ce7012b5c029ccb-46ae714e1e0147bbaf3079ea05117b45 on tablet 46ae714e1e0147bbaf3079ea05117b45 with peer e52725625fd440728ce7012b5c029ccb
I20260601 13:33:08.902187 15171 raft_consensus.cc:1217] T 46ae714e1e0147bbaf3079ea05117b45 P e52725625fd440728ce7012b5c029ccb [term 1 LEARNER]: Deduplicated request from leader. Original: 1.25->[1.26-1.26]   Dedup: 1.26->[]
I20260601 13:33:08.914964 15246 raft_consensus.cc:1217] T ff2a17f5a15d42e99e6cc4773faf4a6c P 76b3832a2d014907b4219ddf0e966198 [term 1 LEARNER]: Deduplicated request from leader. Original: 1.25->[1.26-1.26]   Dedup: 1.26->[]
I20260601 13:33:08.997897 15095 raft_consensus.cc:1217] T c4d2faf15e6842f7acc2b93e9a15ac60 P c6e212bb5b8a425a9829cb3654793d67 [term 1 LEARNER]: Deduplicated request from leader. Original: 1.25->[1.26-1.26]   Dedup: 1.26->[]
I20260601 13:33:09.098723 15246 raft_consensus.cc:1217] T 89955f41e1d44094b6c44eb73d60afb6 P 76b3832a2d014907b4219ddf0e966198 [term 1 LEARNER]: Deduplicated request from leader. Original: 1.25->[1.26-1.26]   Dedup: 1.26->[]
I20260601 13:33:09.182439 15171 raft_consensus.cc:1217] T ff7d4dfbab254c8f9e6223c698772b12 P e52725625fd440728ce7012b5c029ccb [term 1 LEARNER]: Deduplicated request from leader. Original: 1.25->[1.26-1.26]   Dedup: 1.26->[]
I20260601 13:33:09.331363 15095 raft_consensus.cc:1217] T 0f775a5adc174cac8878534cd0469639 P c6e212bb5b8a425a9829cb3654793d67 [term 1 LEARNER]: Deduplicated request from leader. Original: 1.25->[1.26-1.26]   Dedup: 1.26->[]
I20260601 13:33:09.368765 15327 raft_consensus.cc:1064] T ff2a17f5a15d42e99e6cc4773faf4a6c P fc8464d4ff924e488a05677e4eb2dd27: attempting to promote NON_VOTER 76b3832a2d014907b4219ddf0e966198 to VOTER
I20260601 13:33:09.369270 15327 consensus_queue.cc:237] T ff2a17f5a15d42e99e6cc4773faf4a6c P fc8464d4ff924e488a05677e4eb2dd27 [LEADER]: Queue going to LEADER mode. State: All replicated index: 0, Majority replicated index: 26, Committed index: 26, Last appended: 1.26, Last appended by leader: 0, Current term: 1, Majority size: 3, State: 0, Mode: LEADER, active raft config: opid_index: 27 OBSOLETE_local: false peers { permanent_uuid: "6c30fb99fac74c4e9b28d51b9710e250" member_type: VOTER last_known_addr { host: "127.10.8.1" port: 35365 } attrs { replace: true } } peers { permanent_uuid: "fc8464d4ff924e488a05677e4eb2dd27" member_type: VOTER last_known_addr { host: "127.10.8.2" port: 34961 } } peers { permanent_uuid: "65c31b925489459a960eba57771ab015" member_type: VOTER last_known_addr { host: "127.10.8.3" port: 41965 } } peers { permanent_uuid: "76b3832a2d014907b4219ddf0e966198" member_type: VOTER last_known_addr { host: "127.10.8.6" port: 36077 } attrs { promote: false } }
I20260601 13:33:09.370888 14856 raft_consensus.cc:1275] T ff2a17f5a15d42e99e6cc4773faf4a6c P 65c31b925489459a960eba57771ab015 [term 1 FOLLOWER]: Refusing update from remote peer fc8464d4ff924e488a05677e4eb2dd27: Log matching property violated. Preceding OpId in replica: term: 1 index: 26. Preceding OpId from leader: term: 1 index: 27. (index mismatch)
I20260601 13:33:09.370923 15246 raft_consensus.cc:1275] T ff2a17f5a15d42e99e6cc4773faf4a6c P 76b3832a2d014907b4219ddf0e966198 [term 1 LEARNER]: Refusing update from remote peer fc8464d4ff924e488a05677e4eb2dd27: Log matching property violated. Preceding OpId in replica: term: 1 index: 26. Preceding OpId from leader: term: 1 index: 27. (index mismatch)
I20260601 13:33:09.371356 15327 consensus_queue.cc:1048] T ff2a17f5a15d42e99e6cc4773faf4a6c P fc8464d4ff924e488a05677e4eb2dd27 [LEADER]: Connected to new peer: Peer: permanent_uuid: "76b3832a2d014907b4219ddf0e966198" member_type: VOTER last_known_addr { host: "127.10.8.6" port: 36077 } attrs { promote: false }, Status: LMP_MISMATCH, Last received: 0.0, Next index: 27, Last known committed idx: 26, Time since last communication: 0.000s
I20260601 13:33:09.371513 15039 consensus_queue.cc:1048] T ff2a17f5a15d42e99e6cc4773faf4a6c P fc8464d4ff924e488a05677e4eb2dd27 [LEADER]: Connected to new peer: Peer: permanent_uuid: "65c31b925489459a960eba57771ab015" member_type: VOTER last_known_addr { host: "127.10.8.3" port: 41965 }, Status: LMP_MISMATCH, Last received: 0.0, Next index: 27, Last known committed idx: 26, Time since last communication: 0.000s
I20260601 13:33:09.371663 14709 raft_consensus.cc:1275] T ff2a17f5a15d42e99e6cc4773faf4a6c P 6c30fb99fac74c4e9b28d51b9710e250 [term 1 FOLLOWER]: Refusing update from remote peer fc8464d4ff924e488a05677e4eb2dd27: Log matching property violated. Preceding OpId in replica: term: 1 index: 26. Preceding OpId from leader: term: 1 index: 27. (index mismatch)
I20260601 13:33:09.372154 15329 consensus_queue.cc:1048] T ff2a17f5a15d42e99e6cc4773faf4a6c P fc8464d4ff924e488a05677e4eb2dd27 [LEADER]: Connected to new peer: Peer: permanent_uuid: "6c30fb99fac74c4e9b28d51b9710e250" member_type: VOTER last_known_addr { host: "127.10.8.1" port: 35365 } attrs { replace: true }, Status: LMP_MISMATCH, Last received: 0.0, Next index: 27, Last known committed idx: 26, Time since last communication: 0.000s
I20260601 13:33:09.373539 15327 raft_consensus.cc:2955] T ff2a17f5a15d42e99e6cc4773faf4a6c P fc8464d4ff924e488a05677e4eb2dd27 [term 1 LEADER]: Committing config change with OpId 1.27: config changed from index 26 to 27, 76b3832a2d014907b4219ddf0e966198 (127.10.8.6) changed from NON_VOTER to VOTER. New config: { opid_index: 27 OBSOLETE_local: false peers { permanent_uuid: "6c30fb99fac74c4e9b28d51b9710e250" member_type: VOTER last_known_addr { host: "127.10.8.1" port: 35365 } attrs { replace: true } } peers { permanent_uuid: "fc8464d4ff924e488a05677e4eb2dd27" member_type: VOTER last_known_addr { host: "127.10.8.2" port: 34961 } } peers { permanent_uuid: "65c31b925489459a960eba57771ab015" member_type: VOTER last_known_addr { host: "127.10.8.3" port: 41965 } } peers { permanent_uuid: "76b3832a2d014907b4219ddf0e966198" member_type: VOTER last_known_addr { host: "127.10.8.6" port: 36077 } attrs { promote: false } } }
I20260601 13:33:09.373848 15246 raft_consensus.cc:2955] T ff2a17f5a15d42e99e6cc4773faf4a6c P 76b3832a2d014907b4219ddf0e966198 [term 1 FOLLOWER]: Committing config change with OpId 1.27: config changed from index 26 to 27, 76b3832a2d014907b4219ddf0e966198 (127.10.8.6) changed from NON_VOTER to VOTER. New config: { opid_index: 27 OBSOLETE_local: false peers { permanent_uuid: "6c30fb99fac74c4e9b28d51b9710e250" member_type: VOTER last_known_addr { host: "127.10.8.1" port: 35365 } attrs { replace: true } } peers { permanent_uuid: "fc8464d4ff924e488a05677e4eb2dd27" member_type: VOTER last_known_addr { host: "127.10.8.2" port: 34961 } } peers { permanent_uuid: "65c31b925489459a960eba57771ab015" member_type: VOTER last_known_addr { host: "127.10.8.3" port: 41965 } } peers { permanent_uuid: "76b3832a2d014907b4219ddf0e966198" member_type: VOTER last_known_addr { host: "127.10.8.6" port: 36077 } attrs { promote: false } } }
I20260601 13:33:09.374307 14709 raft_consensus.cc:2955] T ff2a17f5a15d42e99e6cc4773faf4a6c P 6c30fb99fac74c4e9b28d51b9710e250 [term 1 FOLLOWER]: Committing config change with OpId 1.27: config changed from index 26 to 27, 76b3832a2d014907b4219ddf0e966198 (127.10.8.6) changed from NON_VOTER to VOTER. New config: { opid_index: 27 OBSOLETE_local: false peers { permanent_uuid: "6c30fb99fac74c4e9b28d51b9710e250" member_type: VOTER last_known_addr { host: "127.10.8.1" port: 35365 } attrs { replace: true } } peers { permanent_uuid: "fc8464d4ff924e488a05677e4eb2dd27" member_type: VOTER last_known_addr { host: "127.10.8.2" port: 34961 } } peers { permanent_uuid: "65c31b925489459a960eba57771ab015" member_type: VOTER last_known_addr { host: "127.10.8.3" port: 41965 } } peers { permanent_uuid: "76b3832a2d014907b4219ddf0e966198" member_type: VOTER last_known_addr { host: "127.10.8.6" port: 36077 } attrs { promote: false } } }
I20260601 13:33:09.375908 14856 raft_consensus.cc:2955] T ff2a17f5a15d42e99e6cc4773faf4a6c P 65c31b925489459a960eba57771ab015 [term 1 FOLLOWER]: Committing config change with OpId 1.27: config changed from index 26 to 27, 76b3832a2d014907b4219ddf0e966198 (127.10.8.6) changed from NON_VOTER to VOTER. New config: { opid_index: 27 OBSOLETE_local: false peers { permanent_uuid: "6c30fb99fac74c4e9b28d51b9710e250" member_type: VOTER last_known_addr { host: "127.10.8.1" port: 35365 } attrs { replace: true } } peers { permanent_uuid: "fc8464d4ff924e488a05677e4eb2dd27" member_type: VOTER last_known_addr { host: "127.10.8.2" port: 34961 } } peers { permanent_uuid: "65c31b925489459a960eba57771ab015" member_type: VOTER last_known_addr { host: "127.10.8.3" port: 41965 } } peers { permanent_uuid: "76b3832a2d014907b4219ddf0e966198" member_type: VOTER last_known_addr { host: "127.10.8.6" port: 36077 } attrs { promote: false } } }
I20260601 13:33:09.376390 14600 catalog_manager.cc:5696] T ff2a17f5a15d42e99e6cc4773faf4a6c P fc8464d4ff924e488a05677e4eb2dd27 reported cstate change: config changed from index 26 to 27, 76b3832a2d014907b4219ddf0e966198 (127.10.8.6) changed from NON_VOTER to VOTER. New cstate: current_term: 1 leader_uuid: "fc8464d4ff924e488a05677e4eb2dd27" committed_config { opid_index: 27 OBSOLETE_local: false peers { permanent_uuid: "6c30fb99fac74c4e9b28d51b9710e250" member_type: VOTER last_known_addr { host: "127.10.8.1" port: 35365 } attrs { replace: true } health_report { overall_health: HEALTHY } } peers { permanent_uuid: "fc8464d4ff924e488a05677e4eb2dd27" member_type: VOTER last_known_addr { host: "127.10.8.2" port: 34961 } health_report { overall_health: HEALTHY } } peers { permanent_uuid: "65c31b925489459a960eba57771ab015" member_type: VOTER last_known_addr { host: "127.10.8.3" port: 41965 } health_report { overall_health: HEALTHY } } peers { permanent_uuid: "76b3832a2d014907b4219ddf0e966198" member_type: VOTER last_known_addr { host: "127.10.8.6" port: 36077 } attrs { promote: false } health_report { overall_health: HEALTHY } } }
I20260601 13:33:09.381556 14779 consensus_queue.cc:237] T ff2a17f5a15d42e99e6cc4773faf4a6c P fc8464d4ff924e488a05677e4eb2dd27 [LEADER]: Queue going to LEADER mode. State: All replicated index: 0, Majority replicated index: 27, Committed index: 27, Last appended: 1.27, Last appended by leader: 0, Current term: 1, Majority size: 2, State: 0, Mode: LEADER, active raft config: opid_index: 28 OBSOLETE_local: false peers { permanent_uuid: "fc8464d4ff924e488a05677e4eb2dd27" member_type: VOTER last_known_addr { host: "127.10.8.2" port: 34961 } } peers { permanent_uuid: "65c31b925489459a960eba57771ab015" member_type: VOTER last_known_addr { host: "127.10.8.3" port: 41965 } } peers { permanent_uuid: "76b3832a2d014907b4219ddf0e966198" member_type: VOTER last_known_addr { host: "127.10.8.6" port: 36077 } attrs { promote: false } }
I20260601 13:33:09.382823 14856 raft_consensus.cc:1275] T ff2a17f5a15d42e99e6cc4773faf4a6c P 65c31b925489459a960eba57771ab015 [term 1 FOLLOWER]: Refusing update from remote peer fc8464d4ff924e488a05677e4eb2dd27: Log matching property violated. Preceding OpId in replica: term: 1 index: 27. Preceding OpId from leader: term: 1 index: 28. (index mismatch)
I20260601 13:33:09.382841 15246 raft_consensus.cc:1275] T ff2a17f5a15d42e99e6cc4773faf4a6c P 76b3832a2d014907b4219ddf0e966198 [term 1 FOLLOWER]: Refusing update from remote peer fc8464d4ff924e488a05677e4eb2dd27: Log matching property violated. Preceding OpId in replica: term: 1 index: 27. Preceding OpId from leader: term: 1 index: 28. (index mismatch)
I20260601 13:33:09.383283 15329 consensus_queue.cc:1048] T ff2a17f5a15d42e99e6cc4773faf4a6c P fc8464d4ff924e488a05677e4eb2dd27 [LEADER]: Connected to new peer: Peer: permanent_uuid: "65c31b925489459a960eba57771ab015" member_type: VOTER last_known_addr { host: "127.10.8.3" port: 41965 }, Status: LMP_MISMATCH, Last received: 0.0, Next index: 28, Last known committed idx: 27, Time since last communication: 0.000s
I20260601 13:33:09.383674 15329 consensus_queue.cc:1048] T ff2a17f5a15d42e99e6cc4773faf4a6c P fc8464d4ff924e488a05677e4eb2dd27 [LEADER]: Connected to new peer: Peer: permanent_uuid: "76b3832a2d014907b4219ddf0e966198" member_type: VOTER last_known_addr { host: "127.10.8.6" port: 36077 } attrs { promote: false }, Status: LMP_MISMATCH, Last received: 0.0, Next index: 28, Last known committed idx: 27, Time since last communication: 0.000s
I20260601 13:33:09.384830 15039 raft_consensus.cc:2955] T ff2a17f5a15d42e99e6cc4773faf4a6c P fc8464d4ff924e488a05677e4eb2dd27 [term 1 LEADER]: Committing config change with OpId 1.28: config changed from index 27 to 28, VOTER 6c30fb99fac74c4e9b28d51b9710e250 (127.10.8.1) evicted. New config: { opid_index: 28 OBSOLETE_local: false peers { permanent_uuid: "fc8464d4ff924e488a05677e4eb2dd27" member_type: VOTER last_known_addr { host: "127.10.8.2" port: 34961 } } peers { permanent_uuid: "65c31b925489459a960eba57771ab015" member_type: VOTER last_known_addr { host: "127.10.8.3" port: 41965 } } peers { permanent_uuid: "76b3832a2d014907b4219ddf0e966198" member_type: VOTER last_known_addr { host: "127.10.8.6" port: 36077 } attrs { promote: false } } }
I20260601 13:33:09.385308 14856 raft_consensus.cc:2955] T ff2a17f5a15d42e99e6cc4773faf4a6c P 65c31b925489459a960eba57771ab015 [term 1 FOLLOWER]: Committing config change with OpId 1.28: config changed from index 27 to 28, VOTER 6c30fb99fac74c4e9b28d51b9710e250 (127.10.8.1) evicted. New config: { opid_index: 28 OBSOLETE_local: false peers { permanent_uuid: "fc8464d4ff924e488a05677e4eb2dd27" member_type: VOTER last_known_addr { host: "127.10.8.2" port: 34961 } } peers { permanent_uuid: "65c31b925489459a960eba57771ab015" member_type: VOTER last_known_addr { host: "127.10.8.3" port: 41965 } } peers { permanent_uuid: "76b3832a2d014907b4219ddf0e966198" member_type: VOTER last_known_addr { host: "127.10.8.6" port: 36077 } attrs { promote: false } } }
I20260601 13:33:09.385710 15246 raft_consensus.cc:2955] T ff2a17f5a15d42e99e6cc4773faf4a6c P 76b3832a2d014907b4219ddf0e966198 [term 1 FOLLOWER]: Committing config change with OpId 1.28: config changed from index 27 to 28, VOTER 6c30fb99fac74c4e9b28d51b9710e250 (127.10.8.1) evicted. New config: { opid_index: 28 OBSOLETE_local: false peers { permanent_uuid: "fc8464d4ff924e488a05677e4eb2dd27" member_type: VOTER last_known_addr { host: "127.10.8.2" port: 34961 } } peers { permanent_uuid: "65c31b925489459a960eba57771ab015" member_type: VOTER last_known_addr { host: "127.10.8.3" port: 41965 } } peers { permanent_uuid: "76b3832a2d014907b4219ddf0e966198" member_type: VOTER last_known_addr { host: "127.10.8.6" port: 36077 } attrs { promote: false } } }
I20260601 13:33:09.387183 14592 catalog_manager.cc:5209] ChangeConfig:REMOVE_PEER RPC for tablet ff2a17f5a15d42e99e6cc4773faf4a6c with cas_config_opid_index 27: ChangeConfig:REMOVE_PEER succeeded (attempt 1)
I20260601 13:33:09.387698 14606 catalog_manager.cc:5696] T ff2a17f5a15d42e99e6cc4773faf4a6c P 65c31b925489459a960eba57771ab015 reported cstate change: config changed from index 27 to 28, VOTER 6c30fb99fac74c4e9b28d51b9710e250 (127.10.8.1) evicted. New cstate: current_term: 1 leader_uuid: "fc8464d4ff924e488a05677e4eb2dd27" committed_config { opid_index: 28 OBSOLETE_local: false peers { permanent_uuid: "fc8464d4ff924e488a05677e4eb2dd27" member_type: VOTER last_known_addr { host: "127.10.8.2" port: 34961 } } peers { permanent_uuid: "65c31b925489459a960eba57771ab015" member_type: VOTER last_known_addr { host: "127.10.8.3" port: 41965 } } peers { permanent_uuid: "76b3832a2d014907b4219ddf0e966198" member_type: VOTER last_known_addr { host: "127.10.8.6" port: 36077 } attrs { promote: false } } }
I20260601 13:33:09.390084 14695 tablet_service.cc:1558] Processing DeleteTablet for tablet ff2a17f5a15d42e99e6cc4773faf4a6c with delete_type TABLET_DATA_TOMBSTONED (TS 6c30fb99fac74c4e9b28d51b9710e250 not found in new config with opid_index 28) from {username='slave'} at 127.0.0.1:34984
I20260601 13:33:09.390556 15338 tablet_replica.cc:333] T ff2a17f5a15d42e99e6cc4773faf4a6c P 6c30fb99fac74c4e9b28d51b9710e250: stopping tablet replica
I20260601 13:33:09.390709 15338 raft_consensus.cc:2243] T ff2a17f5a15d42e99e6cc4773faf4a6c P 6c30fb99fac74c4e9b28d51b9710e250 [term 1 FOLLOWER]: Raft consensus shutting down.
I20260601 13:33:09.390913 15338 raft_consensus.cc:2272] T ff2a17f5a15d42e99e6cc4773faf4a6c P 6c30fb99fac74c4e9b28d51b9710e250 [term 1 FOLLOWER]: Raft consensus is shut down!
I20260601 13:33:09.391523 15338 ts_tablet_manager.cc:1916] T ff2a17f5a15d42e99e6cc4773faf4a6c P 6c30fb99fac74c4e9b28d51b9710e250: Deleting tablet data with delete state TABLET_DATA_TOMBSTONED
I20260601 13:33:09.394703 15338 ts_tablet_manager.cc:1929] T ff2a17f5a15d42e99e6cc4773faf4a6c P 6c30fb99fac74c4e9b28d51b9710e250: tablet deleted with delete type TABLET_DATA_TOMBSTONED: last-logged OpId 1.27
I20260601 13:33:09.394822 15338 log.cc:1199] T ff2a17f5a15d42e99e6cc4773faf4a6c P 6c30fb99fac74c4e9b28d51b9710e250: Deleting WAL directory at /tmp/dist-test-taskW2m42e/test-tmp/auto_rebalancer-test.0.AutoRebalancerTest.TestMaxMovesPerServer.1780320681362307-10272-0/minicluster-data/ts-0-root/wals/ff2a17f5a15d42e99e6cc4773faf4a6c
I20260601 13:33:09.395519 14594 catalog_manager.cc:5027] TS 6c30fb99fac74c4e9b28d51b9710e250 (127.10.8.1:35365): tablet ff2a17f5a15d42e99e6cc4773faf4a6c (table test-workload [id=822f6dfd60de46e38219697589e5dd90]) successfully deleted
I20260601 13:33:09.486687 15339 raft_consensus.cc:1064] T 46ae714e1e0147bbaf3079ea05117b45 P 6c30fb99fac74c4e9b28d51b9710e250: attempting to promote NON_VOTER e52725625fd440728ce7012b5c029ccb to VOTER
I20260601 13:33:09.487210 15339 consensus_queue.cc:237] T 46ae714e1e0147bbaf3079ea05117b45 P 6c30fb99fac74c4e9b28d51b9710e250 [LEADER]: Queue going to LEADER mode. State: All replicated index: 0, Majority replicated index: 26, Committed index: 26, Last appended: 1.26, Last appended by leader: 0, Current term: 1, Majority size: 3, State: 0, Mode: LEADER, active raft config: opid_index: 27 OBSOLETE_local: false peers { permanent_uuid: "6c30fb99fac74c4e9b28d51b9710e250" member_type: VOTER last_known_addr { host: "127.10.8.1" port: 35365 } } peers { permanent_uuid: "fc8464d4ff924e488a05677e4eb2dd27" member_type: VOTER last_known_addr { host: "127.10.8.2" port: 34961 } attrs { replace: true } } peers { permanent_uuid: "65c31b925489459a960eba57771ab015" member_type: VOTER last_known_addr { host: "127.10.8.3" port: 41965 } } peers { permanent_uuid: "e52725625fd440728ce7012b5c029ccb" member_type: VOTER last_known_addr { host: "127.10.8.5" port: 43095 } attrs { promote: false } }
I20260601 13:33:09.488740 15171 raft_consensus.cc:1275] T 46ae714e1e0147bbaf3079ea05117b45 P e52725625fd440728ce7012b5c029ccb [term 1 LEARNER]: Refusing update from remote peer 6c30fb99fac74c4e9b28d51b9710e250: Log matching property violated. Preceding OpId in replica: term: 1 index: 26. Preceding OpId from leader: term: 1 index: 27. (index mismatch)
I20260601 13:33:09.489145 14779 raft_consensus.cc:1275] T 46ae714e1e0147bbaf3079ea05117b45 P fc8464d4ff924e488a05677e4eb2dd27 [term 1 FOLLOWER]: Refusing update from remote peer 6c30fb99fac74c4e9b28d51b9710e250: Log matching property violated. Preceding OpId in replica: term: 1 index: 26. Preceding OpId from leader: term: 1 index: 27. (index mismatch)
I20260601 13:33:09.489276 15315 consensus_queue.cc:1048] T 46ae714e1e0147bbaf3079ea05117b45 P 6c30fb99fac74c4e9b28d51b9710e250 [LEADER]: Connected to new peer: Peer: permanent_uuid: "e52725625fd440728ce7012b5c029ccb" member_type: VOTER last_known_addr { host: "127.10.8.5" port: 43095 } attrs { promote: false }, Status: LMP_MISMATCH, Last received: 0.0, Next index: 27, Last known committed idx: 26, Time since last communication: 0.000s
I20260601 13:33:09.489566 15339 consensus_queue.cc:1048] T 46ae714e1e0147bbaf3079ea05117b45 P 6c30fb99fac74c4e9b28d51b9710e250 [LEADER]: Connected to new peer: Peer: permanent_uuid: "fc8464d4ff924e488a05677e4eb2dd27" member_type: VOTER last_known_addr { host: "127.10.8.2" port: 34961 } attrs { replace: true }, Status: LMP_MISMATCH, Last received: 0.0, Next index: 27, Last known committed idx: 26, Time since last communication: 0.000s
I20260601 13:33:09.490594 15316 raft_consensus.cc:1064] T 89955f41e1d44094b6c44eb73d60afb6 P 65c31b925489459a960eba57771ab015: attempting to promote NON_VOTER 76b3832a2d014907b4219ddf0e966198 to VOTER
I20260601 13:33:09.490859 14856 raft_consensus.cc:1275] T 46ae714e1e0147bbaf3079ea05117b45 P 65c31b925489459a960eba57771ab015 [term 1 FOLLOWER]: Refusing update from remote peer 6c30fb99fac74c4e9b28d51b9710e250: Log matching property violated. Preceding OpId in replica: term: 1 index: 26. Preceding OpId from leader: term: 1 index: 27. (index mismatch)
I20260601 13:33:09.491047 15316 consensus_queue.cc:237] T 89955f41e1d44094b6c44eb73d60afb6 P 65c31b925489459a960eba57771ab015 [LEADER]: Queue going to LEADER mode. State: All replicated index: 0, Majority replicated index: 26, Committed index: 26, Last appended: 1.26, Last appended by leader: 0, Current term: 1, Majority size: 3, State: 0, Mode: LEADER, active raft config: opid_index: 27 OBSOLETE_local: false peers { permanent_uuid: "6c30fb99fac74c4e9b28d51b9710e250" member_type: VOTER last_known_addr { host: "127.10.8.1" port: 35365 } } peers { permanent_uuid: "fc8464d4ff924e488a05677e4eb2dd27" member_type: VOTER last_known_addr { host: "127.10.8.2" port: 34961 } attrs { replace: true } } peers { permanent_uuid: "65c31b925489459a960eba57771ab015" member_type: VOTER last_known_addr { host: "127.10.8.3" port: 41965 } } peers { permanent_uuid: "76b3832a2d014907b4219ddf0e966198" member_type: VOTER last_known_addr { host: "127.10.8.6" port: 36077 } attrs { promote: false } }
I20260601 13:33:09.491312 15333 consensus_queue.cc:1048] T 46ae714e1e0147bbaf3079ea05117b45 P 6c30fb99fac74c4e9b28d51b9710e250 [LEADER]: Connected to new peer: Peer: permanent_uuid: "65c31b925489459a960eba57771ab015" member_type: VOTER last_known_addr { host: "127.10.8.3" port: 41965 }, Status: LMP_MISMATCH, Last received: 0.0, Next index: 27, Last known committed idx: 26, Time since last communication: 0.000s
I20260601 13:33:09.492880 14784 raft_consensus.cc:1275] T 89955f41e1d44094b6c44eb73d60afb6 P fc8464d4ff924e488a05677e4eb2dd27 [term 1 FOLLOWER]: Refusing update from remote peer 65c31b925489459a960eba57771ab015: Log matching property violated. Preceding OpId in replica: term: 1 index: 26. Preceding OpId from leader: term: 1 index: 27. (index mismatch)
I20260601 13:33:09.493458 14709 raft_consensus.cc:1275] T 89955f41e1d44094b6c44eb73d60afb6 P 6c30fb99fac74c4e9b28d51b9710e250 [term 1 FOLLOWER]: Refusing update from remote peer 65c31b925489459a960eba57771ab015: Log matching property violated. Preceding OpId in replica: term: 1 index: 26. Preceding OpId from leader: term: 1 index: 27. (index mismatch)
I20260601 13:33:09.493396 15339 raft_consensus.cc:2955] T 46ae714e1e0147bbaf3079ea05117b45 P 6c30fb99fac74c4e9b28d51b9710e250 [term 1 LEADER]: Committing config change with OpId 1.27: config changed from index 26 to 27, e52725625fd440728ce7012b5c029ccb (127.10.8.5) changed from NON_VOTER to VOTER. New config: { opid_index: 27 OBSOLETE_local: false peers { permanent_uuid: "6c30fb99fac74c4e9b28d51b9710e250" member_type: VOTER last_known_addr { host: "127.10.8.1" port: 35365 } } peers { permanent_uuid: "fc8464d4ff924e488a05677e4eb2dd27" member_type: VOTER last_known_addr { host: "127.10.8.2" port: 34961 } attrs { replace: true } } peers { permanent_uuid: "65c31b925489459a960eba57771ab015" member_type: VOTER last_known_addr { host: "127.10.8.3" port: 41965 } } peers { permanent_uuid: "e52725625fd440728ce7012b5c029ccb" member_type: VOTER last_known_addr { host: "127.10.8.5" port: 43095 } attrs { promote: false } } }
I20260601 13:33:09.493992 14856 raft_consensus.cc:2955] T 46ae714e1e0147bbaf3079ea05117b45 P 65c31b925489459a960eba57771ab015 [term 1 FOLLOWER]: Committing config change with OpId 1.27: config changed from index 26 to 27, e52725625fd440728ce7012b5c029ccb (127.10.8.5) changed from NON_VOTER to VOTER. New config: { opid_index: 27 OBSOLETE_local: false peers { permanent_uuid: "6c30fb99fac74c4e9b28d51b9710e250" member_type: VOTER last_known_addr { host: "127.10.8.1" port: 35365 } } peers { permanent_uuid: "fc8464d4ff924e488a05677e4eb2dd27" member_type: VOTER last_known_addr { host: "127.10.8.2" port: 34961 } attrs { replace: true } } peers { permanent_uuid: "65c31b925489459a960eba57771ab015" member_type: VOTER last_known_addr { host: "127.10.8.3" port: 41965 } } peers { permanent_uuid: "e52725625fd440728ce7012b5c029ccb" member_type: VOTER last_known_addr { host: "127.10.8.5" port: 43095 } attrs { promote: false } } }
I20260601 13:33:09.494599 15246 raft_consensus.cc:1275] T 89955f41e1d44094b6c44eb73d60afb6 P 76b3832a2d014907b4219ddf0e966198 [term 1 LEARNER]: Refusing update from remote peer 65c31b925489459a960eba57771ab015: Log matching property violated. Preceding OpId in replica: term: 1 index: 26. Preceding OpId from leader: term: 1 index: 27. (index mismatch)
I20260601 13:33:09.495134 15345 consensus_queue.cc:1048] T 89955f41e1d44094b6c44eb73d60afb6 P 65c31b925489459a960eba57771ab015 [LEADER]: Connected to new peer: Peer: permanent_uuid: "76b3832a2d014907b4219ddf0e966198" member_type: VOTER last_known_addr { host: "127.10.8.6" port: 36077 } attrs { promote: false }, Status: LMP_MISMATCH, Last received: 0.0, Next index: 27, Last known committed idx: 26, Time since last communication: 0.000s
I20260601 13:33:09.495959 14779 raft_consensus.cc:2955] T 46ae714e1e0147bbaf3079ea05117b45 P fc8464d4ff924e488a05677e4eb2dd27 [term 1 FOLLOWER]: Committing config change with OpId 1.27: config changed from index 26 to 27, e52725625fd440728ce7012b5c029ccb (127.10.8.5) changed from NON_VOTER to VOTER. New config: { opid_index: 27 OBSOLETE_local: false peers { permanent_uuid: "6c30fb99fac74c4e9b28d51b9710e250" member_type: VOTER last_known_addr { host: "127.10.8.1" port: 35365 } } peers { permanent_uuid: "fc8464d4ff924e488a05677e4eb2dd27" member_type: VOTER last_known_addr { host: "127.10.8.2" port: 34961 } attrs { replace: true } } peers { permanent_uuid: "65c31b925489459a960eba57771ab015" member_type: VOTER last_known_addr { host: "127.10.8.3" port: 41965 } } peers { permanent_uuid: "e52725625fd440728ce7012b5c029ccb" member_type: VOTER last_known_addr { host: "127.10.8.5" port: 43095 } attrs { promote: false } } }
I20260601 13:33:09.496326 15345 consensus_queue.cc:1048] T 89955f41e1d44094b6c44eb73d60afb6 P 65c31b925489459a960eba57771ab015 [LEADER]: Connected to new peer: Peer: permanent_uuid: "6c30fb99fac74c4e9b28d51b9710e250" member_type: VOTER last_known_addr { host: "127.10.8.1" port: 35365 }, Status: LMP_MISMATCH, Last received: 0.0, Next index: 27, Last known committed idx: 26, Time since last communication: 0.000s
I20260601 13:33:09.496752 15171 raft_consensus.cc:2955] T 46ae714e1e0147bbaf3079ea05117b45 P e52725625fd440728ce7012b5c029ccb [term 1 FOLLOWER]: Committing config change with OpId 1.27: config changed from index 26 to 27, e52725625fd440728ce7012b5c029ccb (127.10.8.5) changed from NON_VOTER to VOTER. New config: { opid_index: 27 OBSOLETE_local: false peers { permanent_uuid: "6c30fb99fac74c4e9b28d51b9710e250" member_type: VOTER last_known_addr { host: "127.10.8.1" port: 35365 } } peers { permanent_uuid: "fc8464d4ff924e488a05677e4eb2dd27" member_type: VOTER last_known_addr { host: "127.10.8.2" port: 34961 } attrs { replace: true } } peers { permanent_uuid: "65c31b925489459a960eba57771ab015" member_type: VOTER last_known_addr { host: "127.10.8.3" port: 41965 } } peers { permanent_uuid: "e52725625fd440728ce7012b5c029ccb" member_type: VOTER last_known_addr { host: "127.10.8.5" port: 43095 } attrs { promote: false } } }
I20260601 13:33:09.498703 15341 consensus_queue.cc:1048] T 89955f41e1d44094b6c44eb73d60afb6 P 65c31b925489459a960eba57771ab015 [LEADER]: Connected to new peer: Peer: permanent_uuid: "fc8464d4ff924e488a05677e4eb2dd27" member_type: VOTER last_known_addr { host: "127.10.8.2" port: 34961 } attrs { replace: true }, Status: LMP_MISMATCH, Last received: 0.0, Next index: 27, Last known committed idx: 26, Time since last communication: 0.000s
I20260601 13:33:09.499087 14601 catalog_manager.cc:5696] T 46ae714e1e0147bbaf3079ea05117b45 P 65c31b925489459a960eba57771ab015 reported cstate change: config changed from index 26 to 27, e52725625fd440728ce7012b5c029ccb (127.10.8.5) changed from NON_VOTER to VOTER. New cstate: current_term: 1 leader_uuid: "6c30fb99fac74c4e9b28d51b9710e250" committed_config { opid_index: 27 OBSOLETE_local: false peers { permanent_uuid: "6c30fb99fac74c4e9b28d51b9710e250" member_type: VOTER last_known_addr { host: "127.10.8.1" port: 35365 } } peers { permanent_uuid: "fc8464d4ff924e488a05677e4eb2dd27" member_type: VOTER last_known_addr { host: "127.10.8.2" port: 34961 } attrs { replace: true } } peers { permanent_uuid: "65c31b925489459a960eba57771ab015" member_type: VOTER last_known_addr { host: "127.10.8.3" port: 41965 } } peers { permanent_uuid: "e52725625fd440728ce7012b5c029ccb" member_type: VOTER last_known_addr { host: "127.10.8.5" port: 43095 } attrs { promote: false } } }
I20260601 13:33:09.500911 15345 raft_consensus.cc:2955] T 89955f41e1d44094b6c44eb73d60afb6 P 65c31b925489459a960eba57771ab015 [term 1 LEADER]: Committing config change with OpId 1.27: config changed from index 26 to 27, 76b3832a2d014907b4219ddf0e966198 (127.10.8.6) changed from NON_VOTER to VOTER. New config: { opid_index: 27 OBSOLETE_local: false peers { permanent_uuid: "6c30fb99fac74c4e9b28d51b9710e250" member_type: VOTER last_known_addr { host: "127.10.8.1" port: 35365 } } peers { permanent_uuid: "fc8464d4ff924e488a05677e4eb2dd27" member_type: VOTER last_known_addr { host: "127.10.8.2" port: 34961 } attrs { replace: true } } peers { permanent_uuid: "65c31b925489459a960eba57771ab015" member_type: VOTER last_known_addr { host: "127.10.8.3" port: 41965 } } peers { permanent_uuid: "76b3832a2d014907b4219ddf0e966198" member_type: VOTER last_known_addr { host: "127.10.8.6" port: 36077 } attrs { promote: false } } }
