I20260601 13:31:22.962014  3227 raft_consensus.cc:1275] T c83c087f990c4d999336a06528191f1f P 1569b7d72e2944609e3180b65e46b2f7 [term 2 FOLLOWER]: Refusing update from remote peer 82b9ed2d1be2447689d501ae075980b6: Log matching property violated. Preceding OpId in replica: term: 1 index: 1. Preceding OpId from leader: term: 2 index: 2. (index mismatch)
I20260601 13:31:22.962519  3354 consensus_queue.cc:1048] T c83c087f990c4d999336a06528191f1f P 82b9ed2d1be2447689d501ae075980b6 [LEADER]: Connected to new peer: Peer: permanent_uuid: "1569b7d72e2944609e3180b65e46b2f7" member_type: VOTER last_known_addr { host: "127.2.107.194" port: 33401 }, Status: LMP_MISMATCH, Last received: 0.0, Next index: 2, Last known committed idx: 1, Time since last communication: 0.000s
I20260601 13:31:22.965073  3303 raft_consensus.cc:1275] T c83c087f990c4d999336a06528191f1f P 9cb2eb25af894789816f937b3b3c6374 [term 2 FOLLOWER]: Refusing update from remote peer 82b9ed2d1be2447689d501ae075980b6: Log matching property violated. Preceding OpId in replica: term: 1 index: 1. Preceding OpId from leader: term: 2 index: 2. (index mismatch)
I20260601 13:31:22.965467  3474 consensus_queue.cc:1048] T c83c087f990c4d999336a06528191f1f P 82b9ed2d1be2447689d501ae075980b6 [LEADER]: Connected to new peer: Peer: permanent_uuid: "9cb2eb25af894789816f937b3b3c6374" member_type: VOTER last_known_addr { host: "127.2.107.195" port: 37337 }, Status: LMP_MISMATCH, Last received: 0.0, Next index: 2, Last known committed idx: 1, Time since last communication: 0.000s
I20260601 13:31:23.072232  3152 raft_consensus.cc:1275] T 3260d5948489423ab33957271c2d7dc6 P 82b9ed2d1be2447689d501ae075980b6 [term 2 FOLLOWER]: Refusing update from remote peer 1569b7d72e2944609e3180b65e46b2f7: Log matching property violated. Preceding OpId in replica: term: 1 index: 1. Preceding OpId from leader: term: 2 index: 2. (index mismatch)
I20260601 13:31:23.072804  3491 consensus_queue.cc:1048] T 3260d5948489423ab33957271c2d7dc6 P 1569b7d72e2944609e3180b65e46b2f7 [LEADER]: Connected to new peer: Peer: permanent_uuid: "82b9ed2d1be2447689d501ae075980b6" member_type: VOTER last_known_addr { host: "127.2.107.193" port: 33043 }, Status: LMP_MISMATCH, Last received: 0.0, Next index: 2, Last known committed idx: 1, Time since last communication: 0.000s
I20260601 13:31:23.075698  3303 raft_consensus.cc:1275] T 3260d5948489423ab33957271c2d7dc6 P 9cb2eb25af894789816f937b3b3c6374 [term 2 FOLLOWER]: Refusing update from remote peer 1569b7d72e2944609e3180b65e46b2f7: Log matching property violated. Preceding OpId in replica: term: 1 index: 1. Preceding OpId from leader: term: 2 index: 2. (index mismatch)
I20260601 13:31:23.076130  3491 consensus_queue.cc:1048] T 3260d5948489423ab33957271c2d7dc6 P 1569b7d72e2944609e3180b65e46b2f7 [LEADER]: Connected to new peer: Peer: permanent_uuid: "9cb2eb25af894789816f937b3b3c6374" member_type: VOTER last_known_addr { host: "127.2.107.195" port: 37337 }, Status: LMP_MISMATCH, Last received: 0.0, Next index: 2, Last known committed idx: 1, Time since last communication: 0.000s
I20260601 13:31:24.238430  3103 auto_leader_rebalancer.cc:140] leader rebalance for table test-workload
I20260601 13:31:24.239341  3103 auto_leader_rebalancer.cc:388] table: test-workload, leader rebalance finish, leader transfer count: 0
I20260601 13:31:24.239441  3103 auto_leader_rebalancer.cc:451] All tables' leader rebalancing finished this round
I20260601 13:31:26.239789  3103 auto_leader_rebalancer.cc:140] leader rebalance for table test-workload
I20260601 13:31:26.240794  3103 auto_leader_rebalancer.cc:388] table: test-workload, leader rebalance finish, leader transfer count: 0
I20260601 13:31:26.240890  3103 auto_leader_rebalancer.cc:451] All tables' leader rebalancing finished this round
I20260601 13:31:27.239670  3152 consensus_queue.cc:237] T c3d7c272598c4769a5ad60f38ea2c1a5 P 82b9ed2d1be2447689d501ae075980b6 [LEADER]: Queue going to LEADER mode. State: All replicated index: 0, Majority replicated index: 1, Committed index: 1, Last appended: 1.1, Last appended by leader: 0, Current term: 1, Majority size: 2, State: 0, Mode: LEADER, active raft config: opid_index: 2 OBSOLETE_local: false peers { permanent_uuid: "82b9ed2d1be2447689d501ae075980b6" member_type: VOTER last_known_addr { host: "127.2.107.193" port: 33043 } } peers { permanent_uuid: "1569b7d72e2944609e3180b65e46b2f7" member_type: VOTER last_known_addr { host: "127.2.107.194" port: 33401 } attrs { replace: true } } peers { permanent_uuid: "9cb2eb25af894789816f937b3b3c6374" member_type: VOTER last_known_addr { host: "127.2.107.195" port: 37337 } } peers { permanent_uuid: "c133c2d605454d959f62f993f0142a29" member_type: NON_VOTER last_known_addr { host: "127.2.107.196" port: 38613 } attrs { promote: true } }
I20260601 13:31:27.241453  3227 raft_consensus.cc:1275] T c3d7c272598c4769a5ad60f38ea2c1a5 P 1569b7d72e2944609e3180b65e46b2f7 [term 1 FOLLOWER]: Refusing update from remote peer 82b9ed2d1be2447689d501ae075980b6: Log matching property violated. Preceding OpId in replica: term: 1 index: 1. Preceding OpId from leader: term: 1 index: 2. (index mismatch)
I20260601 13:31:27.241700  3303 raft_consensus.cc:1275] T c3d7c272598c4769a5ad60f38ea2c1a5 P 9cb2eb25af894789816f937b3b3c6374 [term 1 FOLLOWER]: Refusing update from remote peer 82b9ed2d1be2447689d501ae075980b6: Log matching property violated. Preceding OpId in replica: term: 1 index: 1. Preceding OpId from leader: term: 1 index: 2. (index mismatch)
I20260601 13:31:27.241848  3504 consensus_queue.cc:1048] T c3d7c272598c4769a5ad60f38ea2c1a5 P 82b9ed2d1be2447689d501ae075980b6 [LEADER]: Connected to new peer: Peer: permanent_uuid: "1569b7d72e2944609e3180b65e46b2f7" member_type: VOTER last_known_addr { host: "127.2.107.194" port: 33401 } attrs { replace: true }, Status: LMP_MISMATCH, Last received: 0.0, Next index: 2, Last known committed idx: 1, Time since last communication: 0.000s
I20260601 13:31:27.242075  3508 consensus_queue.cc:1048] T c3d7c272598c4769a5ad60f38ea2c1a5 P 82b9ed2d1be2447689d501ae075980b6 [LEADER]: Connected to new peer: Peer: permanent_uuid: "9cb2eb25af894789816f937b3b3c6374" member_type: VOTER last_known_addr { host: "127.2.107.195" port: 37337 }, Status: LMP_MISMATCH, Last received: 0.0, Next index: 2, Last known committed idx: 1, Time since last communication: 0.000s
I20260601 13:31:27.243813  3509 raft_consensus.cc:2955] T c3d7c272598c4769a5ad60f38ea2c1a5 P 82b9ed2d1be2447689d501ae075980b6 [term 1 LEADER]: Committing config change with OpId 1.2: config changed from index -1 to 2, NON_VOTER c133c2d605454d959f62f993f0142a29 (127.2.107.196) added. New config: { opid_index: 2 OBSOLETE_local: false peers { permanent_uuid: "82b9ed2d1be2447689d501ae075980b6" member_type: VOTER last_known_addr { host: "127.2.107.193" port: 33043 } } peers { permanent_uuid: "1569b7d72e2944609e3180b65e46b2f7" member_type: VOTER last_known_addr { host: "127.2.107.194" port: 33401 } attrs { replace: true } } peers { permanent_uuid: "9cb2eb25af894789816f937b3b3c6374" member_type: VOTER last_known_addr { host: "127.2.107.195" port: 37337 } } peers { permanent_uuid: "c133c2d605454d959f62f993f0142a29" member_type: NON_VOTER last_known_addr { host: "127.2.107.196" port: 38613 } attrs { promote: true } } }
I20260601 13:31:27.244254  3303 raft_consensus.cc:2955] T c3d7c272598c4769a5ad60f38ea2c1a5 P 9cb2eb25af894789816f937b3b3c6374 [term 1 FOLLOWER]: Committing config change with OpId 1.2: config changed from index -1 to 2, NON_VOTER c133c2d605454d959f62f993f0142a29 (127.2.107.196) added. New config: { opid_index: 2 OBSOLETE_local: false peers { permanent_uuid: "82b9ed2d1be2447689d501ae075980b6" member_type: VOTER last_known_addr { host: "127.2.107.193" port: 33043 } } peers { permanent_uuid: "1569b7d72e2944609e3180b65e46b2f7" member_type: VOTER last_known_addr { host: "127.2.107.194" port: 33401 } attrs { replace: true } } peers { permanent_uuid: "9cb2eb25af894789816f937b3b3c6374" member_type: VOTER last_known_addr { host: "127.2.107.195" port: 37337 } } peers { permanent_uuid: "c133c2d605454d959f62f993f0142a29" member_type: NON_VOTER last_known_addr { host: "127.2.107.196" port: 38613 } attrs { promote: true } } }
I20260601 13:31:27.244266  3227 raft_consensus.cc:2955] T c3d7c272598c4769a5ad60f38ea2c1a5 P 1569b7d72e2944609e3180b65e46b2f7 [term 1 FOLLOWER]: Committing config change with OpId 1.2: config changed from index -1 to 2, NON_VOTER c133c2d605454d959f62f993f0142a29 (127.2.107.196) added. New config: { opid_index: 2 OBSOLETE_local: false peers { permanent_uuid: "82b9ed2d1be2447689d501ae075980b6" member_type: VOTER last_known_addr { host: "127.2.107.193" port: 33043 } } peers { permanent_uuid: "1569b7d72e2944609e3180b65e46b2f7" member_type: VOTER last_known_addr { host: "127.2.107.194" port: 33401 } attrs { replace: true } } peers { permanent_uuid: "9cb2eb25af894789816f937b3b3c6374" member_type: VOTER last_known_addr { host: "127.2.107.195" port: 37337 } } peers { permanent_uuid: "c133c2d605454d959f62f993f0142a29" member_type: NON_VOTER last_known_addr { host: "127.2.107.196" port: 38613 } attrs { promote: true } } }
I20260601 13:31:27.246878  3049 catalog_manager.cc:5696] T c3d7c272598c4769a5ad60f38ea2c1a5 P 9cb2eb25af894789816f937b3b3c6374 reported cstate change: config changed from index -1 to 2, NON_VOTER c133c2d605454d959f62f993f0142a29 (127.2.107.196) added. New cstate: current_term: 1 leader_uuid: "82b9ed2d1be2447689d501ae075980b6" committed_config { opid_index: 2 OBSOLETE_local: false peers { permanent_uuid: "82b9ed2d1be2447689d501ae075980b6" member_type: VOTER last_known_addr { host: "127.2.107.193" port: 33043 } } peers { permanent_uuid: "1569b7d72e2944609e3180b65e46b2f7" member_type: VOTER last_known_addr { host: "127.2.107.194" port: 33401 } attrs { replace: true } } peers { permanent_uuid: "9cb2eb25af894789816f937b3b3c6374" member_type: VOTER last_known_addr { host: "127.2.107.195" port: 37337 } } peers { permanent_uuid: "c133c2d605454d959f62f993f0142a29" member_type: NON_VOTER last_known_addr { host: "127.2.107.196" port: 38613 } attrs { promote: true } } }
W20260601 13:31:27.247546  3115 consensus_peers.cc:597] T c3d7c272598c4769a5ad60f38ea2c1a5 P 82b9ed2d1be2447689d501ae075980b6 -> Peer c133c2d605454d959f62f993f0142a29 (127.2.107.196:38613): Couldn't send request to peer c133c2d605454d959f62f993f0142a29. Error code: TABLET_NOT_FOUND (6). Status: Not found: Tablet not found: c3d7c272598c4769a5ad60f38ea2c1a5. This is attempt 1: this message will repeat every 5th retry.
I20260601 13:31:27.252014  3227 consensus_queue.cc:237] T 3260d5948489423ab33957271c2d7dc6 P 1569b7d72e2944609e3180b65e46b2f7 [LEADER]: Queue going to LEADER mode. State: All replicated index: 0, Majority replicated index: 2, Committed index: 2, Last appended: 2.2, Last appended by leader: 1, Current term: 2, Majority size: 2, State: 0, Mode: LEADER, active raft config: opid_index: 3 OBSOLETE_local: false peers { permanent_uuid: "82b9ed2d1be2447689d501ae075980b6" member_type: VOTER last_known_addr { host: "127.2.107.193" port: 33043 } attrs { replace: true } } peers { permanent_uuid: "1569b7d72e2944609e3180b65e46b2f7" member_type: VOTER last_known_addr { host: "127.2.107.194" port: 33401 } } peers { permanent_uuid: "9cb2eb25af894789816f937b3b3c6374" member_type: VOTER last_known_addr { host: "127.2.107.195" port: 37337 } } peers { permanent_uuid: "c133c2d605454d959f62f993f0142a29" member_type: NON_VOTER last_known_addr { host: "127.2.107.196" port: 38613 } attrs { promote: true } }
I20260601 13:31:27.253472  3152 raft_consensus.cc:1275] T 3260d5948489423ab33957271c2d7dc6 P 82b9ed2d1be2447689d501ae075980b6 [term 2 FOLLOWER]: Refusing update from remote peer 1569b7d72e2944609e3180b65e46b2f7: Log matching property violated. Preceding OpId in replica: term: 2 index: 2. Preceding OpId from leader: term: 2 index: 3. (index mismatch)
I20260601 13:31:27.253711  3303 raft_consensus.cc:1275] T 3260d5948489423ab33957271c2d7dc6 P 9cb2eb25af894789816f937b3b3c6374 [term 2 FOLLOWER]: Refusing update from remote peer 1569b7d72e2944609e3180b65e46b2f7: Log matching property violated. Preceding OpId in replica: term: 2 index: 2. Preceding OpId from leader: term: 2 index: 3. (index mismatch)
I20260601 13:31:27.253898  3521 consensus_queue.cc:1048] T 3260d5948489423ab33957271c2d7dc6 P 1569b7d72e2944609e3180b65e46b2f7 [LEADER]: Connected to new peer: Peer: permanent_uuid: "82b9ed2d1be2447689d501ae075980b6" member_type: VOTER last_known_addr { host: "127.2.107.193" port: 33043 } attrs { replace: true }, Status: LMP_MISMATCH, Last received: 0.0, Next index: 3, Last known committed idx: 2, Time since last communication: 0.000s
I20260601 13:31:27.254125  3362 consensus_queue.cc:1048] T 3260d5948489423ab33957271c2d7dc6 P 1569b7d72e2944609e3180b65e46b2f7 [LEADER]: Connected to new peer: Peer: permanent_uuid: "9cb2eb25af894789816f937b3b3c6374" member_type: VOTER last_known_addr { host: "127.2.107.195" port: 37337 }, Status: LMP_MISMATCH, Last received: 0.0, Next index: 3, Last known committed idx: 2, Time since last communication: 0.000s
I20260601 13:31:27.255784  3362 raft_consensus.cc:2955] T 3260d5948489423ab33957271c2d7dc6 P 1569b7d72e2944609e3180b65e46b2f7 [term 2 LEADER]: Committing config change with OpId 2.3: config changed from index -1 to 3, NON_VOTER c133c2d605454d959f62f993f0142a29 (127.2.107.196) added. New config: { opid_index: 3 OBSOLETE_local: false peers { permanent_uuid: "82b9ed2d1be2447689d501ae075980b6" member_type: VOTER last_known_addr { host: "127.2.107.193" port: 33043 } attrs { replace: true } } peers { permanent_uuid: "1569b7d72e2944609e3180b65e46b2f7" member_type: VOTER last_known_addr { host: "127.2.107.194" port: 33401 } } peers { permanent_uuid: "9cb2eb25af894789816f937b3b3c6374" member_type: VOTER last_known_addr { host: "127.2.107.195" port: 37337 } } peers { permanent_uuid: "c133c2d605454d959f62f993f0142a29" member_type: NON_VOTER last_known_addr { host: "127.2.107.196" port: 38613 } attrs { promote: true } } }
I20260601 13:31:27.256382  3152 raft_consensus.cc:2955] T 3260d5948489423ab33957271c2d7dc6 P 82b9ed2d1be2447689d501ae075980b6 [term 2 FOLLOWER]: Committing config change with OpId 2.3: config changed from index -1 to 3, NON_VOTER c133c2d605454d959f62f993f0142a29 (127.2.107.196) added. New config: { opid_index: 3 OBSOLETE_local: false peers { permanent_uuid: "82b9ed2d1be2447689d501ae075980b6" member_type: VOTER last_known_addr { host: "127.2.107.193" port: 33043 } attrs { replace: true } } peers { permanent_uuid: "1569b7d72e2944609e3180b65e46b2f7" member_type: VOTER last_known_addr { host: "127.2.107.194" port: 33401 } } peers { permanent_uuid: "9cb2eb25af894789816f937b3b3c6374" member_type: VOTER last_known_addr { host: "127.2.107.195" port: 37337 } } peers { permanent_uuid: "c133c2d605454d959f62f993f0142a29" member_type: NON_VOTER last_known_addr { host: "127.2.107.196" port: 38613 } attrs { promote: true } } }
I20260601 13:31:27.256513  3303 raft_consensus.cc:2955] T 3260d5948489423ab33957271c2d7dc6 P 9cb2eb25af894789816f937b3b3c6374 [term 2 FOLLOWER]: Committing config change with OpId 2.3: config changed from index -1 to 3, NON_VOTER c133c2d605454d959f62f993f0142a29 (127.2.107.196) added. New config: { opid_index: 3 OBSOLETE_local: false peers { permanent_uuid: "82b9ed2d1be2447689d501ae075980b6" member_type: VOTER last_known_addr { host: "127.2.107.193" port: 33043 } attrs { replace: true } } peers { permanent_uuid: "1569b7d72e2944609e3180b65e46b2f7" member_type: VOTER last_known_addr { host: "127.2.107.194" port: 33401 } } peers { permanent_uuid: "9cb2eb25af894789816f937b3b3c6374" member_type: VOTER last_known_addr { host: "127.2.107.195" port: 37337 } } peers { permanent_uuid: "c133c2d605454d959f62f993f0142a29" member_type: NON_VOTER last_known_addr { host: "127.2.107.196" port: 38613 } attrs { promote: true } } }
W20260601 13:31:27.258577  3191 consensus_peers.cc:597] T 3260d5948489423ab33957271c2d7dc6 P 1569b7d72e2944609e3180b65e46b2f7 -> Peer c133c2d605454d959f62f993f0142a29 (127.2.107.196:38613): Couldn't send request to peer c133c2d605454d959f62f993f0142a29. Error code: TABLET_NOT_FOUND (6). Status: Not found: Tablet not found: 3260d5948489423ab33957271c2d7dc6. This is attempt 1: this message will repeat every 5th retry.
I20260601 13:31:27.258733  3047 catalog_manager.cc:5696] T 3260d5948489423ab33957271c2d7dc6 P 1569b7d72e2944609e3180b65e46b2f7 reported cstate change: config changed from index -1 to 3, NON_VOTER c133c2d605454d959f62f993f0142a29 (127.2.107.196) added. New cstate: current_term: 2 leader_uuid: "1569b7d72e2944609e3180b65e46b2f7" committed_config { opid_index: 3 OBSOLETE_local: false peers { permanent_uuid: "82b9ed2d1be2447689d501ae075980b6" member_type: VOTER last_known_addr { host: "127.2.107.193" port: 33043 } attrs { replace: true } health_report { overall_health: HEALTHY } } peers { permanent_uuid: "1569b7d72e2944609e3180b65e46b2f7" member_type: VOTER last_known_addr { host: "127.2.107.194" port: 33401 } health_report { overall_health: HEALTHY } } peers { permanent_uuid: "9cb2eb25af894789816f937b3b3c6374" member_type: VOTER last_known_addr { host: "127.2.107.195" port: 37337 } health_report { overall_health: HEALTHY } } peers { permanent_uuid: "c133c2d605454d959f62f993f0142a29" member_type: NON_VOTER last_known_addr { host: "127.2.107.196" port: 38613 } attrs { promote: true } health_report { overall_health: UNKNOWN } } }
I20260601 13:31:27.259028  3227 consensus_queue.cc:237] T fafe96d7db9f4fe0bb8a2806d13cd202 P 1569b7d72e2944609e3180b65e46b2f7 [LEADER]: Queue going to LEADER mode. State: All replicated index: 0, Majority replicated index: 1, Committed index: 1, Last appended: 1.1, Last appended by leader: 0, Current term: 1, Majority size: 2, State: 0, Mode: LEADER, active raft config: opid_index: 2 OBSOLETE_local: false peers { permanent_uuid: "82b9ed2d1be2447689d501ae075980b6" member_type: VOTER last_known_addr { host: "127.2.107.193" port: 33043 } } peers { permanent_uuid: "1569b7d72e2944609e3180b65e46b2f7" member_type: VOTER last_known_addr { host: "127.2.107.194" port: 33401 } } peers { permanent_uuid: "9cb2eb25af894789816f937b3b3c6374" member_type: VOTER last_known_addr { host: "127.2.107.195" port: 37337 } attrs { replace: true } } peers { permanent_uuid: "c133c2d605454d959f62f993f0142a29" member_type: NON_VOTER last_known_addr { host: "127.2.107.196" port: 38613 } attrs { promote: true } }
I20260601 13:31:27.260413  3152 raft_consensus.cc:1275] T fafe96d7db9f4fe0bb8a2806d13cd202 P 82b9ed2d1be2447689d501ae075980b6 [term 1 FOLLOWER]: Refusing update from remote peer 1569b7d72e2944609e3180b65e46b2f7: Log matching property violated. Preceding OpId in replica: term: 1 index: 1. Preceding OpId from leader: term: 1 index: 2. (index mismatch)
I20260601 13:31:27.260807  3520 consensus_queue.cc:1048] T fafe96d7db9f4fe0bb8a2806d13cd202 P 1569b7d72e2944609e3180b65e46b2f7 [LEADER]: Connected to new peer: Peer: permanent_uuid: "82b9ed2d1be2447689d501ae075980b6" member_type: VOTER last_known_addr { host: "127.2.107.193" port: 33043 }, Status: LMP_MISMATCH, Last received: 0.0, Next index: 2, Last known committed idx: 1, Time since last communication: 0.000s
I20260601 13:31:27.261089  3303 raft_consensus.cc:1275] T fafe96d7db9f4fe0bb8a2806d13cd202 P 9cb2eb25af894789816f937b3b3c6374 [term 1 FOLLOWER]: Refusing update from remote peer 1569b7d72e2944609e3180b65e46b2f7: Log matching property violated. Preceding OpId in replica: term: 1 index: 1. Preceding OpId from leader: term: 1 index: 2. (index mismatch)
I20260601 13:31:27.261811  3520 consensus_queue.cc:1048] T fafe96d7db9f4fe0bb8a2806d13cd202 P 1569b7d72e2944609e3180b65e46b2f7 [LEADER]: Connected to new peer: Peer: permanent_uuid: "9cb2eb25af894789816f937b3b3c6374" member_type: VOTER last_known_addr { host: "127.2.107.195" port: 37337 } attrs { replace: true }, Status: LMP_MISMATCH, Last received: 0.0, Next index: 2, Last known committed idx: 1, Time since last communication: 0.000s
W20260601 13:31:27.262027  3191 consensus_peers.cc:597] T fafe96d7db9f4fe0bb8a2806d13cd202 P 1569b7d72e2944609e3180b65e46b2f7 -> Peer c133c2d605454d959f62f993f0142a29 (127.2.107.196:38613): Couldn't send request to peer c133c2d605454d959f62f993f0142a29. Error code: TABLET_NOT_FOUND (6). Status: Not found: Tablet not found: fafe96d7db9f4fe0bb8a2806d13cd202. This is attempt 1: this message will repeat every 5th retry.
I20260601 13:31:27.262842  3521 raft_consensus.cc:2955] T fafe96d7db9f4fe0bb8a2806d13cd202 P 1569b7d72e2944609e3180b65e46b2f7 [term 1 LEADER]: Committing config change with OpId 1.2: config changed from index -1 to 2, NON_VOTER c133c2d605454d959f62f993f0142a29 (127.2.107.196) added. New config: { opid_index: 2 OBSOLETE_local: false peers { permanent_uuid: "82b9ed2d1be2447689d501ae075980b6" member_type: VOTER last_known_addr { host: "127.2.107.193" port: 33043 } } peers { permanent_uuid: "1569b7d72e2944609e3180b65e46b2f7" member_type: VOTER last_known_addr { host: "127.2.107.194" port: 33401 } } peers { permanent_uuid: "9cb2eb25af894789816f937b3b3c6374" member_type: VOTER last_known_addr { host: "127.2.107.195" port: 37337 } attrs { replace: true } } peers { permanent_uuid: "c133c2d605454d959f62f993f0142a29" member_type: NON_VOTER last_known_addr { host: "127.2.107.196" port: 38613 } attrs { promote: true } } }
I20260601 13:31:27.263233  3152 raft_consensus.cc:2955] T fafe96d7db9f4fe0bb8a2806d13cd202 P 82b9ed2d1be2447689d501ae075980b6 [term 1 FOLLOWER]: Committing config change with OpId 1.2: config changed from index -1 to 2, NON_VOTER c133c2d605454d959f62f993f0142a29 (127.2.107.196) added. New config: { opid_index: 2 OBSOLETE_local: false peers { permanent_uuid: "82b9ed2d1be2447689d501ae075980b6" member_type: VOTER last_known_addr { host: "127.2.107.193" port: 33043 } } peers { permanent_uuid: "1569b7d72e2944609e3180b65e46b2f7" member_type: VOTER last_known_addr { host: "127.2.107.194" port: 33401 } } peers { permanent_uuid: "9cb2eb25af894789816f937b3b3c6374" member_type: VOTER last_known_addr { host: "127.2.107.195" port: 37337 } attrs { replace: true } } peers { permanent_uuid: "c133c2d605454d959f62f993f0142a29" member_type: NON_VOTER last_known_addr { host: "127.2.107.196" port: 38613 } attrs { promote: true } } }
I20260601 13:31:27.264034  3303 raft_consensus.cc:2955] T fafe96d7db9f4fe0bb8a2806d13cd202 P 9cb2eb25af894789816f937b3b3c6374 [term 1 FOLLOWER]: Committing config change with OpId 1.2: config changed from index -1 to 2, NON_VOTER c133c2d605454d959f62f993f0142a29 (127.2.107.196) added. New config: { opid_index: 2 OBSOLETE_local: false peers { permanent_uuid: "82b9ed2d1be2447689d501ae075980b6" member_type: VOTER last_known_addr { host: "127.2.107.193" port: 33043 } } peers { permanent_uuid: "1569b7d72e2944609e3180b65e46b2f7" member_type: VOTER last_known_addr { host: "127.2.107.194" port: 33401 } } peers { permanent_uuid: "9cb2eb25af894789816f937b3b3c6374" member_type: VOTER last_known_addr { host: "127.2.107.195" port: 37337 } attrs { replace: true } } peers { permanent_uuid: "c133c2d605454d959f62f993f0142a29" member_type: NON_VOTER last_known_addr { host: "127.2.107.196" port: 38613 } attrs { promote: true } } }
I20260601 13:31:27.265372  3049 catalog_manager.cc:5696] T fafe96d7db9f4fe0bb8a2806d13cd202 P 82b9ed2d1be2447689d501ae075980b6 reported cstate change: config changed from index -1 to 2, NON_VOTER c133c2d605454d959f62f993f0142a29 (127.2.107.196) added. New cstate: current_term: 1 leader_uuid: "1569b7d72e2944609e3180b65e46b2f7" committed_config { opid_index: 2 OBSOLETE_local: false peers { permanent_uuid: "82b9ed2d1be2447689d501ae075980b6" member_type: VOTER last_known_addr { host: "127.2.107.193" port: 33043 } } peers { permanent_uuid: "1569b7d72e2944609e3180b65e46b2f7" member_type: VOTER last_known_addr { host: "127.2.107.194" port: 33401 } } peers { permanent_uuid: "9cb2eb25af894789816f937b3b3c6374" member_type: VOTER last_known_addr { host: "127.2.107.195" port: 37337 } attrs { replace: true } } peers { permanent_uuid: "c133c2d605454d959f62f993f0142a29" member_type: NON_VOTER last_known_addr { host: "127.2.107.196" port: 38613 } attrs { promote: true } } }
I20260601 13:31:27.266969  3227 consensus_queue.cc:237] T 582f2d098ff741559c2e2045990dc899 P 1569b7d72e2944609e3180b65e46b2f7 [LEADER]: Queue going to LEADER mode. State: All replicated index: 0, Majority replicated index: 1, Committed index: 1, Last appended: 1.1, Last appended by leader: 0, Current term: 1, Majority size: 2, State: 0, Mode: LEADER, active raft config: opid_index: 2 OBSOLETE_local: false peers { permanent_uuid: "82b9ed2d1be2447689d501ae075980b6" member_type: VOTER last_known_addr { host: "127.2.107.193" port: 33043 } attrs { replace: true } } peers { permanent_uuid: "1569b7d72e2944609e3180b65e46b2f7" member_type: VOTER last_known_addr { host: "127.2.107.194" port: 33401 } } peers { permanent_uuid: "9cb2eb25af894789816f937b3b3c6374" member_type: VOTER last_known_addr { host: "127.2.107.195" port: 37337 } } peers { permanent_uuid: "c133c2d605454d959f62f993f0142a29" member_type: NON_VOTER last_known_addr { host: "127.2.107.196" port: 38613 } attrs { promote: true } }
I20260601 13:31:27.268481  3152 raft_consensus.cc:1275] T 582f2d098ff741559c2e2045990dc899 P 82b9ed2d1be2447689d501ae075980b6 [term 1 FOLLOWER]: Refusing update from remote peer 1569b7d72e2944609e3180b65e46b2f7: Log matching property violated. Preceding OpId in replica: term: 1 index: 1. Preceding OpId from leader: term: 1 index: 2. (index mismatch)
W20260601 13:31:27.268505  3191 consensus_peers.cc:597] T 582f2d098ff741559c2e2045990dc899 P 1569b7d72e2944609e3180b65e46b2f7 -> Peer c133c2d605454d959f62f993f0142a29 (127.2.107.196:38613): Couldn't send request to peer c133c2d605454d959f62f993f0142a29. Error code: TABLET_NOT_FOUND (6). Status: Not found: Tablet not found: 582f2d098ff741559c2e2045990dc899. This is attempt 1: this message will repeat every 5th retry.
I20260601 13:31:27.268854  3528 consensus_queue.cc:1048] T 582f2d098ff741559c2e2045990dc899 P 1569b7d72e2944609e3180b65e46b2f7 [LEADER]: Connected to new peer: Peer: permanent_uuid: "82b9ed2d1be2447689d501ae075980b6" member_type: VOTER last_known_addr { host: "127.2.107.193" port: 33043 } attrs { replace: true }, Status: LMP_MISMATCH, Last received: 0.0, Next index: 2, Last known committed idx: 1, Time since last communication: 0.000s
I20260601 13:31:27.268899  3303 raft_consensus.cc:1275] T 582f2d098ff741559c2e2045990dc899 P 9cb2eb25af894789816f937b3b3c6374 [term 1 FOLLOWER]: Refusing update from remote peer 1569b7d72e2944609e3180b65e46b2f7: Log matching property violated. Preceding OpId in replica: term: 1 index: 1. Preceding OpId from leader: term: 1 index: 2. (index mismatch)
I20260601 13:31:27.269290  3528 consensus_queue.cc:1048] T 582f2d098ff741559c2e2045990dc899 P 1569b7d72e2944609e3180b65e46b2f7 [LEADER]: Connected to new peer: Peer: permanent_uuid: "9cb2eb25af894789816f937b3b3c6374" member_type: VOTER last_known_addr { host: "127.2.107.195" port: 37337 }, Status: LMP_MISMATCH, Last received: 0.0, Next index: 2, Last known committed idx: 1, Time since last communication: 0.000s
I20260601 13:31:27.270704  3520 raft_consensus.cc:2955] T 582f2d098ff741559c2e2045990dc899 P 1569b7d72e2944609e3180b65e46b2f7 [term 1 LEADER]: Committing config change with OpId 1.2: config changed from index -1 to 2, NON_VOTER c133c2d605454d959f62f993f0142a29 (127.2.107.196) added. New config: { opid_index: 2 OBSOLETE_local: false peers { permanent_uuid: "82b9ed2d1be2447689d501ae075980b6" member_type: VOTER last_known_addr { host: "127.2.107.193" port: 33043 } attrs { replace: true } } peers { permanent_uuid: "1569b7d72e2944609e3180b65e46b2f7" member_type: VOTER last_known_addr { host: "127.2.107.194" port: 33401 } } peers { permanent_uuid: "9cb2eb25af894789816f937b3b3c6374" member_type: VOTER last_known_addr { host: "127.2.107.195" port: 37337 } } peers { permanent_uuid: "c133c2d605454d959f62f993f0142a29" member_type: NON_VOTER last_known_addr { host: "127.2.107.196" port: 38613 } attrs { promote: true } } }
I20260601 13:31:27.271207  3152 raft_consensus.cc:2955] T 582f2d098ff741559c2e2045990dc899 P 82b9ed2d1be2447689d501ae075980b6 [term 1 FOLLOWER]: Committing config change with OpId 1.2: config changed from index -1 to 2, NON_VOTER c133c2d605454d959f62f993f0142a29 (127.2.107.196) added. New config: { opid_index: 2 OBSOLETE_local: false peers { permanent_uuid: "82b9ed2d1be2447689d501ae075980b6" member_type: VOTER last_known_addr { host: "127.2.107.193" port: 33043 } attrs { replace: true } } peers { permanent_uuid: "1569b7d72e2944609e3180b65e46b2f7" member_type: VOTER last_known_addr { host: "127.2.107.194" port: 33401 } } peers { permanent_uuid: "9cb2eb25af894789816f937b3b3c6374" member_type: VOTER last_known_addr { host: "127.2.107.195" port: 37337 } } peers { permanent_uuid: "c133c2d605454d959f62f993f0142a29" member_type: NON_VOTER last_known_addr { host: "127.2.107.196" port: 38613 } attrs { promote: true } } }
I20260601 13:31:27.272987  3303 raft_consensus.cc:2955] T 582f2d098ff741559c2e2045990dc899 P 9cb2eb25af894789816f937b3b3c6374 [term 1 FOLLOWER]: Committing config change with OpId 1.2: config changed from index -1 to 2, NON_VOTER c133c2d605454d959f62f993f0142a29 (127.2.107.196) added. New config: { opid_index: 2 OBSOLETE_local: false peers { permanent_uuid: "82b9ed2d1be2447689d501ae075980b6" member_type: VOTER last_known_addr { host: "127.2.107.193" port: 33043 } attrs { replace: true } } peers { permanent_uuid: "1569b7d72e2944609e3180b65e46b2f7" member_type: VOTER last_known_addr { host: "127.2.107.194" port: 33401 } } peers { permanent_uuid: "9cb2eb25af894789816f937b3b3c6374" member_type: VOTER last_known_addr { host: "127.2.107.195" port: 37337 } } peers { permanent_uuid: "c133c2d605454d959f62f993f0142a29" member_type: NON_VOTER last_known_addr { host: "127.2.107.196" port: 38613 } attrs { promote: true } } }
I20260601 13:31:27.273046  3048 catalog_manager.cc:5696] T 582f2d098ff741559c2e2045990dc899 P 1569b7d72e2944609e3180b65e46b2f7 reported cstate change: config changed from index -1 to 2, NON_VOTER c133c2d605454d959f62f993f0142a29 (127.2.107.196) added. New cstate: current_term: 1 leader_uuid: "1569b7d72e2944609e3180b65e46b2f7" committed_config { opid_index: 2 OBSOLETE_local: false peers { permanent_uuid: "82b9ed2d1be2447689d501ae075980b6" member_type: VOTER last_known_addr { host: "127.2.107.193" port: 33043 } attrs { replace: true } health_report { overall_health: HEALTHY } } peers { permanent_uuid: "1569b7d72e2944609e3180b65e46b2f7" member_type: VOTER last_known_addr { host: "127.2.107.194" port: 33401 } health_report { overall_health: HEALTHY } } peers { permanent_uuid: "9cb2eb25af894789816f937b3b3c6374" member_type: VOTER last_known_addr { host: "127.2.107.195" port: 37337 } health_report { overall_health: UNKNOWN } } peers { permanent_uuid: "c133c2d605454d959f62f993f0142a29" member_type: NON_VOTER last_known_addr { host: "127.2.107.196" port: 38613 } attrs { promote: true } health_report { overall_health: UNKNOWN } } }
I20260601 13:31:27.438138  2479 tablet_server.cc:179] TabletServer@127.2.107.193:0 shutting down...
I20260601 13:31:27.442796  2479 ts_tablet_manager.cc:1507] Shutting down tablet manager...
I20260601 13:31:27.443045  2479 tablet_replica.cc:333] T c83c087f990c4d999336a06528191f1f P 82b9ed2d1be2447689d501ae075980b6: stopping tablet replica
I20260601 13:31:27.443197  2479 raft_consensus.cc:2243] T c83c087f990c4d999336a06528191f1f P 82b9ed2d1be2447689d501ae075980b6 [term 2 LEADER]: Raft consensus shutting down.
I20260601 13:31:27.443480  2479 raft_consensus.cc:2272] T c83c087f990c4d999336a06528191f1f P 82b9ed2d1be2447689d501ae075980b6 [term 2 FOLLOWER]: Raft consensus is shut down!
I20260601 13:31:27.443990  2479 tablet_replica.cc:333] T 3260d5948489423ab33957271c2d7dc6 P 82b9ed2d1be2447689d501ae075980b6: stopping tablet replica
I20260601 13:31:27.444120  2479 raft_consensus.cc:2243] T 3260d5948489423ab33957271c2d7dc6 P 82b9ed2d1be2447689d501ae075980b6 [term 2 FOLLOWER]: Raft consensus shutting down.
I20260601 13:31:27.444283  2479 raft_consensus.cc:2272] T 3260d5948489423ab33957271c2d7dc6 P 82b9ed2d1be2447689d501ae075980b6 [term 2 FOLLOWER]: Raft consensus is shut down!
I20260601 13:31:27.444764  2479 tablet_replica.cc:333] T c3d7c272598c4769a5ad60f38ea2c1a5 P 82b9ed2d1be2447689d501ae075980b6: stopping tablet replica
I20260601 13:31:27.444882  2479 raft_consensus.cc:2243] T c3d7c272598c4769a5ad60f38ea2c1a5 P 82b9ed2d1be2447689d501ae075980b6 [term 1 LEADER]: Raft consensus shutting down.
I20260601 13:31:27.445101  2479 raft_consensus.cc:2272] T c3d7c272598c4769a5ad60f38ea2c1a5 P 82b9ed2d1be2447689d501ae075980b6 [term 1 FOLLOWER]: Raft consensus is shut down!
I20260601 13:31:27.445577  2479 tablet_replica.cc:333] T 57945c893b114f51a6317f5b5b0e4217 P 82b9ed2d1be2447689d501ae075980b6: stopping tablet replica
I20260601 13:31:27.445688  2479 raft_consensus.cc:2243] T 57945c893b114f51a6317f5b5b0e4217 P 82b9ed2d1be2447689d501ae075980b6 [term 1 LEADER]: Raft consensus shutting down.
I20260601 13:31:27.445873  2479 raft_consensus.cc:2272] T 57945c893b114f51a6317f5b5b0e4217 P 82b9ed2d1be2447689d501ae075980b6 [term 1 FOLLOWER]: Raft consensus is shut down!
I20260601 13:31:27.446230  2479 tablet_replica.cc:333] T 582f2d098ff741559c2e2045990dc899 P 82b9ed2d1be2447689d501ae075980b6: stopping tablet replica
I20260601 13:31:27.446349  2479 raft_consensus.cc:2243] T 582f2d098ff741559c2e2045990dc899 P 82b9ed2d1be2447689d501ae075980b6 [term 1 FOLLOWER]: Raft consensus shutting down.
I20260601 13:31:27.446465  2479 raft_consensus.cc:2272] T 582f2d098ff741559c2e2045990dc899 P 82b9ed2d1be2447689d501ae075980b6 [term 1 FOLLOWER]: Raft consensus is shut down!
I20260601 13:31:27.446928  2479 tablet_replica.cc:333] T aabb5e540ac044ef872798b803a39438 P 82b9ed2d1be2447689d501ae075980b6: stopping tablet replica
I20260601 13:31:27.447037  2479 raft_consensus.cc:2243] T aabb5e540ac044ef872798b803a39438 P 82b9ed2d1be2447689d501ae075980b6 [term 1 FOLLOWER]: Raft consensus shutting down.
I20260601 13:31:27.447142  2479 raft_consensus.cc:2272] T aabb5e540ac044ef872798b803a39438 P 82b9ed2d1be2447689d501ae075980b6 [term 1 FOLLOWER]: Raft consensus is shut down!
I20260601 13:31:27.447463  2479 tablet_replica.cc:333] T c2c4c6c66b8342beae56de7a71174670 P 82b9ed2d1be2447689d501ae075980b6: stopping tablet replica
I20260601 13:31:27.447568  2479 raft_consensus.cc:2243] T c2c4c6c66b8342beae56de7a71174670 P 82b9ed2d1be2447689d501ae075980b6 [term 1 FOLLOWER]: Raft consensus shutting down.
I20260601 13:31:27.447660  2479 raft_consensus.cc:2272] T c2c4c6c66b8342beae56de7a71174670 P 82b9ed2d1be2447689d501ae075980b6 [term 1 FOLLOWER]: Raft consensus is shut down!
I20260601 13:31:27.448007  2479 tablet_replica.cc:333] T fafe96d7db9f4fe0bb8a2806d13cd202 P 82b9ed2d1be2447689d501ae075980b6: stopping tablet replica
I20260601 13:31:27.448112  2479 raft_consensus.cc:2243] T fafe96d7db9f4fe0bb8a2806d13cd202 P 82b9ed2d1be2447689d501ae075980b6 [term 1 FOLLOWER]: Raft consensus shutting down.
I20260601 13:31:27.448210  2479 raft_consensus.cc:2272] T fafe96d7db9f4fe0bb8a2806d13cd202 P 82b9ed2d1be2447689d501ae075980b6 [term 1 FOLLOWER]: Raft consensus is shut down!
I20260601 13:31:27.462425  2479 tablet_server.cc:196] TabletServer@127.2.107.193:0 shutdown complete.
I20260601 13:31:27.465631  2479 tablet_server.cc:179] TabletServer@127.2.107.194:0 shutting down...
I20260601 13:31:27.470944  2479 ts_tablet_manager.cc:1507] Shutting down tablet manager...
I20260601 13:31:27.471168  2479 tablet_replica.cc:333] T fafe96d7db9f4fe0bb8a2806d13cd202 P 1569b7d72e2944609e3180b65e46b2f7: stopping tablet replica
I20260601 13:31:27.471302  2479 raft_consensus.cc:2243] T fafe96d7db9f4fe0bb8a2806d13cd202 P 1569b7d72e2944609e3180b65e46b2f7 [term 1 LEADER]: Raft consensus shutting down.
I20260601 13:31:27.471561  2479 raft_consensus.cc:2272] T fafe96d7db9f4fe0bb8a2806d13cd202 P 1569b7d72e2944609e3180b65e46b2f7 [term 1 FOLLOWER]: Raft consensus is shut down!
I20260601 13:31:27.472208  2479 tablet_replica.cc:333] T 582f2d098ff741559c2e2045990dc899 P 1569b7d72e2944609e3180b65e46b2f7: stopping tablet replica
I20260601 13:31:27.472317  2479 raft_consensus.cc:2243] T 582f2d098ff741559c2e2045990dc899 P 1569b7d72e2944609e3180b65e46b2f7 [term 1 LEADER]: Raft consensus shutting down.
I20260601 13:31:27.472514  2479 raft_consensus.cc:2272] T 582f2d098ff741559c2e2045990dc899 P 1569b7d72e2944609e3180b65e46b2f7 [term 1 FOLLOWER]: Raft consensus is shut down!
I20260601 13:31:27.473064  2479 tablet_replica.cc:333] T aabb5e540ac044ef872798b803a39438 P 1569b7d72e2944609e3180b65e46b2f7: stopping tablet replica
I20260601 13:31:27.473167  2479 raft_consensus.cc:2243] T aabb5e540ac044ef872798b803a39438 P 1569b7d72e2944609e3180b65e46b2f7 [term 1 FOLLOWER]: Raft consensus shutting down.
I20260601 13:31:27.473259  2479 raft_consensus.cc:2272] T aabb5e540ac044ef872798b803a39438 P 1569b7d72e2944609e3180b65e46b2f7 [term 1 FOLLOWER]: Raft consensus is shut down!
I20260601 13:31:27.473599  2479 tablet_replica.cc:333] T c3d7c272598c4769a5ad60f38ea2c1a5 P 1569b7d72e2944609e3180b65e46b2f7: stopping tablet replica
I20260601 13:31:27.473695  2479 raft_consensus.cc:2243] T c3d7c272598c4769a5ad60f38ea2c1a5 P 1569b7d72e2944609e3180b65e46b2f7 [term 1 FOLLOWER]: Raft consensus shutting down.
I20260601 13:31:27.473794  2479 raft_consensus.cc:2272] T c3d7c272598c4769a5ad60f38ea2c1a5 P 1569b7d72e2944609e3180b65e46b2f7 [term 1 FOLLOWER]: Raft consensus is shut down!
I20260601 13:31:27.474313  2479 tablet_replica.cc:333] T 57945c893b114f51a6317f5b5b0e4217 P 1569b7d72e2944609e3180b65e46b2f7: stopping tablet replica
I20260601 13:31:27.474414  2479 raft_consensus.cc:2243] T 57945c893b114f51a6317f5b5b0e4217 P 1569b7d72e2944609e3180b65e46b2f7 [term 1 FOLLOWER]: Raft consensus shutting down.
I20260601 13:31:27.474506  2479 raft_consensus.cc:2272] T 57945c893b114f51a6317f5b5b0e4217 P 1569b7d72e2944609e3180b65e46b2f7 [term 1 FOLLOWER]: Raft consensus is shut down!
I20260601 13:31:27.474843  2479 tablet_replica.cc:333] T c83c087f990c4d999336a06528191f1f P 1569b7d72e2944609e3180b65e46b2f7: stopping tablet replica
I20260601 13:31:27.474948  2479 raft_consensus.cc:2243] T c83c087f990c4d999336a06528191f1f P 1569b7d72e2944609e3180b65e46b2f7 [term 2 FOLLOWER]: Raft consensus shutting down.
I20260601 13:31:27.475039  2479 raft_consensus.cc:2272] T c83c087f990c4d999336a06528191f1f P 1569b7d72e2944609e3180b65e46b2f7 [term 2 FOLLOWER]: Raft consensus is shut down!
I20260601 13:31:27.475373  2479 tablet_replica.cc:333] T c2c4c6c66b8342beae56de7a71174670 P 1569b7d72e2944609e3180b65e46b2f7: stopping tablet replica
I20260601 13:31:27.475466  2479 raft_consensus.cc:2243] T c2c4c6c66b8342beae56de7a71174670 P 1569b7d72e2944609e3180b65e46b2f7 [term 1 FOLLOWER]: Raft consensus shutting down.
I20260601 13:31:27.475553  2479 raft_consensus.cc:2272] T c2c4c6c66b8342beae56de7a71174670 P 1569b7d72e2944609e3180b65e46b2f7 [term 1 FOLLOWER]: Raft consensus is shut down!
I20260601 13:31:27.475912  2479 tablet_replica.cc:333] T 3260d5948489423ab33957271c2d7dc6 P 1569b7d72e2944609e3180b65e46b2f7: stopping tablet replica
I20260601 13:31:27.475998  2479 raft_consensus.cc:2243] T 3260d5948489423ab33957271c2d7dc6 P 1569b7d72e2944609e3180b65e46b2f7 [term 2 LEADER]: Raft consensus shutting down.
I20260601 13:31:27.476217  2479 raft_consensus.cc:2272] T 3260d5948489423ab33957271c2d7dc6 P 1569b7d72e2944609e3180b65e46b2f7 [term 2 FOLLOWER]: Raft consensus is shut down!
I20260601 13:31:27.480525  2479 tablet_server.cc:196] TabletServer@127.2.107.194:0 shutdown complete.
I20260601 13:31:27.483006  2479 tablet_server.cc:179] TabletServer@127.2.107.195:0 shutting down...
I20260601 13:31:27.489645  2479 ts_tablet_manager.cc:1507] Shutting down tablet manager...
I20260601 13:31:27.489876  2479 tablet_replica.cc:333] T c83c087f990c4d999336a06528191f1f P 9cb2eb25af894789816f937b3b3c6374: stopping tablet replica
I20260601 13:31:27.490046  2479 raft_consensus.cc:2243] T c83c087f990c4d999336a06528191f1f P 9cb2eb25af894789816f937b3b3c6374 [term 2 FOLLOWER]: Raft consensus shutting down.
I20260601 13:31:27.490195  2479 raft_consensus.cc:2272] T c83c087f990c4d999336a06528191f1f P 9cb2eb25af894789816f937b3b3c6374 [term 2 FOLLOWER]: Raft consensus is shut down!
I20260601 13:31:27.490702  2479 tablet_replica.cc:333] T 3260d5948489423ab33957271c2d7dc6 P 9cb2eb25af894789816f937b3b3c6374: stopping tablet replica
I20260601 13:31:27.490831  2479 raft_consensus.cc:2243] T 3260d5948489423ab33957271c2d7dc6 P 9cb2eb25af894789816f937b3b3c6374 [term 2 FOLLOWER]: Raft consensus shutting down.
I20260601 13:31:27.490973  2479 raft_consensus.cc:2272] T 3260d5948489423ab33957271c2d7dc6 P 9cb2eb25af894789816f937b3b3c6374 [term 2 FOLLOWER]: Raft consensus is shut down!
I20260601 13:31:27.491461  2479 tablet_replica.cc:333] T aabb5e540ac044ef872798b803a39438 P 9cb2eb25af894789816f937b3b3c6374: stopping tablet replica
I20260601 13:31:27.491559  2479 raft_consensus.cc:2243] T aabb5e540ac044ef872798b803a39438 P 9cb2eb25af894789816f937b3b3c6374 [term 1 LEADER]: Raft consensus shutting down.
I20260601 13:31:27.491751  2479 raft_consensus.cc:2272] T aabb5e540ac044ef872798b803a39438 P 9cb2eb25af894789816f937b3b3c6374 [term 1 FOLLOWER]: Raft consensus is shut down!
I20260601 13:31:27.492081  2479 tablet_replica.cc:333] T 582f2d098ff741559c2e2045990dc899 P 9cb2eb25af894789816f937b3b3c6374: stopping tablet replica
I20260601 13:31:27.492184  2479 raft_consensus.cc:2243] T 582f2d098ff741559c2e2045990dc899 P 9cb2eb25af894789816f937b3b3c6374 [term 1 FOLLOWER]: Raft consensus shutting down.
I20260601 13:31:27.492300  2479 raft_consensus.cc:2272] T 582f2d098ff741559c2e2045990dc899 P 9cb2eb25af894789816f937b3b3c6374 [term 1 FOLLOWER]: Raft consensus is shut down!
I20260601 13:31:27.492777  2479 tablet_replica.cc:333] T fafe96d7db9f4fe0bb8a2806d13cd202 P 9cb2eb25af894789816f937b3b3c6374: stopping tablet replica
I20260601 13:31:27.492882  2479 raft_consensus.cc:2243] T fafe96d7db9f4fe0bb8a2806d13cd202 P 9cb2eb25af894789816f937b3b3c6374 [term 1 FOLLOWER]: Raft consensus shutting down.
I20260601 13:31:27.492987  2479 raft_consensus.cc:2272] T fafe96d7db9f4fe0bb8a2806d13cd202 P 9cb2eb25af894789816f937b3b3c6374 [term 1 FOLLOWER]: Raft consensus is shut down!
I20260601 13:31:27.493428  2479 tablet_replica.cc:333] T c3d7c272598c4769a5ad60f38ea2c1a5 P 9cb2eb25af894789816f937b3b3c6374: stopping tablet replica
I20260601 13:31:27.493498  2479 raft_consensus.cc:2243] T c3d7c272598c4769a5ad60f38ea2c1a5 P 9cb2eb25af894789816f937b3b3c6374 [term 1 FOLLOWER]: Raft consensus shutting down.
I20260601 13:31:27.493623  2479 raft_consensus.cc:2272] T c3d7c272598c4769a5ad60f38ea2c1a5 P 9cb2eb25af894789816f937b3b3c6374 [term 1 FOLLOWER]: Raft consensus is shut down!
I20260601 13:31:27.494141  2479 tablet_replica.cc:333] T 57945c893b114f51a6317f5b5b0e4217 P 9cb2eb25af894789816f937b3b3c6374: stopping tablet replica
I20260601 13:31:27.494215  2479 raft_consensus.cc:2243] T 57945c893b114f51a6317f5b5b0e4217 P 9cb2eb25af894789816f937b3b3c6374 [term 1 FOLLOWER]: Raft consensus shutting down.
I20260601 13:31:27.494339  2479 raft_consensus.cc:2272] T 57945c893b114f51a6317f5b5b0e4217 P 9cb2eb25af894789816f937b3b3c6374 [term 1 FOLLOWER]: Raft consensus is shut down!
I20260601 13:31:27.494679  2479 tablet_replica.cc:333] T c2c4c6c66b8342beae56de7a71174670 P 9cb2eb25af894789816f937b3b3c6374: stopping tablet replica
I20260601 13:31:27.494766  2479 raft_consensus.cc:2243] T c2c4c6c66b8342beae56de7a71174670 P 9cb2eb25af894789816f937b3b3c6374 [term 1 LEADER]: Raft consensus shutting down.
I20260601 13:31:27.494971  2479 raft_consensus.cc:2272] T c2c4c6c66b8342beae56de7a71174670 P 9cb2eb25af894789816f937b3b3c6374 [term 1 FOLLOWER]: Raft consensus is shut down!
I20260601 13:31:27.508425  2479 tablet_server.cc:196] TabletServer@127.2.107.195:0 shutdown complete.
I20260601 13:31:27.511162  2479 tablet_server.cc:179] TabletServer@127.2.107.196:0 shutting down...
I20260601 13:31:27.515540  2479 ts_tablet_manager.cc:1507] Shutting down tablet manager...
I20260601 13:31:27.527770  2479 tablet_server.cc:196] TabletServer@127.2.107.196:0 shutdown complete.
I20260601 13:31:27.530157  2479 master.cc:562] Master@127.2.107.254:42875 shutting down...
W20260601 13:31:27.534981  3097 auto_rebalancer.cc:835] Removing replace marker failed: Catalog manager is not initialized. State: Closing
W20260601 13:31:27.535105  3097 auto_rebalancer.cc:863] Could not move replica: Service unavailable: Catalog manager is not initialized. State: Closing
W20260601 13:31:27.535146  3097 auto_rebalancer.cc:300] scheduled replica move failed to complete: Service unavailable: Catalog manager is not initialized. State: Closing
I20260601 13:31:27.535578  2479 raft_consensus.cc:2243] T 00000000000000000000000000000000 P f37984e719234b20b09136ab25c001e8 [term 1 LEADER]: Raft consensus shutting down.
I20260601 13:31:27.535763  2479 raft_consensus.cc:2272] T 00000000000000000000000000000000 P f37984e719234b20b09136ab25c001e8 [term 1 FOLLOWER]: Raft consensus is shut down!
I20260601 13:31:27.535861  2479 tablet_replica.cc:333] T 00000000000000000000000000000000 P f37984e719234b20b09136ab25c001e8: stopping tablet replica
I20260601 13:31:27.538559  2479 master.cc:584] Master@127.2.107.254:42875 shutdown complete.
[       OK ] AutoRebalancerTest.AutoRebalancingTurnOffAndOn (7354 ms)
[ RUN      ] AutoRebalancerTest.NextLeaderResumesAutoRebalancing
I20260601 13:31:27.549496  2479 internal_mini_cluster.cc:156] Creating distributed mini masters. Addrs: 127.2.107.254:40197,127.2.107.253:36325,127.2.107.252:37793
I20260601 13:31:27.550014  2479 file_cache.cc:492] Constructed file cache file cache with capacity 419430
W20260601 13:31:27.552246  3533 instance_detector.cc:116] could not retrieve Azure instance metadata: Network error: curl error: HTTP response code said error: The requested URL returned error: 404
W20260601 13:31:27.552348  3532 instance_detector.cc:116] could not retrieve AWS instance metadata: Network error: curl error: HTTP response code said error: The requested URL returned error: 404
I20260601 13:31:27.552462  2479 server_base.cc:1061] running on GCE node
W20260601 13:31:27.552392  3535 instance_detector.cc:116] could not retrieve OpenStack instance metadata: Network error: curl error: HTTP response code said error: The requested URL returned error: 404
I20260601 13:31:27.552791  2479 hybrid_clock.cc:584] initializing the hybrid clock with 'system_unsync' time source
W20260601 13:31:27.552855  2479 system_unsync_time.cc:38] NTP support is disabled. Clock error bounds will not be accurate. This configuration is not suitable for distributed clusters.
I20260601 13:31:27.552881  2479 hybrid_clock.cc:648] HybridClock initialized: now 1780320687552879 us; error 0 us; skew 500 ppm
I20260601 13:31:27.553779  2479 webserver.cc:533] Webserver started at http://127.2.107.254:32867/ using document root <none> and password file <none>
I20260601 13:31:27.554021  2479 fs_manager.cc:362] Metadata directory not provided
I20260601 13:31:27.554092  2479 fs_manager.cc:368] Using write-ahead log directory (fs_wal_dir) as metadata directory
I20260601 13:31:27.554176  2479 server_base.cc:909] This appears to be a new deployment of Kudu; creating new FS layout
I20260601 13:31:27.554586  2479 fs_manager.cc:1068] Generated new instance metadata in path /tmp/dist-test-taskplwlyb/test-tmp/auto_rebalancer-test.0.AutoRebalancerTest.NextLeaderResumesAutoRebalancing.1780320677586322-2479-0/minicluster-data/master-0-root/instance:
uuid: "9c0250f71812467aa28d5319d15abb5d"
format_stamp: "Formatted at 2026-06-01 13:31:27 on dist-test-slave-12bh"
I20260601 13:31:27.556138  2479 fs_manager.cc:696] Time spent creating directory manager: real 0.001s	user 0.002s	sys 0.000s
I20260601 13:31:27.557158  3540 log_block_manager.cc:4031] Time spent loading block containers with low live blocks: real 0.000s	user 0.000s	sys 0.000s
I20260601 13:31:27.557512  2479 fs_manager.cc:730] Time spent opening block manager: real 0.001s	user 0.001s	sys 0.000s
I20260601 13:31:27.557621  2479 fs_manager.cc:647] Opened local filesystem: /tmp/dist-test-taskplwlyb/test-tmp/auto_rebalancer-test.0.AutoRebalancerTest.NextLeaderResumesAutoRebalancing.1780320677586322-2479-0/minicluster-data/master-0-root
uuid: "9c0250f71812467aa28d5319d15abb5d"
format_stamp: "Formatted at 2026-06-01 13:31:27 on dist-test-slave-12bh"
I20260601 13:31:27.557720  2479 fs_report.cc:389] FS layout report
--------------------
wal directory: /tmp/dist-test-taskplwlyb/test-tmp/auto_rebalancer-test.0.AutoRebalancerTest.NextLeaderResumesAutoRebalancing.1780320677586322-2479-0/minicluster-data/master-0-root
metadata directory: /tmp/dist-test-taskplwlyb/test-tmp/auto_rebalancer-test.0.AutoRebalancerTest.NextLeaderResumesAutoRebalancing.1780320677586322-2479-0/minicluster-data/master-0-root
1 data directories: /tmp/dist-test-taskplwlyb/test-tmp/auto_rebalancer-test.0.AutoRebalancerTest.NextLeaderResumesAutoRebalancing.1780320677586322-2479-0/minicluster-data/master-0-root/data
Total live blocks: 0
Total live bytes: 0
Total live bytes (after alignment): 0
Total number of LBM containers: 0 (0 full)
Did not check for missing blocks
Did not check for orphaned blocks
Total full LBM containers with extra space: 0 (0 repaired)
Total full LBM container extra space in bytes: 0 (0 repaired)
Total incomplete LBM containers: 0 (0 repaired)
Total LBM partial records: 0 (0 repaired)
Total corrupted LBM metadata records in RocksDB: 0 (0 repaired)
I20260601 13:31:27.565207  2479 rpc_server.cc:225] running with OpenSSL 1.1.1  11 Sep 2018
I20260601 13:31:27.565620  2479 kserver.cc:163] Server-wide thread pool size limit: 3276
I20260601 13:31:27.569990  2479 rpc_server.cc:307] RPC server started. Bound to: 127.2.107.254:40197
I20260601 13:31:27.571419  2479 file_cache.cc:492] Constructed file cache file cache with capacity 419430
