I20260601 13:31:30.106488 32606 server_base.cc:909] This appears to be a new deployment of Kudu; creating new FS layout
I20260601 13:31:30.106806 32606 fs_manager.cc:1068] Generated new instance metadata in path /tmp/dist-test-taskJRcFWy/test-tmp/auto_rebalancer-test.0.AutoRebalancerTest.MovesScheduledIfAddTserver.1780320675759515-32606-0/minicluster-data/ts-0-root/instance:
uuid: "33038db707da4719bf5313b6ab520847"
format_stamp: "Formatted at 2026-06-01 13:31:30 on dist-test-slave-0cjc"
I20260601 13:31:30.108075 32606 fs_manager.cc:696] Time spent creating directory manager: real 0.001s	user 0.001s	sys 0.000s
I20260601 13:31:30.108922  1831 log_block_manager.cc:4031] Time spent loading block containers with low live blocks: real 0.000s	user 0.000s	sys 0.000s
I20260601 13:31:30.109159 32606 fs_manager.cc:730] Time spent opening block manager: real 0.001s	user 0.000s	sys 0.000s
I20260601 13:31:30.109237 32606 fs_manager.cc:647] Opened local filesystem: /tmp/dist-test-taskJRcFWy/test-tmp/auto_rebalancer-test.0.AutoRebalancerTest.MovesScheduledIfAddTserver.1780320675759515-32606-0/minicluster-data/ts-0-root
uuid: "33038db707da4719bf5313b6ab520847"
format_stamp: "Formatted at 2026-06-01 13:31:30 on dist-test-slave-0cjc"
I20260601 13:31:30.109330 32606 fs_report.cc:389] FS layout report
--------------------
wal directory: /tmp/dist-test-taskJRcFWy/test-tmp/auto_rebalancer-test.0.AutoRebalancerTest.MovesScheduledIfAddTserver.1780320675759515-32606-0/minicluster-data/ts-0-root
metadata directory: /tmp/dist-test-taskJRcFWy/test-tmp/auto_rebalancer-test.0.AutoRebalancerTest.MovesScheduledIfAddTserver.1780320675759515-32606-0/minicluster-data/ts-0-root
1 data directories: /tmp/dist-test-taskJRcFWy/test-tmp/auto_rebalancer-test.0.AutoRebalancerTest.MovesScheduledIfAddTserver.1780320675759515-32606-0/minicluster-data/ts-0-root/data
Total live blocks: 0
Total live bytes: 0
Total live bytes (after alignment): 0
Total number of LBM containers: 0 (0 full)
Did not check for missing blocks
Did not check for orphaned blocks
Total full LBM containers with extra space: 0 (0 repaired)
Total full LBM container extra space in bytes: 0 (0 repaired)
Total incomplete LBM containers: 0 (0 repaired)
Total LBM partial records: 0 (0 repaired)
Total corrupted LBM metadata records in RocksDB: 0 (0 repaired)
I20260601 13:31:30.127487 32606 rpc_server.cc:225] running with OpenSSL 1.1.1  11 Sep 2018
I20260601 13:31:30.127818 32606 kserver.cc:163] Server-wide thread pool size limit: 3276
I20260601 13:31:30.128074 32606 txn_system_client.cc:432] TxnSystemClient initialization is disabled...
I20260601 13:31:30.128542 32606 ts_tablet_manager.cc:585] Loaded tablet metadata (0 total tablets, 0 live tablets)
I20260601 13:31:30.128628 32606 ts_tablet_manager.cc:531] Time spent load tablet metadata: real 0.000s	user 0.000s	sys 0.000s
I20260601 13:31:30.128670 32606 ts_tablet_manager.cc:616] Registered 0 tablets
I20260601 13:31:30.128717 32606 ts_tablet_manager.cc:595] Time spent register tablets: real 0.000s	user 0.000s	sys 0.000s
I20260601 13:31:30.132529 32606 rpc_server.cc:307] RPC server started. Bound to: 127.31.215.129:32903
I20260601 13:31:30.132560  1894 acceptor_pool.cc:272] collecting diagnostics on the listening RPC socket 127.31.215.129:32903 every 8 connection(s)
I20260601 13:31:30.133380 32606 file_cache.cc:492] Constructed file cache file cache with capacity 419430
W20260601 13:31:30.135004  1899 instance_detector.cc:116] could not retrieve AWS instance metadata: Network error: curl error: HTTP response code said error: The requested URL returned error: 404
W20260601 13:31:30.135073  1900 instance_detector.cc:116] could not retrieve Azure instance metadata: Network error: curl error: HTTP response code said error: The requested URL returned error: 404
W20260601 13:31:30.135015  1902 instance_detector.cc:116] could not retrieve OpenStack instance metadata: Network error: curl error: HTTP response code said error: The requested URL returned error: 404
I20260601 13:31:30.135394 32606 server_base.cc:1061] running on GCE node
I20260601 13:31:30.135566 32606 hybrid_clock.cc:584] initializing the hybrid clock with 'system_unsync' time source
W20260601 13:31:30.135622 32606 system_unsync_time.cc:38] NTP support is disabled. Clock error bounds will not be accurate. This configuration is not suitable for distributed clusters.
I20260601 13:31:30.135656 32606 hybrid_clock.cc:648] HybridClock initialized: now 1780320690135654 us; error 0 us; skew 500 ppm
I20260601 13:31:30.136523 32606 webserver.cc:533] Webserver started at http://127.31.215.130:34477/ using document root <none> and password file <none>
I20260601 13:31:30.136656 32606 fs_manager.cc:362] Metadata directory not provided
I20260601 13:31:30.136729 32606 fs_manager.cc:368] Using write-ahead log directory (fs_wal_dir) as metadata directory
I20260601 13:31:30.136793 32606 server_base.cc:909] This appears to be a new deployment of Kudu; creating new FS layout
I20260601 13:31:30.137172 32606 fs_manager.cc:1068] Generated new instance metadata in path /tmp/dist-test-taskJRcFWy/test-tmp/auto_rebalancer-test.0.AutoRebalancerTest.MovesScheduledIfAddTserver.1780320675759515-32606-0/minicluster-data/ts-1-root/instance:
uuid: "2a8dec4214344868952bec944ff7744d"
format_stamp: "Formatted at 2026-06-01 13:31:30 on dist-test-slave-0cjc"
I20260601 13:31:30.138458 32606 fs_manager.cc:696] Time spent creating directory manager: real 0.001s	user 0.001s	sys 0.000s
I20260601 13:31:30.139525  1907 log_block_manager.cc:4031] Time spent loading block containers with low live blocks: real 0.000s	user 0.000s	sys 0.000s
I20260601 13:31:30.139845 32606 fs_manager.cc:730] Time spent opening block manager: real 0.001s	user 0.001s	sys 0.000s
I20260601 13:31:30.139937 32606 fs_manager.cc:647] Opened local filesystem: /tmp/dist-test-taskJRcFWy/test-tmp/auto_rebalancer-test.0.AutoRebalancerTest.MovesScheduledIfAddTserver.1780320675759515-32606-0/minicluster-data/ts-1-root
uuid: "2a8dec4214344868952bec944ff7744d"
format_stamp: "Formatted at 2026-06-01 13:31:30 on dist-test-slave-0cjc"
I20260601 13:31:30.140070 32606 fs_report.cc:389] FS layout report
--------------------
wal directory: /tmp/dist-test-taskJRcFWy/test-tmp/auto_rebalancer-test.0.AutoRebalancerTest.MovesScheduledIfAddTserver.1780320675759515-32606-0/minicluster-data/ts-1-root
metadata directory: /tmp/dist-test-taskJRcFWy/test-tmp/auto_rebalancer-test.0.AutoRebalancerTest.MovesScheduledIfAddTserver.1780320675759515-32606-0/minicluster-data/ts-1-root
1 data directories: /tmp/dist-test-taskJRcFWy/test-tmp/auto_rebalancer-test.0.AutoRebalancerTest.MovesScheduledIfAddTserver.1780320675759515-32606-0/minicluster-data/ts-1-root/data
Total live blocks: 0
Total live bytes: 0
Total live bytes (after alignment): 0
Total number of LBM containers: 0 (0 full)
Did not check for missing blocks
Did not check for orphaned blocks
Total full LBM containers with extra space: 0 (0 repaired)
Total full LBM container extra space in bytes: 0 (0 repaired)
Total incomplete LBM containers: 0 (0 repaired)
Total LBM partial records: 0 (0 repaired)
Total corrupted LBM metadata records in RocksDB: 0 (0 repaired)
I20260601 13:31:30.141168  1895 heartbeater.cc:344] Connected to a master server at 127.31.215.190:41177
I20260601 13:31:30.141284  1895 heartbeater.cc:461] Registering TS with master...
I20260601 13:31:30.141482  1895 heartbeater.cc:507] Master 127.31.215.190:41177 requested a full tablet report, sending...
I20260601 13:31:30.142038  1765 ts_manager.cc:194] Registered new tserver with Master: 33038db707da4719bf5313b6ab520847 (127.31.215.129:32903)
I20260601 13:31:30.142702  1765 master_service.cc:502] Signed X509 certificate for tserver {username='slave'} at 127.0.0.1:34422
I20260601 13:31:30.157081 32606 rpc_server.cc:225] running with OpenSSL 1.1.1  11 Sep 2018
I20260601 13:31:30.157424 32606 kserver.cc:163] Server-wide thread pool size limit: 3276
I20260601 13:31:30.157704 32606 txn_system_client.cc:432] TxnSystemClient initialization is disabled...
I20260601 13:31:30.158138 32606 ts_tablet_manager.cc:585] Loaded tablet metadata (0 total tablets, 0 live tablets)
I20260601 13:31:30.158175 32606 ts_tablet_manager.cc:531] Time spent load tablet metadata: real 0.000s	user 0.000s	sys 0.000s
I20260601 13:31:30.158236 32606 ts_tablet_manager.cc:616] Registered 0 tablets
I20260601 13:31:30.158274 32606 ts_tablet_manager.cc:595] Time spent register tablets: real 0.000s	user 0.000s	sys 0.000s
I20260601 13:31:30.162477 32606 rpc_server.cc:307] RPC server started. Bound to: 127.31.215.130:41617
I20260601 13:31:30.162497  1970 acceptor_pool.cc:272] collecting diagnostics on the listening RPC socket 127.31.215.130:41617 every 8 connection(s)
I20260601 13:31:30.163345 32606 file_cache.cc:492] Constructed file cache file cache with capacity 419430
W20260601 13:31:30.165228  1975 instance_detector.cc:116] could not retrieve Azure instance metadata: Network error: curl error: HTTP response code said error: The requested URL returned error: 404
W20260601 13:31:30.165503  1974 instance_detector.cc:116] could not retrieve AWS instance metadata: Network error: curl error: HTTP response code said error: The requested URL returned error: 404
I20260601 13:31:30.165544 32606 server_base.cc:1061] running on GCE node
W20260601 13:31:30.165652  1977 instance_detector.cc:116] could not retrieve OpenStack instance metadata: Network error: curl error: HTTP response code said error: The requested URL returned error: 404
I20260601 13:31:30.165915 32606 hybrid_clock.cc:584] initializing the hybrid clock with 'system_unsync' time source
W20260601 13:31:30.166025 32606 system_unsync_time.cc:38] NTP support is disabled. Clock error bounds will not be accurate. This configuration is not suitable for distributed clusters.
I20260601 13:31:30.166069 32606 hybrid_clock.cc:648] HybridClock initialized: now 1780320690166068 us; error 0 us; skew 500 ppm
I20260601 13:31:30.166963 32606 webserver.cc:533] Webserver started at http://127.31.215.131:34267/ using document root <none> and password file <none>
I20260601 13:31:30.167158 32606 fs_manager.cc:362] Metadata directory not provided
I20260601 13:31:30.167233 32606 fs_manager.cc:368] Using write-ahead log directory (fs_wal_dir) as metadata directory
I20260601 13:31:30.167318  1971 heartbeater.cc:344] Connected to a master server at 127.31.215.190:41177
I20260601 13:31:30.167337 32606 server_base.cc:909] This appears to be a new deployment of Kudu; creating new FS layout
I20260601 13:31:30.167426  1971 heartbeater.cc:461] Registering TS with master...
I20260601 13:31:30.167593  1971 heartbeater.cc:507] Master 127.31.215.190:41177 requested a full tablet report, sending...
I20260601 13:31:30.167783 32606 fs_manager.cc:1068] Generated new instance metadata in path /tmp/dist-test-taskJRcFWy/test-tmp/auto_rebalancer-test.0.AutoRebalancerTest.MovesScheduledIfAddTserver.1780320675759515-32606-0/minicluster-data/ts-2-root/instance:
uuid: "8ef6b5e87d35422181bc211b9b7b4a59"
format_stamp: "Formatted at 2026-06-01 13:31:30 on dist-test-slave-0cjc"
I20260601 13:31:30.168150  1765 ts_manager.cc:194] Registered new tserver with Master: 2a8dec4214344868952bec944ff7744d (127.31.215.130:41617)
I20260601 13:31:30.168625  1765 master_service.cc:502] Signed X509 certificate for tserver {username='slave'} at 127.0.0.1:34426
I20260601 13:31:30.169442 32606 fs_manager.cc:696] Time spent creating directory manager: real 0.001s	user 0.000s	sys 0.002s
I20260601 13:31:30.170457  1982 log_block_manager.cc:4031] Time spent loading block containers with low live blocks: real 0.000s	user 0.000s	sys 0.000s
I20260601 13:31:30.170760 32606 fs_manager.cc:730] Time spent opening block manager: real 0.001s	user 0.000s	sys 0.001s
I20260601 13:31:30.170832 32606 fs_manager.cc:647] Opened local filesystem: /tmp/dist-test-taskJRcFWy/test-tmp/auto_rebalancer-test.0.AutoRebalancerTest.MovesScheduledIfAddTserver.1780320675759515-32606-0/minicluster-data/ts-2-root
uuid: "8ef6b5e87d35422181bc211b9b7b4a59"
format_stamp: "Formatted at 2026-06-01 13:31:30 on dist-test-slave-0cjc"
I20260601 13:31:30.170894 32606 fs_report.cc:389] FS layout report
--------------------
wal directory: /tmp/dist-test-taskJRcFWy/test-tmp/auto_rebalancer-test.0.AutoRebalancerTest.MovesScheduledIfAddTserver.1780320675759515-32606-0/minicluster-data/ts-2-root
metadata directory: /tmp/dist-test-taskJRcFWy/test-tmp/auto_rebalancer-test.0.AutoRebalancerTest.MovesScheduledIfAddTserver.1780320675759515-32606-0/minicluster-data/ts-2-root
1 data directories: /tmp/dist-test-taskJRcFWy/test-tmp/auto_rebalancer-test.0.AutoRebalancerTest.MovesScheduledIfAddTserver.1780320675759515-32606-0/minicluster-data/ts-2-root/data
Total live blocks: 0
Total live bytes: 0
Total live bytes (after alignment): 0
Total number of LBM containers: 0 (0 full)
Did not check for missing blocks
Did not check for orphaned blocks
Total full LBM containers with extra space: 0 (0 repaired)
Total full LBM container extra space in bytes: 0 (0 repaired)
Total incomplete LBM containers: 0 (0 repaired)
Total LBM partial records: 0 (0 repaired)
Total corrupted LBM metadata records in RocksDB: 0 (0 repaired)
I20260601 13:31:30.177809 32606 rpc_server.cc:225] running with OpenSSL 1.1.1  11 Sep 2018
I20260601 13:31:30.178143 32606 kserver.cc:163] Server-wide thread pool size limit: 3276
I20260601 13:31:30.178400 32606 txn_system_client.cc:432] TxnSystemClient initialization is disabled...
I20260601 13:31:30.178812 32606 ts_tablet_manager.cc:585] Loaded tablet metadata (0 total tablets, 0 live tablets)
I20260601 13:31:30.178869 32606 ts_tablet_manager.cc:531] Time spent load tablet metadata: real 0.000s	user 0.000s	sys 0.000s
I20260601 13:31:30.178936 32606 ts_tablet_manager.cc:616] Registered 0 tablets
I20260601 13:31:30.178985 32606 ts_tablet_manager.cc:595] Time spent register tablets: real 0.000s	user 0.000s	sys 0.000s
I20260601 13:31:30.183486 32606 rpc_server.cc:307] RPC server started. Bound to: 127.31.215.131:33267
I20260601 13:31:30.183518  2046 acceptor_pool.cc:272] collecting diagnostics on the listening RPC socket 127.31.215.131:33267 every 8 connection(s)
I20260601 13:31:30.187126  2047 heartbeater.cc:344] Connected to a master server at 127.31.215.190:41177
I20260601 13:31:30.187196  2047 heartbeater.cc:461] Registering TS with master...
I20260601 13:31:30.187382  2047 heartbeater.cc:507] Master 127.31.215.190:41177 requested a full tablet report, sending...
I20260601 13:31:30.187866  1765 ts_manager.cc:194] Registered new tserver with Master: 8ef6b5e87d35422181bc211b9b7b4a59 (127.31.215.131:33267)
I20260601 13:31:30.188357  1765 master_service.cc:502] Signed X509 certificate for tserver {username='slave'} at 127.0.0.1:34442
I20260601 13:31:30.188386 32606 internal_mini_cluster.cc:371] 3 TS(s) registered with all masters after 0.004475763s
I20260601 13:31:31.143639  1895 heartbeater.cc:499] Master 127.31.215.190:41177 was elected leader, sending a full tablet report...
I20260601 13:31:31.169396  1971 heartbeater.cc:499] Master 127.31.215.190:41177 was elected leader, sending a full tablet report...
I20260601 13:31:31.189150  2047 heartbeater.cc:499] Master 127.31.215.190:41177 was elected leader, sending a full tablet report...
I20260601 13:31:31.221797  1765 catalog_manager.cc:2282] Servicing CreateTable request from {username='slave'} at 127.0.0.1:34450:
name: "test-workload"
schema {
  columns {
    name: "key"
    type: INT32
    is_key: true
    is_nullable: false
    encoding: AUTO_ENCODING
    compression: DEFAULT_COMPRESSION
    cfile_block_size: 0
    immutable: false
  }
  columns {
    name: "int_val"
    type: INT32
    is_key: false
    is_nullable: false
    encoding: AUTO_ENCODING
    compression: DEFAULT_COMPRESSION
    cfile_block_size: 0
    immutable: false
  }
  columns {
    name: "string_val"
    type: STRING
    is_key: false
    is_nullable: true
    encoding: AUTO_ENCODING
    compression: DEFAULT_COMPRESSION
    cfile_block_size: 0
    immutable: false
  }
}
num_replicas: 3
split_rows_range_bounds {
  rows: "\004\001\000\377\377\377?""\004\001\000\377\377\377?"
  indirect_data: """"
}
partition_schema {
  range_schema {
    columns {
      name: "key"
    }
  }
}
W20260601 13:31:31.222214  1765 catalog_manager.cc:7076] The number of live tablet servers is not enough to re-replicate a tablet replica of the newly created table test-workload in case of a server failure: 4 tablet servers would be needed, 3 are available. Consider bringing up more tablet servers.
I20260601 13:31:31.231366  1935 tablet_service.cc:1511] Processing CreateTablet for tablet c462142b9a3d425ab3850b35e368cf10 (DEFAULT_TABLE table=test-workload [id=68a323dea4a9458c88c9f46f2d927c98]), partition=RANGE (key) PARTITION VALUES < 1073741823
I20260601 13:31:31.231647  1935 data_dirs.cc:400] Could only allocate 1 dirs of requested 3 for tablet c462142b9a3d425ab3850b35e368cf10. 1 dirs total, 0 dirs full, 0 dirs failed
I20260601 13:31:31.231760  1859 tablet_service.cc:1511] Processing CreateTablet for tablet c462142b9a3d425ab3850b35e368cf10 (DEFAULT_TABLE table=test-workload [id=68a323dea4a9458c88c9f46f2d927c98]), partition=RANGE (key) PARTITION VALUES < 1073741823
I20260601 13:31:31.232035  1859 data_dirs.cc:400] Could only allocate 1 dirs of requested 3 for tablet c462142b9a3d425ab3850b35e368cf10. 1 dirs total, 0 dirs full, 0 dirs failed
I20260601 13:31:31.232887  2010 tablet_service.cc:1511] Processing CreateTablet for tablet c462142b9a3d425ab3850b35e368cf10 (DEFAULT_TABLE table=test-workload [id=68a323dea4a9458c88c9f46f2d927c98]), partition=RANGE (key) PARTITION VALUES < 1073741823
I20260601 13:31:31.233140  2010 data_dirs.cc:400] Could only allocate 1 dirs of requested 3 for tablet c462142b9a3d425ab3850b35e368cf10. 1 dirs total, 0 dirs full, 0 dirs failed
I20260601 13:31:31.233805  2067 tablet_bootstrap.cc:492] T c462142b9a3d425ab3850b35e368cf10 P 2a8dec4214344868952bec944ff7744d: Bootstrap starting.
I20260601 13:31:31.233958  1934 tablet_service.cc:1511] Processing CreateTablet for tablet 13607b82b57a4578b578748767c0a1e5 (DEFAULT_TABLE table=test-workload [id=68a323dea4a9458c88c9f46f2d927c98]), partition=RANGE (key) PARTITION 1073741823 <= VALUES
I20260601 13:31:31.234174  1934 data_dirs.cc:400] Could only allocate 1 dirs of requested 3 for tablet 13607b82b57a4578b578748767c0a1e5. 1 dirs total, 0 dirs full, 0 dirs failed
I20260601 13:31:31.234746  2067 tablet_bootstrap.cc:654] T c462142b9a3d425ab3850b35e368cf10 P 2a8dec4214344868952bec944ff7744d: Neither blocks nor log segments found. Creating new log.
I20260601 13:31:31.235126  2009 tablet_service.cc:1511] Processing CreateTablet for tablet 13607b82b57a4578b578748767c0a1e5 (DEFAULT_TABLE table=test-workload [id=68a323dea4a9458c88c9f46f2d927c98]), partition=RANGE (key) PARTITION 1073741823 <= VALUES
I20260601 13:31:31.234926  2069 tablet_bootstrap.cc:492] T c462142b9a3d425ab3850b35e368cf10 P 8ef6b5e87d35422181bc211b9b7b4a59: Bootstrap starting.
I20260601 13:31:31.235378  2009 data_dirs.cc:400] Could only allocate 1 dirs of requested 3 for tablet 13607b82b57a4578b578748767c0a1e5. 1 dirs total, 0 dirs full, 0 dirs failed
I20260601 13:31:31.236089  1858 tablet_service.cc:1511] Processing CreateTablet for tablet 13607b82b57a4578b578748767c0a1e5 (DEFAULT_TABLE table=test-workload [id=68a323dea4a9458c88c9f46f2d927c98]), partition=RANGE (key) PARTITION 1073741823 <= VALUES
I20260601 13:31:31.236393  1858 data_dirs.cc:400] Could only allocate 1 dirs of requested 3 for tablet 13607b82b57a4578b578748767c0a1e5. 1 dirs total, 0 dirs full, 0 dirs failed
I20260601 13:31:31.236832  2069 tablet_bootstrap.cc:654] T c462142b9a3d425ab3850b35e368cf10 P 8ef6b5e87d35422181bc211b9b7b4a59: Neither blocks nor log segments found. Creating new log.
I20260601 13:31:31.237864  2069 tablet_bootstrap.cc:492] T c462142b9a3d425ab3850b35e368cf10 P 8ef6b5e87d35422181bc211b9b7b4a59: No bootstrap required, opened a new log
I20260601 13:31:31.237932  2069 ts_tablet_manager.cc:1403] T c462142b9a3d425ab3850b35e368cf10 P 8ef6b5e87d35422181bc211b9b7b4a59: Time spent bootstrapping tablet: real 0.003s	user 0.000s	sys 0.002s
I20260601 13:31:31.238297  2068 tablet_bootstrap.cc:492] T c462142b9a3d425ab3850b35e368cf10 P 33038db707da4719bf5313b6ab520847: Bootstrap starting.
I20260601 13:31:31.238355  2069 raft_consensus.cc:359] T c462142b9a3d425ab3850b35e368cf10 P 8ef6b5e87d35422181bc211b9b7b4a59 [term 0 FOLLOWER]: Replica starting. Triggering 0 pending ops. Active config: opid_index: -1 OBSOLETE_local: false peers { permanent_uuid: "2a8dec4214344868952bec944ff7744d" member_type: VOTER last_known_addr { host: "127.31.215.130" port: 41617 } } peers { permanent_uuid: "33038db707da4719bf5313b6ab520847" member_type: VOTER last_known_addr { host: "127.31.215.129" port: 32903 } } peers { permanent_uuid: "8ef6b5e87d35422181bc211b9b7b4a59" member_type: VOTER last_known_addr { host: "127.31.215.131" port: 33267 } }
I20260601 13:31:31.238454  2069 raft_consensus.cc:385] T c462142b9a3d425ab3850b35e368cf10 P 8ef6b5e87d35422181bc211b9b7b4a59 [term 0 FOLLOWER]: Consensus starting up: Expiring failure detector timer to make a prompt election more likely
I20260601 13:31:31.238495  2069 raft_consensus.cc:740] T c462142b9a3d425ab3850b35e368cf10 P 8ef6b5e87d35422181bc211b9b7b4a59 [term 0 FOLLOWER]: Becoming Follower/Learner. State: Replica: 8ef6b5e87d35422181bc211b9b7b4a59, State: Initialized, Role: FOLLOWER
I20260601 13:31:31.238617  2069 consensus_queue.cc:260] T c462142b9a3d425ab3850b35e368cf10 P 8ef6b5e87d35422181bc211b9b7b4a59 [NON_LEADER]: Queue going to NON_LEADER mode. State: All replicated index: 0, Majority replicated index: 0, Committed index: 0, Last appended: 0.0, Last appended by leader: 0, Current term: 0, Majority size: -1, State: 0, Mode: NON_LEADER, active raft config: opid_index: -1 OBSOLETE_local: false peers { permanent_uuid: "2a8dec4214344868952bec944ff7744d" member_type: VOTER last_known_addr { host: "127.31.215.130" port: 41617 } } peers { permanent_uuid: "33038db707da4719bf5313b6ab520847" member_type: VOTER last_known_addr { host: "127.31.215.129" port: 32903 } } peers { permanent_uuid: "8ef6b5e87d35422181bc211b9b7b4a59" member_type: VOTER last_known_addr { host: "127.31.215.131" port: 33267 } }
I20260601 13:31:31.238996  2069 ts_tablet_manager.cc:1434] T c462142b9a3d425ab3850b35e368cf10 P 8ef6b5e87d35422181bc211b9b7b4a59: Time spent starting tablet: real 0.001s	user 0.000s	sys 0.001s
I20260601 13:31:31.239213  2069 tablet_bootstrap.cc:492] T 13607b82b57a4578b578748767c0a1e5 P 8ef6b5e87d35422181bc211b9b7b4a59: Bootstrap starting.
I20260601 13:31:31.239277  2068 tablet_bootstrap.cc:654] T c462142b9a3d425ab3850b35e368cf10 P 33038db707da4719bf5313b6ab520847: Neither blocks nor log segments found. Creating new log.
I20260601 13:31:31.240226  2069 tablet_bootstrap.cc:654] T 13607b82b57a4578b578748767c0a1e5 P 8ef6b5e87d35422181bc211b9b7b4a59: Neither blocks nor log segments found. Creating new log.
I20260601 13:31:31.240298  2067 tablet_bootstrap.cc:492] T c462142b9a3d425ab3850b35e368cf10 P 2a8dec4214344868952bec944ff7744d: No bootstrap required, opened a new log
I20260601 13:31:31.240298  2068 tablet_bootstrap.cc:492] T c462142b9a3d425ab3850b35e368cf10 P 33038db707da4719bf5313b6ab520847: No bootstrap required, opened a new log
I20260601 13:31:31.240427  2067 ts_tablet_manager.cc:1403] T c462142b9a3d425ab3850b35e368cf10 P 2a8dec4214344868952bec944ff7744d: Time spent bootstrapping tablet: real 0.007s	user 0.002s	sys 0.000s
I20260601 13:31:31.240427  2068 ts_tablet_manager.cc:1403] T c462142b9a3d425ab3850b35e368cf10 P 33038db707da4719bf5313b6ab520847: Time spent bootstrapping tablet: real 0.002s	user 0.002s	sys 0.000s
I20260601 13:31:31.240851  2067 raft_consensus.cc:359] T c462142b9a3d425ab3850b35e368cf10 P 2a8dec4214344868952bec944ff7744d [term 0 FOLLOWER]: Replica starting. Triggering 0 pending ops. Active config: opid_index: -1 OBSOLETE_local: false peers { permanent_uuid: "2a8dec4214344868952bec944ff7744d" member_type: VOTER last_known_addr { host: "127.31.215.130" port: 41617 } } peers { permanent_uuid: "33038db707da4719bf5313b6ab520847" member_type: VOTER last_known_addr { host: "127.31.215.129" port: 32903 } } peers { permanent_uuid: "8ef6b5e87d35422181bc211b9b7b4a59" member_type: VOTER last_known_addr { host: "127.31.215.131" port: 33267 } }
I20260601 13:31:31.240851  2068 raft_consensus.cc:359] T c462142b9a3d425ab3850b35e368cf10 P 33038db707da4719bf5313b6ab520847 [term 0 FOLLOWER]: Replica starting. Triggering 0 pending ops. Active config: opid_index: -1 OBSOLETE_local: false peers { permanent_uuid: "2a8dec4214344868952bec944ff7744d" member_type: VOTER last_known_addr { host: "127.31.215.130" port: 41617 } } peers { permanent_uuid: "33038db707da4719bf5313b6ab520847" member_type: VOTER last_known_addr { host: "127.31.215.129" port: 32903 } } peers { permanent_uuid: "8ef6b5e87d35422181bc211b9b7b4a59" member_type: VOTER last_known_addr { host: "127.31.215.131" port: 33267 } }
I20260601 13:31:31.241008  2067 raft_consensus.cc:385] T c462142b9a3d425ab3850b35e368cf10 P 2a8dec4214344868952bec944ff7744d [term 0 FOLLOWER]: Consensus starting up: Expiring failure detector timer to make a prompt election more likely
I20260601 13:31:31.241020  2068 raft_consensus.cc:385] T c462142b9a3d425ab3850b35e368cf10 P 33038db707da4719bf5313b6ab520847 [term 0 FOLLOWER]: Consensus starting up: Expiring failure detector timer to make a prompt election more likely
I20260601 13:31:31.241050  2067 raft_consensus.cc:740] T c462142b9a3d425ab3850b35e368cf10 P 2a8dec4214344868952bec944ff7744d [term 0 FOLLOWER]: Becoming Follower/Learner. State: Replica: 2a8dec4214344868952bec944ff7744d, State: Initialized, Role: FOLLOWER
I20260601 13:31:31.241062  2068 raft_consensus.cc:740] T c462142b9a3d425ab3850b35e368cf10 P 33038db707da4719bf5313b6ab520847 [term 0 FOLLOWER]: Becoming Follower/Learner. State: Replica: 33038db707da4719bf5313b6ab520847, State: Initialized, Role: FOLLOWER
I20260601 13:31:31.241178  2067 consensus_queue.cc:260] T c462142b9a3d425ab3850b35e368cf10 P 2a8dec4214344868952bec944ff7744d [NON_LEADER]: Queue going to NON_LEADER mode. State: All replicated index: 0, Majority replicated index: 0, Committed index: 0, Last appended: 0.0, Last appended by leader: 0, Current term: 0, Majority size: -1, State: 0, Mode: NON_LEADER, active raft config: opid_index: -1 OBSOLETE_local: false peers { permanent_uuid: "2a8dec4214344868952bec944ff7744d" member_type: VOTER last_known_addr { host: "127.31.215.130" port: 41617 } } peers { permanent_uuid: "33038db707da4719bf5313b6ab520847" member_type: VOTER last_known_addr { host: "127.31.215.129" port: 32903 } } peers { permanent_uuid: "8ef6b5e87d35422181bc211b9b7b4a59" member_type: VOTER last_known_addr { host: "127.31.215.131" port: 33267 } }
I20260601 13:31:31.241178  2068 consensus_queue.cc:260] T c462142b9a3d425ab3850b35e368cf10 P 33038db707da4719bf5313b6ab520847 [NON_LEADER]: Queue going to NON_LEADER mode. State: All replicated index: 0, Majority replicated index: 0, Committed index: 0, Last appended: 0.0, Last appended by leader: 0, Current term: 0, Majority size: -1, State: 0, Mode: NON_LEADER, active raft config: opid_index: -1 OBSOLETE_local: false peers { permanent_uuid: "2a8dec4214344868952bec944ff7744d" member_type: VOTER last_known_addr { host: "127.31.215.130" port: 41617 } } peers { permanent_uuid: "33038db707da4719bf5313b6ab520847" member_type: VOTER last_known_addr { host: "127.31.215.129" port: 32903 } } peers { permanent_uuid: "8ef6b5e87d35422181bc211b9b7b4a59" member_type: VOTER last_known_addr { host: "127.31.215.131" port: 33267 } }
I20260601 13:31:31.241515  2068 ts_tablet_manager.cc:1434] T c462142b9a3d425ab3850b35e368cf10 P 33038db707da4719bf5313b6ab520847: Time spent starting tablet: real 0.001s	user 0.000s	sys 0.001s
I20260601 13:31:31.241515  2067 ts_tablet_manager.cc:1434] T c462142b9a3d425ab3850b35e368cf10 P 2a8dec4214344868952bec944ff7744d: Time spent starting tablet: real 0.001s	user 0.000s	sys 0.001s
I20260601 13:31:31.241704  2068 tablet_bootstrap.cc:492] T 13607b82b57a4578b578748767c0a1e5 P 33038db707da4719bf5313b6ab520847: Bootstrap starting.
I20260601 13:31:31.242125  2067 tablet_bootstrap.cc:492] T 13607b82b57a4578b578748767c0a1e5 P 2a8dec4214344868952bec944ff7744d: Bootstrap starting.
I20260601 13:31:31.242606  2068 tablet_bootstrap.cc:654] T 13607b82b57a4578b578748767c0a1e5 P 33038db707da4719bf5313b6ab520847: Neither blocks nor log segments found. Creating new log.
I20260601 13:31:31.243042  2067 tablet_bootstrap.cc:654] T 13607b82b57a4578b578748767c0a1e5 P 2a8dec4214344868952bec944ff7744d: Neither blocks nor log segments found. Creating new log.
I20260601 13:31:31.243513  2069 tablet_bootstrap.cc:492] T 13607b82b57a4578b578748767c0a1e5 P 8ef6b5e87d35422181bc211b9b7b4a59: No bootstrap required, opened a new log
I20260601 13:31:31.243600  2069 ts_tablet_manager.cc:1403] T 13607b82b57a4578b578748767c0a1e5 P 8ef6b5e87d35422181bc211b9b7b4a59: Time spent bootstrapping tablet: real 0.004s	user 0.002s	sys 0.000s
I20260601 13:31:31.244012  2069 raft_consensus.cc:359] T 13607b82b57a4578b578748767c0a1e5 P 8ef6b5e87d35422181bc211b9b7b4a59 [term 0 FOLLOWER]: Replica starting. Triggering 0 pending ops. Active config: opid_index: -1 OBSOLETE_local: false peers { permanent_uuid: "33038db707da4719bf5313b6ab520847" member_type: VOTER last_known_addr { host: "127.31.215.129" port: 32903 } } peers { permanent_uuid: "2a8dec4214344868952bec944ff7744d" member_type: VOTER last_known_addr { host: "127.31.215.130" port: 41617 } } peers { permanent_uuid: "8ef6b5e87d35422181bc211b9b7b4a59" member_type: VOTER last_known_addr { host: "127.31.215.131" port: 33267 } }
I20260601 13:31:31.244088  2069 raft_consensus.cc:385] T 13607b82b57a4578b578748767c0a1e5 P 8ef6b5e87d35422181bc211b9b7b4a59 [term 0 FOLLOWER]: Consensus starting up: Expiring failure detector timer to make a prompt election more likely
I20260601 13:31:31.244109  2069 raft_consensus.cc:740] T 13607b82b57a4578b578748767c0a1e5 P 8ef6b5e87d35422181bc211b9b7b4a59 [term 0 FOLLOWER]: Becoming Follower/Learner. State: Replica: 8ef6b5e87d35422181bc211b9b7b4a59, State: Initialized, Role: FOLLOWER
I20260601 13:31:31.244145  2067 tablet_bootstrap.cc:492] T 13607b82b57a4578b578748767c0a1e5 P 2a8dec4214344868952bec944ff7744d: No bootstrap required, opened a new log
I20260601 13:31:31.244241  2067 ts_tablet_manager.cc:1403] T 13607b82b57a4578b578748767c0a1e5 P 2a8dec4214344868952bec944ff7744d: Time spent bootstrapping tablet: real 0.002s	user 0.000s	sys 0.002s
I20260601 13:31:31.244237  2069 consensus_queue.cc:260] T 13607b82b57a4578b578748767c0a1e5 P 8ef6b5e87d35422181bc211b9b7b4a59 [NON_LEADER]: Queue going to NON_LEADER mode. State: All replicated index: 0, Majority replicated index: 0, Committed index: 0, Last appended: 0.0, Last appended by leader: 0, Current term: 0, Majority size: -1, State: 0, Mode: NON_LEADER, active raft config: opid_index: -1 OBSOLETE_local: false peers { permanent_uuid: "33038db707da4719bf5313b6ab520847" member_type: VOTER last_known_addr { host: "127.31.215.129" port: 32903 } } peers { permanent_uuid: "2a8dec4214344868952bec944ff7744d" member_type: VOTER last_known_addr { host: "127.31.215.130" port: 41617 } } peers { permanent_uuid: "8ef6b5e87d35422181bc211b9b7b4a59" member_type: VOTER last_known_addr { host: "127.31.215.131" port: 33267 } }
I20260601 13:31:31.244673  2067 raft_consensus.cc:359] T 13607b82b57a4578b578748767c0a1e5 P 2a8dec4214344868952bec944ff7744d [term 0 FOLLOWER]: Replica starting. Triggering 0 pending ops. Active config: opid_index: -1 OBSOLETE_local: false peers { permanent_uuid: "33038db707da4719bf5313b6ab520847" member_type: VOTER last_known_addr { host: "127.31.215.129" port: 32903 } } peers { permanent_uuid: "2a8dec4214344868952bec944ff7744d" member_type: VOTER last_known_addr { host: "127.31.215.130" port: 41617 } } peers { permanent_uuid: "8ef6b5e87d35422181bc211b9b7b4a59" member_type: VOTER last_known_addr { host: "127.31.215.131" port: 33267 } }
I20260601 13:31:31.244765  2067 raft_consensus.cc:385] T 13607b82b57a4578b578748767c0a1e5 P 2a8dec4214344868952bec944ff7744d [term 0 FOLLOWER]: Consensus starting up: Expiring failure detector timer to make a prompt election more likely
I20260601 13:31:31.244817  2067 raft_consensus.cc:740] T 13607b82b57a4578b578748767c0a1e5 P 2a8dec4214344868952bec944ff7744d [term 0 FOLLOWER]: Becoming Follower/Learner. State: Replica: 2a8dec4214344868952bec944ff7744d, State: Initialized, Role: FOLLOWER
I20260601 13:31:31.244936  2067 consensus_queue.cc:260] T 13607b82b57a4578b578748767c0a1e5 P 2a8dec4214344868952bec944ff7744d [NON_LEADER]: Queue going to NON_LEADER mode. State: All replicated index: 0, Majority replicated index: 0, Committed index: 0, Last appended: 0.0, Last appended by leader: 0, Current term: 0, Majority size: -1, State: 0, Mode: NON_LEADER, active raft config: opid_index: -1 OBSOLETE_local: false peers { permanent_uuid: "33038db707da4719bf5313b6ab520847" member_type: VOTER last_known_addr { host: "127.31.215.129" port: 32903 } } peers { permanent_uuid: "2a8dec4214344868952bec944ff7744d" member_type: VOTER last_known_addr { host: "127.31.215.130" port: 41617 } } peers { permanent_uuid: "8ef6b5e87d35422181bc211b9b7b4a59" member_type: VOTER last_known_addr { host: "127.31.215.131" port: 33267 } }
I20260601 13:31:31.245103  2068 tablet_bootstrap.cc:492] T 13607b82b57a4578b578748767c0a1e5 P 33038db707da4719bf5313b6ab520847: No bootstrap required, opened a new log
I20260601 13:31:31.245180  2067 ts_tablet_manager.cc:1434] T 13607b82b57a4578b578748767c0a1e5 P 2a8dec4214344868952bec944ff7744d: Time spent starting tablet: real 0.001s	user 0.000s	sys 0.001s
I20260601 13:31:31.245507  2069 ts_tablet_manager.cc:1434] T 13607b82b57a4578b578748767c0a1e5 P 8ef6b5e87d35422181bc211b9b7b4a59: Time spent starting tablet: real 0.002s	user 0.001s	sys 0.000s
I20260601 13:31:31.245842  2068 ts_tablet_manager.cc:1403] T 13607b82b57a4578b578748767c0a1e5 P 33038db707da4719bf5313b6ab520847: Time spent bootstrapping tablet: real 0.004s	user 0.000s	sys 0.002s
I20260601 13:31:31.246692  2068 raft_consensus.cc:359] T 13607b82b57a4578b578748767c0a1e5 P 33038db707da4719bf5313b6ab520847 [term 0 FOLLOWER]: Replica starting. Triggering 0 pending ops. Active config: opid_index: -1 OBSOLETE_local: false peers { permanent_uuid: "33038db707da4719bf5313b6ab520847" member_type: VOTER last_known_addr { host: "127.31.215.129" port: 32903 } } peers { permanent_uuid: "2a8dec4214344868952bec944ff7744d" member_type: VOTER last_known_addr { host: "127.31.215.130" port: 41617 } } peers { permanent_uuid: "8ef6b5e87d35422181bc211b9b7b4a59" member_type: VOTER last_known_addr { host: "127.31.215.131" port: 33267 } }
I20260601 13:31:31.246814  2068 raft_consensus.cc:385] T 13607b82b57a4578b578748767c0a1e5 P 33038db707da4719bf5313b6ab520847 [term 0 FOLLOWER]: Consensus starting up: Expiring failure detector timer to make a prompt election more likely
I20260601 13:31:31.246845  2068 raft_consensus.cc:740] T 13607b82b57a4578b578748767c0a1e5 P 33038db707da4719bf5313b6ab520847 [term 0 FOLLOWER]: Becoming Follower/Learner. State: Replica: 33038db707da4719bf5313b6ab520847, State: Initialized, Role: FOLLOWER
I20260601 13:31:31.246989  2068 consensus_queue.cc:260] T 13607b82b57a4578b578748767c0a1e5 P 33038db707da4719bf5313b6ab520847 [NON_LEADER]: Queue going to NON_LEADER mode. State: All replicated index: 0, Majority replicated index: 0, Committed index: 0, Last appended: 0.0, Last appended by leader: 0, Current term: 0, Majority size: -1, State: 0, Mode: NON_LEADER, active raft config: opid_index: -1 OBSOLETE_local: false peers { permanent_uuid: "33038db707da4719bf5313b6ab520847" member_type: VOTER last_known_addr { host: "127.31.215.129" port: 32903 } } peers { permanent_uuid: "2a8dec4214344868952bec944ff7744d" member_type: VOTER last_known_addr { host: "127.31.215.130" port: 41617 } } peers { permanent_uuid: "8ef6b5e87d35422181bc211b9b7b4a59" member_type: VOTER last_known_addr { host: "127.31.215.131" port: 33267 } }
I20260601 13:31:31.247229  2068 ts_tablet_manager.cc:1434] T 13607b82b57a4578b578748767c0a1e5 P 33038db707da4719bf5313b6ab520847: Time spent starting tablet: real 0.001s	user 0.000s	sys 0.001s
I20260601 13:31:31.284523  2072 raft_consensus.cc:493] T 13607b82b57a4578b578748767c0a1e5 P 8ef6b5e87d35422181bc211b9b7b4a59 [term 0 FOLLOWER]: Starting pre-election (no leader contacted us within the election timeout)
I20260601 13:31:31.284615  2072 raft_consensus.cc:515] T 13607b82b57a4578b578748767c0a1e5 P 8ef6b5e87d35422181bc211b9b7b4a59 [term 0 FOLLOWER]: Starting pre-election with config: opid_index: -1 OBSOLETE_local: false peers { permanent_uuid: "33038db707da4719bf5313b6ab520847" member_type: VOTER last_known_addr { host: "127.31.215.129" port: 32903 } } peers { permanent_uuid: "2a8dec4214344868952bec944ff7744d" member_type: VOTER last_known_addr { host: "127.31.215.130" port: 41617 } } peers { permanent_uuid: "8ef6b5e87d35422181bc211b9b7b4a59" member_type: VOTER last_known_addr { host: "127.31.215.131" port: 33267 } }
I20260601 13:31:31.285055  2072 leader_election.cc:290] T 13607b82b57a4578b578748767c0a1e5 P 8ef6b5e87d35422181bc211b9b7b4a59 [CANDIDATE]: Term 1 pre-election: Requested pre-vote from peers 33038db707da4719bf5313b6ab520847 (127.31.215.129:32903), 2a8dec4214344868952bec944ff7744d (127.31.215.130:41617)
I20260601 13:31:31.289137  1869 tablet_service.cc:1917] Received RequestConsensusVote() RPC: tablet_id: "13607b82b57a4578b578748767c0a1e5" candidate_uuid: "8ef6b5e87d35422181bc211b9b7b4a59" candidate_term: 1 candidate_status { last_received { term: 0 index: 0 } } ignore_live_leader: false dest_uuid: "33038db707da4719bf5313b6ab520847" is_pre_election: true
I20260601 13:31:31.289187  1945 tablet_service.cc:1917] Received RequestConsensusVote() RPC: tablet_id: "13607b82b57a4578b578748767c0a1e5" candidate_uuid: "8ef6b5e87d35422181bc211b9b7b4a59" candidate_term: 1 candidate_status { last_received { term: 0 index: 0 } } ignore_live_leader: false dest_uuid: "2a8dec4214344868952bec944ff7744d" is_pre_election: true
I20260601 13:31:31.289274  1869 raft_consensus.cc:2468] T 13607b82b57a4578b578748767c0a1e5 P 33038db707da4719bf5313b6ab520847 [term 0 FOLLOWER]: Leader pre-election vote request: Granting yes vote for candidate 8ef6b5e87d35422181bc211b9b7b4a59 in term 0.
I20260601 13:31:31.289296  1945 raft_consensus.cc:2468] T 13607b82b57a4578b578748767c0a1e5 P 2a8dec4214344868952bec944ff7744d [term 0 FOLLOWER]: Leader pre-election vote request: Granting yes vote for candidate 8ef6b5e87d35422181bc211b9b7b4a59 in term 0.
I20260601 13:31:31.289615  1986 leader_election.cc:304] T 13607b82b57a4578b578748767c0a1e5 P 8ef6b5e87d35422181bc211b9b7b4a59 [CANDIDATE]: Term 1 pre-election: Election decided. Result: candidate won. Election summary: received 2 responses out of 3 voters: 2 yes votes; 0 no votes. yes voters: 33038db707da4719bf5313b6ab520847, 8ef6b5e87d35422181bc211b9b7b4a59; no voters: 
I20260601 13:31:31.289816  2072 raft_consensus.cc:2804] T 13607b82b57a4578b578748767c0a1e5 P 8ef6b5e87d35422181bc211b9b7b4a59 [term 0 FOLLOWER]: Leader pre-election won for term 1
I20260601 13:31:31.289865  2072 raft_consensus.cc:493] T 13607b82b57a4578b578748767c0a1e5 P 8ef6b5e87d35422181bc211b9b7b4a59 [term 0 FOLLOWER]: Starting leader election (no leader contacted us within the election timeout)
I20260601 13:31:31.289907  2072 raft_consensus.cc:3060] T 13607b82b57a4578b578748767c0a1e5 P 8ef6b5e87d35422181bc211b9b7b4a59 [term 0 FOLLOWER]: Advancing to term 1
I20260601 13:31:31.290766  2072 raft_consensus.cc:515] T 13607b82b57a4578b578748767c0a1e5 P 8ef6b5e87d35422181bc211b9b7b4a59 [term 1 FOLLOWER]: Starting leader election with config: opid_index: -1 OBSOLETE_local: false peers { permanent_uuid: "33038db707da4719bf5313b6ab520847" member_type: VOTER last_known_addr { host: "127.31.215.129" port: 32903 } } peers { permanent_uuid: "2a8dec4214344868952bec944ff7744d" member_type: VOTER last_known_addr { host: "127.31.215.130" port: 41617 } } peers { permanent_uuid: "8ef6b5e87d35422181bc211b9b7b4a59" member_type: VOTER last_known_addr { host: "127.31.215.131" port: 33267 } }
I20260601 13:31:31.291085  2072 leader_election.cc:290] T 13607b82b57a4578b578748767c0a1e5 P 8ef6b5e87d35422181bc211b9b7b4a59 [CANDIDATE]: Term 1 election: Requested vote from peers 33038db707da4719bf5313b6ab520847 (127.31.215.129:32903), 2a8dec4214344868952bec944ff7744d (127.31.215.130:41617)
I20260601 13:31:31.291385  1945 tablet_service.cc:1917] Received RequestConsensusVote() RPC: tablet_id: "13607b82b57a4578b578748767c0a1e5" candidate_uuid: "8ef6b5e87d35422181bc211b9b7b4a59" candidate_term: 1 candidate_status { last_received { term: 0 index: 0 } } ignore_live_leader: false dest_uuid: "2a8dec4214344868952bec944ff7744d"
I20260601 13:31:31.291477  1945 raft_consensus.cc:3060] T 13607b82b57a4578b578748767c0a1e5 P 2a8dec4214344868952bec944ff7744d [term 0 FOLLOWER]: Advancing to term 1
I20260601 13:31:31.291494  1869 tablet_service.cc:1917] Received RequestConsensusVote() RPC: tablet_id: "13607b82b57a4578b578748767c0a1e5" candidate_uuid: "8ef6b5e87d35422181bc211b9b7b4a59" candidate_term: 1 candidate_status { last_received { term: 0 index: 0 } } ignore_live_leader: false dest_uuid: "33038db707da4719bf5313b6ab520847"
I20260601 13:31:31.291669  1869 raft_consensus.cc:3060] T 13607b82b57a4578b578748767c0a1e5 P 33038db707da4719bf5313b6ab520847 [term 0 FOLLOWER]: Advancing to term 1
I20260601 13:31:31.292289  1945 raft_consensus.cc:2468] T 13607b82b57a4578b578748767c0a1e5 P 2a8dec4214344868952bec944ff7744d [term 1 FOLLOWER]: Leader election vote request: Granting yes vote for candidate 8ef6b5e87d35422181bc211b9b7b4a59 in term 1.
I20260601 13:31:31.292526  1869 raft_consensus.cc:2468] T 13607b82b57a4578b578748767c0a1e5 P 33038db707da4719bf5313b6ab520847 [term 1 FOLLOWER]: Leader election vote request: Granting yes vote for candidate 8ef6b5e87d35422181bc211b9b7b4a59 in term 1.
I20260601 13:31:31.292586  1983 leader_election.cc:304] T 13607b82b57a4578b578748767c0a1e5 P 8ef6b5e87d35422181bc211b9b7b4a59 [CANDIDATE]: Term 1 election: Election decided. Result: candidate won. Election summary: received 2 responses out of 3 voters: 2 yes votes; 0 no votes. yes voters: 2a8dec4214344868952bec944ff7744d, 8ef6b5e87d35422181bc211b9b7b4a59; no voters: 
I20260601 13:31:31.292737  2072 raft_consensus.cc:2804] T 13607b82b57a4578b578748767c0a1e5 P 8ef6b5e87d35422181bc211b9b7b4a59 [term 1 FOLLOWER]: Leader election won for term 1
I20260601 13:31:31.292899  2072 raft_consensus.cc:697] T 13607b82b57a4578b578748767c0a1e5 P 8ef6b5e87d35422181bc211b9b7b4a59 [term 1 LEADER]: Becoming Leader. State: Replica: 8ef6b5e87d35422181bc211b9b7b4a59, State: Running, Role: LEADER
I20260601 13:31:31.293059  2072 consensus_queue.cc:237] T 13607b82b57a4578b578748767c0a1e5 P 8ef6b5e87d35422181bc211b9b7b4a59 [LEADER]: Queue going to LEADER mode. State: All replicated index: 0, Majority replicated index: 0, Committed index: 0, Last appended: 0.0, Last appended by leader: 0, Current term: 1, Majority size: 2, State: 0, Mode: LEADER, active raft config: opid_index: -1 OBSOLETE_local: false peers { permanent_uuid: "33038db707da4719bf5313b6ab520847" member_type: VOTER last_known_addr { host: "127.31.215.129" port: 32903 } } peers { permanent_uuid: "2a8dec4214344868952bec944ff7744d" member_type: VOTER last_known_addr { host: "127.31.215.130" port: 41617 } } peers { permanent_uuid: "8ef6b5e87d35422181bc211b9b7b4a59" member_type: VOTER last_known_addr { host: "127.31.215.131" port: 33267 } }
I20260601 13:31:31.294376  1763 catalog_manager.cc:5696] T 13607b82b57a4578b578748767c0a1e5 P 8ef6b5e87d35422181bc211b9b7b4a59 reported cstate change: term changed from 0 to 1, leader changed from <none> to 8ef6b5e87d35422181bc211b9b7b4a59 (127.31.215.131). New cstate: current_term: 1 leader_uuid: "8ef6b5e87d35422181bc211b9b7b4a59" committed_config { opid_index: -1 OBSOLETE_local: false peers { permanent_uuid: "33038db707da4719bf5313b6ab520847" member_type: VOTER last_known_addr { host: "127.31.215.129" port: 32903 } health_report { overall_health: UNKNOWN } } peers { permanent_uuid: "2a8dec4214344868952bec944ff7744d" member_type: VOTER last_known_addr { host: "127.31.215.130" port: 41617 } health_report { overall_health: UNKNOWN } } peers { permanent_uuid: "8ef6b5e87d35422181bc211b9b7b4a59" member_type: VOTER last_known_addr { host: "127.31.215.131" port: 33267 } health_report { overall_health: HEALTHY } } }
I20260601 13:31:31.326736  2075 raft_consensus.cc:493] T c462142b9a3d425ab3850b35e368cf10 P 2a8dec4214344868952bec944ff7744d [term 0 FOLLOWER]: Starting pre-election (no leader contacted us within the election timeout)
I20260601 13:31:31.326828  2075 raft_consensus.cc:515] T c462142b9a3d425ab3850b35e368cf10 P 2a8dec4214344868952bec944ff7744d [term 0 FOLLOWER]: Starting pre-election with config: opid_index: -1 OBSOLETE_local: false peers { permanent_uuid: "2a8dec4214344868952bec944ff7744d" member_type: VOTER last_known_addr { host: "127.31.215.130" port: 41617 } } peers { permanent_uuid: "33038db707da4719bf5313b6ab520847" member_type: VOTER last_known_addr { host: "127.31.215.129" port: 32903 } } peers { permanent_uuid: "8ef6b5e87d35422181bc211b9b7b4a59" member_type: VOTER last_known_addr { host: "127.31.215.131" port: 33267 } }
I20260601 13:31:31.327165  2075 leader_election.cc:290] T c462142b9a3d425ab3850b35e368cf10 P 2a8dec4214344868952bec944ff7744d [CANDIDATE]: Term 1 pre-election: Requested pre-vote from peers 33038db707da4719bf5313b6ab520847 (127.31.215.129:32903), 8ef6b5e87d35422181bc211b9b7b4a59 (127.31.215.131:33267)
I20260601 13:31:31.330169  1869 tablet_service.cc:1917] Received RequestConsensusVote() RPC: tablet_id: "c462142b9a3d425ab3850b35e368cf10" candidate_uuid: "2a8dec4214344868952bec944ff7744d" candidate_term: 1 candidate_status { last_received { term: 0 index: 0 } } ignore_live_leader: false dest_uuid: "33038db707da4719bf5313b6ab520847" is_pre_election: true
I20260601 13:31:31.330219  2020 tablet_service.cc:1917] Received RequestConsensusVote() RPC: tablet_id: "c462142b9a3d425ab3850b35e368cf10" candidate_uuid: "2a8dec4214344868952bec944ff7744d" candidate_term: 1 candidate_status { last_received { term: 0 index: 0 } } ignore_live_leader: false dest_uuid: "8ef6b5e87d35422181bc211b9b7b4a59" is_pre_election: true
I20260601 13:31:31.330294  1869 raft_consensus.cc:2468] T c462142b9a3d425ab3850b35e368cf10 P 33038db707da4719bf5313b6ab520847 [term 0 FOLLOWER]: Leader pre-election vote request: Granting yes vote for candidate 2a8dec4214344868952bec944ff7744d in term 0.
I20260601 13:31:31.330349  2020 raft_consensus.cc:2468] T c462142b9a3d425ab3850b35e368cf10 P 8ef6b5e87d35422181bc211b9b7b4a59 [term 0 FOLLOWER]: Leader pre-election vote request: Granting yes vote for candidate 2a8dec4214344868952bec944ff7744d in term 0.
I20260601 13:31:31.330535  1911 leader_election.cc:304] T c462142b9a3d425ab3850b35e368cf10 P 2a8dec4214344868952bec944ff7744d [CANDIDATE]: Term 1 pre-election: Election decided. Result: candidate won. Election summary: received 2 responses out of 3 voters: 2 yes votes; 0 no votes. yes voters: 2a8dec4214344868952bec944ff7744d, 33038db707da4719bf5313b6ab520847; no voters: 
I20260601 13:31:31.330751  2075 raft_consensus.cc:2804] T c462142b9a3d425ab3850b35e368cf10 P 2a8dec4214344868952bec944ff7744d [term 0 FOLLOWER]: Leader pre-election won for term 1
I20260601 13:31:31.330794  2075 raft_consensus.cc:493] T c462142b9a3d425ab3850b35e368cf10 P 2a8dec4214344868952bec944ff7744d [term 0 FOLLOWER]: Starting leader election (no leader contacted us within the election timeout)
I20260601 13:31:31.330825  2075 raft_consensus.cc:3060] T c462142b9a3d425ab3850b35e368cf10 P 2a8dec4214344868952bec944ff7744d [term 0 FOLLOWER]: Advancing to term 1
I20260601 13:31:31.331506  2075 raft_consensus.cc:515] T c462142b9a3d425ab3850b35e368cf10 P 2a8dec4214344868952bec944ff7744d [term 1 FOLLOWER]: Starting leader election with config: opid_index: -1 OBSOLETE_local: false peers { permanent_uuid: "2a8dec4214344868952bec944ff7744d" member_type: VOTER last_known_addr { host: "127.31.215.130" port: 41617 } } peers { permanent_uuid: "33038db707da4719bf5313b6ab520847" member_type: VOTER last_known_addr { host: "127.31.215.129" port: 32903 } } peers { permanent_uuid: "8ef6b5e87d35422181bc211b9b7b4a59" member_type: VOTER last_known_addr { host: "127.31.215.131" port: 33267 } }
I20260601 13:31:31.331763  2075 leader_election.cc:290] T c462142b9a3d425ab3850b35e368cf10 P 2a8dec4214344868952bec944ff7744d [CANDIDATE]: Term 1 election: Requested vote from peers 33038db707da4719bf5313b6ab520847 (127.31.215.129:32903), 8ef6b5e87d35422181bc211b9b7b4a59 (127.31.215.131:33267)
I20260601 13:31:31.331971  1869 tablet_service.cc:1917] Received RequestConsensusVote() RPC: tablet_id: "c462142b9a3d425ab3850b35e368cf10" candidate_uuid: "2a8dec4214344868952bec944ff7744d" candidate_term: 1 candidate_status { last_received { term: 0 index: 0 } } ignore_live_leader: false dest_uuid: "33038db707da4719bf5313b6ab520847"
I20260601 13:31:31.332001  2020 tablet_service.cc:1917] Received RequestConsensusVote() RPC: tablet_id: "c462142b9a3d425ab3850b35e368cf10" candidate_uuid: "2a8dec4214344868952bec944ff7744d" candidate_term: 1 candidate_status { last_received { term: 0 index: 0 } } ignore_live_leader: false dest_uuid: "8ef6b5e87d35422181bc211b9b7b4a59"
I20260601 13:31:31.332072  1869 raft_consensus.cc:3060] T c462142b9a3d425ab3850b35e368cf10 P 33038db707da4719bf5313b6ab520847 [term 0 FOLLOWER]: Advancing to term 1
I20260601 13:31:31.332079  2020 raft_consensus.cc:3060] T c462142b9a3d425ab3850b35e368cf10 P 8ef6b5e87d35422181bc211b9b7b4a59 [term 0 FOLLOWER]: Advancing to term 1
I20260601 13:31:31.332907  1869 raft_consensus.cc:2468] T c462142b9a3d425ab3850b35e368cf10 P 33038db707da4719bf5313b6ab520847 [term 1 FOLLOWER]: Leader election vote request: Granting yes vote for candidate 2a8dec4214344868952bec944ff7744d in term 1.
