I20260601 13:21:02.853806 29484 acceptor_pool.cc:272] collecting diagnostics on the listening RPC socket 127.28.122.1:43317 every 8 connection(s)
I20260601 13:21:02.854897 29160 file_cache.cc:492] Constructed file cache file cache with capacity 419430
W20260601 13:21:02.856853 29493 instance_detector.cc:116] could not retrieve Azure instance metadata: Network error: curl error: HTTP response code said error: The requested URL returned error: 404
I20260601 13:21:02.857160 29160 server_base.cc:1061] running on GCE node
W20260601 13:21:02.857853 29495 instance_detector.cc:116] could not retrieve OpenStack instance metadata: Network error: curl error: HTTP response code said error: The requested URL returned error: 404
W20260601 13:21:02.858995 29492 instance_detector.cc:116] could not retrieve AWS instance metadata: Network error: curl error: HTTP response code said error: The requested URL returned error: 404
I20260601 13:21:02.859364 29160 hybrid_clock.cc:584] initializing the hybrid clock with 'system_unsync' time source
W20260601 13:21:02.859419 29160 system_unsync_time.cc:38] NTP support is disabled. Clock error bounds will not be accurate. This configuration is not suitable for distributed clusters.
I20260601 13:21:02.859442 29160 hybrid_clock.cc:648] HybridClock initialized: now 1780320062859442 us; error 0 us; skew 500 ppm
I20260601 13:21:02.860294 29160 webserver.cc:533] Webserver started at http://127.28.122.2:34695/ using document root <none> and password file <none>
I20260601 13:21:02.860424 29160 fs_manager.cc:362] Metadata directory not provided
I20260601 13:21:02.860787 29160 fs_manager.cc:368] Using write-ahead log directory (fs_wal_dir) as metadata directory
I20260601 13:21:02.860873 29160 server_base.cc:909] This appears to be a new deployment of Kudu; creating new FS layout
I20260601 13:21:02.861231 29160 fs_manager.cc:1068] Generated new instance metadata in path /tmp/dist-test-tasko0QJCm/test-tmp/auto_rebalancer-test.0.AutoRebalancerTest.OnlyLeaderDoesAutoRebalancing.1780320062666033-29160-0/minicluster-data/ts-1-root/instance:
uuid: "c3825b9eb7d84be18316945030f6e25f"
format_stamp: "Formatted at 2026-06-01 13:21:02 on dist-test-slave-gj5w"
I20260601 13:21:02.861963 29487 heartbeater.cc:344] Connected to a master server at 127.28.122.61:33019
I20260601 13:21:02.862064 29487 heartbeater.cc:461] Registering TS with master...
I20260601 13:21:02.862571 29487 heartbeater.cc:507] Master 127.28.122.61:33019 requested a full tablet report, sending...
I20260601 13:21:02.863731 29256 ts_manager.cc:194] Registered new tserver with Master: 9874b59b236a428cb8bbdf778233c879 (127.28.122.1:43317)
I20260601 13:21:02.865304 29485 heartbeater.cc:344] Connected to a master server at 127.28.122.60:39113
I20260601 13:21:02.865382 29485 heartbeater.cc:461] Registering TS with master...
I20260601 13:21:02.865602 29485 heartbeater.cc:507] Master 127.28.122.60:39113 requested a full tablet report, sending...
I20260601 13:21:02.866523 29322 ts_manager.cc:194] Registered new tserver with Master: 9874b59b236a428cb8bbdf778233c879 (127.28.122.1:43317)
I20260601 13:21:02.869768 29160 fs_manager.cc:696] Time spent creating directory manager: real 0.008s	user 0.001s	sys 0.000s
I20260601 13:21:02.870730 29500 log_block_manager.cc:4031] Time spent loading block containers with low live blocks: real 0.000s	user 0.000s	sys 0.000s
I20260601 13:21:02.871023 29160 fs_manager.cc:730] Time spent opening block manager: real 0.001s	user 0.001s	sys 0.000s
I20260601 13:21:02.871104 29160 fs_manager.cc:647] Opened local filesystem: /tmp/dist-test-tasko0QJCm/test-tmp/auto_rebalancer-test.0.AutoRebalancerTest.OnlyLeaderDoesAutoRebalancing.1780320062666033-29160-0/minicluster-data/ts-1-root
uuid: "c3825b9eb7d84be18316945030f6e25f"
format_stamp: "Formatted at 2026-06-01 13:21:02 on dist-test-slave-gj5w"
I20260601 13:21:02.871165 29160 fs_report.cc:389] FS layout report
--------------------
wal directory: /tmp/dist-test-tasko0QJCm/test-tmp/auto_rebalancer-test.0.AutoRebalancerTest.OnlyLeaderDoesAutoRebalancing.1780320062666033-29160-0/minicluster-data/ts-1-root
metadata directory: /tmp/dist-test-tasko0QJCm/test-tmp/auto_rebalancer-test.0.AutoRebalancerTest.OnlyLeaderDoesAutoRebalancing.1780320062666033-29160-0/minicluster-data/ts-1-root
1 data directories: /tmp/dist-test-tasko0QJCm/test-tmp/auto_rebalancer-test.0.AutoRebalancerTest.OnlyLeaderDoesAutoRebalancing.1780320062666033-29160-0/minicluster-data/ts-1-root/data
Total live blocks: 0
Total live bytes: 0
Total live bytes (after alignment): 0
Total number of LBM containers: 0 (0 full)
Did not check for missing blocks
Did not check for orphaned blocks
Total full LBM containers with extra space: 0 (0 repaired)
Total full LBM container extra space in bytes: 0 (0 repaired)
Total incomplete LBM containers: 0 (0 repaired)
Total LBM partial records: 0 (0 repaired)
Total corrupted LBM metadata records in RocksDB: 0 (0 repaired)
I20260601 13:21:02.873037 29411 catalog_manager.cc:1405] Generated new certificate authority record
I20260601 13:21:02.873068 29486 heartbeater.cc:344] Connected to a master server at 127.28.122.62:37733
I20260601 13:21:02.873136 29486 heartbeater.cc:461] Registering TS with master...
I20260601 13:21:02.873327 29486 heartbeater.cc:507] Master 127.28.122.62:37733 requested a full tablet report, sending...
I20260601 13:21:02.873926 29190 ts_manager.cc:194] Registered new tserver with Master: 9874b59b236a428cb8bbdf778233c879 (127.28.122.1:43317)
I20260601 13:21:02.874130 29411 catalog_manager.cc:1539] Loading token signing keys...
I20260601 13:21:02.886907 29411 catalog_manager.cc:6069] T 00000000000000000000000000000000 P 8da2b37f7c8749bba2d95b558415fa91: Generated new TSK 0
I20260601 13:21:02.886970 29160 rpc_server.cc:225] running with OpenSSL 1.1.1  11 Sep 2018
I20260601 13:21:02.888146 29411 catalog_manager.cc:1549] Initializing in-progress tserver states...
I20260601 13:21:02.888298 29160 kserver.cc:163] Server-wide thread pool size limit: 3276
I20260601 13:21:02.888626 29160 txn_system_client.cc:432] TxnSystemClient initialization is disabled...
I20260601 13:21:02.889122 29160 ts_tablet_manager.cc:585] Loaded tablet metadata (0 total tablets, 0 live tablets)
I20260601 13:21:02.889190 29160 ts_tablet_manager.cc:531] Time spent load tablet metadata: real 0.000s	user 0.000s	sys 0.000s
I20260601 13:21:02.889243 29160 ts_tablet_manager.cc:616] Registered 0 tablets
I20260601 13:21:02.889274 29160 ts_tablet_manager.cc:595] Time spent register tablets: real 0.000s	user 0.000s	sys 0.000s
I20260601 13:21:02.895295 29160 rpc_server.cc:307] RPC server started. Bound to: 127.28.122.2:33641
I20260601 13:21:02.895349 29563 acceptor_pool.cc:272] collecting diagnostics on the listening RPC socket 127.28.122.2:33641 every 8 connection(s)
I20260601 13:21:02.896382 29160 file_cache.cc:492] Constructed file cache file cache with capacity 419430
W20260601 13:21:02.899204 29573 instance_detector.cc:116] could not retrieve OpenStack instance metadata: Network error: curl error: HTTP response code said error: The requested URL returned error: 404
I20260601 13:21:02.899613 29160 server_base.cc:1061] running on GCE node
W20260601 13:21:02.899845 29570 instance_detector.cc:116] could not retrieve AWS instance metadata: Network error: curl error: HTTP response code said error: The requested URL returned error: 404
W20260601 13:21:02.900467 29571 instance_detector.cc:116] could not retrieve Azure instance metadata: Network error: curl error: HTTP response code said error: The requested URL returned error: 404
I20260601 13:21:02.900803 29160 hybrid_clock.cc:584] initializing the hybrid clock with 'system_unsync' time source
W20260601 13:21:02.900854 29160 system_unsync_time.cc:38] NTP support is disabled. Clock error bounds will not be accurate. This configuration is not suitable for distributed clusters.
I20260601 13:21:02.900882 29160 hybrid_clock.cc:648] HybridClock initialized: now 1780320062900881 us; error 0 us; skew 500 ppm
I20260601 13:21:02.901363 29565 heartbeater.cc:344] Connected to a master server at 127.28.122.62:37733
I20260601 13:21:02.901511 29565 heartbeater.cc:461] Registering TS with master...
I20260601 13:21:02.901739 29160 webserver.cc:533] Webserver started at http://127.28.122.3:46509/ using document root <none> and password file <none>
I20260601 13:21:02.901748 29565 heartbeater.cc:507] Master 127.28.122.62:37733 requested a full tablet report, sending...
I20260601 13:21:02.901893 29160 fs_manager.cc:362] Metadata directory not provided
I20260601 13:21:02.901947 29160 fs_manager.cc:368] Using write-ahead log directory (fs_wal_dir) as metadata directory
I20260601 13:21:02.902014 29160 server_base.cc:909] This appears to be a new deployment of Kudu; creating new FS layout
I20260601 13:21:02.902410 29160 fs_manager.cc:1068] Generated new instance metadata in path /tmp/dist-test-tasko0QJCm/test-tmp/auto_rebalancer-test.0.AutoRebalancerTest.OnlyLeaderDoesAutoRebalancing.1780320062666033-29160-0/minicluster-data/ts-2-root/instance:
uuid: "9d42825620e84967ae45f90e074481bf"
format_stamp: "Formatted at 2026-06-01 13:21:02 on dist-test-slave-gj5w"
I20260601 13:21:02.902531 29190 ts_manager.cc:194] Registered new tserver with Master: c3825b9eb7d84be18316945030f6e25f (127.28.122.2:33641)
I20260601 13:21:02.904114 29190 master_service.cc:502] Signed X509 certificate for tserver {username='slave'} at 127.0.0.1:38076
I20260601 13:21:02.904449 29566 heartbeater.cc:344] Connected to a master server at 127.28.122.61:33019
I20260601 13:21:02.904512 29566 heartbeater.cc:461] Registering TS with master...
I20260601 13:21:02.904695 29566 heartbeater.cc:507] Master 127.28.122.61:33019 requested a full tablet report, sending...
I20260601 13:21:02.905350 29256 ts_manager.cc:194] Registered new tserver with Master: c3825b9eb7d84be18316945030f6e25f (127.28.122.2:33641)
I20260601 13:21:02.905884 29564 heartbeater.cc:344] Connected to a master server at 127.28.122.60:39113
I20260601 13:21:02.905961 29564 heartbeater.cc:461] Registering TS with master...
I20260601 13:21:02.905995 29160 fs_manager.cc:696] Time spent creating directory manager: real 0.003s	user 0.002s	sys 0.000s
I20260601 13:21:02.906114 29564 heartbeater.cc:507] Master 127.28.122.60:39113 requested a full tablet report, sending...
I20260601 13:21:02.906739 29322 ts_manager.cc:194] Registered new tserver with Master: c3825b9eb7d84be18316945030f6e25f (127.28.122.2:33641)
I20260601 13:21:02.907255 29579 log_block_manager.cc:4031] Time spent loading block containers with low live blocks: real 0.000s	user 0.000s	sys 0.000s
I20260601 13:21:02.907505 29160 fs_manager.cc:730] Time spent opening block manager: real 0.001s	user 0.001s	sys 0.000s
I20260601 13:21:02.907583 29160 fs_manager.cc:647] Opened local filesystem: /tmp/dist-test-tasko0QJCm/test-tmp/auto_rebalancer-test.0.AutoRebalancerTest.OnlyLeaderDoesAutoRebalancing.1780320062666033-29160-0/minicluster-data/ts-2-root
uuid: "9d42825620e84967ae45f90e074481bf"
format_stamp: "Formatted at 2026-06-01 13:21:02 on dist-test-slave-gj5w"
I20260601 13:21:02.907644 29160 fs_report.cc:389] FS layout report
--------------------
wal directory: /tmp/dist-test-tasko0QJCm/test-tmp/auto_rebalancer-test.0.AutoRebalancerTest.OnlyLeaderDoesAutoRebalancing.1780320062666033-29160-0/minicluster-data/ts-2-root
metadata directory: /tmp/dist-test-tasko0QJCm/test-tmp/auto_rebalancer-test.0.AutoRebalancerTest.OnlyLeaderDoesAutoRebalancing.1780320062666033-29160-0/minicluster-data/ts-2-root
1 data directories: /tmp/dist-test-tasko0QJCm/test-tmp/auto_rebalancer-test.0.AutoRebalancerTest.OnlyLeaderDoesAutoRebalancing.1780320062666033-29160-0/minicluster-data/ts-2-root/data
Total live blocks: 0
Total live bytes: 0
Total live bytes (after alignment): 0
Total number of LBM containers: 0 (0 full)
Did not check for missing blocks
Did not check for orphaned blocks
Total full LBM containers with extra space: 0 (0 repaired)
Total full LBM container extra space in bytes: 0 (0 repaired)
Total incomplete LBM containers: 0 (0 repaired)
Total LBM partial records: 0 (0 repaired)
Total corrupted LBM metadata records in RocksDB: 0 (0 repaired)
I20260601 13:21:02.940699 29160 rpc_server.cc:225] running with OpenSSL 1.1.1  11 Sep 2018
I20260601 13:21:02.941123 29160 kserver.cc:163] Server-wide thread pool size limit: 3276
I20260601 13:21:02.941500 29160 txn_system_client.cc:432] TxnSystemClient initialization is disabled...
I20260601 13:21:02.941994 29160 ts_tablet_manager.cc:585] Loaded tablet metadata (0 total tablets, 0 live tablets)
I20260601 13:21:02.942058 29160 ts_tablet_manager.cc:531] Time spent load tablet metadata: real 0.000s	user 0.000s	sys 0.000s
I20260601 13:21:02.942104 29160 ts_tablet_manager.cc:616] Registered 0 tablets
I20260601 13:21:02.942155 29160 ts_tablet_manager.cc:595] Time spent register tablets: real 0.000s	user 0.000s	sys 0.000s
I20260601 13:21:02.948534 29160 rpc_server.cc:307] RPC server started. Bound to: 127.28.122.3:37899
I20260601 13:21:02.948632 29642 acceptor_pool.cc:272] collecting diagnostics on the listening RPC socket 127.28.122.3:37899 every 8 connection(s)
I20260601 13:21:02.954624 29645 heartbeater.cc:344] Connected to a master server at 127.28.122.61:33019
I20260601 13:21:02.954718 29645 heartbeater.cc:461] Registering TS with master...
I20260601 13:21:02.954959 29645 heartbeater.cc:507] Master 127.28.122.61:33019 requested a full tablet report, sending...
I20260601 13:21:02.954993 29644 heartbeater.cc:344] Connected to a master server at 127.28.122.62:37733
I20260601 13:21:02.955116 29644 heartbeater.cc:461] Registering TS with master...
I20260601 13:21:02.955175 29643 heartbeater.cc:344] Connected to a master server at 127.28.122.60:39113
I20260601 13:21:02.955247 29643 heartbeater.cc:461] Registering TS with master...
I20260601 13:21:02.955353 29644 heartbeater.cc:507] Master 127.28.122.62:37733 requested a full tablet report, sending...
I20260601 13:21:02.955441 29643 heartbeater.cc:507] Master 127.28.122.60:39113 requested a full tablet report, sending...
I20260601 13:21:02.955991 29190 ts_manager.cc:194] Registered new tserver with Master: 9d42825620e84967ae45f90e074481bf (127.28.122.3:37899)
I20260601 13:21:02.956161 29256 ts_manager.cc:194] Registered new tserver with Master: 9d42825620e84967ae45f90e074481bf (127.28.122.3:37899)
I20260601 13:21:02.956652 29190 master_service.cc:502] Signed X509 certificate for tserver {username='slave'} at 127.0.0.1:38082
I20260601 13:21:02.957065 29322 ts_manager.cc:194] Registered new tserver with Master: 9d42825620e84967ae45f90e074481bf (127.28.122.3:37899)
I20260601 13:21:02.957389 29160 internal_mini_cluster.cc:371] 3 TS(s) registered with all masters after 0.008250157s
I20260601 13:21:03.798803 29376 catalog_manager.cc:1294] Loaded cluster ID: 968a05bc8d4e48ddb59ab26c7e9312f8
I20260601 13:21:03.798884 29376 catalog_manager.cc:1587] T 00000000000000000000000000000000 P cbcefe21473f469a920e843fbf01589d: loading cluster ID for follower catalog manager: success
I20260601 13:21:03.800065 29376 catalog_manager.cc:1609] T 00000000000000000000000000000000 P cbcefe21473f469a920e843fbf01589d: acquiring CA information for follower catalog manager: success
I20260601 13:21:03.800844 29376 catalog_manager.cc:1637] T 00000000000000000000000000000000 P cbcefe21473f469a920e843fbf01589d: importing token verification keys for follower catalog manager: success; most recent TSK sequence number 0
I20260601 13:21:03.822033 29401 catalog_manager.cc:1294] Loaded cluster ID: 968a05bc8d4e48ddb59ab26c7e9312f8
I20260601 13:21:03.822104 29401 catalog_manager.cc:1587] T 00000000000000000000000000000000 P cfd93e56914e48ccb587f171f1c6a19c: loading cluster ID for follower catalog manager: success
I20260601 13:21:03.823212 29401 catalog_manager.cc:1609] T 00000000000000000000000000000000 P cfd93e56914e48ccb587f171f1c6a19c: acquiring CA information for follower catalog manager: success
I20260601 13:21:03.823695 29401 catalog_manager.cc:1637] T 00000000000000000000000000000000 P cfd93e56914e48ccb587f171f1c6a19c: importing token verification keys for follower catalog manager: success; most recent TSK sequence number 0
I20260601 13:21:03.875279 29190 master_service.cc:502] Signed X509 certificate for tserver {username='slave'} at 127.0.0.1:38072
I20260601 13:21:03.905530 29565 heartbeater.cc:499] Master 127.28.122.62:37733 was elected leader, sending a full tablet report...
I20260601 13:21:03.957548 29644 heartbeater.cc:499] Master 127.28.122.62:37733 was elected leader, sending a full tablet report...
I20260601 13:21:04.796955 29387 auto_leader_rebalancer.cc:451] All tables' leader rebalancing finished this round
I20260601 13:21:04.876123 29486 heartbeater.cc:499] Master 127.28.122.62:37733 was elected leader, sending a full tablet report...
I20260601 13:21:05.021549 29190 catalog_manager.cc:2282] Servicing CreateTable request from {username='slave'} at 127.0.0.1:38098:
name: "test-workload"
schema {
  columns {
    name: "key"
    type: INT32
    is_key: true
    is_nullable: false
    encoding: AUTO_ENCODING
    compression: DEFAULT_COMPRESSION
    cfile_block_size: 0
    immutable: false
  }
  columns {
    name: "int_val"
    type: INT32
    is_key: false
    is_nullable: false
    encoding: AUTO_ENCODING
    compression: DEFAULT_COMPRESSION
    cfile_block_size: 0
    immutable: false
  }
  columns {
    name: "string_val"
    type: STRING
    is_key: false
    is_nullable: true
    encoding: AUTO_ENCODING
    compression: DEFAULT_COMPRESSION
    cfile_block_size: 0
    immutable: false
  }
}
num_replicas: 1
split_rows_range_bounds {
  rows: "\004\001\000\377\377\377\037\004\001\000\376\377\377?\004\001\000\375\377\377_""\004\001\000\377\377\377\037\004\001\000\376\377\377?\004\001\000\375\377\377_"
  indirect_data: """"
}
partition_schema {
  range_schema {
    columns {
      name: "key"
    }
  }
}
I20260601 13:21:05.039206 29607 tablet_service.cc:1511] Processing CreateTablet for tablet 2e34c5d334c446b190a2e0e25a460e3d (DEFAULT_TABLE table=test-workload [id=157e239404f049b59d8199087526ae3a]), partition=RANGE (key) PARTITION VALUES < 536870911
I20260601 13:21:05.039661 29607 data_dirs.cc:400] Could only allocate 1 dirs of requested 3 for tablet 2e34c5d334c446b190a2e0e25a460e3d. 1 dirs total, 0 dirs full, 0 dirs failed
I20260601 13:21:05.040879 29449 tablet_service.cc:1511] Processing CreateTablet for tablet debe7246dad1487b9188ab542fb633d3 (DEFAULT_TABLE table=test-workload [id=157e239404f049b59d8199087526ae3a]), partition=RANGE (key) PARTITION 1073741822 <= VALUES < 1610612733
I20260601 13:21:05.041159 29449 data_dirs.cc:400] Could only allocate 1 dirs of requested 3 for tablet debe7246dad1487b9188ab542fb633d3. 1 dirs total, 0 dirs full, 0 dirs failed
I20260601 13:21:05.041323 29528 tablet_service.cc:1511] Processing CreateTablet for tablet 412f624ee7c2449d91c3d70fa1825f2a (DEFAULT_TABLE table=test-workload [id=157e239404f049b59d8199087526ae3a]), partition=RANGE (key) PARTITION 536870911 <= VALUES < 1073741822
I20260601 13:21:05.041579 29528 data_dirs.cc:400] Could only allocate 1 dirs of requested 3 for tablet 412f624ee7c2449d91c3d70fa1825f2a. 1 dirs total, 0 dirs full, 0 dirs failed
I20260601 13:21:05.043315 29679 tablet_bootstrap.cc:492] T debe7246dad1487b9188ab542fb633d3 P 9874b59b236a428cb8bbdf778233c879: Bootstrap starting.
I20260601 13:21:05.043437 29448 tablet_service.cc:1511] Processing CreateTablet for tablet 707895f7435f43d6b799eaaf34b5a41f (DEFAULT_TABLE table=test-workload [id=157e239404f049b59d8199087526ae3a]), partition=RANGE (key) PARTITION 1610612733 <= VALUES
I20260601 13:21:05.043699 29680 tablet_bootstrap.cc:492] T 412f624ee7c2449d91c3d70fa1825f2a P c3825b9eb7d84be18316945030f6e25f: Bootstrap starting.
I20260601 13:21:05.043702 29448 data_dirs.cc:400] Could only allocate 1 dirs of requested 3 for tablet 707895f7435f43d6b799eaaf34b5a41f. 1 dirs total, 0 dirs full, 0 dirs failed
I20260601 13:21:05.044302 29679 tablet_bootstrap.cc:654] T debe7246dad1487b9188ab542fb633d3 P 9874b59b236a428cb8bbdf778233c879: Neither blocks nor log segments found. Creating new log.
I20260601 13:21:05.044751 29680 tablet_bootstrap.cc:654] T 412f624ee7c2449d91c3d70fa1825f2a P c3825b9eb7d84be18316945030f6e25f: Neither blocks nor log segments found. Creating new log.
I20260601 13:21:05.045538 29678 tablet_bootstrap.cc:492] T 2e34c5d334c446b190a2e0e25a460e3d P 9d42825620e84967ae45f90e074481bf: Bootstrap starting.
I20260601 13:21:05.046052 29679 tablet_bootstrap.cc:492] T debe7246dad1487b9188ab542fb633d3 P 9874b59b236a428cb8bbdf778233c879: No bootstrap required, opened a new log
I20260601 13:21:05.046145 29680 tablet_bootstrap.cc:492] T 412f624ee7c2449d91c3d70fa1825f2a P c3825b9eb7d84be18316945030f6e25f: No bootstrap required, opened a new log
I20260601 13:21:05.046221 29680 ts_tablet_manager.cc:1403] T 412f624ee7c2449d91c3d70fa1825f2a P c3825b9eb7d84be18316945030f6e25f: Time spent bootstrapping tablet: real 0.003s	user 0.002s	sys 0.000s
I20260601 13:21:05.046221 29679 ts_tablet_manager.cc:1403] T debe7246dad1487b9188ab542fb633d3 P 9874b59b236a428cb8bbdf778233c879: Time spent bootstrapping tablet: real 0.003s	user 0.002s	sys 0.000s
I20260601 13:21:05.046469 29678 tablet_bootstrap.cc:654] T 2e34c5d334c446b190a2e0e25a460e3d P 9d42825620e84967ae45f90e074481bf: Neither blocks nor log segments found. Creating new log.
I20260601 13:21:05.046684 29680 raft_consensus.cc:359] T 412f624ee7c2449d91c3d70fa1825f2a P c3825b9eb7d84be18316945030f6e25f [term 0 FOLLOWER]: Replica starting. Triggering 0 pending ops. Active config: opid_index: -1 OBSOLETE_local: true peers { permanent_uuid: "c3825b9eb7d84be18316945030f6e25f" member_type: VOTER last_known_addr { host: "127.28.122.2" port: 33641 } }
I20260601 13:21:05.046833 29680 raft_consensus.cc:385] T 412f624ee7c2449d91c3d70fa1825f2a P c3825b9eb7d84be18316945030f6e25f [term 0 FOLLOWER]: Consensus starting up: Expiring failure detector timer to make a prompt election more likely
I20260601 13:21:05.046857 29680 raft_consensus.cc:740] T 412f624ee7c2449d91c3d70fa1825f2a P c3825b9eb7d84be18316945030f6e25f [term 0 FOLLOWER]: Becoming Follower/Learner. State: Replica: c3825b9eb7d84be18316945030f6e25f, State: Initialized, Role: FOLLOWER
I20260601 13:21:05.046986 29680 consensus_queue.cc:260] T 412f624ee7c2449d91c3d70fa1825f2a P c3825b9eb7d84be18316945030f6e25f [NON_LEADER]: Queue going to NON_LEADER mode. State: All replicated index: 0, Majority replicated index: 0, Committed index: 0, Last appended: 0.0, Last appended by leader: 0, Current term: 0, Majority size: -1, State: 0, Mode: NON_LEADER, active raft config: opid_index: -1 OBSOLETE_local: true peers { permanent_uuid: "c3825b9eb7d84be18316945030f6e25f" member_type: VOTER last_known_addr { host: "127.28.122.2" port: 33641 } }
I20260601 13:21:05.047089 29680 raft_consensus.cc:399] T 412f624ee7c2449d91c3d70fa1825f2a P c3825b9eb7d84be18316945030f6e25f [term 0 FOLLOWER]: Only one voter in the Raft config. Triggering election immediately
I20260601 13:21:05.047147 29680 raft_consensus.cc:493] T 412f624ee7c2449d91c3d70fa1825f2a P c3825b9eb7d84be18316945030f6e25f [term 0 FOLLOWER]: Starting leader election (initial election of a single-replica configuration)
I20260601 13:21:05.047194 29680 raft_consensus.cc:3060] T 412f624ee7c2449d91c3d70fa1825f2a P c3825b9eb7d84be18316945030f6e25f [term 0 FOLLOWER]: Advancing to term 1
I20260601 13:21:05.047477 29678 tablet_bootstrap.cc:492] T 2e34c5d334c446b190a2e0e25a460e3d P 9d42825620e84967ae45f90e074481bf: No bootstrap required, opened a new log
I20260601 13:21:05.047578 29678 ts_tablet_manager.cc:1403] T 2e34c5d334c446b190a2e0e25a460e3d P 9d42825620e84967ae45f90e074481bf: Time spent bootstrapping tablet: real 0.002s	user 0.001s	sys 0.000s
I20260601 13:21:05.047927 29678 raft_consensus.cc:359] T 2e34c5d334c446b190a2e0e25a460e3d P 9d42825620e84967ae45f90e074481bf [term 0 FOLLOWER]: Replica starting. Triggering 0 pending ops. Active config: opid_index: -1 OBSOLETE_local: true peers { permanent_uuid: "9d42825620e84967ae45f90e074481bf" member_type: VOTER last_known_addr { host: "127.28.122.3" port: 37899 } }
I20260601 13:21:05.048036 29678 raft_consensus.cc:385] T 2e34c5d334c446b190a2e0e25a460e3d P 9d42825620e84967ae45f90e074481bf [term 0 FOLLOWER]: Consensus starting up: Expiring failure detector timer to make a prompt election more likely
I20260601 13:21:05.047938 29680 raft_consensus.cc:515] T 412f624ee7c2449d91c3d70fa1825f2a P c3825b9eb7d84be18316945030f6e25f [term 1 FOLLOWER]: Starting leader election with config: opid_index: -1 OBSOLETE_local: true peers { permanent_uuid: "c3825b9eb7d84be18316945030f6e25f" member_type: VOTER last_known_addr { host: "127.28.122.2" port: 33641 } }
I20260601 13:21:05.046684 29679 raft_consensus.cc:359] T debe7246dad1487b9188ab542fb633d3 P 9874b59b236a428cb8bbdf778233c879 [term 0 FOLLOWER]: Replica starting. Triggering 0 pending ops. Active config: opid_index: -1 OBSOLETE_local: true peers { permanent_uuid: "9874b59b236a428cb8bbdf778233c879" member_type: VOTER last_known_addr { host: "127.28.122.1" port: 43317 } }
I20260601 13:21:05.048151 29679 raft_consensus.cc:385] T debe7246dad1487b9188ab542fb633d3 P 9874b59b236a428cb8bbdf778233c879 [term 0 FOLLOWER]: Consensus starting up: Expiring failure detector timer to make a prompt election more likely
I20260601 13:21:05.048185 29680 leader_election.cc:304] T 412f624ee7c2449d91c3d70fa1825f2a P c3825b9eb7d84be18316945030f6e25f [CANDIDATE]: Term 1 election: Election decided. Result: candidate won. Election summary: received 1 responses out of 1 voters: 1 yes votes; 0 no votes. yes voters: c3825b9eb7d84be18316945030f6e25f; no voters: 
I20260601 13:21:05.048190 29679 raft_consensus.cc:740] T debe7246dad1487b9188ab542fb633d3 P 9874b59b236a428cb8bbdf778233c879 [term 0 FOLLOWER]: Becoming Follower/Learner. State: Replica: 9874b59b236a428cb8bbdf778233c879, State: Initialized, Role: FOLLOWER
I20260601 13:21:05.048360 29679 consensus_queue.cc:260] T debe7246dad1487b9188ab542fb633d3 P 9874b59b236a428cb8bbdf778233c879 [NON_LEADER]: Queue going to NON_LEADER mode. State: All replicated index: 0, Majority replicated index: 0, Committed index: 0, Last appended: 0.0, Last appended by leader: 0, Current term: 0, Majority size: -1, State: 0, Mode: NON_LEADER, active raft config: opid_index: -1 OBSOLETE_local: true peers { permanent_uuid: "9874b59b236a428cb8bbdf778233c879" member_type: VOTER last_known_addr { host: "127.28.122.1" port: 43317 } }
I20260601 13:21:05.048389 29680 leader_election.cc:290] T 412f624ee7c2449d91c3d70fa1825f2a P c3825b9eb7d84be18316945030f6e25f [CANDIDATE]: Term 1 election: Requested vote from peers 
I20260601 13:21:05.048460 29684 raft_consensus.cc:2804] T 412f624ee7c2449d91c3d70fa1825f2a P c3825b9eb7d84be18316945030f6e25f [term 1 FOLLOWER]: Leader election won for term 1
I20260601 13:21:05.048462 29679 raft_consensus.cc:399] T debe7246dad1487b9188ab542fb633d3 P 9874b59b236a428cb8bbdf778233c879 [term 0 FOLLOWER]: Only one voter in the Raft config. Triggering election immediately
I20260601 13:21:05.048532 29679 raft_consensus.cc:493] T debe7246dad1487b9188ab542fb633d3 P 9874b59b236a428cb8bbdf778233c879 [term 0 FOLLOWER]: Starting leader election (initial election of a single-replica configuration)
I20260601 13:21:05.048569 29679 raft_consensus.cc:3060] T debe7246dad1487b9188ab542fb633d3 P 9874b59b236a428cb8bbdf778233c879 [term 0 FOLLOWER]: Advancing to term 1
I20260601 13:21:05.048622 29684 raft_consensus.cc:697] T 412f624ee7c2449d91c3d70fa1825f2a P c3825b9eb7d84be18316945030f6e25f [term 1 LEADER]: Becoming Leader. State: Replica: c3825b9eb7d84be18316945030f6e25f, State: Running, Role: LEADER
I20260601 13:21:05.048732 29684 consensus_queue.cc:237] T 412f624ee7c2449d91c3d70fa1825f2a P c3825b9eb7d84be18316945030f6e25f [LEADER]: Queue going to LEADER mode. State: All replicated index: 0, Majority replicated index: 0, Committed index: 0, Last appended: 0.0, Last appended by leader: 0, Current term: 1, Majority size: 1, State: 0, Mode: LEADER, active raft config: opid_index: -1 OBSOLETE_local: true peers { permanent_uuid: "c3825b9eb7d84be18316945030f6e25f" member_type: VOTER last_known_addr { host: "127.28.122.2" port: 33641 } }
I20260601 13:21:05.048794 29680 ts_tablet_manager.cc:1434] T 412f624ee7c2449d91c3d70fa1825f2a P c3825b9eb7d84be18316945030f6e25f: Time spent starting tablet: real 0.002s	user 0.003s	sys 0.000s
I20260601 13:21:05.049377 29679 raft_consensus.cc:515] T debe7246dad1487b9188ab542fb633d3 P 9874b59b236a428cb8bbdf778233c879 [term 1 FOLLOWER]: Starting leader election with config: opid_index: -1 OBSOLETE_local: true peers { permanent_uuid: "9874b59b236a428cb8bbdf778233c879" member_type: VOTER last_known_addr { host: "127.28.122.1" port: 43317 } }
I20260601 13:21:05.048432 29678 raft_consensus.cc:740] T 2e34c5d334c446b190a2e0e25a460e3d P 9d42825620e84967ae45f90e074481bf [term 0 FOLLOWER]: Becoming Follower/Learner. State: Replica: 9d42825620e84967ae45f90e074481bf, State: Initialized, Role: FOLLOWER
I20260601 13:21:05.049521 29679 leader_election.cc:304] T debe7246dad1487b9188ab542fb633d3 P 9874b59b236a428cb8bbdf778233c879 [CANDIDATE]: Term 1 election: Election decided. Result: candidate won. Election summary: received 1 responses out of 1 voters: 1 yes votes; 0 no votes. yes voters: 9874b59b236a428cb8bbdf778233c879; no voters: 
I20260601 13:21:05.049589 29678 consensus_queue.cc:260] T 2e34c5d334c446b190a2e0e25a460e3d P 9d42825620e84967ae45f90e074481bf [NON_LEADER]: Queue going to NON_LEADER mode. State: All replicated index: 0, Majority replicated index: 0, Committed index: 0, Last appended: 0.0, Last appended by leader: 0, Current term: 0, Majority size: -1, State: 0, Mode: NON_LEADER, active raft config: opid_index: -1 OBSOLETE_local: true peers { permanent_uuid: "9d42825620e84967ae45f90e074481bf" member_type: VOTER last_known_addr { host: "127.28.122.3" port: 37899 } }
I20260601 13:21:05.049691 29678 raft_consensus.cc:399] T 2e34c5d334c446b190a2e0e25a460e3d P 9d42825620e84967ae45f90e074481bf [term 0 FOLLOWER]: Only one voter in the Raft config. Triggering election immediately
I20260601 13:21:05.049732 29678 raft_consensus.cc:493] T 2e34c5d334c446b190a2e0e25a460e3d P 9d42825620e84967ae45f90e074481bf [term 0 FOLLOWER]: Starting leader election (initial election of a single-replica configuration)
I20260601 13:21:05.049760 29679 leader_election.cc:290] T debe7246dad1487b9188ab542fb633d3 P 9874b59b236a428cb8bbdf778233c879 [CANDIDATE]: Term 1 election: Requested vote from peers 
I20260601 13:21:05.049769 29678 raft_consensus.cc:3060] T 2e34c5d334c446b190a2e0e25a460e3d P 9d42825620e84967ae45f90e074481bf [term 0 FOLLOWER]: Advancing to term 1
I20260601 13:21:05.050040 29679 ts_tablet_manager.cc:1434] T debe7246dad1487b9188ab542fb633d3 P 9874b59b236a428cb8bbdf778233c879: Time spent starting tablet: real 0.004s	user 0.002s	sys 0.000s
I20260601 13:21:05.050760 29678 raft_consensus.cc:515] T 2e34c5d334c446b190a2e0e25a460e3d P 9d42825620e84967ae45f90e074481bf [term 1 FOLLOWER]: Starting leader election with config: opid_index: -1 OBSOLETE_local: true peers { permanent_uuid: "9d42825620e84967ae45f90e074481bf" member_type: VOTER last_known_addr { host: "127.28.122.3" port: 37899 } }
I20260601 13:21:05.050882 29678 leader_election.cc:304] T 2e34c5d334c446b190a2e0e25a460e3d P 9d42825620e84967ae45f90e074481bf [CANDIDATE]: Term 1 election: Election decided. Result: candidate won. Election summary: received 1 responses out of 1 voters: 1 yes votes; 0 no votes. yes voters: 9d42825620e84967ae45f90e074481bf; no voters: 
I20260601 13:21:05.051281 29678 leader_election.cc:290] T 2e34c5d334c446b190a2e0e25a460e3d P 9d42825620e84967ae45f90e074481bf [CANDIDATE]: Term 1 election: Requested vote from peers 
I20260601 13:21:05.051347 29189 catalog_manager.cc:5696] T 412f624ee7c2449d91c3d70fa1825f2a P c3825b9eb7d84be18316945030f6e25f reported cstate change: term changed from 0 to 1, leader changed from <none> to c3825b9eb7d84be18316945030f6e25f (127.28.122.2). New cstate: current_term: 1 leader_uuid: "c3825b9eb7d84be18316945030f6e25f" committed_config { opid_index: -1 OBSOLETE_local: true peers { permanent_uuid: "c3825b9eb7d84be18316945030f6e25f" member_type: VOTER last_known_addr { host: "127.28.122.2" port: 33641 } health_report { overall_health: HEALTHY } } }
I20260601 13:21:05.051553 29691 raft_consensus.cc:2804] T 2e34c5d334c446b190a2e0e25a460e3d P 9d42825620e84967ae45f90e074481bf [term 1 FOLLOWER]: Leader election won for term 1
I20260601 13:21:05.051563 29678 ts_tablet_manager.cc:1434] T 2e34c5d334c446b190a2e0e25a460e3d P 9d42825620e84967ae45f90e074481bf: Time spent starting tablet: real 0.004s	user 0.003s	sys 0.000s
I20260601 13:21:05.051745 29691 raft_consensus.cc:697] T 2e34c5d334c446b190a2e0e25a460e3d P 9d42825620e84967ae45f90e074481bf [term 1 LEADER]: Becoming Leader. State: Replica: 9d42825620e84967ae45f90e074481bf, State: Running, Role: LEADER
I20260601 13:21:05.051870 29691 consensus_queue.cc:237] T 2e34c5d334c446b190a2e0e25a460e3d P 9d42825620e84967ae45f90e074481bf [LEADER]: Queue going to LEADER mode. State: All replicated index: 0, Majority replicated index: 0, Committed index: 0, Last appended: 0.0, Last appended by leader: 0, Current term: 1, Majority size: 1, State: 0, Mode: LEADER, active raft config: opid_index: -1 OBSOLETE_local: true peers { permanent_uuid: "9d42825620e84967ae45f90e074481bf" member_type: VOTER last_known_addr { host: "127.28.122.3" port: 37899 } }
I20260601 13:21:05.052433 29679 tablet_bootstrap.cc:492] T 707895f7435f43d6b799eaaf34b5a41f P 9874b59b236a428cb8bbdf778233c879: Bootstrap starting.
I20260601 13:21:05.053223 29679 tablet_bootstrap.cc:654] T 707895f7435f43d6b799eaaf34b5a41f P 9874b59b236a428cb8bbdf778233c879: Neither blocks nor log segments found. Creating new log.
I20260601 13:21:05.054752 29688 raft_consensus.cc:2804] T debe7246dad1487b9188ab542fb633d3 P 9874b59b236a428cb8bbdf778233c879 [term 1 FOLLOWER]: Leader election won for term 1
I20260601 13:21:05.055501 29688 raft_consensus.cc:697] T debe7246dad1487b9188ab542fb633d3 P 9874b59b236a428cb8bbdf778233c879 [term 1 LEADER]: Becoming Leader. State: Replica: 9874b59b236a428cb8bbdf778233c879, State: Running, Role: LEADER
I20260601 13:21:05.055974 29190 catalog_manager.cc:5696] T 2e34c5d334c446b190a2e0e25a460e3d P 9d42825620e84967ae45f90e074481bf reported cstate change: term changed from 0 to 1, leader changed from <none> to 9d42825620e84967ae45f90e074481bf (127.28.122.3). New cstate: current_term: 1 leader_uuid: "9d42825620e84967ae45f90e074481bf" committed_config { opid_index: -1 OBSOLETE_local: true peers { permanent_uuid: "9d42825620e84967ae45f90e074481bf" member_type: VOTER last_known_addr { host: "127.28.122.3" port: 37899 } health_report { overall_health: HEALTHY } } }
I20260601 13:21:05.056962 29688 consensus_queue.cc:237] T debe7246dad1487b9188ab542fb633d3 P 9874b59b236a428cb8bbdf778233c879 [LEADER]: Queue going to LEADER mode. State: All replicated index: 0, Majority replicated index: 0, Committed index: 0, Last appended: 0.0, Last appended by leader: 0, Current term: 1, Majority size: 1, State: 0, Mode: LEADER, active raft config: opid_index: -1 OBSOLETE_local: true peers { permanent_uuid: "9874b59b236a428cb8bbdf778233c879" member_type: VOTER last_known_addr { host: "127.28.122.1" port: 43317 } }
I20260601 13:21:05.059559 29189 catalog_manager.cc:5696] T debe7246dad1487b9188ab542fb633d3 P 9874b59b236a428cb8bbdf778233c879 reported cstate change: term changed from 0 to 1, leader changed from <none> to 9874b59b236a428cb8bbdf778233c879 (127.28.122.1). New cstate: current_term: 1 leader_uuid: "9874b59b236a428cb8bbdf778233c879" committed_config { opid_index: -1 OBSOLETE_local: true peers { permanent_uuid: "9874b59b236a428cb8bbdf778233c879" member_type: VOTER last_known_addr { host: "127.28.122.1" port: 43317 } health_report { overall_health: HEALTHY } } }
I20260601 13:21:05.077739 29679 tablet_bootstrap.cc:492] T 707895f7435f43d6b799eaaf34b5a41f P 9874b59b236a428cb8bbdf778233c879: No bootstrap required, opened a new log
I20260601 13:21:05.077854 29679 ts_tablet_manager.cc:1403] T 707895f7435f43d6b799eaaf34b5a41f P 9874b59b236a428cb8bbdf778233c879: Time spent bootstrapping tablet: real 0.025s	user 0.001s	sys 0.000s
I20260601 13:21:05.078311 29679 raft_consensus.cc:359] T 707895f7435f43d6b799eaaf34b5a41f P 9874b59b236a428cb8bbdf778233c879 [term 0 FOLLOWER]: Replica starting. Triggering 0 pending ops. Active config: opid_index: -1 OBSOLETE_local: true peers { permanent_uuid: "9874b59b236a428cb8bbdf778233c879" member_type: VOTER last_known_addr { host: "127.28.122.1" port: 43317 } }
I20260601 13:21:05.078398 29679 raft_consensus.cc:385] T 707895f7435f43d6b799eaaf34b5a41f P 9874b59b236a428cb8bbdf778233c879 [term 0 FOLLOWER]: Consensus starting up: Expiring failure detector timer to make a prompt election more likely
I20260601 13:21:05.078456 29679 raft_consensus.cc:740] T 707895f7435f43d6b799eaaf34b5a41f P 9874b59b236a428cb8bbdf778233c879 [term 0 FOLLOWER]: Becoming Follower/Learner. State: Replica: 9874b59b236a428cb8bbdf778233c879, State: Initialized, Role: FOLLOWER
I20260601 13:21:05.078614 29679 consensus_queue.cc:260] T 707895f7435f43d6b799eaaf34b5a41f P 9874b59b236a428cb8bbdf778233c879 [NON_LEADER]: Queue going to NON_LEADER mode. State: All replicated index: 0, Majority replicated index: 0, Committed index: 0, Last appended: 0.0, Last appended by leader: 0, Current term: 0, Majority size: -1, State: 0, Mode: NON_LEADER, active raft config: opid_index: -1 OBSOLETE_local: true peers { permanent_uuid: "9874b59b236a428cb8bbdf778233c879" member_type: VOTER last_known_addr { host: "127.28.122.1" port: 43317 } }
I20260601 13:21:05.078683 29679 raft_consensus.cc:399] T 707895f7435f43d6b799eaaf34b5a41f P 9874b59b236a428cb8bbdf778233c879 [term 0 FOLLOWER]: Only one voter in the Raft config. Triggering election immediately
I20260601 13:21:05.078742 29679 raft_consensus.cc:493] T 707895f7435f43d6b799eaaf34b5a41f P 9874b59b236a428cb8bbdf778233c879 [term 0 FOLLOWER]: Starting leader election (initial election of a single-replica configuration)
I20260601 13:21:05.078852 29679 raft_consensus.cc:3060] T 707895f7435f43d6b799eaaf34b5a41f P 9874b59b236a428cb8bbdf778233c879 [term 0 FOLLOWER]: Advancing to term 1
I20260601 13:21:05.079861 29679 raft_consensus.cc:515] T 707895f7435f43d6b799eaaf34b5a41f P 9874b59b236a428cb8bbdf778233c879 [term 1 FOLLOWER]: Starting leader election with config: opid_index: -1 OBSOLETE_local: true peers { permanent_uuid: "9874b59b236a428cb8bbdf778233c879" member_type: VOTER last_known_addr { host: "127.28.122.1" port: 43317 } }
I20260601 13:21:05.079975 29679 leader_election.cc:304] T 707895f7435f43d6b799eaaf34b5a41f P 9874b59b236a428cb8bbdf778233c879 [CANDIDATE]: Term 1 election: Election decided. Result: candidate won. Election summary: received 1 responses out of 1 voters: 1 yes votes; 0 no votes. yes voters: 9874b59b236a428cb8bbdf778233c879; no voters: 
I20260601 13:21:05.080103 29679 leader_election.cc:290] T 707895f7435f43d6b799eaaf34b5a41f P 9874b59b236a428cb8bbdf778233c879 [CANDIDATE]: Term 1 election: Requested vote from peers 
I20260601 13:21:05.080204 29688 raft_consensus.cc:2804] T 707895f7435f43d6b799eaaf34b5a41f P 9874b59b236a428cb8bbdf778233c879 [term 1 FOLLOWER]: Leader election won for term 1
I20260601 13:21:05.080345 29679 ts_tablet_manager.cc:1434] T 707895f7435f43d6b799eaaf34b5a41f P 9874b59b236a428cb8bbdf778233c879: Time spent starting tablet: real 0.002s	user 0.000s	sys 0.000s
I20260601 13:21:05.080444 29688 raft_consensus.cc:697] T 707895f7435f43d6b799eaaf34b5a41f P 9874b59b236a428cb8bbdf778233c879 [term 1 LEADER]: Becoming Leader. State: Replica: 9874b59b236a428cb8bbdf778233c879, State: Running, Role: LEADER
I20260601 13:21:05.080575 29688 consensus_queue.cc:237] T 707895f7435f43d6b799eaaf34b5a41f P 9874b59b236a428cb8bbdf778233c879 [LEADER]: Queue going to LEADER mode. State: All replicated index: 0, Majority replicated index: 0, Committed index: 0, Last appended: 0.0, Last appended by leader: 0, Current term: 1, Majority size: 1, State: 0, Mode: LEADER, active raft config: opid_index: -1 OBSOLETE_local: true peers { permanent_uuid: "9874b59b236a428cb8bbdf778233c879" member_type: VOTER last_known_addr { host: "127.28.122.1" port: 43317 } }
I20260601 13:21:05.081825 29189 catalog_manager.cc:5696] T 707895f7435f43d6b799eaaf34b5a41f P 9874b59b236a428cb8bbdf778233c879 reported cstate change: term changed from 0 to 1, leader changed from <none> to 9874b59b236a428cb8bbdf778233c879 (127.28.122.1). New cstate: current_term: 1 leader_uuid: "9874b59b236a428cb8bbdf778233c879" committed_config { opid_index: -1 OBSOLETE_local: true peers { permanent_uuid: "9874b59b236a428cb8bbdf778233c879" member_type: VOTER last_known_addr { host: "127.28.122.1" port: 43317 } health_report { overall_health: HEALTHY } } }
I20260601 13:21:05.090153 29160 tablet_server.cc:179] TabletServer@127.28.122.1:0 shutting down...
I20260601 13:21:05.094568 29160 ts_tablet_manager.cc:1507] Shutting down tablet manager...
I20260601 13:21:05.094920 29160 tablet_replica.cc:333] T 707895f7435f43d6b799eaaf34b5a41f P 9874b59b236a428cb8bbdf778233c879: stopping tablet replica
I20260601 13:21:05.095192 29160 raft_consensus.cc:2243] T 707895f7435f43d6b799eaaf34b5a41f P 9874b59b236a428cb8bbdf778233c879 [term 1 LEADER]: Raft consensus shutting down.
I20260601 13:21:05.095350 29160 raft_consensus.cc:2272] T 707895f7435f43d6b799eaaf34b5a41f P 9874b59b236a428cb8bbdf778233c879 [term 1 FOLLOWER]: Raft consensus is shut down!
I20260601 13:21:05.096597 29160 tablet_replica.cc:333] T debe7246dad1487b9188ab542fb633d3 P 9874b59b236a428cb8bbdf778233c879: stopping tablet replica
I20260601 13:21:05.096717 29160 raft_consensus.cc:2243] T debe7246dad1487b9188ab542fb633d3 P 9874b59b236a428cb8bbdf778233c879 [term 1 LEADER]: Raft consensus shutting down.
I20260601 13:21:05.096853 29160 raft_consensus.cc:2272] T debe7246dad1487b9188ab542fb633d3 P 9874b59b236a428cb8bbdf778233c879 [term 1 FOLLOWER]: Raft consensus is shut down!
I20260601 13:21:05.110710 29160 tablet_server.cc:196] TabletServer@127.28.122.1:0 shutdown complete.
I20260601 13:21:05.114756 29160 tablet_server.cc:179] TabletServer@127.28.122.2:0 shutting down...
I20260601 13:21:05.119133 29160 ts_tablet_manager.cc:1507] Shutting down tablet manager...
I20260601 13:21:05.119479 29160 tablet_replica.cc:333] T 412f624ee7c2449d91c3d70fa1825f2a P c3825b9eb7d84be18316945030f6e25f: stopping tablet replica
I20260601 13:21:05.119632 29160 raft_consensus.cc:2243] T 412f624ee7c2449d91c3d70fa1825f2a P c3825b9eb7d84be18316945030f6e25f [term 1 LEADER]: Raft consensus shutting down.
I20260601 13:21:05.119776 29160 raft_consensus.cc:2272] T 412f624ee7c2449d91c3d70fa1825f2a P c3825b9eb7d84be18316945030f6e25f [term 1 FOLLOWER]: Raft consensus is shut down!
I20260601 13:21:05.132974 29160 tablet_server.cc:196] TabletServer@127.28.122.2:0 shutdown complete.
I20260601 13:21:05.134912 29160 tablet_server.cc:179] TabletServer@127.28.122.3:0 shutting down...
I20260601 13:21:05.138868 29160 ts_tablet_manager.cc:1507] Shutting down tablet manager...
I20260601 13:21:05.139125 29160 tablet_replica.cc:333] T 2e34c5d334c446b190a2e0e25a460e3d P 9d42825620e84967ae45f90e074481bf: stopping tablet replica
I20260601 13:21:05.139257 29160 raft_consensus.cc:2243] T 2e34c5d334c446b190a2e0e25a460e3d P 9d42825620e84967ae45f90e074481bf [term 1 LEADER]: Raft consensus shutting down.
I20260601 13:21:05.139407 29160 raft_consensus.cc:2272] T 2e34c5d334c446b190a2e0e25a460e3d P 9d42825620e84967ae45f90e074481bf [term 1 FOLLOWER]: Raft consensus is shut down!
I20260601 13:21:05.152412 29160 tablet_server.cc:196] TabletServer@127.28.122.3:0 shutdown complete.
I20260601 13:21:05.154394 29160 master.cc:562] Master@127.28.122.62:37733 shutting down...
I20260601 13:21:05.157974 29160 raft_consensus.cc:2243] T 00000000000000000000000000000000 P 8da2b37f7c8749bba2d95b558415fa91 [term 1 LEADER]: Raft consensus shutting down.
I20260601 13:21:05.158226 29160 raft_consensus.cc:2272] T 00000000000000000000000000000000 P 8da2b37f7c8749bba2d95b558415fa91 [term 1 FOLLOWER]: Raft consensus is shut down!
I20260601 13:21:05.158300 29160 tablet_replica.cc:333] T 00000000000000000000000000000000 P 8da2b37f7c8749bba2d95b558415fa91: stopping tablet replica
I20260601 13:21:05.171655 29160 master.cc:584] Master@127.28.122.62:37733 shutdown complete.
I20260601 13:21:05.174603 29160 master.cc:562] Master@127.28.122.61:33019 shutting down...
I20260601 13:21:05.177609 29160 raft_consensus.cc:2243] T 00000000000000000000000000000000 P cfd93e56914e48ccb587f171f1c6a19c [term 1 FOLLOWER]: Raft consensus shutting down.
I20260601 13:21:05.177768 29160 raft_consensus.cc:2272] T 00000000000000000000000000000000 P cfd93e56914e48ccb587f171f1c6a19c [term 1 FOLLOWER]: Raft consensus is shut down!
I20260601 13:21:05.177837 29160 tablet_replica.cc:333] T 00000000000000000000000000000000 P cfd93e56914e48ccb587f171f1c6a19c: stopping tablet replica
I20260601 13:21:05.190627 29160 master.cc:584] Master@127.28.122.61:33019 shutdown complete.
I20260601 13:21:05.192807 29160 master.cc:562] Master@127.28.122.60:39113 shutting down...
I20260601 13:21:05.196815 29160 raft_consensus.cc:2243] T 00000000000000000000000000000000 P cbcefe21473f469a920e843fbf01589d [term 1 FOLLOWER]: Raft consensus shutting down.
I20260601 13:21:05.196995 29160 raft_consensus.cc:2272] T 00000000000000000000000000000000 P cbcefe21473f469a920e843fbf01589d [term 1 FOLLOWER]: Raft consensus is shut down!
I20260601 13:21:05.197086 29160 tablet_replica.cc:333] T 00000000000000000000000000000000 P cbcefe21473f469a920e843fbf01589d: stopping tablet replica
I20260601 13:21:05.209909 29160 master.cc:584] Master@127.28.122.60:39113 shutdown complete.
[       OK ] AutoRebalancerTest.OnlyLeaderDoesAutoRebalancing (2541 ms)
[ RUN      ] AutoRebalancerTest.AutoRebalancingTurnOffAndOn
I20260601 13:21:05.217506 29160 internal_mini_cluster.cc:156] Creating distributed mini masters. Addrs: 127.28.122.62:38443
I20260601 13:21:05.217872 29160 file_cache.cc:492] Constructed file cache file cache with capacity 419430
W20260601 13:21:05.219579 29701 instance_detector.cc:116] could not retrieve AWS instance metadata: Network error: curl error: HTTP response code said error: The requested URL returned error: 404
W20260601 13:21:05.219605 29704 instance_detector.cc:116] could not retrieve OpenStack instance metadata: Network error: curl error: HTTP response code said error: The requested URL returned error: 404
W20260601 13:21:05.219676 29702 instance_detector.cc:116] could not retrieve Azure instance metadata: Network error: curl error: HTTP response code said error: The requested URL returned error: 404
I20260601 13:21:05.219856 29160 server_base.cc:1061] running on GCE node
I20260601 13:21:05.220003 29160 hybrid_clock.cc:584] initializing the hybrid clock with 'system_unsync' time source
W20260601 13:21:05.220038 29160 system_unsync_time.cc:38] NTP support is disabled. Clock error bounds will not be accurate. This configuration is not suitable for distributed clusters.
I20260601 13:21:05.220053 29160 hybrid_clock.cc:648] HybridClock initialized: now 1780320065220053 us; error 0 us; skew 500 ppm
I20260601 13:21:05.220778 29160 webserver.cc:533] Webserver started at http://127.28.122.62:35703/ using document root <none> and password file <none>
I20260601 13:21:05.220897 29160 fs_manager.cc:362] Metadata directory not provided
I20260601 13:21:05.220935 29160 fs_manager.cc:368] Using write-ahead log directory (fs_wal_dir) as metadata directory
I20260601 13:21:05.220988 29160 server_base.cc:909] This appears to be a new deployment of Kudu; creating new FS layout
I20260601 13:21:05.221344 29160 fs_manager.cc:1068] Generated new instance metadata in path /tmp/dist-test-tasko0QJCm/test-tmp/auto_rebalancer-test.0.AutoRebalancerTest.AutoRebalancingTurnOffAndOn.1780320062666033-29160-0/minicluster-data/master-0-root/instance:
uuid: "edf4b188bfed44f0a8a602eb3768b299"
format_stamp: "Formatted at 2026-06-01 13:21:05 on dist-test-slave-gj5w"
I20260601 13:21:05.222791 29160 fs_manager.cc:696] Time spent creating directory manager: real 0.001s	user 0.000s	sys 0.001s
I20260601 13:21:05.223695 29709 log_block_manager.cc:4031] Time spent loading block containers with low live blocks: real 0.000s	user 0.000s	sys 0.000s
I20260601 13:21:05.223920 29160 fs_manager.cc:730] Time spent opening block manager: real 0.001s	user 0.000s	sys 0.001s
I20260601 13:21:05.223976 29160 fs_manager.cc:647] Opened local filesystem: /tmp/dist-test-tasko0QJCm/test-tmp/auto_rebalancer-test.0.AutoRebalancerTest.AutoRebalancingTurnOffAndOn.1780320062666033-29160-0/minicluster-data/master-0-root
uuid: "edf4b188bfed44f0a8a602eb3768b299"
format_stamp: "Formatted at 2026-06-01 13:21:05 on dist-test-slave-gj5w"
I20260601 13:21:05.224045 29160 fs_report.cc:389] FS layout report
--------------------
wal directory: /tmp/dist-test-tasko0QJCm/test-tmp/auto_rebalancer-test.0.AutoRebalancerTest.AutoRebalancingTurnOffAndOn.1780320062666033-29160-0/minicluster-data/master-0-root
metadata directory: /tmp/dist-test-tasko0QJCm/test-tmp/auto_rebalancer-test.0.AutoRebalancerTest.AutoRebalancingTurnOffAndOn.1780320062666033-29160-0/minicluster-data/master-0-root
1 data directories: /tmp/dist-test-tasko0QJCm/test-tmp/auto_rebalancer-test.0.AutoRebalancerTest.AutoRebalancingTurnOffAndOn.1780320062666033-29160-0/minicluster-data/master-0-root/data
Total live blocks: 0
Total live bytes: 0
Total live bytes (after alignment): 0
Total number of LBM containers: 0 (0 full)
Did not check for missing blocks
Did not check for orphaned blocks
Total full LBM containers with extra space: 0 (0 repaired)
Total full LBM container extra space in bytes: 0 (0 repaired)
Total incomplete LBM containers: 0 (0 repaired)
Total LBM partial records: 0 (0 repaired)
Total corrupted LBM metadata records in RocksDB: 0 (0 repaired)
I20260601 13:21:05.254387 29160 rpc_server.cc:225] running with OpenSSL 1.1.1  11 Sep 2018
