I20260601 13:33:00.421631  2627 ts_tablet_manager.cc:531] Time spent load tablet metadata: real 0.000s	user 0.000s	sys 0.000s
I20260601 13:33:00.421662  2627 ts_tablet_manager.cc:616] Registered 0 tablets
I20260601 13:33:00.421725  2627 ts_tablet_manager.cc:595] Time spent register tablets: real 0.000s	user 0.000s	sys 0.000s
I20260601 13:33:00.426733  2627 rpc_server.cc:307] RPC server started. Bound to: 127.2.144.195:41803
I20260601 13:33:00.426808  7206 acceptor_pool.cc:272] collecting diagnostics on the listening RPC socket 127.2.144.195:41803 every 8 connection(s)
I20260601 13:33:00.432017  7207 heartbeater.cc:344] Connected to a master server at 127.2.144.254:36759
I20260601 13:33:00.432137  7207 heartbeater.cc:461] Registering TS with master...
I20260601 13:33:00.432415  7207 heartbeater.cc:507] Master 127.2.144.254:36759 requested a full tablet report, sending...
I20260601 13:33:00.433188  6927 ts_manager.cc:194] Registered new tserver with Master: 1d67001ee01a44f09ef2edac60bf9a2d (127.2.144.195:41803)
I20260601 13:33:00.433743  6927 master_service.cc:502] Signed X509 certificate for tserver {username='slave'} at 127.0.0.1:50902
I20260601 13:33:00.434042  2627 internal_mini_cluster.cc:371] 3 TS(s) registered with all masters after 0.006827905s
I20260601 13:33:01.388648  7056 heartbeater.cc:499] Master 127.2.144.254:36759 was elected leader, sending a full tablet report...
I20260601 13:33:01.407135  7132 heartbeater.cc:499] Master 127.2.144.254:36759 was elected leader, sending a full tablet report...
I20260601 13:33:01.434844  7207 heartbeater.cc:499] Master 127.2.144.254:36759 was elected leader, sending a full tablet report...
I20260601 13:33:01.470247  6927 catalog_manager.cc:2282] Servicing CreateTable request from {username='slave'} at 127.0.0.1:50904:
name: "test-workload"
schema {
  columns {
    name: "key"
    type: INT32
    is_key: true
    is_nullable: false
    encoding: AUTO_ENCODING
    compression: DEFAULT_COMPRESSION
    cfile_block_size: 0
    immutable: false
  }
  columns {
    name: "int_val"
    type: INT32
    is_key: false
    is_nullable: false
    encoding: AUTO_ENCODING
    compression: DEFAULT_COMPRESSION
    cfile_block_size: 0
    immutable: false
  }
  columns {
    name: "string_val"
    type: STRING
    is_key: false
    is_nullable: true
    encoding: AUTO_ENCODING
    compression: DEFAULT_COMPRESSION
    cfile_block_size: 0
    immutable: false
  }
}
num_replicas: 3
split_rows_range_bounds {
  rows: "\004\001\000\252\252\252\n\004\001\000TUU\025\004\001\000\376\377\377\037\004\001\000\250\252\252*\004\001\000RUU5\004\001\000\374\377\377?\004\001\000\246\252\252J\004\001\000PUUU\004\001\000\372\377\377_\004\001\000\244\252\252j\004\001\000NUUu""\004\001\000\252\252\252\n\004\001\000TUU\025\004\001\000\376\377\377\037\004\001\000\250\252\252*\004\001\000RUU5\004\001\000\374\377\377?\004\001\000\246\252\252J\004\001\000PUUU\004\001\000\372\377\377_\004\001\000\244\252\252j\004\001\000NUUu"
  indirect_data: """"
}
partition_schema {
  range_schema {
    columns {
      name: "key"
    }
  }
}
W20260601 13:33:01.470873  6927 catalog_manager.cc:7076] The number of live tablet servers is not enough to re-replicate a tablet replica of the newly created table test-workload in case of a server failure: 4 tablet servers would be needed, 3 are available. Consider bringing up more tablet servers.
I20260601 13:33:01.485898  7096 tablet_service.cc:1511] Processing CreateTablet for tablet 5bdddca22e4e4732b26385ad5e35a49f (DEFAULT_TABLE table=test-workload [id=54133796d7b24c6d9b196b30c424ddc3]), partition=RANGE (key) PARTITION VALUES < 178956970
I20260601 13:33:01.486150  7094 tablet_service.cc:1511] Processing CreateTablet for tablet 8d5ab0765b5b4aac8e2cfa241c0242da (DEFAULT_TABLE table=test-workload [id=54133796d7b24c6d9b196b30c424ddc3]), partition=RANGE (key) PARTITION 178956970 <= VALUES < 357913940
I20260601 13:33:01.486279  7096 data_dirs.cc:400] Could only allocate 1 dirs of requested 3 for tablet 5bdddca22e4e4732b26385ad5e35a49f. 1 dirs total, 0 dirs full, 0 dirs failed
I20260601 13:33:01.486454  7094 data_dirs.cc:400] Could only allocate 1 dirs of requested 3 for tablet 8d5ab0765b5b4aac8e2cfa241c0242da. 1 dirs total, 0 dirs full, 0 dirs failed
I20260601 13:33:01.487921  7092 tablet_service.cc:1511] Processing CreateTablet for tablet aa1364ac81d54520b5c98b366a9add86 (DEFAULT_TABLE table=test-workload [id=54133796d7b24c6d9b196b30c424ddc3]), partition=RANGE (key) PARTITION 715827880 <= VALUES < 894784850
I20260601 13:33:01.488173  7092 data_dirs.cc:400] Could only allocate 1 dirs of requested 3 for tablet aa1364ac81d54520b5c98b366a9add86. 1 dirs total, 0 dirs full, 0 dirs failed
I20260601 13:33:01.489456  7091 tablet_service.cc:1511] Processing CreateTablet for tablet 6f007b9bea1e44fa9c76127ce6cfe871 (DEFAULT_TABLE table=test-workload [id=54133796d7b24c6d9b196b30c424ddc3]), partition=RANGE (key) PARTITION 1252698790 <= VALUES < 1431655760
I20260601 13:33:01.489704  7091 data_dirs.cc:400] Could only allocate 1 dirs of requested 3 for tablet 6f007b9bea1e44fa9c76127ce6cfe871. 1 dirs total, 0 dirs full, 0 dirs failed
I20260601 13:33:01.489674  7171 tablet_service.cc:1511] Processing CreateTablet for tablet 5bdddca22e4e4732b26385ad5e35a49f (DEFAULT_TABLE table=test-workload [id=54133796d7b24c6d9b196b30c424ddc3]), partition=RANGE (key) PARTITION VALUES < 178956970
I20260601 13:33:01.489908  7171 data_dirs.cc:400] Could only allocate 1 dirs of requested 3 for tablet 5bdddca22e4e4732b26385ad5e35a49f. 1 dirs total, 0 dirs full, 0 dirs failed
I20260601 13:33:01.490314  7165 tablet_service.cc:1511] Processing CreateTablet for tablet e1adca5fff344b69bcdb3927676e93d6 (DEFAULT_TABLE table=test-workload [id=54133796d7b24c6d9b196b30c424ddc3]), partition=RANGE (key) PARTITION 1073741820 <= VALUES < 1252698790
I20260601 13:33:01.490414  7093 tablet_service.cc:1511] Processing CreateTablet for tablet 80b7f05d0fbc41efa5c3aee0e57cd0e3 (DEFAULT_TABLE table=test-workload [id=54133796d7b24c6d9b196b30c424ddc3]), partition=RANGE (key) PARTITION 536870910 <= VALUES < 715827880
I20260601 13:33:01.490562  7165 data_dirs.cc:400] Could only allocate 1 dirs of requested 3 for tablet e1adca5fff344b69bcdb3927676e93d6. 1 dirs total, 0 dirs full, 0 dirs failed
I20260601 13:33:01.490667  7093 data_dirs.cc:400] Could only allocate 1 dirs of requested 3 for tablet 80b7f05d0fbc41efa5c3aee0e57cd0e3. 1 dirs total, 0 dirs full, 0 dirs failed
I20260601 13:33:01.492218  7094 tablet_service.cc:1511] Processing CreateTablet for tablet e1adca5fff344b69bcdb3927676e93d6 (DEFAULT_TABLE table=test-workload [id=54133796d7b24c6d9b196b30c424ddc3]), partition=RANGE (key) PARTITION 1073741820 <= VALUES < 1252698790
I20260601 13:33:01.492460  7228 tablet_bootstrap.cc:492] T 5bdddca22e4e4732b26385ad5e35a49f P 1d67001ee01a44f09ef2edac60bf9a2d: Bootstrap starting.
I20260601 13:33:01.492743  7166 tablet_service.cc:1511] Processing CreateTablet for tablet 75ee33b22ee440088bd8f734a59d408e (DEFAULT_TABLE table=test-workload [id=54133796d7b24c6d9b196b30c424ddc3]), partition=RANGE (key) PARTITION 894784850 <= VALUES < 1073741820
I20260601 13:33:01.492762  7096 tablet_service.cc:1511] Processing CreateTablet for tablet 75ee33b22ee440088bd8f734a59d408e (DEFAULT_TABLE table=test-workload [id=54133796d7b24c6d9b196b30c424ddc3]), partition=RANGE (key) PARTITION 894784850 <= VALUES < 1073741820
I20260601 13:33:01.492810  7095 tablet_service.cc:1511] Processing CreateTablet for tablet a2fad8905b3747b9a541d5805ba162a3 (DEFAULT_TABLE table=test-workload [id=54133796d7b24c6d9b196b30c424ddc3]), partition=RANGE (key) PARTITION 357913940 <= VALUES < 536870910
I20260601 13:33:01.492974  7166 data_dirs.cc:400] Could only allocate 1 dirs of requested 3 for tablet 75ee33b22ee440088bd8f734a59d408e. 1 dirs total, 0 dirs full, 0 dirs failed
I20260601 13:33:01.492542  7094 data_dirs.cc:400] Could only allocate 1 dirs of requested 3 for tablet e1adca5fff344b69bcdb3927676e93d6. 1 dirs total, 0 dirs full, 0 dirs failed
I20260601 13:33:01.493247  7095 data_dirs.cc:400] Could only allocate 1 dirs of requested 3 for tablet a2fad8905b3747b9a541d5805ba162a3. 1 dirs total, 0 dirs full, 0 dirs failed
I20260601 13:33:01.493620  7171 tablet_service.cc:1511] Processing CreateTablet for tablet 9bc00fe556604ff79565a8cdf204147d (DEFAULT_TABLE table=test-workload [id=54133796d7b24c6d9b196b30c424ddc3]), partition=RANGE (key) PARTITION 1431655760 <= VALUES < 1610612730
I20260601 13:33:01.493835  7171 data_dirs.cc:400] Could only allocate 1 dirs of requested 3 for tablet 9bc00fe556604ff79565a8cdf204147d. 1 dirs total, 0 dirs full, 0 dirs failed
I20260601 13:33:01.495103  7167 tablet_service.cc:1511] Processing CreateTablet for tablet aa1364ac81d54520b5c98b366a9add86 (DEFAULT_TABLE table=test-workload [id=54133796d7b24c6d9b196b30c424ddc3]), partition=RANGE (key) PARTITION 715827880 <= VALUES < 894784850
I20260601 13:33:01.495379  7167 data_dirs.cc:400] Could only allocate 1 dirs of requested 3 for tablet aa1364ac81d54520b5c98b366a9add86. 1 dirs total, 0 dirs full, 0 dirs failed
I20260601 13:33:01.495464  7095 tablet_service.cc:1511] Processing CreateTablet for tablet 9bc00fe556604ff79565a8cdf204147d (DEFAULT_TABLE table=test-workload [id=54133796d7b24c6d9b196b30c424ddc3]), partition=RANGE (key) PARTITION 1431655760 <= VALUES < 1610612730
I20260601 13:33:01.495828  7164 tablet_service.cc:1511] Processing CreateTablet for tablet ab093765a91c4131bb41249e8acbd1d3 (DEFAULT_TABLE table=test-workload [id=54133796d7b24c6d9b196b30c424ddc3]), partition=RANGE (key) PARTITION 1610612730 <= VALUES < 1789569700
I20260601 13:33:01.495915  7095 data_dirs.cc:400] Could only allocate 1 dirs of requested 3 for tablet 9bc00fe556604ff79565a8cdf204147d. 1 dirs total, 0 dirs full, 0 dirs failed
I20260601 13:33:01.495857  7093 tablet_service.cc:1511] Processing CreateTablet for tablet ab093765a91c4131bb41249e8acbd1d3 (DEFAULT_TABLE table=test-workload [id=54133796d7b24c6d9b196b30c424ddc3]), partition=RANGE (key) PARTITION 1610612730 <= VALUES < 1789569700
I20260601 13:33:01.496052  7164 data_dirs.cc:400] Could only allocate 1 dirs of requested 3 for tablet ab093765a91c4131bb41249e8acbd1d3. 1 dirs total, 0 dirs full, 0 dirs failed
I20260601 13:33:01.496083  7093 data_dirs.cc:400] Could only allocate 1 dirs of requested 3 for tablet ab093765a91c4131bb41249e8acbd1d3. 1 dirs total, 0 dirs full, 0 dirs failed
I20260601 13:33:01.495859  7091 tablet_service.cc:1511] Processing CreateTablet for tablet e63c5040a7ab456599a2344d99848dd6 (DEFAULT_TABLE table=test-workload [id=54133796d7b24c6d9b196b30c424ddc3]), partition=RANGE (key) PARTITION 1789569700 <= VALUES < 1968526670
I20260601 13:33:01.496323  7091 data_dirs.cc:400] Could only allocate 1 dirs of requested 3 for tablet e63c5040a7ab456599a2344d99848dd6. 1 dirs total, 0 dirs full, 0 dirs failed
I20260601 13:33:01.497450  7168 tablet_service.cc:1511] Processing CreateTablet for tablet 80b7f05d0fbc41efa5c3aee0e57cd0e3 (DEFAULT_TABLE table=test-workload [id=54133796d7b24c6d9b196b30c424ddc3]), partition=RANGE (key) PARTITION 536870910 <= VALUES < 715827880
I20260601 13:33:01.497700  7168 data_dirs.cc:400] Could only allocate 1 dirs of requested 3 for tablet 80b7f05d0fbc41efa5c3aee0e57cd0e3. 1 dirs total, 0 dirs full, 0 dirs failed
I20260601 13:33:01.497903  7092 tablet_service.cc:1511] Processing CreateTablet for tablet b32e478fa3dc420f91e0add923480223 (DEFAULT_TABLE table=test-workload [id=54133796d7b24c6d9b196b30c424ddc3]), partition=RANGE (key) PARTITION 1968526670 <= VALUES
I20260601 13:33:01.498107  7163 tablet_service.cc:1511] Processing CreateTablet for tablet e63c5040a7ab456599a2344d99848dd6 (DEFAULT_TABLE table=test-workload [id=54133796d7b24c6d9b196b30c424ddc3]), partition=RANGE (key) PARTITION 1789569700 <= VALUES < 1968526670
I20260601 13:33:01.498328  7163 data_dirs.cc:400] Could only allocate 1 dirs of requested 3 for tablet e63c5040a7ab456599a2344d99848dd6. 1 dirs total, 0 dirs full, 0 dirs failed
I20260601 13:33:01.499352  7227 tablet_bootstrap.cc:492] T 5bdddca22e4e4732b26385ad5e35a49f P 94ce27a043de42d4bd656de5dedcbb6e: Bootstrap starting.
I20260601 13:33:01.499823  7169 tablet_service.cc:1511] Processing CreateTablet for tablet a2fad8905b3747b9a541d5805ba162a3 (DEFAULT_TABLE table=test-workload [id=54133796d7b24c6d9b196b30c424ddc3]), partition=RANGE (key) PARTITION 357913940 <= VALUES < 536870910
I20260601 13:33:01.500087  7169 data_dirs.cc:400] Could only allocate 1 dirs of requested 3 for tablet a2fad8905b3747b9a541d5805ba162a3. 1 dirs total, 0 dirs full, 0 dirs failed
I20260601 13:33:01.500417  7162 tablet_service.cc:1511] Processing CreateTablet for tablet b32e478fa3dc420f91e0add923480223 (DEFAULT_TABLE table=test-workload [id=54133796d7b24c6d9b196b30c424ddc3]), partition=RANGE (key) PARTITION 1968526670 <= VALUES
I20260601 13:33:01.500622  7162 data_dirs.cc:400] Could only allocate 1 dirs of requested 3 for tablet b32e478fa3dc420f91e0add923480223. 1 dirs total, 0 dirs full, 0 dirs failed
I20260601 13:33:01.500612  7170 tablet_service.cc:1511] Processing CreateTablet for tablet 8d5ab0765b5b4aac8e2cfa241c0242da (DEFAULT_TABLE table=test-workload [id=54133796d7b24c6d9b196b30c424ddc3]), partition=RANGE (key) PARTITION 178956970 <= VALUES < 357913940
I20260601 13:33:01.500849  7165 tablet_service.cc:1511] Processing CreateTablet for tablet 6f007b9bea1e44fa9c76127ce6cfe871 (DEFAULT_TABLE table=test-workload [id=54133796d7b24c6d9b196b30c424ddc3]), partition=RANGE (key) PARTITION 1252698790 <= VALUES < 1431655760
I20260601 13:33:01.500860  7170 data_dirs.cc:400] Could only allocate 1 dirs of requested 3 for tablet 8d5ab0765b5b4aac8e2cfa241c0242da. 1 dirs total, 0 dirs full, 0 dirs failed
I20260601 13:33:01.498116  7092 data_dirs.cc:400] Could only allocate 1 dirs of requested 3 for tablet b32e478fa3dc420f91e0add923480223. 1 dirs total, 0 dirs full, 0 dirs failed
I20260601 13:33:01.503201  7018 tablet_service.cc:1511] Processing CreateTablet for tablet a2fad8905b3747b9a541d5805ba162a3 (DEFAULT_TABLE table=test-workload [id=54133796d7b24c6d9b196b30c424ddc3]), partition=RANGE (key) PARTITION 357913940 <= VALUES < 536870910
I20260601 13:33:01.503487  7018 data_dirs.cc:400] Could only allocate 1 dirs of requested 3 for tablet a2fad8905b3747b9a541d5805ba162a3. 1 dirs total, 0 dirs full, 0 dirs failed
I20260601 13:33:01.503894  7020 tablet_service.cc:1511] Processing CreateTablet for tablet 8d5ab0765b5b4aac8e2cfa241c0242da (DEFAULT_TABLE table=test-workload [id=54133796d7b24c6d9b196b30c424ddc3]), partition=RANGE (key) PARTITION 178956970 <= VALUES < 357913940
I20260601 13:33:01.504129  7020 data_dirs.cc:400] Could only allocate 1 dirs of requested 3 for tablet 8d5ab0765b5b4aac8e2cfa241c0242da. 1 dirs total, 0 dirs full, 0 dirs failed
I20260601 13:33:01.505450  7229 tablet_bootstrap.cc:492] T a2fad8905b3747b9a541d5805ba162a3 P 4a05efd636484c849bd72771f077a8ff: Bootstrap starting.
I20260601 13:33:01.505596  7018 tablet_service.cc:1511] Processing CreateTablet for tablet e63c5040a7ab456599a2344d99848dd6 (DEFAULT_TABLE table=test-workload [id=54133796d7b24c6d9b196b30c424ddc3]), partition=RANGE (key) PARTITION 1789569700 <= VALUES < 1968526670
I20260601 13:33:01.505721  7096 data_dirs.cc:400] Could only allocate 1 dirs of requested 3 for tablet 75ee33b22ee440088bd8f734a59d408e. 1 dirs total, 0 dirs full, 0 dirs failed
I20260601 13:33:01.505796  7018 data_dirs.cc:400] Could only allocate 1 dirs of requested 3 for tablet e63c5040a7ab456599a2344d99848dd6. 1 dirs total, 0 dirs full, 0 dirs failed
I20260601 13:33:01.506166  7020 tablet_service.cc:1511] Processing CreateTablet for tablet b32e478fa3dc420f91e0add923480223 (DEFAULT_TABLE table=test-workload [id=54133796d7b24c6d9b196b30c424ddc3]), partition=RANGE (key) PARTITION 1968526670 <= VALUES
I20260601 13:33:01.506366  7020 data_dirs.cc:400] Could only allocate 1 dirs of requested 3 for tablet b32e478fa3dc420f91e0add923480223. 1 dirs total, 0 dirs full, 0 dirs failed
I20260601 13:33:01.506524  7229 tablet_bootstrap.cc:654] T a2fad8905b3747b9a541d5805ba162a3 P 4a05efd636484c849bd72771f077a8ff: Neither blocks nor log segments found. Creating new log.
I20260601 13:33:01.507136  7012 tablet_service.cc:1511] Processing CreateTablet for tablet e1adca5fff344b69bcdb3927676e93d6 (DEFAULT_TABLE table=test-workload [id=54133796d7b24c6d9b196b30c424ddc3]), partition=RANGE (key) PARTITION 1073741820 <= VALUES < 1252698790
I20260601 13:33:01.507367  7012 data_dirs.cc:400] Could only allocate 1 dirs of requested 3 for tablet e1adca5fff344b69bcdb3927676e93d6. 1 dirs total, 0 dirs full, 0 dirs failed
I20260601 13:33:01.507903  7016 tablet_service.cc:1511] Processing CreateTablet for tablet aa1364ac81d54520b5c98b366a9add86 (DEFAULT_TABLE table=test-workload [id=54133796d7b24c6d9b196b30c424ddc3]), partition=RANGE (key) PARTITION 715827880 <= VALUES < 894784850
I20260601 13:33:01.508169  7016 data_dirs.cc:400] Could only allocate 1 dirs of requested 3 for tablet aa1364ac81d54520b5c98b366a9add86. 1 dirs total, 0 dirs full, 0 dirs failed
I20260601 13:33:01.508486  7165 data_dirs.cc:400] Could only allocate 1 dirs of requested 3 for tablet 6f007b9bea1e44fa9c76127ce6cfe871. 1 dirs total, 0 dirs full, 0 dirs failed
I20260601 13:33:01.509513  7014 tablet_service.cc:1511] Processing CreateTablet for tablet 6f007b9bea1e44fa9c76127ce6cfe871 (DEFAULT_TABLE table=test-workload [id=54133796d7b24c6d9b196b30c424ddc3]), partition=RANGE (key) PARTITION 1252698790 <= VALUES < 1431655760
I20260601 13:33:01.509690  7014 data_dirs.cc:400] Could only allocate 1 dirs of requested 3 for tablet 6f007b9bea1e44fa9c76127ce6cfe871. 1 dirs total, 0 dirs full, 0 dirs failed
I20260601 13:33:01.510294  7011 tablet_service.cc:1511] Processing CreateTablet for tablet ab093765a91c4131bb41249e8acbd1d3 (DEFAULT_TABLE table=test-workload [id=54133796d7b24c6d9b196b30c424ddc3]), partition=RANGE (key) PARTITION 1610612730 <= VALUES < 1789569700
I20260601 13:33:01.510551  7011 data_dirs.cc:400] Could only allocate 1 dirs of requested 3 for tablet ab093765a91c4131bb41249e8acbd1d3. 1 dirs total, 0 dirs full, 0 dirs failed
I20260601 13:33:01.511132  7228 tablet_bootstrap.cc:654] T 5bdddca22e4e4732b26385ad5e35a49f P 1d67001ee01a44f09ef2edac60bf9a2d: Neither blocks nor log segments found. Creating new log.
I20260601 13:33:01.511382  7013 tablet_service.cc:1511] Processing CreateTablet for tablet 9bc00fe556604ff79565a8cdf204147d (DEFAULT_TABLE table=test-workload [id=54133796d7b24c6d9b196b30c424ddc3]), partition=RANGE (key) PARTITION 1431655760 <= VALUES < 1610612730
I20260601 13:33:01.511579  7013 data_dirs.cc:400] Could only allocate 1 dirs of requested 3 for tablet 9bc00fe556604ff79565a8cdf204147d. 1 dirs total, 0 dirs full, 0 dirs failed
I20260601 13:33:01.511982  7015 tablet_service.cc:1511] Processing CreateTablet for tablet 75ee33b22ee440088bd8f734a59d408e (DEFAULT_TABLE table=test-workload [id=54133796d7b24c6d9b196b30c424ddc3]), partition=RANGE (key) PARTITION 894784850 <= VALUES < 1073741820
I20260601 13:33:01.512200  7015 data_dirs.cc:400] Could only allocate 1 dirs of requested 3 for tablet 75ee33b22ee440088bd8f734a59d408e. 1 dirs total, 0 dirs full, 0 dirs failed
I20260601 13:33:01.512818  7017 tablet_service.cc:1511] Processing CreateTablet for tablet 80b7f05d0fbc41efa5c3aee0e57cd0e3 (DEFAULT_TABLE table=test-workload [id=54133796d7b24c6d9b196b30c424ddc3]), partition=RANGE (key) PARTITION 536870910 <= VALUES < 715827880
I20260601 13:33:01.512909  7227 tablet_bootstrap.cc:654] T 5bdddca22e4e4732b26385ad5e35a49f P 94ce27a043de42d4bd656de5dedcbb6e: Neither blocks nor log segments found. Creating new log.
I20260601 13:33:01.513082  7017 data_dirs.cc:400] Could only allocate 1 dirs of requested 3 for tablet 80b7f05d0fbc41efa5c3aee0e57cd0e3. 1 dirs total, 0 dirs full, 0 dirs failed
I20260601 13:33:01.503576  7019 tablet_service.cc:1511] Processing CreateTablet for tablet 5bdddca22e4e4732b26385ad5e35a49f (DEFAULT_TABLE table=test-workload [id=54133796d7b24c6d9b196b30c424ddc3]), partition=RANGE (key) PARTITION VALUES < 178956970
I20260601 13:33:01.513989  7019 data_dirs.cc:400] Could only allocate 1 dirs of requested 3 for tablet 5bdddca22e4e4732b26385ad5e35a49f. 1 dirs total, 0 dirs full, 0 dirs failed
I20260601 13:33:01.515587  7229 tablet_bootstrap.cc:492] T a2fad8905b3747b9a541d5805ba162a3 P 4a05efd636484c849bd72771f077a8ff: No bootstrap required, opened a new log
I20260601 13:33:01.515698  7229 ts_tablet_manager.cc:1403] T a2fad8905b3747b9a541d5805ba162a3 P 4a05efd636484c849bd72771f077a8ff: Time spent bootstrapping tablet: real 0.010s	user 0.002s	sys 0.000s
I20260601 13:33:01.516219  7229 raft_consensus.cc:359] T a2fad8905b3747b9a541d5805ba162a3 P 4a05efd636484c849bd72771f077a8ff [term 0 FOLLOWER]: Replica starting. Triggering 0 pending ops. Active config: opid_index: -1 OBSOLETE_local: false peers { permanent_uuid: "4a05efd636484c849bd72771f077a8ff" member_type: VOTER last_known_addr { host: "127.2.144.193" port: 33223 } } peers { permanent_uuid: "94ce27a043de42d4bd656de5dedcbb6e" member_type: VOTER last_known_addr { host: "127.2.144.194" port: 33723 } } peers { permanent_uuid: "1d67001ee01a44f09ef2edac60bf9a2d" member_type: VOTER last_known_addr { host: "127.2.144.195" port: 41803 } }
I20260601 13:33:01.516341  7229 raft_consensus.cc:385] T a2fad8905b3747b9a541d5805ba162a3 P 4a05efd636484c849bd72771f077a8ff [term 0 FOLLOWER]: Consensus starting up: Expiring failure detector timer to make a prompt election more likely
I20260601 13:33:01.516381  7229 raft_consensus.cc:740] T a2fad8905b3747b9a541d5805ba162a3 P 4a05efd636484c849bd72771f077a8ff [term 0 FOLLOWER]: Becoming Follower/Learner. State: Replica: 4a05efd636484c849bd72771f077a8ff, State: Initialized, Role: FOLLOWER
I20260601 13:33:01.516525  7229 consensus_queue.cc:260] T a2fad8905b3747b9a541d5805ba162a3 P 4a05efd636484c849bd72771f077a8ff [NON_LEADER]: Queue going to NON_LEADER mode. State: All replicated index: 0, Majority replicated index: 0, Committed index: 0, Last appended: 0.0, Last appended by leader: 0, Current term: 0, Majority size: -1, State: 0, Mode: NON_LEADER, active raft config: opid_index: -1 OBSOLETE_local: false peers { permanent_uuid: "4a05efd636484c849bd72771f077a8ff" member_type: VOTER last_known_addr { host: "127.2.144.193" port: 33223 } } peers { permanent_uuid: "94ce27a043de42d4bd656de5dedcbb6e" member_type: VOTER last_known_addr { host: "127.2.144.194" port: 33723 } } peers { permanent_uuid: "1d67001ee01a44f09ef2edac60bf9a2d" member_type: VOTER last_known_addr { host: "127.2.144.195" port: 41803 } }
I20260601 13:33:01.516644  7228 tablet_bootstrap.cc:492] T 5bdddca22e4e4732b26385ad5e35a49f P 1d67001ee01a44f09ef2edac60bf9a2d: No bootstrap required, opened a new log
I20260601 13:33:01.516734  7228 ts_tablet_manager.cc:1403] T 5bdddca22e4e4732b26385ad5e35a49f P 1d67001ee01a44f09ef2edac60bf9a2d: Time spent bootstrapping tablet: real 0.024s	user 0.002s	sys 0.000s
I20260601 13:33:01.516767  7227 tablet_bootstrap.cc:492] T 5bdddca22e4e4732b26385ad5e35a49f P 94ce27a043de42d4bd656de5dedcbb6e: No bootstrap required, opened a new log
I20260601 13:33:01.516830  7227 ts_tablet_manager.cc:1403] T 5bdddca22e4e4732b26385ad5e35a49f P 94ce27a043de42d4bd656de5dedcbb6e: Time spent bootstrapping tablet: real 0.018s	user 0.002s	sys 0.000s
I20260601 13:33:01.517010  7229 ts_tablet_manager.cc:1434] T a2fad8905b3747b9a541d5805ba162a3 P 4a05efd636484c849bd72771f077a8ff: Time spent starting tablet: real 0.001s	user 0.001s	sys 0.000s
I20260601 13:33:01.517175  7229 tablet_bootstrap.cc:492] T 8d5ab0765b5b4aac8e2cfa241c0242da P 4a05efd636484c849bd72771f077a8ff: Bootstrap starting.
I20260601 13:33:01.517199  7228 raft_consensus.cc:359] T 5bdddca22e4e4732b26385ad5e35a49f P 1d67001ee01a44f09ef2edac60bf9a2d [term 0 FOLLOWER]: Replica starting. Triggering 0 pending ops. Active config: opid_index: -1 OBSOLETE_local: false peers { permanent_uuid: "94ce27a043de42d4bd656de5dedcbb6e" member_type: VOTER last_known_addr { host: "127.2.144.194" port: 33723 } } peers { permanent_uuid: "1d67001ee01a44f09ef2edac60bf9a2d" member_type: VOTER last_known_addr { host: "127.2.144.195" port: 41803 } } peers { permanent_uuid: "4a05efd636484c849bd72771f077a8ff" member_type: VOTER last_known_addr { host: "127.2.144.193" port: 33223 } }
I20260601 13:33:01.517263  7227 raft_consensus.cc:359] T 5bdddca22e4e4732b26385ad5e35a49f P 94ce27a043de42d4bd656de5dedcbb6e [term 0 FOLLOWER]: Replica starting. Triggering 0 pending ops. Active config: opid_index: -1 OBSOLETE_local: false peers { permanent_uuid: "94ce27a043de42d4bd656de5dedcbb6e" member_type: VOTER last_known_addr { host: "127.2.144.194" port: 33723 } } peers { permanent_uuid: "1d67001ee01a44f09ef2edac60bf9a2d" member_type: VOTER last_known_addr { host: "127.2.144.195" port: 41803 } } peers { permanent_uuid: "4a05efd636484c849bd72771f077a8ff" member_type: VOTER last_known_addr { host: "127.2.144.193" port: 33223 } }
I20260601 13:33:01.517300  7228 raft_consensus.cc:385] T 5bdddca22e4e4732b26385ad5e35a49f P 1d67001ee01a44f09ef2edac60bf9a2d [term 0 FOLLOWER]: Consensus starting up: Expiring failure detector timer to make a prompt election more likely
I20260601 13:33:01.517349  7227 raft_consensus.cc:385] T 5bdddca22e4e4732b26385ad5e35a49f P 94ce27a043de42d4bd656de5dedcbb6e [term 0 FOLLOWER]: Consensus starting up: Expiring failure detector timer to make a prompt election more likely
I20260601 13:33:01.517385  7228 raft_consensus.cc:740] T 5bdddca22e4e4732b26385ad5e35a49f P 1d67001ee01a44f09ef2edac60bf9a2d [term 0 FOLLOWER]: Becoming Follower/Learner. State: Replica: 1d67001ee01a44f09ef2edac60bf9a2d, State: Initialized, Role: FOLLOWER
I20260601 13:33:01.517386  7227 raft_consensus.cc:740] T 5bdddca22e4e4732b26385ad5e35a49f P 94ce27a043de42d4bd656de5dedcbb6e [term 0 FOLLOWER]: Becoming Follower/Learner. State: Replica: 94ce27a043de42d4bd656de5dedcbb6e, State: Initialized, Role: FOLLOWER
I20260601 13:33:01.517535  7227 consensus_queue.cc:260] T 5bdddca22e4e4732b26385ad5e35a49f P 94ce27a043de42d4bd656de5dedcbb6e [NON_LEADER]: Queue going to NON_LEADER mode. State: All replicated index: 0, Majority replicated index: 0, Committed index: 0, Last appended: 0.0, Last appended by leader: 0, Current term: 0, Majority size: -1, State: 0, Mode: NON_LEADER, active raft config: opid_index: -1 OBSOLETE_local: false peers { permanent_uuid: "94ce27a043de42d4bd656de5dedcbb6e" member_type: VOTER last_known_addr { host: "127.2.144.194" port: 33723 } } peers { permanent_uuid: "1d67001ee01a44f09ef2edac60bf9a2d" member_type: VOTER last_known_addr { host: "127.2.144.195" port: 41803 } } peers { permanent_uuid: "4a05efd636484c849bd72771f077a8ff" member_type: VOTER last_known_addr { host: "127.2.144.193" port: 33223 } }
I20260601 13:33:01.517534  7228 consensus_queue.cc:260] T 5bdddca22e4e4732b26385ad5e35a49f P 1d67001ee01a44f09ef2edac60bf9a2d [NON_LEADER]: Queue going to NON_LEADER mode. State: All replicated index: 0, Majority replicated index: 0, Committed index: 0, Last appended: 0.0, Last appended by leader: 0, Current term: 0, Majority size: -1, State: 0, Mode: NON_LEADER, active raft config: opid_index: -1 OBSOLETE_local: false peers { permanent_uuid: "94ce27a043de42d4bd656de5dedcbb6e" member_type: VOTER last_known_addr { host: "127.2.144.194" port: 33723 } } peers { permanent_uuid: "1d67001ee01a44f09ef2edac60bf9a2d" member_type: VOTER last_known_addr { host: "127.2.144.195" port: 41803 } } peers { permanent_uuid: "4a05efd636484c849bd72771f077a8ff" member_type: VOTER last_known_addr { host: "127.2.144.193" port: 33223 } }
I20260601 13:33:01.517973  7227 ts_tablet_manager.cc:1434] T 5bdddca22e4e4732b26385ad5e35a49f P 94ce27a043de42d4bd656de5dedcbb6e: Time spent starting tablet: real 0.001s	user 0.001s	sys 0.000s
I20260601 13:33:01.518102  7228 ts_tablet_manager.cc:1434] T 5bdddca22e4e4732b26385ad5e35a49f P 1d67001ee01a44f09ef2edac60bf9a2d: Time spent starting tablet: real 0.001s	user 0.001s	sys 0.000s
I20260601 13:33:01.518191  7229 tablet_bootstrap.cc:654] T 8d5ab0765b5b4aac8e2cfa241c0242da P 4a05efd636484c849bd72771f077a8ff: Neither blocks nor log segments found. Creating new log.
I20260601 13:33:01.518535  7228 tablet_bootstrap.cc:492] T e1adca5fff344b69bcdb3927676e93d6 P 1d67001ee01a44f09ef2edac60bf9a2d: Bootstrap starting.
I20260601 13:33:01.519579  7229 tablet_bootstrap.cc:492] T 8d5ab0765b5b4aac8e2cfa241c0242da P 4a05efd636484c849bd72771f077a8ff: No bootstrap required, opened a new log
I20260601 13:33:01.519639  7228 tablet_bootstrap.cc:654] T e1adca5fff344b69bcdb3927676e93d6 P 1d67001ee01a44f09ef2edac60bf9a2d: Neither blocks nor log segments found. Creating new log.
I20260601 13:33:01.519658  7229 ts_tablet_manager.cc:1403] T 8d5ab0765b5b4aac8e2cfa241c0242da P 4a05efd636484c849bd72771f077a8ff: Time spent bootstrapping tablet: real 0.003s	user 0.002s	sys 0.000s
I20260601 13:33:01.520159  7229 raft_consensus.cc:359] T 8d5ab0765b5b4aac8e2cfa241c0242da P 4a05efd636484c849bd72771f077a8ff [term 0 FOLLOWER]: Replica starting. Triggering 0 pending ops. Active config: opid_index: -1 OBSOLETE_local: false peers { permanent_uuid: "4a05efd636484c849bd72771f077a8ff" member_type: VOTER last_known_addr { host: "127.2.144.193" port: 33223 } } peers { permanent_uuid: "94ce27a043de42d4bd656de5dedcbb6e" member_type: VOTER last_known_addr { host: "127.2.144.194" port: 33723 } } peers { permanent_uuid: "1d67001ee01a44f09ef2edac60bf9a2d" member_type: VOTER last_known_addr { host: "127.2.144.195" port: 41803 } }
I20260601 13:33:01.520259  7229 raft_consensus.cc:385] T 8d5ab0765b5b4aac8e2cfa241c0242da P 4a05efd636484c849bd72771f077a8ff [term 0 FOLLOWER]: Consensus starting up: Expiring failure detector timer to make a prompt election more likely
I20260601 13:33:01.520292  7229 raft_consensus.cc:740] T 8d5ab0765b5b4aac8e2cfa241c0242da P 4a05efd636484c849bd72771f077a8ff [term 0 FOLLOWER]: Becoming Follower/Learner. State: Replica: 4a05efd636484c849bd72771f077a8ff, State: Initialized, Role: FOLLOWER
I20260601 13:33:01.520402  7229 consensus_queue.cc:260] T 8d5ab0765b5b4aac8e2cfa241c0242da P 4a05efd636484c849bd72771f077a8ff [NON_LEADER]: Queue going to NON_LEADER mode. State: All replicated index: 0, Majority replicated index: 0, Committed index: 0, Last appended: 0.0, Last appended by leader: 0, Current term: 0, Majority size: -1, State: 0, Mode: NON_LEADER, active raft config: opid_index: -1 OBSOLETE_local: false peers { permanent_uuid: "4a05efd636484c849bd72771f077a8ff" member_type: VOTER last_known_addr { host: "127.2.144.193" port: 33223 } } peers { permanent_uuid: "94ce27a043de42d4bd656de5dedcbb6e" member_type: VOTER last_known_addr { host: "127.2.144.194" port: 33723 } } peers { permanent_uuid: "1d67001ee01a44f09ef2edac60bf9a2d" member_type: VOTER last_known_addr { host: "127.2.144.195" port: 41803 } }
I20260601 13:33:01.520465  7227 tablet_bootstrap.cc:492] T 8d5ab0765b5b4aac8e2cfa241c0242da P 94ce27a043de42d4bd656de5dedcbb6e: Bootstrap starting.
I20260601 13:33:01.520661  7229 ts_tablet_manager.cc:1434] T 8d5ab0765b5b4aac8e2cfa241c0242da P 4a05efd636484c849bd72771f077a8ff: Time spent starting tablet: real 0.001s	user 0.000s	sys 0.000s
I20260601 13:33:01.520943  7229 tablet_bootstrap.cc:492] T e1adca5fff344b69bcdb3927676e93d6 P 4a05efd636484c849bd72771f077a8ff: Bootstrap starting.
I20260601 13:33:01.521504  7227 tablet_bootstrap.cc:654] T 8d5ab0765b5b4aac8e2cfa241c0242da P 94ce27a043de42d4bd656de5dedcbb6e: Neither blocks nor log segments found. Creating new log.
I20260601 13:33:01.521945  7229 tablet_bootstrap.cc:654] T e1adca5fff344b69bcdb3927676e93d6 P 4a05efd636484c849bd72771f077a8ff: Neither blocks nor log segments found. Creating new log.
I20260601 13:33:01.522085  7228 tablet_bootstrap.cc:492] T e1adca5fff344b69bcdb3927676e93d6 P 1d67001ee01a44f09ef2edac60bf9a2d: No bootstrap required, opened a new log
I20260601 13:33:01.522162  7228 ts_tablet_manager.cc:1403] T e1adca5fff344b69bcdb3927676e93d6 P 1d67001ee01a44f09ef2edac60bf9a2d: Time spent bootstrapping tablet: real 0.004s	user 0.002s	sys 0.000s
I20260601 13:33:01.522599  7228 raft_consensus.cc:359] T e1adca5fff344b69bcdb3927676e93d6 P 1d67001ee01a44f09ef2edac60bf9a2d [term 0 FOLLOWER]: Replica starting. Triggering 0 pending ops. Active config: opid_index: -1 OBSOLETE_local: false peers { permanent_uuid: "4a05efd636484c849bd72771f077a8ff" member_type: VOTER last_known_addr { host: "127.2.144.193" port: 33223 } } peers { permanent_uuid: "94ce27a043de42d4bd656de5dedcbb6e" member_type: VOTER last_known_addr { host: "127.2.144.194" port: 33723 } } peers { permanent_uuid: "1d67001ee01a44f09ef2edac60bf9a2d" member_type: VOTER last_known_addr { host: "127.2.144.195" port: 41803 } }
I20260601 13:33:01.522703  7228 raft_consensus.cc:385] T e1adca5fff344b69bcdb3927676e93d6 P 1d67001ee01a44f09ef2edac60bf9a2d [term 0 FOLLOWER]: Consensus starting up: Expiring failure detector timer to make a prompt election more likely
I20260601 13:33:01.522779  7228 raft_consensus.cc:740] T e1adca5fff344b69bcdb3927676e93d6 P 1d67001ee01a44f09ef2edac60bf9a2d [term 0 FOLLOWER]: Becoming Follower/Learner. State: Replica: 1d67001ee01a44f09ef2edac60bf9a2d, State: Initialized, Role: FOLLOWER
I20260601 13:33:01.522925  7228 consensus_queue.cc:260] T e1adca5fff344b69bcdb3927676e93d6 P 1d67001ee01a44f09ef2edac60bf9a2d [NON_LEADER]: Queue going to NON_LEADER mode. State: All replicated index: 0, Majority replicated index: 0, Committed index: 0, Last appended: 0.0, Last appended by leader: 0, Current term: 0, Majority size: -1, State: 0, Mode: NON_LEADER, active raft config: opid_index: -1 OBSOLETE_local: false peers { permanent_uuid: "4a05efd636484c849bd72771f077a8ff" member_type: VOTER last_known_addr { host: "127.2.144.193" port: 33223 } } peers { permanent_uuid: "94ce27a043de42d4bd656de5dedcbb6e" member_type: VOTER last_known_addr { host: "127.2.144.194" port: 33723 } } peers { permanent_uuid: "1d67001ee01a44f09ef2edac60bf9a2d" member_type: VOTER last_known_addr { host: "127.2.144.195" port: 41803 } }
I20260601 13:33:01.523131  7229 tablet_bootstrap.cc:492] T e1adca5fff344b69bcdb3927676e93d6 P 4a05efd636484c849bd72771f077a8ff: No bootstrap required, opened a new log
I20260601 13:33:01.523206  7229 ts_tablet_manager.cc:1403] T e1adca5fff344b69bcdb3927676e93d6 P 4a05efd636484c849bd72771f077a8ff: Time spent bootstrapping tablet: real 0.002s	user 0.000s	sys 0.002s
I20260601 13:33:01.523277  7228 ts_tablet_manager.cc:1434] T e1adca5fff344b69bcdb3927676e93d6 P 1d67001ee01a44f09ef2edac60bf9a2d: Time spent starting tablet: real 0.001s	user 0.001s	sys 0.000s
I20260601 13:33:01.523447  7228 tablet_bootstrap.cc:492] T 75ee33b22ee440088bd8f734a59d408e P 1d67001ee01a44f09ef2edac60bf9a2d: Bootstrap starting.
I20260601 13:33:01.523604  7229 raft_consensus.cc:359] T e1adca5fff344b69bcdb3927676e93d6 P 4a05efd636484c849bd72771f077a8ff [term 0 FOLLOWER]: Replica starting. Triggering 0 pending ops. Active config: opid_index: -1 OBSOLETE_local: false peers { permanent_uuid: "4a05efd636484c849bd72771f077a8ff" member_type: VOTER last_known_addr { host: "127.2.144.193" port: 33223 } } peers { permanent_uuid: "94ce27a043de42d4bd656de5dedcbb6e" member_type: VOTER last_known_addr { host: "127.2.144.194" port: 33723 } } peers { permanent_uuid: "1d67001ee01a44f09ef2edac60bf9a2d" member_type: VOTER last_known_addr { host: "127.2.144.195" port: 41803 } }
I20260601 13:33:01.523712  7229 raft_consensus.cc:385] T e1adca5fff344b69bcdb3927676e93d6 P 4a05efd636484c849bd72771f077a8ff [term 0 FOLLOWER]: Consensus starting up: Expiring failure detector timer to make a prompt election more likely
I20260601 13:33:01.523744  7229 raft_consensus.cc:740] T e1adca5fff344b69bcdb3927676e93d6 P 4a05efd636484c849bd72771f077a8ff [term 0 FOLLOWER]: Becoming Follower/Learner. State: Replica: 4a05efd636484c849bd72771f077a8ff, State: Initialized, Role: FOLLOWER
I20260601 13:33:01.523969  7229 consensus_queue.cc:260] T e1adca5fff344b69bcdb3927676e93d6 P 4a05efd636484c849bd72771f077a8ff [NON_LEADER]: Queue going to NON_LEADER mode. State: All replicated index: 0, Majority replicated index: 0, Committed index: 0, Last appended: 0.0, Last appended by leader: 0, Current term: 0, Majority size: -1, State: 0, Mode: NON_LEADER, active raft config: opid_index: -1 OBSOLETE_local: false peers { permanent_uuid: "4a05efd636484c849bd72771f077a8ff" member_type: VOTER last_known_addr { host: "127.2.144.193" port: 33223 } } peers { permanent_uuid: "94ce27a043de42d4bd656de5dedcbb6e" member_type: VOTER last_known_addr { host: "127.2.144.194" port: 33723 } } peers { permanent_uuid: "1d67001ee01a44f09ef2edac60bf9a2d" member_type: VOTER last_known_addr { host: "127.2.144.195" port: 41803 } }
I20260601 13:33:01.524261  7229 ts_tablet_manager.cc:1434] T e1adca5fff344b69bcdb3927676e93d6 P 4a05efd636484c849bd72771f077a8ff: Time spent starting tablet: real 0.001s	user 0.001s	sys 0.000s
I20260601 13:33:01.524441  7228 tablet_bootstrap.cc:654] T 75ee33b22ee440088bd8f734a59d408e P 1d67001ee01a44f09ef2edac60bf9a2d: Neither blocks nor log segments found. Creating new log.
I20260601 13:33:01.524502  7227 tablet_bootstrap.cc:492] T 8d5ab0765b5b4aac8e2cfa241c0242da P 94ce27a043de42d4bd656de5dedcbb6e: No bootstrap required, opened a new log
I20260601 13:33:01.524616  7227 ts_tablet_manager.cc:1403] T 8d5ab0765b5b4aac8e2cfa241c0242da P 94ce27a043de42d4bd656de5dedcbb6e: Time spent bootstrapping tablet: real 0.004s	user 0.002s	sys 0.000s
I20260601 13:33:01.525072  7227 raft_consensus.cc:359] T 8d5ab0765b5b4aac8e2cfa241c0242da P 94ce27a043de42d4bd656de5dedcbb6e [term 0 FOLLOWER]: Replica starting. Triggering 0 pending ops. Active config: opid_index: -1 OBSOLETE_local: false peers { permanent_uuid: "4a05efd636484c849bd72771f077a8ff" member_type: VOTER last_known_addr { host: "127.2.144.193" port: 33223 } } peers { permanent_uuid: "94ce27a043de42d4bd656de5dedcbb6e" member_type: VOTER last_known_addr { host: "127.2.144.194" port: 33723 } } peers { permanent_uuid: "1d67001ee01a44f09ef2edac60bf9a2d" member_type: VOTER last_known_addr { host: "127.2.144.195" port: 41803 } }
I20260601 13:33:01.525207  7227 raft_consensus.cc:385] T 8d5ab0765b5b4aac8e2cfa241c0242da P 94ce27a043de42d4bd656de5dedcbb6e [term 0 FOLLOWER]: Consensus starting up: Expiring failure detector timer to make a prompt election more likely
I20260601 13:33:01.525285  7227 raft_consensus.cc:740] T 8d5ab0765b5b4aac8e2cfa241c0242da P 94ce27a043de42d4bd656de5dedcbb6e [term 0 FOLLOWER]: Becoming Follower/Learner. State: Replica: 94ce27a043de42d4bd656de5dedcbb6e, State: Initialized, Role: FOLLOWER
I20260601 13:33:01.525429  7227 consensus_queue.cc:260] T 8d5ab0765b5b4aac8e2cfa241c0242da P 94ce27a043de42d4bd656de5dedcbb6e [NON_LEADER]: Queue going to NON_LEADER mode. State: All replicated index: 0, Majority replicated index: 0, Committed index: 0, Last appended: 0.0, Last appended by leader: 0, Current term: 0, Majority size: -1, State: 0, Mode: NON_LEADER, active raft config: opid_index: -1 OBSOLETE_local: false peers { permanent_uuid: "4a05efd636484c849bd72771f077a8ff" member_type: VOTER last_known_addr { host: "127.2.144.193" port: 33223 } } peers { permanent_uuid: "94ce27a043de42d4bd656de5dedcbb6e" member_type: VOTER last_known_addr { host: "127.2.144.194" port: 33723 } } peers { permanent_uuid: "1d67001ee01a44f09ef2edac60bf9a2d" member_type: VOTER last_known_addr { host: "127.2.144.195" port: 41803 } }
I20260601 13:33:01.525712  7227 ts_tablet_manager.cc:1434] T 8d5ab0765b5b4aac8e2cfa241c0242da P 94ce27a043de42d4bd656de5dedcbb6e: Time spent starting tablet: real 0.001s	user 0.001s	sys 0.000s
I20260601 13:33:01.525869  7227 tablet_bootstrap.cc:492] T aa1364ac81d54520b5c98b366a9add86 P 94ce27a043de42d4bd656de5dedcbb6e: Bootstrap starting.
I20260601 13:33:01.526475  7228 tablet_bootstrap.cc:492] T 75ee33b22ee440088bd8f734a59d408e P 1d67001ee01a44f09ef2edac60bf9a2d: No bootstrap required, opened a new log
I20260601 13:33:01.526573  7228 ts_tablet_manager.cc:1403] T 75ee33b22ee440088bd8f734a59d408e P 1d67001ee01a44f09ef2edac60bf9a2d: Time spent bootstrapping tablet: real 0.003s	user 0.002s	sys 0.000s
I20260601 13:33:01.526904  7227 tablet_bootstrap.cc:654] T aa1364ac81d54520b5c98b366a9add86 P 94ce27a043de42d4bd656de5dedcbb6e: Neither blocks nor log segments found. Creating new log.
I20260601 13:33:01.527056  7228 raft_consensus.cc:359] T 75ee33b22ee440088bd8f734a59d408e P 1d67001ee01a44f09ef2edac60bf9a2d [term 0 FOLLOWER]: Replica starting. Triggering 0 pending ops. Active config: opid_index: -1 OBSOLETE_local: false peers { permanent_uuid: "4a05efd636484c849bd72771f077a8ff" member_type: VOTER last_known_addr { host: "127.2.144.193" port: 33223 } } peers { permanent_uuid: "94ce27a043de42d4bd656de5dedcbb6e" member_type: VOTER last_known_addr { host: "127.2.144.194" port: 33723 } } peers { permanent_uuid: "1d67001ee01a44f09ef2edac60bf9a2d" member_type: VOTER last_known_addr { host: "127.2.144.195" port: 41803 } }
I20260601 13:33:01.527168  7228 raft_consensus.cc:385] T 75ee33b22ee440088bd8f734a59d408e P 1d67001ee01a44f09ef2edac60bf9a2d [term 0 FOLLOWER]: Consensus starting up: Expiring failure detector timer to make a prompt election more likely
I20260601 13:33:01.527201  7228 raft_consensus.cc:740] T 75ee33b22ee440088bd8f734a59d408e P 1d67001ee01a44f09ef2edac60bf9a2d [term 0 FOLLOWER]: Becoming Follower/Learner. State: Replica: 1d67001ee01a44f09ef2edac60bf9a2d, State: Initialized, Role: FOLLOWER
I20260601 13:33:01.527331  7228 consensus_queue.cc:260] T 75ee33b22ee440088bd8f734a59d408e P 1d67001ee01a44f09ef2edac60bf9a2d [NON_LEADER]: Queue going to NON_LEADER mode. State: All replicated index: 0, Majority replicated index: 0, Committed index: 0, Last appended: 0.0, Last appended by leader: 0, Current term: 0, Majority size: -1, State: 0, Mode: NON_LEADER, active raft config: opid_index: -1 OBSOLETE_local: false peers { permanent_uuid: "4a05efd636484c849bd72771f077a8ff" member_type: VOTER last_known_addr { host: "127.2.144.193" port: 33223 } } peers { permanent_uuid: "94ce27a043de42d4bd656de5dedcbb6e" member_type: VOTER last_known_addr { host: "127.2.144.194" port: 33723 } } peers { permanent_uuid: "1d67001ee01a44f09ef2edac60bf9a2d" member_type: VOTER last_known_addr { host: "127.2.144.195" port: 41803 } }
I20260601 13:33:01.527608  7228 ts_tablet_manager.cc:1434] T 75ee33b22ee440088bd8f734a59d408e P 1d67001ee01a44f09ef2edac60bf9a2d: Time spent starting tablet: real 0.001s	user 0.001s	sys 0.000s
I20260601 13:33:01.525199  7229 tablet_bootstrap.cc:492] T aa1364ac81d54520b5c98b366a9add86 P 4a05efd636484c849bd72771f077a8ff: Bootstrap starting.
I20260601 13:33:01.528162  7228 tablet_bootstrap.cc:492] T 9bc00fe556604ff79565a8cdf204147d P 1d67001ee01a44f09ef2edac60bf9a2d: Bootstrap starting.
I20260601 13:33:01.528215  7227 tablet_bootstrap.cc:492] T aa1364ac81d54520b5c98b366a9add86 P 94ce27a043de42d4bd656de5dedcbb6e: No bootstrap required, opened a new log
I20260601 13:33:01.528313  7227 ts_tablet_manager.cc:1403] T aa1364ac81d54520b5c98b366a9add86 P 94ce27a043de42d4bd656de5dedcbb6e: Time spent bootstrapping tablet: real 0.002s	user 0.002s	sys 0.000s
I20260601 13:33:01.528762  7227 raft_consensus.cc:359] T aa1364ac81d54520b5c98b366a9add86 P 94ce27a043de42d4bd656de5dedcbb6e [term 0 FOLLOWER]: Replica starting. Triggering 0 pending ops. Active config: opid_index: -1 OBSOLETE_local: false peers { permanent_uuid: "4a05efd636484c849bd72771f077a8ff" member_type: VOTER last_known_addr { host: "127.2.144.193" port: 33223 } } peers { permanent_uuid: "94ce27a043de42d4bd656de5dedcbb6e" member_type: VOTER last_known_addr { host: "127.2.144.194" port: 33723 } } peers { permanent_uuid: "1d67001ee01a44f09ef2edac60bf9a2d" member_type: VOTER last_known_addr { host: "127.2.144.195" port: 41803 } }
I20260601 13:33:01.528883  7227 raft_consensus.cc:385] T aa1364ac81d54520b5c98b366a9add86 P 94ce27a043de42d4bd656de5dedcbb6e [term 0 FOLLOWER]: Consensus starting up: Expiring failure detector timer to make a prompt election more likely
I20260601 13:33:01.528925  7227 raft_consensus.cc:740] T aa1364ac81d54520b5c98b366a9add86 P 94ce27a043de42d4bd656de5dedcbb6e [term 0 FOLLOWER]: Becoming Follower/Learner. State: Replica: 94ce27a043de42d4bd656de5dedcbb6e, State: Initialized, Role: FOLLOWER
I20260601 13:33:01.528992  7229 tablet_bootstrap.cc:654] T aa1364ac81d54520b5c98b366a9add86 P 4a05efd636484c849bd72771f077a8ff: Neither blocks nor log segments found. Creating new log.
I20260601 13:33:01.529055  7227 consensus_queue.cc:260] T aa1364ac81d54520b5c98b366a9add86 P 94ce27a043de42d4bd656de5dedcbb6e [NON_LEADER]: Queue going to NON_LEADER mode. State: All replicated index: 0, Majority replicated index: 0, Committed index: 0, Last appended: 0.0, Last appended by leader: 0, Current term: 0, Majority size: -1, State: 0, Mode: NON_LEADER, active raft config: opid_index: -1 OBSOLETE_local: false peers { permanent_uuid: "4a05efd636484c849bd72771f077a8ff" member_type: VOTER last_known_addr { host: "127.2.144.193" port: 33223 } } peers { permanent_uuid: "94ce27a043de42d4bd656de5dedcbb6e" member_type: VOTER last_known_addr { host: "127.2.144.194" port: 33723 } } peers { permanent_uuid: "1d67001ee01a44f09ef2edac60bf9a2d" member_type: VOTER last_known_addr { host: "127.2.144.195" port: 41803 } }
I20260601 13:33:01.529325  7227 ts_tablet_manager.cc:1434] T aa1364ac81d54520b5c98b366a9add86 P 94ce27a043de42d4bd656de5dedcbb6e: Time spent starting tablet: real 0.001s	user 0.000s	sys 0.000s
I20260601 13:33:01.529407  7228 tablet_bootstrap.cc:654] T 9bc00fe556604ff79565a8cdf204147d P 1d67001ee01a44f09ef2edac60bf9a2d: Neither blocks nor log segments found. Creating new log.
I20260601 13:33:01.529531  7227 tablet_bootstrap.cc:492] T 6f007b9bea1e44fa9c76127ce6cfe871 P 94ce27a043de42d4bd656de5dedcbb6e: Bootstrap starting.
I20260601 13:33:01.530373  7229 tablet_bootstrap.cc:492] T aa1364ac81d54520b5c98b366a9add86 P 4a05efd636484c849bd72771f077a8ff: No bootstrap required, opened a new log
I20260601 13:33:01.530468  7229 ts_tablet_manager.cc:1403] T aa1364ac81d54520b5c98b366a9add86 P 4a05efd636484c849bd72771f077a8ff: Time spent bootstrapping tablet: real 0.005s	user 0.001s	sys 0.001s
I20260601 13:33:01.530490  7228 tablet_bootstrap.cc:492] T 9bc00fe556604ff79565a8cdf204147d P 1d67001ee01a44f09ef2edac60bf9a2d: No bootstrap required, opened a new log
I20260601 13:33:01.530550  7228 ts_tablet_manager.cc:1403] T 9bc00fe556604ff79565a8cdf204147d P 1d67001ee01a44f09ef2edac60bf9a2d: Time spent bootstrapping tablet: real 0.002s	user 0.002s	sys 0.000s
I20260601 13:33:01.530565  7227 tablet_bootstrap.cc:654] T 6f007b9bea1e44fa9c76127ce6cfe871 P 94ce27a043de42d4bd656de5dedcbb6e: Neither blocks nor log segments found. Creating new log.
I20260601 13:33:01.530875  7228 raft_consensus.cc:359] T 9bc00fe556604ff79565a8cdf204147d P 1d67001ee01a44f09ef2edac60bf9a2d [term 0 FOLLOWER]: Replica starting. Triggering 0 pending ops. Active config: opid_index: -1 OBSOLETE_local: false peers { permanent_uuid: "4a05efd636484c849bd72771f077a8ff" member_type: VOTER last_known_addr { host: "127.2.144.193" port: 33223 } } peers { permanent_uuid: "94ce27a043de42d4bd656de5dedcbb6e" member_type: VOTER last_known_addr { host: "127.2.144.194" port: 33723 } } peers { permanent_uuid: "1d67001ee01a44f09ef2edac60bf9a2d" member_type: VOTER last_known_addr { host: "127.2.144.195" port: 41803 } }
I20260601 13:33:01.530875  7229 raft_consensus.cc:359] T aa1364ac81d54520b5c98b366a9add86 P 4a05efd636484c849bd72771f077a8ff [term 0 FOLLOWER]: Replica starting. Triggering 0 pending ops. Active config: opid_index: -1 OBSOLETE_local: false peers { permanent_uuid: "4a05efd636484c849bd72771f077a8ff" member_type: VOTER last_known_addr { host: "127.2.144.193" port: 33223 } } peers { permanent_uuid: "94ce27a043de42d4bd656de5dedcbb6e" member_type: VOTER last_known_addr { host: "127.2.144.194" port: 33723 } } peers { permanent_uuid: "1d67001ee01a44f09ef2edac60bf9a2d" member_type: VOTER last_known_addr { host: "127.2.144.195" port: 41803 } }
I20260601 13:33:01.531005  7228 raft_consensus.cc:385] T 9bc00fe556604ff79565a8cdf204147d P 1d67001ee01a44f09ef2edac60bf9a2d [term 0 FOLLOWER]: Consensus starting up: Expiring failure detector timer to make a prompt election more likely
I20260601 13:33:01.531020  7229 raft_consensus.cc:385] T aa1364ac81d54520b5c98b366a9add86 P 4a05efd636484c849bd72771f077a8ff [term 0 FOLLOWER]: Consensus starting up: Expiring failure detector timer to make a prompt election more likely
I20260601 13:33:01.531042  7228 raft_consensus.cc:740] T 9bc00fe556604ff79565a8cdf204147d P 1d67001ee01a44f09ef2edac60bf9a2d [term 0 FOLLOWER]: Becoming Follower/Learner. State: Replica: 1d67001ee01a44f09ef2edac60bf9a2d, State: Initialized, Role: FOLLOWER
I20260601 13:33:01.531056  7229 raft_consensus.cc:740] T aa1364ac81d54520b5c98b366a9add86 P 4a05efd636484c849bd72771f077a8ff [term 0 FOLLOWER]: Becoming Follower/Learner. State: Replica: 4a05efd636484c849bd72771f077a8ff, State: Initialized, Role: FOLLOWER
I20260601 13:33:01.531154  7229 consensus_queue.cc:260] T aa1364ac81d54520b5c98b366a9add86 P 4a05efd636484c849bd72771f077a8ff [NON_LEADER]: Queue going to NON_LEADER mode. State: All replicated index: 0, Majority replicated index: 0, Committed index: 0, Last appended: 0.0, Last appended by leader: 0, Current term: 0, Majority size: -1, State: 0, Mode: NON_LEADER, active raft config: opid_index: -1 OBSOLETE_local: false peers { permanent_uuid: "4a05efd636484c849bd72771f077a8ff" member_type: VOTER last_known_addr { host: "127.2.144.193" port: 33223 } } peers { permanent_uuid: "94ce27a043de42d4bd656de5dedcbb6e" member_type: VOTER last_known_addr { host: "127.2.144.194" port: 33723 } } peers { permanent_uuid: "1d67001ee01a44f09ef2edac60bf9a2d" member_type: VOTER last_known_addr { host: "127.2.144.195" port: 41803 } }
