I20260601 13:32:25.922075 27842 raft_consensus.cc:2955] T a59b2faeb4c94aaea7a01c78e03a8585 P 65c46a77d39b43fe90c820fc3f5c33cd [term 1 FOLLOWER]: Committing config change with OpId 1.4: config changed from index 3 to 4, VOTER 2a4c24dbd58d4fcfb02ea616ad0ee6bf (127.23.254.129) evicted. New config: { opid_index: 4 OBSOLETE_local: false peers { permanent_uuid: "9bee8da320ce4a41a0a6b32247f7529d" member_type: VOTER last_known_addr { host: "127.23.254.130" port: 38029 } } peers { permanent_uuid: "937422a368a743a38954236ce160e4a3" member_type: VOTER last_known_addr { host: "127.23.254.131" port: 46185 } } peers { permanent_uuid: "65c46a77d39b43fe90c820fc3f5c33cd" member_type: VOTER last_known_addr { host: "127.23.254.132" port: 40237 } attrs { promote: false } } }
I20260601 13:32:25.923125 27447 catalog_manager.cc:5696] T a59b2faeb4c94aaea7a01c78e03a8585 P 9bee8da320ce4a41a0a6b32247f7529d reported cstate change: config changed from index 3 to 4, VOTER 2a4c24dbd58d4fcfb02ea616ad0ee6bf (127.23.254.129) evicted. New cstate: current_term: 1 leader_uuid: "937422a368a743a38954236ce160e4a3" committed_config { opid_index: 4 OBSOLETE_local: false peers { permanent_uuid: "9bee8da320ce4a41a0a6b32247f7529d" member_type: VOTER last_known_addr { host: "127.23.254.130" port: 38029 } } peers { permanent_uuid: "937422a368a743a38954236ce160e4a3" member_type: VOTER last_known_addr { host: "127.23.254.131" port: 46185 } } peers { permanent_uuid: "65c46a77d39b43fe90c820fc3f5c33cd" member_type: VOTER last_known_addr { host: "127.23.254.132" port: 40237 } attrs { promote: false } } }
I20260601 13:32:25.923817 27437 catalog_manager.cc:5209] ChangeConfig:REMOVE_PEER RPC for tablet a59b2faeb4c94aaea7a01c78e03a8585 with cas_config_opid_index 3: ChangeConfig:REMOVE_PEER succeeded (attempt 1)
I20260601 13:32:25.926005 27539 tablet_service.cc:1558] Processing DeleteTablet for tablet a59b2faeb4c94aaea7a01c78e03a8585 with delete_type TABLET_DATA_TOMBSTONED (TS 2a4c24dbd58d4fcfb02ea616ad0ee6bf not found in new config with opid_index 4) from {username='slave'} at 127.0.0.1:43324
I20260601 13:32:25.926234 27973 tablet_replica.cc:333] T a59b2faeb4c94aaea7a01c78e03a8585 P 2a4c24dbd58d4fcfb02ea616ad0ee6bf: stopping tablet replica
I20260601 13:32:25.926409 27973 raft_consensus.cc:2243] T a59b2faeb4c94aaea7a01c78e03a8585 P 2a4c24dbd58d4fcfb02ea616ad0ee6bf [term 1 FOLLOWER]: Raft consensus shutting down.
I20260601 13:32:25.926558 27973 raft_consensus.cc:2272] T a59b2faeb4c94aaea7a01c78e03a8585 P 2a4c24dbd58d4fcfb02ea616ad0ee6bf [term 1 FOLLOWER]: Raft consensus is shut down!
I20260601 13:32:25.927202 27973 ts_tablet_manager.cc:1916] T a59b2faeb4c94aaea7a01c78e03a8585 P 2a4c24dbd58d4fcfb02ea616ad0ee6bf: Deleting tablet data with delete state TABLET_DATA_TOMBSTONED
I20260601 13:32:25.929484 27973 ts_tablet_manager.cc:1929] T a59b2faeb4c94aaea7a01c78e03a8585 P 2a4c24dbd58d4fcfb02ea616ad0ee6bf: tablet deleted with delete type TABLET_DATA_TOMBSTONED: last-logged OpId 1.3
I20260601 13:32:25.929554 27973 log.cc:1199] T a59b2faeb4c94aaea7a01c78e03a8585 P 2a4c24dbd58d4fcfb02ea616ad0ee6bf: Deleting WAL directory at /tmp/dist-test-taskzOnWic/test-tmp/auto_rebalancer-test.0.AutoRebalancerTest.RangeAwareRebalancesNewRangeReplicas.1780320673108134-24570-0/minicluster-data/ts-0-root/wals/a59b2faeb4c94aaea7a01c78e03a8585
I20260601 13:32:25.930160 27434 catalog_manager.cc:5027] TS 2a4c24dbd58d4fcfb02ea616ad0ee6bf (127.23.254.129:45889): tablet a59b2faeb4c94aaea7a01c78e03a8585 (table range_aware_rebalance_new_range [id=c64a4fc88a164ec5875b7a87dbccb111]) successfully deleted
I20260601 13:32:25.936730 27914 raft_consensus.cc:1064] T cfcf80b097954cd5a7c97481ed3973d1 P 9bee8da320ce4a41a0a6b32247f7529d: attempting to promote NON_VOTER 65c46a77d39b43fe90c820fc3f5c33cd to VOTER
I20260601 13:32:25.937395 27914 consensus_queue.cc:237] T cfcf80b097954cd5a7c97481ed3973d1 P 9bee8da320ce4a41a0a6b32247f7529d [LEADER]: Queue going to LEADER mode. State: All replicated index: 0, Majority replicated index: 2, Committed index: 2, Last appended: 1.2, Last appended by leader: 0, Current term: 1, Majority size: 3, State: 0, Mode: LEADER, active raft config: opid_index: 3 OBSOLETE_local: false peers { permanent_uuid: "2a4c24dbd58d4fcfb02ea616ad0ee6bf" member_type: VOTER last_known_addr { host: "127.23.254.129" port: 45889 } } peers { permanent_uuid: "9bee8da320ce4a41a0a6b32247f7529d" member_type: VOTER last_known_addr { host: "127.23.254.130" port: 38029 } } peers { permanent_uuid: "937422a368a743a38954236ce160e4a3" member_type: VOTER last_known_addr { host: "127.23.254.131" port: 46185 } attrs { replace: true } } peers { permanent_uuid: "65c46a77d39b43fe90c820fc3f5c33cd" member_type: VOTER last_known_addr { host: "127.23.254.132" port: 40237 } attrs { promote: false } }
I20260601 13:32:25.940893 27842 raft_consensus.cc:1275] T cfcf80b097954cd5a7c97481ed3973d1 P 65c46a77d39b43fe90c820fc3f5c33cd [term 1 LEARNER]: Refusing update from remote peer 9bee8da320ce4a41a0a6b32247f7529d: Log matching property violated. Preceding OpId in replica: term: 1 index: 2. Preceding OpId from leader: term: 1 index: 3. (index mismatch)
I20260601 13:32:25.941190 27553 raft_consensus.cc:1275] T cfcf80b097954cd5a7c97481ed3973d1 P 2a4c24dbd58d4fcfb02ea616ad0ee6bf [term 1 FOLLOWER]: Refusing update from remote peer 9bee8da320ce4a41a0a6b32247f7529d: Log matching property violated. Preceding OpId in replica: term: 1 index: 2. Preceding OpId from leader: term: 1 index: 3. (index mismatch)
I20260601 13:32:25.941215 27704 raft_consensus.cc:1275] T cfcf80b097954cd5a7c97481ed3973d1 P 937422a368a743a38954236ce160e4a3 [term 1 FOLLOWER]: Refusing update from remote peer 9bee8da320ce4a41a0a6b32247f7529d: Log matching property violated. Preceding OpId in replica: term: 1 index: 2. Preceding OpId from leader: term: 1 index: 3. (index mismatch)
I20260601 13:32:25.941545 27784 consensus_queue.cc:1048] T cfcf80b097954cd5a7c97481ed3973d1 P 9bee8da320ce4a41a0a6b32247f7529d [LEADER]: Connected to new peer: Peer: permanent_uuid: "65c46a77d39b43fe90c820fc3f5c33cd" member_type: VOTER last_known_addr { host: "127.23.254.132" port: 40237 } attrs { promote: false }, Status: LMP_MISMATCH, Last received: 0.0, Next index: 3, Last known committed idx: 2, Time since last communication: 0.000s
I20260601 13:32:25.941741 27758 consensus_queue.cc:1048] T cfcf80b097954cd5a7c97481ed3973d1 P 9bee8da320ce4a41a0a6b32247f7529d [LEADER]: Connected to new peer: Peer: permanent_uuid: "2a4c24dbd58d4fcfb02ea616ad0ee6bf" member_type: VOTER last_known_addr { host: "127.23.254.129" port: 45889 }, Status: LMP_MISMATCH, Last received: 0.0, Next index: 3, Last known committed idx: 2, Time since last communication: 0.000s
I20260601 13:32:25.942016 27965 consensus_queue.cc:1048] T cfcf80b097954cd5a7c97481ed3973d1 P 9bee8da320ce4a41a0a6b32247f7529d [LEADER]: Connected to new peer: Peer: permanent_uuid: "937422a368a743a38954236ce160e4a3" member_type: VOTER last_known_addr { host: "127.23.254.131" port: 46185 } attrs { replace: true }, Status: LMP_MISMATCH, Last received: 0.0, Next index: 3, Last known committed idx: 2, Time since last communication: 0.000s
I20260601 13:32:25.944025 27784 raft_consensus.cc:2955] T cfcf80b097954cd5a7c97481ed3973d1 P 9bee8da320ce4a41a0a6b32247f7529d [term 1 LEADER]: Committing config change with OpId 1.3: config changed from index 2 to 3, 65c46a77d39b43fe90c820fc3f5c33cd (127.23.254.132) changed from NON_VOTER to VOTER. New config: { opid_index: 3 OBSOLETE_local: false peers { permanent_uuid: "2a4c24dbd58d4fcfb02ea616ad0ee6bf" member_type: VOTER last_known_addr { host: "127.23.254.129" port: 45889 } } peers { permanent_uuid: "9bee8da320ce4a41a0a6b32247f7529d" member_type: VOTER last_known_addr { host: "127.23.254.130" port: 38029 } } peers { permanent_uuid: "937422a368a743a38954236ce160e4a3" member_type: VOTER last_known_addr { host: "127.23.254.131" port: 46185 } attrs { replace: true } } peers { permanent_uuid: "65c46a77d39b43fe90c820fc3f5c33cd" member_type: VOTER last_known_addr { host: "127.23.254.132" port: 40237 } attrs { promote: false } } }
I20260601 13:32:25.944907 27553 raft_consensus.cc:2955] T cfcf80b097954cd5a7c97481ed3973d1 P 2a4c24dbd58d4fcfb02ea616ad0ee6bf [term 1 FOLLOWER]: Committing config change with OpId 1.3: config changed from index 2 to 3, 65c46a77d39b43fe90c820fc3f5c33cd (127.23.254.132) changed from NON_VOTER to VOTER. New config: { opid_index: 3 OBSOLETE_local: false peers { permanent_uuid: "2a4c24dbd58d4fcfb02ea616ad0ee6bf" member_type: VOTER last_known_addr { host: "127.23.254.129" port: 45889 } } peers { permanent_uuid: "9bee8da320ce4a41a0a6b32247f7529d" member_type: VOTER last_known_addr { host: "127.23.254.130" port: 38029 } } peers { permanent_uuid: "937422a368a743a38954236ce160e4a3" member_type: VOTER last_known_addr { host: "127.23.254.131" port: 46185 } attrs { replace: true } } peers { permanent_uuid: "65c46a77d39b43fe90c820fc3f5c33cd" member_type: VOTER last_known_addr { host: "127.23.254.132" port: 40237 } attrs { promote: false } } }
I20260601 13:32:25.947337 27842 raft_consensus.cc:2955] T cfcf80b097954cd5a7c97481ed3973d1 P 65c46a77d39b43fe90c820fc3f5c33cd [term 1 FOLLOWER]: Committing config change with OpId 1.3: config changed from index 2 to 3, 65c46a77d39b43fe90c820fc3f5c33cd (127.23.254.132) changed from NON_VOTER to VOTER. New config: { opid_index: 3 OBSOLETE_local: false peers { permanent_uuid: "2a4c24dbd58d4fcfb02ea616ad0ee6bf" member_type: VOTER last_known_addr { host: "127.23.254.129" port: 45889 } } peers { permanent_uuid: "9bee8da320ce4a41a0a6b32247f7529d" member_type: VOTER last_known_addr { host: "127.23.254.130" port: 38029 } } peers { permanent_uuid: "937422a368a743a38954236ce160e4a3" member_type: VOTER last_known_addr { host: "127.23.254.131" port: 46185 } attrs { replace: true } } peers { permanent_uuid: "65c46a77d39b43fe90c820fc3f5c33cd" member_type: VOTER last_known_addr { host: "127.23.254.132" port: 40237 } attrs { promote: false } } }
I20260601 13:32:25.947748 27449 catalog_manager.cc:5696] T cfcf80b097954cd5a7c97481ed3973d1 P 2a4c24dbd58d4fcfb02ea616ad0ee6bf reported cstate change: config changed from index 2 to 3, 65c46a77d39b43fe90c820fc3f5c33cd (127.23.254.132) changed from NON_VOTER to VOTER. New cstate: current_term: 1 leader_uuid: "9bee8da320ce4a41a0a6b32247f7529d" committed_config { opid_index: 3 OBSOLETE_local: false peers { permanent_uuid: "2a4c24dbd58d4fcfb02ea616ad0ee6bf" member_type: VOTER last_known_addr { host: "127.23.254.129" port: 45889 } } peers { permanent_uuid: "9bee8da320ce4a41a0a6b32247f7529d" member_type: VOTER last_known_addr { host: "127.23.254.130" port: 38029 } } peers { permanent_uuid: "937422a368a743a38954236ce160e4a3" member_type: VOTER last_known_addr { host: "127.23.254.131" port: 46185 } attrs { replace: true } } peers { permanent_uuid: "65c46a77d39b43fe90c820fc3f5c33cd" member_type: VOTER last_known_addr { host: "127.23.254.132" port: 40237 } attrs { promote: false } } }
I20260601 13:32:25.947959 27704 raft_consensus.cc:2955] T cfcf80b097954cd5a7c97481ed3973d1 P 937422a368a743a38954236ce160e4a3 [term 1 FOLLOWER]: Committing config change with OpId 1.3: config changed from index 2 to 3, 65c46a77d39b43fe90c820fc3f5c33cd (127.23.254.132) changed from NON_VOTER to VOTER. New config: { opid_index: 3 OBSOLETE_local: false peers { permanent_uuid: "2a4c24dbd58d4fcfb02ea616ad0ee6bf" member_type: VOTER last_known_addr { host: "127.23.254.129" port: 45889 } } peers { permanent_uuid: "9bee8da320ce4a41a0a6b32247f7529d" member_type: VOTER last_known_addr { host: "127.23.254.130" port: 38029 } } peers { permanent_uuid: "937422a368a743a38954236ce160e4a3" member_type: VOTER last_known_addr { host: "127.23.254.131" port: 46185 } attrs { replace: true } } peers { permanent_uuid: "65c46a77d39b43fe90c820fc3f5c33cd" member_type: VOTER last_known_addr { host: "127.23.254.132" port: 40237 } attrs { promote: false } } }
I20260601 13:32:25.954216 27628 consensus_queue.cc:237] T cfcf80b097954cd5a7c97481ed3973d1 P 9bee8da320ce4a41a0a6b32247f7529d [LEADER]: Queue going to LEADER mode. State: All replicated index: 0, Majority replicated index: 3, Committed index: 3, Last appended: 1.3, Last appended by leader: 0, Current term: 1, Majority size: 2, State: 0, Mode: LEADER, active raft config: opid_index: 4 OBSOLETE_local: false peers { permanent_uuid: "2a4c24dbd58d4fcfb02ea616ad0ee6bf" member_type: VOTER last_known_addr { host: "127.23.254.129" port: 45889 } } peers { permanent_uuid: "9bee8da320ce4a41a0a6b32247f7529d" member_type: VOTER last_known_addr { host: "127.23.254.130" port: 38029 } } peers { permanent_uuid: "65c46a77d39b43fe90c820fc3f5c33cd" member_type: VOTER last_known_addr { host: "127.23.254.132" port: 40237 } attrs { promote: false } }
I20260601 13:32:25.957085 27553 raft_consensus.cc:1275] T cfcf80b097954cd5a7c97481ed3973d1 P 2a4c24dbd58d4fcfb02ea616ad0ee6bf [term 1 FOLLOWER]: Refusing update from remote peer 9bee8da320ce4a41a0a6b32247f7529d: Log matching property violated. Preceding OpId in replica: term: 1 index: 3. Preceding OpId from leader: term: 1 index: 4. (index mismatch)
I20260601 13:32:25.957217 27842 raft_consensus.cc:1275] T cfcf80b097954cd5a7c97481ed3973d1 P 65c46a77d39b43fe90c820fc3f5c33cd [term 1 FOLLOWER]: Refusing update from remote peer 9bee8da320ce4a41a0a6b32247f7529d: Log matching property violated. Preceding OpId in replica: term: 1 index: 3. Preceding OpId from leader: term: 1 index: 4. (index mismatch)
I20260601 13:32:25.957918 27914 consensus_queue.cc:1048] T cfcf80b097954cd5a7c97481ed3973d1 P 9bee8da320ce4a41a0a6b32247f7529d [LEADER]: Connected to new peer: Peer: permanent_uuid: "2a4c24dbd58d4fcfb02ea616ad0ee6bf" member_type: VOTER last_known_addr { host: "127.23.254.129" port: 45889 }, Status: LMP_MISMATCH, Last received: 0.0, Next index: 4, Last known committed idx: 3, Time since last communication: 0.000s
I20260601 13:32:25.958452 27914 consensus_queue.cc:1048] T cfcf80b097954cd5a7c97481ed3973d1 P 9bee8da320ce4a41a0a6b32247f7529d [LEADER]: Connected to new peer: Peer: permanent_uuid: "65c46a77d39b43fe90c820fc3f5c33cd" member_type: VOTER last_known_addr { host: "127.23.254.132" port: 40237 } attrs { promote: false }, Status: LMP_MISMATCH, Last received: 0.0, Next index: 4, Last known committed idx: 3, Time since last communication: 0.000s
I20260601 13:32:25.960353 27758 raft_consensus.cc:2955] T cfcf80b097954cd5a7c97481ed3973d1 P 9bee8da320ce4a41a0a6b32247f7529d [term 1 LEADER]: Committing config change with OpId 1.4: config changed from index 3 to 4, VOTER 937422a368a743a38954236ce160e4a3 (127.23.254.131) evicted. New config: { opid_index: 4 OBSOLETE_local: false peers { permanent_uuid: "2a4c24dbd58d4fcfb02ea616ad0ee6bf" member_type: VOTER last_known_addr { host: "127.23.254.129" port: 45889 } } peers { permanent_uuid: "9bee8da320ce4a41a0a6b32247f7529d" member_type: VOTER last_known_addr { host: "127.23.254.130" port: 38029 } } peers { permanent_uuid: "65c46a77d39b43fe90c820fc3f5c33cd" member_type: VOTER last_known_addr { host: "127.23.254.132" port: 40237 } attrs { promote: false } } }
I20260601 13:32:25.960892 27842 raft_consensus.cc:2955] T cfcf80b097954cd5a7c97481ed3973d1 P 65c46a77d39b43fe90c820fc3f5c33cd [term 1 FOLLOWER]: Committing config change with OpId 1.4: config changed from index 3 to 4, VOTER 937422a368a743a38954236ce160e4a3 (127.23.254.131) evicted. New config: { opid_index: 4 OBSOLETE_local: false peers { permanent_uuid: "2a4c24dbd58d4fcfb02ea616ad0ee6bf" member_type: VOTER last_known_addr { host: "127.23.254.129" port: 45889 } } peers { permanent_uuid: "9bee8da320ce4a41a0a6b32247f7529d" member_type: VOTER last_known_addr { host: "127.23.254.130" port: 38029 } } peers { permanent_uuid: "65c46a77d39b43fe90c820fc3f5c33cd" member_type: VOTER last_known_addr { host: "127.23.254.132" port: 40237 } attrs { promote: false } } }
I20260601 13:32:25.960882 27553 raft_consensus.cc:2955] T cfcf80b097954cd5a7c97481ed3973d1 P 2a4c24dbd58d4fcfb02ea616ad0ee6bf [term 1 FOLLOWER]: Committing config change with OpId 1.4: config changed from index 3 to 4, VOTER 937422a368a743a38954236ce160e4a3 (127.23.254.131) evicted. New config: { opid_index: 4 OBSOLETE_local: false peers { permanent_uuid: "2a4c24dbd58d4fcfb02ea616ad0ee6bf" member_type: VOTER last_known_addr { host: "127.23.254.129" port: 45889 } } peers { permanent_uuid: "9bee8da320ce4a41a0a6b32247f7529d" member_type: VOTER last_known_addr { host: "127.23.254.130" port: 38029 } } peers { permanent_uuid: "65c46a77d39b43fe90c820fc3f5c33cd" member_type: VOTER last_known_addr { host: "127.23.254.132" port: 40237 } attrs { promote: false } } }
I20260601 13:32:25.963348 27449 catalog_manager.cc:5696] T cfcf80b097954cd5a7c97481ed3973d1 P 65c46a77d39b43fe90c820fc3f5c33cd reported cstate change: config changed from index 3 to 4, VOTER 937422a368a743a38954236ce160e4a3 (127.23.254.131) evicted. New cstate: current_term: 1 leader_uuid: "9bee8da320ce4a41a0a6b32247f7529d" committed_config { opid_index: 4 OBSOLETE_local: false peers { permanent_uuid: "2a4c24dbd58d4fcfb02ea616ad0ee6bf" member_type: VOTER last_known_addr { host: "127.23.254.129" port: 45889 } } peers { permanent_uuid: "9bee8da320ce4a41a0a6b32247f7529d" member_type: VOTER last_known_addr { host: "127.23.254.130" port: 38029 } } peers { permanent_uuid: "65c46a77d39b43fe90c820fc3f5c33cd" member_type: VOTER last_known_addr { host: "127.23.254.132" port: 40237 } attrs { promote: false } } }
I20260601 13:32:25.963497 27436 catalog_manager.cc:5209] ChangeConfig:REMOVE_PEER RPC for tablet cfcf80b097954cd5a7c97481ed3973d1 with cas_config_opid_index 3: ChangeConfig:REMOVE_PEER succeeded (attempt 1)
I20260601 13:32:25.966563 27692 tablet_service.cc:1558] Processing DeleteTablet for tablet cfcf80b097954cd5a7c97481ed3973d1 with delete_type TABLET_DATA_TOMBSTONED (TS 937422a368a743a38954236ce160e4a3 not found in new config with opid_index 4) from {username='slave'} at 127.0.0.1:55540
I20260601 13:32:25.967660 27983 tablet_replica.cc:333] T cfcf80b097954cd5a7c97481ed3973d1 P 937422a368a743a38954236ce160e4a3: stopping tablet replica
I20260601 13:32:25.967846 27983 raft_consensus.cc:2243] T cfcf80b097954cd5a7c97481ed3973d1 P 937422a368a743a38954236ce160e4a3 [term 1 FOLLOWER]: Raft consensus shutting down.
I20260601 13:32:25.968022 27983 raft_consensus.cc:2272] T cfcf80b097954cd5a7c97481ed3973d1 P 937422a368a743a38954236ce160e4a3 [term 1 FOLLOWER]: Raft consensus is shut down!
I20260601 13:32:25.968623 27983 ts_tablet_manager.cc:1916] T cfcf80b097954cd5a7c97481ed3973d1 P 937422a368a743a38954236ce160e4a3: Deleting tablet data with delete state TABLET_DATA_TOMBSTONED
I20260601 13:32:25.971589 27983 ts_tablet_manager.cc:1929] T cfcf80b097954cd5a7c97481ed3973d1 P 937422a368a743a38954236ce160e4a3: tablet deleted with delete type TABLET_DATA_TOMBSTONED: last-logged OpId 1.3
I20260601 13:32:25.971705 27983 log.cc:1199] T cfcf80b097954cd5a7c97481ed3973d1 P 937422a368a743a38954236ce160e4a3: Deleting WAL directory at /tmp/dist-test-taskzOnWic/test-tmp/auto_rebalancer-test.0.AutoRebalancerTest.RangeAwareRebalancesNewRangeReplicas.1780320673108134-24570-0/minicluster-data/ts-2-root/wals/cfcf80b097954cd5a7c97481ed3973d1
I20260601 13:32:25.972651 27437 catalog_manager.cc:5027] TS 937422a368a743a38954236ce160e4a3 (127.23.254.131:46185): tablet cfcf80b097954cd5a7c97481ed3973d1 (table range_aware_rebalance_new_range [id=c64a4fc88a164ec5875b7a87dbccb111]) successfully deleted
I20260601 13:32:26.053300 27939 raft_consensus.cc:1064] T 566d938c08304b84a6a88c2022ba3d29 P 2a4c24dbd58d4fcfb02ea616ad0ee6bf: attempting to promote NON_VOTER 65c46a77d39b43fe90c820fc3f5c33cd to VOTER
I20260601 13:32:26.053774 27939 consensus_queue.cc:237] T 566d938c08304b84a6a88c2022ba3d29 P 2a4c24dbd58d4fcfb02ea616ad0ee6bf [LEADER]: Queue going to LEADER mode. State: All replicated index: 0, Majority replicated index: 2, Committed index: 2, Last appended: 1.2, Last appended by leader: 0, Current term: 1, Majority size: 3, State: 0, Mode: LEADER, active raft config: opid_index: 3 OBSOLETE_local: false peers { permanent_uuid: "937422a368a743a38954236ce160e4a3" member_type: VOTER last_known_addr { host: "127.23.254.131" port: 46185 } } peers { permanent_uuid: "9bee8da320ce4a41a0a6b32247f7529d" member_type: VOTER last_known_addr { host: "127.23.254.130" port: 38029 } attrs { replace: true } } peers { permanent_uuid: "2a4c24dbd58d4fcfb02ea616ad0ee6bf" member_type: VOTER last_known_addr { host: "127.23.254.129" port: 45889 } } peers { permanent_uuid: "65c46a77d39b43fe90c820fc3f5c33cd" member_type: VOTER last_known_addr { host: "127.23.254.132" port: 40237 } attrs { promote: false } }
I20260601 13:32:26.055182 27842 raft_consensus.cc:1275] T 566d938c08304b84a6a88c2022ba3d29 P 65c46a77d39b43fe90c820fc3f5c33cd [term 1 LEARNER]: Refusing update from remote peer 2a4c24dbd58d4fcfb02ea616ad0ee6bf: Log matching property violated. Preceding OpId in replica: term: 1 index: 2. Preceding OpId from leader: term: 1 index: 3. (index mismatch)
I20260601 13:32:26.055284 27704 raft_consensus.cc:1275] T 566d938c08304b84a6a88c2022ba3d29 P 937422a368a743a38954236ce160e4a3 [term 1 FOLLOWER]: Refusing update from remote peer 2a4c24dbd58d4fcfb02ea616ad0ee6bf: Log matching property violated. Preceding OpId in replica: term: 1 index: 2. Preceding OpId from leader: term: 1 index: 3. (index mismatch)
I20260601 13:32:26.055284 27628 raft_consensus.cc:1275] T 566d938c08304b84a6a88c2022ba3d29 P 9bee8da320ce4a41a0a6b32247f7529d [term 1 FOLLOWER]: Refusing update from remote peer 2a4c24dbd58d4fcfb02ea616ad0ee6bf: Log matching property violated. Preceding OpId in replica: term: 1 index: 2. Preceding OpId from leader: term: 1 index: 3. (index mismatch)
I20260601 13:32:26.055723 27984 consensus_queue.cc:1048] T 566d938c08304b84a6a88c2022ba3d29 P 2a4c24dbd58d4fcfb02ea616ad0ee6bf [LEADER]: Connected to new peer: Peer: permanent_uuid: "937422a368a743a38954236ce160e4a3" member_type: VOTER last_known_addr { host: "127.23.254.131" port: 46185 }, Status: LMP_MISMATCH, Last received: 0.0, Next index: 3, Last known committed idx: 2, Time since last communication: 0.000s
I20260601 13:32:26.055989 27986 consensus_queue.cc:1048] T 566d938c08304b84a6a88c2022ba3d29 P 2a4c24dbd58d4fcfb02ea616ad0ee6bf [LEADER]: Connected to new peer: Peer: permanent_uuid: "65c46a77d39b43fe90c820fc3f5c33cd" member_type: VOTER last_known_addr { host: "127.23.254.132" port: 40237 } attrs { promote: false }, Status: LMP_MISMATCH, Last received: 0.0, Next index: 3, Last known committed idx: 2, Time since last communication: 0.000s
I20260601 13:32:26.056195 27987 consensus_queue.cc:1048] T 566d938c08304b84a6a88c2022ba3d29 P 2a4c24dbd58d4fcfb02ea616ad0ee6bf [LEADER]: Connected to new peer: Peer: permanent_uuid: "9bee8da320ce4a41a0a6b32247f7529d" member_type: VOTER last_known_addr { host: "127.23.254.130" port: 38029 } attrs { replace: true }, Status: LMP_MISMATCH, Last received: 0.0, Next index: 3, Last known committed idx: 2, Time since last communication: 0.000s
I20260601 13:32:26.058143 27987 raft_consensus.cc:2955] T 566d938c08304b84a6a88c2022ba3d29 P 2a4c24dbd58d4fcfb02ea616ad0ee6bf [term 1 LEADER]: Committing config change with OpId 1.3: config changed from index 2 to 3, 65c46a77d39b43fe90c820fc3f5c33cd (127.23.254.132) changed from NON_VOTER to VOTER. New config: { opid_index: 3 OBSOLETE_local: false peers { permanent_uuid: "937422a368a743a38954236ce160e4a3" member_type: VOTER last_known_addr { host: "127.23.254.131" port: 46185 } } peers { permanent_uuid: "9bee8da320ce4a41a0a6b32247f7529d" member_type: VOTER last_known_addr { host: "127.23.254.130" port: 38029 } attrs { replace: true } } peers { permanent_uuid: "2a4c24dbd58d4fcfb02ea616ad0ee6bf" member_type: VOTER last_known_addr { host: "127.23.254.129" port: 45889 } } peers { permanent_uuid: "65c46a77d39b43fe90c820fc3f5c33cd" member_type: VOTER last_known_addr { host: "127.23.254.132" port: 40237 } attrs { promote: false } } }
I20260601 13:32:26.058559 27842 raft_consensus.cc:2955] T 566d938c08304b84a6a88c2022ba3d29 P 65c46a77d39b43fe90c820fc3f5c33cd [term 1 FOLLOWER]: Committing config change with OpId 1.3: config changed from index 2 to 3, 65c46a77d39b43fe90c820fc3f5c33cd (127.23.254.132) changed from NON_VOTER to VOTER. New config: { opid_index: 3 OBSOLETE_local: false peers { permanent_uuid: "937422a368a743a38954236ce160e4a3" member_type: VOTER last_known_addr { host: "127.23.254.131" port: 46185 } } peers { permanent_uuid: "9bee8da320ce4a41a0a6b32247f7529d" member_type: VOTER last_known_addr { host: "127.23.254.130" port: 38029 } attrs { replace: true } } peers { permanent_uuid: "2a4c24dbd58d4fcfb02ea616ad0ee6bf" member_type: VOTER last_known_addr { host: "127.23.254.129" port: 45889 } } peers { permanent_uuid: "65c46a77d39b43fe90c820fc3f5c33cd" member_type: VOTER last_known_addr { host: "127.23.254.132" port: 40237 } attrs { promote: false } } }
I20260601 13:32:26.060837 27447 catalog_manager.cc:5696] T 566d938c08304b84a6a88c2022ba3d29 P 65c46a77d39b43fe90c820fc3f5c33cd reported cstate change: config changed from index 2 to 3, 65c46a77d39b43fe90c820fc3f5c33cd (127.23.254.132) changed from NON_VOTER to VOTER. New cstate: current_term: 1 leader_uuid: "2a4c24dbd58d4fcfb02ea616ad0ee6bf" committed_config { opid_index: 3 OBSOLETE_local: false peers { permanent_uuid: "937422a368a743a38954236ce160e4a3" member_type: VOTER last_known_addr { host: "127.23.254.131" port: 46185 } } peers { permanent_uuid: "9bee8da320ce4a41a0a6b32247f7529d" member_type: VOTER last_known_addr { host: "127.23.254.130" port: 38029 } attrs { replace: true } } peers { permanent_uuid: "2a4c24dbd58d4fcfb02ea616ad0ee6bf" member_type: VOTER last_known_addr { host: "127.23.254.129" port: 45889 } } peers { permanent_uuid: "65c46a77d39b43fe90c820fc3f5c33cd" member_type: VOTER last_known_addr { host: "127.23.254.132" port: 40237 } attrs { promote: false } } }
I20260601 13:32:26.060953 27704 raft_consensus.cc:2955] T 566d938c08304b84a6a88c2022ba3d29 P 937422a368a743a38954236ce160e4a3 [term 1 FOLLOWER]: Committing config change with OpId 1.3: config changed from index 2 to 3, 65c46a77d39b43fe90c820fc3f5c33cd (127.23.254.132) changed from NON_VOTER to VOTER. New config: { opid_index: 3 OBSOLETE_local: false peers { permanent_uuid: "937422a368a743a38954236ce160e4a3" member_type: VOTER last_known_addr { host: "127.23.254.131" port: 46185 } } peers { permanent_uuid: "9bee8da320ce4a41a0a6b32247f7529d" member_type: VOTER last_known_addr { host: "127.23.254.130" port: 38029 } attrs { replace: true } } peers { permanent_uuid: "2a4c24dbd58d4fcfb02ea616ad0ee6bf" member_type: VOTER last_known_addr { host: "127.23.254.129" port: 45889 } } peers { permanent_uuid: "65c46a77d39b43fe90c820fc3f5c33cd" member_type: VOTER last_known_addr { host: "127.23.254.132" port: 40237 } attrs { promote: false } } }
I20260601 13:32:26.061619 27628 raft_consensus.cc:2955] T 566d938c08304b84a6a88c2022ba3d29 P 9bee8da320ce4a41a0a6b32247f7529d [term 1 FOLLOWER]: Committing config change with OpId 1.3: config changed from index 2 to 3, 65c46a77d39b43fe90c820fc3f5c33cd (127.23.254.132) changed from NON_VOTER to VOTER. New config: { opid_index: 3 OBSOLETE_local: false peers { permanent_uuid: "937422a368a743a38954236ce160e4a3" member_type: VOTER last_known_addr { host: "127.23.254.131" port: 46185 } } peers { permanent_uuid: "9bee8da320ce4a41a0a6b32247f7529d" member_type: VOTER last_known_addr { host: "127.23.254.130" port: 38029 } attrs { replace: true } } peers { permanent_uuid: "2a4c24dbd58d4fcfb02ea616ad0ee6bf" member_type: VOTER last_known_addr { host: "127.23.254.129" port: 45889 } } peers { permanent_uuid: "65c46a77d39b43fe90c820fc3f5c33cd" member_type: VOTER last_known_addr { host: "127.23.254.132" port: 40237 } attrs { promote: false } } }
I20260601 13:32:26.067018 27553 consensus_queue.cc:237] T 566d938c08304b84a6a88c2022ba3d29 P 2a4c24dbd58d4fcfb02ea616ad0ee6bf [LEADER]: Queue going to LEADER mode. State: All replicated index: 0, Majority replicated index: 3, Committed index: 3, Last appended: 1.3, Last appended by leader: 0, Current term: 1, Majority size: 2, State: 0, Mode: LEADER, active raft config: opid_index: 4 OBSOLETE_local: false peers { permanent_uuid: "937422a368a743a38954236ce160e4a3" member_type: VOTER last_known_addr { host: "127.23.254.131" port: 46185 } } peers { permanent_uuid: "2a4c24dbd58d4fcfb02ea616ad0ee6bf" member_type: VOTER last_known_addr { host: "127.23.254.129" port: 45889 } } peers { permanent_uuid: "65c46a77d39b43fe90c820fc3f5c33cd" member_type: VOTER last_known_addr { host: "127.23.254.132" port: 40237 } attrs { promote: false } }
I20260601 13:32:26.068193 27842 raft_consensus.cc:1275] T 566d938c08304b84a6a88c2022ba3d29 P 65c46a77d39b43fe90c820fc3f5c33cd [term 1 FOLLOWER]: Refusing update from remote peer 2a4c24dbd58d4fcfb02ea616ad0ee6bf: Log matching property violated. Preceding OpId in replica: term: 1 index: 3. Preceding OpId from leader: term: 1 index: 4. (index mismatch)
I20260601 13:32:26.068193 27704 raft_consensus.cc:1275] T 566d938c08304b84a6a88c2022ba3d29 P 937422a368a743a38954236ce160e4a3 [term 1 FOLLOWER]: Refusing update from remote peer 2a4c24dbd58d4fcfb02ea616ad0ee6bf: Log matching property violated. Preceding OpId in replica: term: 1 index: 3. Preceding OpId from leader: term: 1 index: 4. (index mismatch)
I20260601 13:32:26.068567 27987 consensus_queue.cc:1048] T 566d938c08304b84a6a88c2022ba3d29 P 2a4c24dbd58d4fcfb02ea616ad0ee6bf [LEADER]: Connected to new peer: Peer: permanent_uuid: "65c46a77d39b43fe90c820fc3f5c33cd" member_type: VOTER last_known_addr { host: "127.23.254.132" port: 40237 } attrs { promote: false }, Status: LMP_MISMATCH, Last received: 0.0, Next index: 4, Last known committed idx: 3, Time since last communication: 0.000s
I20260601 13:32:26.068718 27939 consensus_queue.cc:1048] T 566d938c08304b84a6a88c2022ba3d29 P 2a4c24dbd58d4fcfb02ea616ad0ee6bf [LEADER]: Connected to new peer: Peer: permanent_uuid: "937422a368a743a38954236ce160e4a3" member_type: VOTER last_known_addr { host: "127.23.254.131" port: 46185 }, Status: LMP_MISMATCH, Last received: 0.0, Next index: 4, Last known committed idx: 3, Time since last communication: 0.000s
I20260601 13:32:26.070235 27984 raft_consensus.cc:2955] T 566d938c08304b84a6a88c2022ba3d29 P 2a4c24dbd58d4fcfb02ea616ad0ee6bf [term 1 LEADER]: Committing config change with OpId 1.4: config changed from index 3 to 4, VOTER 9bee8da320ce4a41a0a6b32247f7529d (127.23.254.130) evicted. New config: { opid_index: 4 OBSOLETE_local: false peers { permanent_uuid: "937422a368a743a38954236ce160e4a3" member_type: VOTER last_known_addr { host: "127.23.254.131" port: 46185 } } peers { permanent_uuid: "2a4c24dbd58d4fcfb02ea616ad0ee6bf" member_type: VOTER last_known_addr { host: "127.23.254.129" port: 45889 } } peers { permanent_uuid: "65c46a77d39b43fe90c820fc3f5c33cd" member_type: VOTER last_known_addr { host: "127.23.254.132" port: 40237 } attrs { promote: false } } }
I20260601 13:32:26.070587 27842 raft_consensus.cc:2955] T 566d938c08304b84a6a88c2022ba3d29 P 65c46a77d39b43fe90c820fc3f5c33cd [term 1 FOLLOWER]: Committing config change with OpId 1.4: config changed from index 3 to 4, VOTER 9bee8da320ce4a41a0a6b32247f7529d (127.23.254.130) evicted. New config: { opid_index: 4 OBSOLETE_local: false peers { permanent_uuid: "937422a368a743a38954236ce160e4a3" member_type: VOTER last_known_addr { host: "127.23.254.131" port: 46185 } } peers { permanent_uuid: "2a4c24dbd58d4fcfb02ea616ad0ee6bf" member_type: VOTER last_known_addr { host: "127.23.254.129" port: 45889 } } peers { permanent_uuid: "65c46a77d39b43fe90c820fc3f5c33cd" member_type: VOTER last_known_addr { host: "127.23.254.132" port: 40237 } attrs { promote: false } } }
I20260601 13:32:26.070861 27704 raft_consensus.cc:2955] T 566d938c08304b84a6a88c2022ba3d29 P 937422a368a743a38954236ce160e4a3 [term 1 FOLLOWER]: Committing config change with OpId 1.4: config changed from index 3 to 4, VOTER 9bee8da320ce4a41a0a6b32247f7529d (127.23.254.130) evicted. New config: { opid_index: 4 OBSOLETE_local: false peers { permanent_uuid: "937422a368a743a38954236ce160e4a3" member_type: VOTER last_known_addr { host: "127.23.254.131" port: 46185 } } peers { permanent_uuid: "2a4c24dbd58d4fcfb02ea616ad0ee6bf" member_type: VOTER last_known_addr { host: "127.23.254.129" port: 45889 } } peers { permanent_uuid: "65c46a77d39b43fe90c820fc3f5c33cd" member_type: VOTER last_known_addr { host: "127.23.254.132" port: 40237 } attrs { promote: false } } }
I20260601 13:32:26.072527 27434 catalog_manager.cc:5209] ChangeConfig:REMOVE_PEER RPC for tablet 566d938c08304b84a6a88c2022ba3d29 with cas_config_opid_index 3: ChangeConfig:REMOVE_PEER succeeded (attempt 1)
I20260601 13:32:26.072844 27447 catalog_manager.cc:5696] T 566d938c08304b84a6a88c2022ba3d29 P 2a4c24dbd58d4fcfb02ea616ad0ee6bf reported cstate change: config changed from index 3 to 4, VOTER 9bee8da320ce4a41a0a6b32247f7529d (127.23.254.130) evicted. New cstate: current_term: 1 leader_uuid: "2a4c24dbd58d4fcfb02ea616ad0ee6bf" committed_config { opid_index: 4 OBSOLETE_local: false peers { permanent_uuid: "937422a368a743a38954236ce160e4a3" member_type: VOTER last_known_addr { host: "127.23.254.131" port: 46185 } health_report { overall_health: HEALTHY } } peers { permanent_uuid: "2a4c24dbd58d4fcfb02ea616ad0ee6bf" member_type: VOTER last_known_addr { host: "127.23.254.129" port: 45889 } health_report { overall_health: HEALTHY } } peers { permanent_uuid: "65c46a77d39b43fe90c820fc3f5c33cd" member_type: VOTER last_known_addr { host: "127.23.254.132" port: 40237 } attrs { promote: false } health_report { overall_health: HEALTHY } } }
I20260601 13:32:26.075448 27617 tablet_service.cc:1558] Processing DeleteTablet for tablet 566d938c08304b84a6a88c2022ba3d29 with delete_type TABLET_DATA_TOMBSTONED (TS 9bee8da320ce4a41a0a6b32247f7529d not found in new config with opid_index 4) from {username='slave'} at 127.0.0.1:46678
I20260601 13:32:26.075873 27991 tablet_replica.cc:333] T 566d938c08304b84a6a88c2022ba3d29 P 9bee8da320ce4a41a0a6b32247f7529d: stopping tablet replica
I20260601 13:32:26.076042 27991 raft_consensus.cc:2243] T 566d938c08304b84a6a88c2022ba3d29 P 9bee8da320ce4a41a0a6b32247f7529d [term 1 FOLLOWER]: Raft consensus shutting down.
I20260601 13:32:26.076198 27991 raft_consensus.cc:2272] T 566d938c08304b84a6a88c2022ba3d29 P 9bee8da320ce4a41a0a6b32247f7529d [term 1 FOLLOWER]: Raft consensus is shut down!
I20260601 13:32:26.076762 27991 ts_tablet_manager.cc:1916] T 566d938c08304b84a6a88c2022ba3d29 P 9bee8da320ce4a41a0a6b32247f7529d: Deleting tablet data with delete state TABLET_DATA_TOMBSTONED
I20260601 13:32:26.078770 27991 ts_tablet_manager.cc:1929] T 566d938c08304b84a6a88c2022ba3d29 P 9bee8da320ce4a41a0a6b32247f7529d: tablet deleted with delete type TABLET_DATA_TOMBSTONED: last-logged OpId 1.3
I20260601 13:32:26.078863 27991 log.cc:1199] T 566d938c08304b84a6a88c2022ba3d29 P 9bee8da320ce4a41a0a6b32247f7529d: Deleting WAL directory at /tmp/dist-test-taskzOnWic/test-tmp/auto_rebalancer-test.0.AutoRebalancerTest.RangeAwareRebalancesNewRangeReplicas.1780320673108134-24570-0/minicluster-data/ts-1-root/wals/566d938c08304b84a6a88c2022ba3d29
I20260601 13:32:26.079453 27436 catalog_manager.cc:5027] TS 9bee8da320ce4a41a0a6b32247f7529d (127.23.254.130:38029): tablet 566d938c08304b84a6a88c2022ba3d29 (table range_aware_rebalance_new_range [id=c64a4fc88a164ec5875b7a87dbccb111]) successfully deleted
I20260601 13:32:26.355261 27504 auto_leader_rebalancer.cc:140] leader rebalance for table range_aware_rebalance_new_range
I20260601 13:32:26.367350 27628 tablet_service.cc:2072] Received LeaderStepDown RPC: tablet_id: "ed2a02f229c043b8b35097500d434845"
dest_uuid: "9bee8da320ce4a41a0a6b32247f7529d"
mode: GRACEFUL
new_leader_uuid: "65c46a77d39b43fe90c820fc3f5c33cd"
 from {username='slave'} at 127.0.0.1:60478
I20260601 13:32:26.367543 27628 raft_consensus.cc:606] T ed2a02f229c043b8b35097500d434845 P 9bee8da320ce4a41a0a6b32247f7529d [term 1 LEADER]: Received request to transfer leadership to TS 65c46a77d39b43fe90c820fc3f5c33cd
I20260601 13:32:26.367987 27504 auto_leader_rebalancer.cc:388] table: range_aware_rebalance_new_range, leader rebalance finish, leader transfer count: 1
I20260601 13:32:26.368135 27504 auto_leader_rebalancer.cc:451] All tables' leader rebalancing finished this round
I20260601 13:32:26.948421 27997 raft_consensus.cc:993] T ed2a02f229c043b8b35097500d434845 P 9bee8da320ce4a41a0a6b32247f7529d: : Instructing follower 65c46a77d39b43fe90c820fc3f5c33cd to start an election
I20260601 13:32:26.948642 27997 raft_consensus.cc:1081] T ed2a02f229c043b8b35097500d434845 P 9bee8da320ce4a41a0a6b32247f7529d [term 1 LEADER]: Signalling peer 65c46a77d39b43fe90c820fc3f5c33cd to start an election
I20260601 13:32:26.949255 27842 tablet_service.cc:2044] Received Run Leader Election RPC: tablet_id: "ed2a02f229c043b8b35097500d434845"
dest_uuid: "65c46a77d39b43fe90c820fc3f5c33cd"
 from {username='slave'} at 127.0.0.1:47224
I20260601 13:32:26.949450 27842 raft_consensus.cc:493] T ed2a02f229c043b8b35097500d434845 P 65c46a77d39b43fe90c820fc3f5c33cd [term 1 FOLLOWER]: Starting forced leader election (received explicit request)
I20260601 13:32:26.949539 27842 raft_consensus.cc:3060] T ed2a02f229c043b8b35097500d434845 P 65c46a77d39b43fe90c820fc3f5c33cd [term 1 FOLLOWER]: Advancing to term 2
I20260601 13:32:26.950554 27842 raft_consensus.cc:515] T ed2a02f229c043b8b35097500d434845 P 65c46a77d39b43fe90c820fc3f5c33cd [term 2 FOLLOWER]: Starting forced leader election with config: opid_index: 4 OBSOLETE_local: false peers { permanent_uuid: "9bee8da320ce4a41a0a6b32247f7529d" member_type: VOTER last_known_addr { host: "127.23.254.130" port: 38029 } } peers { permanent_uuid: "937422a368a743a38954236ce160e4a3" member_type: VOTER last_known_addr { host: "127.23.254.131" port: 46185 } } peers { permanent_uuid: "65c46a77d39b43fe90c820fc3f5c33cd" member_type: VOTER last_known_addr { host: "127.23.254.132" port: 40237 } attrs { promote: false } }
I20260601 13:32:26.951009 27842 leader_election.cc:290] T ed2a02f229c043b8b35097500d434845 P 65c46a77d39b43fe90c820fc3f5c33cd [CANDIDATE]: Term 2 election: Requested vote from peers 9bee8da320ce4a41a0a6b32247f7529d (127.23.254.130:38029), 937422a368a743a38954236ce160e4a3 (127.23.254.131:46185)
I20260601 13:32:26.951366 27628 tablet_service.cc:1917] Received RequestConsensusVote() RPC: tablet_id: "ed2a02f229c043b8b35097500d434845" candidate_uuid: "65c46a77d39b43fe90c820fc3f5c33cd" candidate_term: 2 candidate_status { last_received { term: 1 index: 4 } } ignore_live_leader: true dest_uuid: "9bee8da320ce4a41a0a6b32247f7529d"
I20260601 13:32:26.951447 27704 tablet_service.cc:1917] Received RequestConsensusVote() RPC: tablet_id: "ed2a02f229c043b8b35097500d434845" candidate_uuid: "65c46a77d39b43fe90c820fc3f5c33cd" candidate_term: 2 candidate_status { last_received { term: 1 index: 4 } } ignore_live_leader: true dest_uuid: "937422a368a743a38954236ce160e4a3"
I20260601 13:32:26.951563 27628 raft_consensus.cc:3055] T ed2a02f229c043b8b35097500d434845 P 9bee8da320ce4a41a0a6b32247f7529d [term 1 LEADER]: Stepping down as leader of term 1
I20260601 13:32:26.951599 27704 raft_consensus.cc:3060] T ed2a02f229c043b8b35097500d434845 P 937422a368a743a38954236ce160e4a3 [term 1 FOLLOWER]: Advancing to term 2
I20260601 13:32:26.951623 27628 raft_consensus.cc:740] T ed2a02f229c043b8b35097500d434845 P 9bee8da320ce4a41a0a6b32247f7529d [term 1 LEADER]: Becoming Follower/Learner. State: Replica: 9bee8da320ce4a41a0a6b32247f7529d, State: Running, Role: LEADER
I20260601 13:32:26.951777 27628 consensus_queue.cc:260] T ed2a02f229c043b8b35097500d434845 P 9bee8da320ce4a41a0a6b32247f7529d [NON_LEADER]: Queue going to NON_LEADER mode. State: All replicated index: 0, Majority replicated index: 4, Committed index: 4, Last appended: 1.4, Last appended by leader: 4, Current term: 1, Majority size: -1, State: 0, Mode: NON_LEADER, active raft config: opid_index: 4 OBSOLETE_local: false peers { permanent_uuid: "9bee8da320ce4a41a0a6b32247f7529d" member_type: VOTER last_known_addr { host: "127.23.254.130" port: 38029 } } peers { permanent_uuid: "937422a368a743a38954236ce160e4a3" member_type: VOTER last_known_addr { host: "127.23.254.131" port: 46185 } } peers { permanent_uuid: "65c46a77d39b43fe90c820fc3f5c33cd" member_type: VOTER last_known_addr { host: "127.23.254.132" port: 40237 } attrs { promote: false } }
I20260601 13:32:26.952050 27628 raft_consensus.cc:3060] T ed2a02f229c043b8b35097500d434845 P 9bee8da320ce4a41a0a6b32247f7529d [term 1 FOLLOWER]: Advancing to term 2
I20260601 13:32:26.952677 27704 raft_consensus.cc:2468] T ed2a02f229c043b8b35097500d434845 P 937422a368a743a38954236ce160e4a3 [term 2 FOLLOWER]: Leader election vote request: Granting yes vote for candidate 65c46a77d39b43fe90c820fc3f5c33cd in term 2.
I20260601 13:32:26.952950 27809 leader_election.cc:304] T ed2a02f229c043b8b35097500d434845 P 65c46a77d39b43fe90c820fc3f5c33cd [CANDIDATE]: Term 2 election: Election decided. Result: candidate won. Election summary: received 2 responses out of 3 voters: 2 yes votes; 0 no votes. yes voters: 65c46a77d39b43fe90c820fc3f5c33cd, 937422a368a743a38954236ce160e4a3; no voters: 
I20260601 13:32:26.953161 27890 raft_consensus.cc:2804] T ed2a02f229c043b8b35097500d434845 P 65c46a77d39b43fe90c820fc3f5c33cd [term 2 FOLLOWER]: Leader election won for term 2
I20260601 13:32:26.953145 27628 raft_consensus.cc:2468] T ed2a02f229c043b8b35097500d434845 P 9bee8da320ce4a41a0a6b32247f7529d [term 2 FOLLOWER]: Leader election vote request: Granting yes vote for candidate 65c46a77d39b43fe90c820fc3f5c33cd in term 2.
I20260601 13:32:26.953320 27890 raft_consensus.cc:697] T ed2a02f229c043b8b35097500d434845 P 65c46a77d39b43fe90c820fc3f5c33cd [term 2 LEADER]: Becoming Leader. State: Replica: 65c46a77d39b43fe90c820fc3f5c33cd, State: Running, Role: LEADER
I20260601 13:32:26.953481 27890 consensus_queue.cc:237] T ed2a02f229c043b8b35097500d434845 P 65c46a77d39b43fe90c820fc3f5c33cd [LEADER]: Queue going to LEADER mode. State: All replicated index: 0, Majority replicated index: 4, Committed index: 4, Last appended: 1.4, Last appended by leader: 4, Current term: 2, Majority size: 2, State: 0, Mode: LEADER, active raft config: opid_index: 4 OBSOLETE_local: false peers { permanent_uuid: "9bee8da320ce4a41a0a6b32247f7529d" member_type: VOTER last_known_addr { host: "127.23.254.130" port: 38029 } } peers { permanent_uuid: "937422a368a743a38954236ce160e4a3" member_type: VOTER last_known_addr { host: "127.23.254.131" port: 46185 } } peers { permanent_uuid: "65c46a77d39b43fe90c820fc3f5c33cd" member_type: VOTER last_known_addr { host: "127.23.254.132" port: 40237 } attrs { promote: false } }
I20260601 13:32:26.955277 27447 catalog_manager.cc:5696] T ed2a02f229c043b8b35097500d434845 P 65c46a77d39b43fe90c820fc3f5c33cd reported cstate change: term changed from 1 to 2, leader changed from 9bee8da320ce4a41a0a6b32247f7529d (127.23.254.130) to 65c46a77d39b43fe90c820fc3f5c33cd (127.23.254.132). New cstate: current_term: 2 leader_uuid: "65c46a77d39b43fe90c820fc3f5c33cd" committed_config { opid_index: 4 OBSOLETE_local: false peers { permanent_uuid: "9bee8da320ce4a41a0a6b32247f7529d" member_type: VOTER last_known_addr { host: "127.23.254.130" port: 38029 } health_report { overall_health: UNKNOWN } } peers { permanent_uuid: "937422a368a743a38954236ce160e4a3" member_type: VOTER last_known_addr { host: "127.23.254.131" port: 46185 } health_report { overall_health: UNKNOWN } } peers { permanent_uuid: "65c46a77d39b43fe90c820fc3f5c33cd" member_type: VOTER last_known_addr { host: "127.23.254.132" port: 40237 } attrs { promote: false } health_report { overall_health: HEALTHY } } }
I20260601 13:32:27.080057 27628 consensus_queue.cc:237] T 50226043119b4aaba9f3f402ad70a0e7 P 9bee8da320ce4a41a0a6b32247f7529d [LEADER]: Queue going to LEADER mode. State: All replicated index: 0, Majority replicated index: 2, Committed index: 2, Last appended: 2.2, Last appended by leader: 1, Current term: 2, Majority size: 2, State: 0, Mode: LEADER, active raft config: opid_index: 3 OBSOLETE_local: false peers { permanent_uuid: "65c46a77d39b43fe90c820fc3f5c33cd" member_type: VOTER last_known_addr { host: "127.23.254.132" port: 40237 } attrs { replace: true } } peers { permanent_uuid: "9bee8da320ce4a41a0a6b32247f7529d" member_type: VOTER last_known_addr { host: "127.23.254.130" port: 38029 } } peers { permanent_uuid: "2a4c24dbd58d4fcfb02ea616ad0ee6bf" member_type: VOTER last_known_addr { host: "127.23.254.129" port: 45889 } } peers { permanent_uuid: "937422a368a743a38954236ce160e4a3" member_type: NON_VOTER last_known_addr { host: "127.23.254.131" port: 46185 } attrs { promote: true } }
I20260601 13:32:27.081897 27553 raft_consensus.cc:1275] T 50226043119b4aaba9f3f402ad70a0e7 P 2a4c24dbd58d4fcfb02ea616ad0ee6bf [term 2 FOLLOWER]: Refusing update from remote peer 9bee8da320ce4a41a0a6b32247f7529d: Log matching property violated. Preceding OpId in replica: term: 2 index: 2. Preceding OpId from leader: term: 2 index: 3. (index mismatch)
W20260601 13:32:27.081943 27595 consensus_peers.cc:597] T 50226043119b4aaba9f3f402ad70a0e7 P 9bee8da320ce4a41a0a6b32247f7529d -> Peer 937422a368a743a38954236ce160e4a3 (127.23.254.131:46185): Couldn't send request to peer 937422a368a743a38954236ce160e4a3. Error code: TABLET_NOT_FOUND (6). Status: Not found: Tablet not found: 50226043119b4aaba9f3f402ad70a0e7. This is attempt 1: this message will repeat every 5th retry.
I20260601 13:32:27.081903 27842 raft_consensus.cc:1275] T 50226043119b4aaba9f3f402ad70a0e7 P 65c46a77d39b43fe90c820fc3f5c33cd [term 2 FOLLOWER]: Refusing update from remote peer 9bee8da320ce4a41a0a6b32247f7529d: Log matching property violated. Preceding OpId in replica: term: 2 index: 2. Preceding OpId from leader: term: 2 index: 3. (index mismatch)
I20260601 13:32:27.082365 28004 consensus_queue.cc:1048] T 50226043119b4aaba9f3f402ad70a0e7 P 9bee8da320ce4a41a0a6b32247f7529d [LEADER]: Connected to new peer: Peer: permanent_uuid: "2a4c24dbd58d4fcfb02ea616ad0ee6bf" member_type: VOTER last_known_addr { host: "127.23.254.129" port: 45889 }, Status: LMP_MISMATCH, Last received: 0.0, Next index: 3, Last known committed idx: 2, Time since last communication: 0.000s
I20260601 13:32:27.082556 27997 consensus_queue.cc:1048] T 50226043119b4aaba9f3f402ad70a0e7 P 9bee8da320ce4a41a0a6b32247f7529d [LEADER]: Connected to new peer: Peer: permanent_uuid: "65c46a77d39b43fe90c820fc3f5c33cd" member_type: VOTER last_known_addr { host: "127.23.254.132" port: 40237 } attrs { replace: true }, Status: LMP_MISMATCH, Last received: 0.0, Next index: 3, Last known committed idx: 2, Time since last communication: 0.000s
I20260601 13:32:27.084229 27914 raft_consensus.cc:2955] T 50226043119b4aaba9f3f402ad70a0e7 P 9bee8da320ce4a41a0a6b32247f7529d [term 2 LEADER]: Committing config change with OpId 2.3: config changed from index -1 to 3, NON_VOTER 937422a368a743a38954236ce160e4a3 (127.23.254.131) added. New config: { opid_index: 3 OBSOLETE_local: false peers { permanent_uuid: "65c46a77d39b43fe90c820fc3f5c33cd" member_type: VOTER last_known_addr { host: "127.23.254.132" port: 40237 } attrs { replace: true } } peers { permanent_uuid: "9bee8da320ce4a41a0a6b32247f7529d" member_type: VOTER last_known_addr { host: "127.23.254.130" port: 38029 } } peers { permanent_uuid: "2a4c24dbd58d4fcfb02ea616ad0ee6bf" member_type: VOTER last_known_addr { host: "127.23.254.129" port: 45889 } } peers { permanent_uuid: "937422a368a743a38954236ce160e4a3" member_type: NON_VOTER last_known_addr { host: "127.23.254.131" port: 46185 } attrs { promote: true } } }
I20260601 13:32:27.084728 27553 raft_consensus.cc:2955] T 50226043119b4aaba9f3f402ad70a0e7 P 2a4c24dbd58d4fcfb02ea616ad0ee6bf [term 2 FOLLOWER]: Committing config change with OpId 2.3: config changed from index -1 to 3, NON_VOTER 937422a368a743a38954236ce160e4a3 (127.23.254.131) added. New config: { opid_index: 3 OBSOLETE_local: false peers { permanent_uuid: "65c46a77d39b43fe90c820fc3f5c33cd" member_type: VOTER last_known_addr { host: "127.23.254.132" port: 40237 } attrs { replace: true } } peers { permanent_uuid: "9bee8da320ce4a41a0a6b32247f7529d" member_type: VOTER last_known_addr { host: "127.23.254.130" port: 38029 } } peers { permanent_uuid: "2a4c24dbd58d4fcfb02ea616ad0ee6bf" member_type: VOTER last_known_addr { host: "127.23.254.129" port: 45889 } } peers { permanent_uuid: "937422a368a743a38954236ce160e4a3" member_type: NON_VOTER last_known_addr { host: "127.23.254.131" port: 46185 } attrs { promote: true } } }
I20260601 13:32:27.084690 27842 raft_consensus.cc:2955] T 50226043119b4aaba9f3f402ad70a0e7 P 65c46a77d39b43fe90c820fc3f5c33cd [term 2 FOLLOWER]: Committing config change with OpId 2.3: config changed from index -1 to 3, NON_VOTER 937422a368a743a38954236ce160e4a3 (127.23.254.131) added. New config: { opid_index: 3 OBSOLETE_local: false peers { permanent_uuid: "65c46a77d39b43fe90c820fc3f5c33cd" member_type: VOTER last_known_addr { host: "127.23.254.132" port: 40237 } attrs { replace: true } } peers { permanent_uuid: "9bee8da320ce4a41a0a6b32247f7529d" member_type: VOTER last_known_addr { host: "127.23.254.130" port: 38029 } } peers { permanent_uuid: "2a4c24dbd58d4fcfb02ea616ad0ee6bf" member_type: VOTER last_known_addr { host: "127.23.254.129" port: 45889 } } peers { permanent_uuid: "937422a368a743a38954236ce160e4a3" member_type: NON_VOTER last_known_addr { host: "127.23.254.131" port: 46185 } attrs { promote: true } } }
