I20260601 13:31:11.538189 14127 raft_consensus.cc:515] T 75fa3b8b70a74d22afabe99e4ee78f17 P 954f0a0696884bb5a02b887fd0aecb01 [term 1 FOLLOWER]: Starting leader election with config: opid_index: -1 OBSOLETE_local: false peers { permanent_uuid: "c13f74fb80d24d52a5ced3d53a431e5d" member_type: VOTER last_known_addr { host: "127.12.241.65" port: 38717 } } peers { permanent_uuid: "954f0a0696884bb5a02b887fd0aecb01" member_type: VOTER last_known_addr { host: "127.12.241.66" port: 42235 } } peers { permanent_uuid: "990c41fc3dc94aa78ed0cc297ca32e68" member_type: VOTER last_known_addr { host: "127.12.241.67" port: 45251 } }
I20260601 13:31:11.538563 14127 leader_election.cc:290] T 75fa3b8b70a74d22afabe99e4ee78f17 P 954f0a0696884bb5a02b887fd0aecb01 [CANDIDATE]: Term 1 election: Requested vote from peers c13f74fb80d24d52a5ced3d53a431e5d (127.12.241.65:38717), 990c41fc3dc94aa78ed0cc297ca32e68 (127.12.241.67:45251)
I20260601 13:31:11.538888 13927 tablet_service.cc:1917] Received RequestConsensusVote() RPC: tablet_id: "75fa3b8b70a74d22afabe99e4ee78f17" candidate_uuid: "954f0a0696884bb5a02b887fd0aecb01" candidate_term: 1 candidate_status { last_received { term: 0 index: 0 } } ignore_live_leader: false dest_uuid: "c13f74fb80d24d52a5ced3d53a431e5d"
I20260601 13:31:11.538888 14078 tablet_service.cc:1917] Received RequestConsensusVote() RPC: tablet_id: "75fa3b8b70a74d22afabe99e4ee78f17" candidate_uuid: "954f0a0696884bb5a02b887fd0aecb01" candidate_term: 1 candidate_status { last_received { term: 0 index: 0 } } ignore_live_leader: false dest_uuid: "990c41fc3dc94aa78ed0cc297ca32e68"
I20260601 13:31:11.539018 14078 raft_consensus.cc:3060] T 75fa3b8b70a74d22afabe99e4ee78f17 P 990c41fc3dc94aa78ed0cc297ca32e68 [term 0 FOLLOWER]: Advancing to term 1
I20260601 13:31:11.539018 13927 raft_consensus.cc:3060] T 75fa3b8b70a74d22afabe99e4ee78f17 P c13f74fb80d24d52a5ced3d53a431e5d [term 0 FOLLOWER]: Advancing to term 1
I20260601 13:31:11.539942 13927 raft_consensus.cc:2468] T 75fa3b8b70a74d22afabe99e4ee78f17 P c13f74fb80d24d52a5ced3d53a431e5d [term 1 FOLLOWER]: Leader election vote request: Granting yes vote for candidate 954f0a0696884bb5a02b887fd0aecb01 in term 1.
I20260601 13:31:11.539942 14078 raft_consensus.cc:2468] T 75fa3b8b70a74d22afabe99e4ee78f17 P 990c41fc3dc94aa78ed0cc297ca32e68 [term 1 FOLLOWER]: Leader election vote request: Granting yes vote for candidate 954f0a0696884bb5a02b887fd0aecb01 in term 1.
I20260601 13:31:11.540252 13968 leader_election.cc:304] T 75fa3b8b70a74d22afabe99e4ee78f17 P 954f0a0696884bb5a02b887fd0aecb01 [CANDIDATE]: Term 1 election: Election decided. Result: candidate won. Election summary: received 2 responses out of 3 voters: 2 yes votes; 0 no votes. yes voters: 954f0a0696884bb5a02b887fd0aecb01, 990c41fc3dc94aa78ed0cc297ca32e68; no voters: 
I20260601 13:31:11.540416 14127 raft_consensus.cc:2804] T 75fa3b8b70a74d22afabe99e4ee78f17 P 954f0a0696884bb5a02b887fd0aecb01 [term 1 FOLLOWER]: Leader election won for term 1
I20260601 13:31:11.540498 14127 raft_consensus.cc:697] T 75fa3b8b70a74d22afabe99e4ee78f17 P 954f0a0696884bb5a02b887fd0aecb01 [term 1 LEADER]: Becoming Leader. State: Replica: 954f0a0696884bb5a02b887fd0aecb01, State: Running, Role: LEADER
I20260601 13:31:11.540617 14127 consensus_queue.cc:237] T 75fa3b8b70a74d22afabe99e4ee78f17 P 954f0a0696884bb5a02b887fd0aecb01 [LEADER]: Queue going to LEADER mode. State: All replicated index: 0, Majority replicated index: 0, Committed index: 0, Last appended: 0.0, Last appended by leader: 0, Current term: 1, Majority size: 2, State: 0, Mode: LEADER, active raft config: opid_index: -1 OBSOLETE_local: false peers { permanent_uuid: "c13f74fb80d24d52a5ced3d53a431e5d" member_type: VOTER last_known_addr { host: "127.12.241.65" port: 38717 } } peers { permanent_uuid: "954f0a0696884bb5a02b887fd0aecb01" member_type: VOTER last_known_addr { host: "127.12.241.66" port: 42235 } } peers { permanent_uuid: "990c41fc3dc94aa78ed0cc297ca32e68" member_type: VOTER last_known_addr { host: "127.12.241.67" port: 45251 } }
I20260601 13:31:11.542093 13823 catalog_manager.cc:5696] T 75fa3b8b70a74d22afabe99e4ee78f17 P 954f0a0696884bb5a02b887fd0aecb01 reported cstate change: term changed from 0 to 1, leader changed from <none> to 954f0a0696884bb5a02b887fd0aecb01 (127.12.241.66). New cstate: current_term: 1 leader_uuid: "954f0a0696884bb5a02b887fd0aecb01" committed_config { opid_index: -1 OBSOLETE_local: false peers { permanent_uuid: "c13f74fb80d24d52a5ced3d53a431e5d" member_type: VOTER last_known_addr { host: "127.12.241.65" port: 38717 } health_report { overall_health: UNKNOWN } } peers { permanent_uuid: "954f0a0696884bb5a02b887fd0aecb01" member_type: VOTER last_known_addr { host: "127.12.241.66" port: 42235 } health_report { overall_health: HEALTHY } } peers { permanent_uuid: "990c41fc3dc94aa78ed0cc297ca32e68" member_type: VOTER last_known_addr { host: "127.12.241.67" port: 45251 } health_report { overall_health: UNKNOWN } } }
I20260601 13:31:11.645753 14127 raft_consensus.cc:493] T 8a99c88e484d4f649990ecfbccaab43f P 954f0a0696884bb5a02b887fd0aecb01 [term 0 FOLLOWER]: Starting pre-election (no leader contacted us within the election timeout)
I20260601 13:31:11.645912 14127 raft_consensus.cc:515] T 8a99c88e484d4f649990ecfbccaab43f P 954f0a0696884bb5a02b887fd0aecb01 [term 0 FOLLOWER]: Starting pre-election with config: opid_index: -1 OBSOLETE_local: false peers { permanent_uuid: "c13f74fb80d24d52a5ced3d53a431e5d" member_type: VOTER last_known_addr { host: "127.12.241.65" port: 38717 } } peers { permanent_uuid: "954f0a0696884bb5a02b887fd0aecb01" member_type: VOTER last_known_addr { host: "127.12.241.66" port: 42235 } } peers { permanent_uuid: "990c41fc3dc94aa78ed0cc297ca32e68" member_type: VOTER last_known_addr { host: "127.12.241.67" port: 45251 } }
I20260601 13:31:11.646340 14127 leader_election.cc:290] T 8a99c88e484d4f649990ecfbccaab43f P 954f0a0696884bb5a02b887fd0aecb01 [CANDIDATE]: Term 1 pre-election: Requested pre-vote from peers c13f74fb80d24d52a5ced3d53a431e5d (127.12.241.65:38717), 990c41fc3dc94aa78ed0cc297ca32e68 (127.12.241.67:45251)
I20260601 13:31:11.646730 14078 tablet_service.cc:1917] Received RequestConsensusVote() RPC: tablet_id: "8a99c88e484d4f649990ecfbccaab43f" candidate_uuid: "954f0a0696884bb5a02b887fd0aecb01" candidate_term: 1 candidate_status { last_received { term: 0 index: 0 } } ignore_live_leader: false dest_uuid: "990c41fc3dc94aa78ed0cc297ca32e68" is_pre_election: true
I20260601 13:31:11.646745 13927 tablet_service.cc:1917] Received RequestConsensusVote() RPC: tablet_id: "8a99c88e484d4f649990ecfbccaab43f" candidate_uuid: "954f0a0696884bb5a02b887fd0aecb01" candidate_term: 1 candidate_status { last_received { term: 0 index: 0 } } ignore_live_leader: false dest_uuid: "c13f74fb80d24d52a5ced3d53a431e5d" is_pre_election: true
I20260601 13:31:11.646845 14078 raft_consensus.cc:2468] T 8a99c88e484d4f649990ecfbccaab43f P 990c41fc3dc94aa78ed0cc297ca32e68 [term 0 FOLLOWER]: Leader pre-election vote request: Granting yes vote for candidate 954f0a0696884bb5a02b887fd0aecb01 in term 0.
I20260601 13:31:11.646903 13927 raft_consensus.cc:2468] T 8a99c88e484d4f649990ecfbccaab43f P c13f74fb80d24d52a5ced3d53a431e5d [term 0 FOLLOWER]: Leader pre-election vote request: Granting yes vote for candidate 954f0a0696884bb5a02b887fd0aecb01 in term 0.
I20260601 13:31:11.647125 13968 leader_election.cc:304] T 8a99c88e484d4f649990ecfbccaab43f P 954f0a0696884bb5a02b887fd0aecb01 [CANDIDATE]: Term 1 pre-election: Election decided. Result: candidate won. Election summary: received 2 responses out of 3 voters: 2 yes votes; 0 no votes. yes voters: 954f0a0696884bb5a02b887fd0aecb01, 990c41fc3dc94aa78ed0cc297ca32e68; no voters: 
I20260601 13:31:11.647275 14127 raft_consensus.cc:2804] T 8a99c88e484d4f649990ecfbccaab43f P 954f0a0696884bb5a02b887fd0aecb01 [term 0 FOLLOWER]: Leader pre-election won for term 1
I20260601 13:31:11.647326 14127 raft_consensus.cc:493] T 8a99c88e484d4f649990ecfbccaab43f P 954f0a0696884bb5a02b887fd0aecb01 [term 0 FOLLOWER]: Starting leader election (no leader contacted us within the election timeout)
I20260601 13:31:11.647351 14127 raft_consensus.cc:3060] T 8a99c88e484d4f649990ecfbccaab43f P 954f0a0696884bb5a02b887fd0aecb01 [term 0 FOLLOWER]: Advancing to term 1
I20260601 13:31:11.649214 14127 raft_consensus.cc:515] T 8a99c88e484d4f649990ecfbccaab43f P 954f0a0696884bb5a02b887fd0aecb01 [term 1 FOLLOWER]: Starting leader election with config: opid_index: -1 OBSOLETE_local: false peers { permanent_uuid: "c13f74fb80d24d52a5ced3d53a431e5d" member_type: VOTER last_known_addr { host: "127.12.241.65" port: 38717 } } peers { permanent_uuid: "954f0a0696884bb5a02b887fd0aecb01" member_type: VOTER last_known_addr { host: "127.12.241.66" port: 42235 } } peers { permanent_uuid: "990c41fc3dc94aa78ed0cc297ca32e68" member_type: VOTER last_known_addr { host: "127.12.241.67" port: 45251 } }
I20260601 13:31:11.649549 14127 leader_election.cc:290] T 8a99c88e484d4f649990ecfbccaab43f P 954f0a0696884bb5a02b887fd0aecb01 [CANDIDATE]: Term 1 election: Requested vote from peers c13f74fb80d24d52a5ced3d53a431e5d (127.12.241.65:38717), 990c41fc3dc94aa78ed0cc297ca32e68 (127.12.241.67:45251)
I20260601 13:31:11.649833 13927 tablet_service.cc:1917] Received RequestConsensusVote() RPC: tablet_id: "8a99c88e484d4f649990ecfbccaab43f" candidate_uuid: "954f0a0696884bb5a02b887fd0aecb01" candidate_term: 1 candidate_status { last_received { term: 0 index: 0 } } ignore_live_leader: false dest_uuid: "c13f74fb80d24d52a5ced3d53a431e5d"
I20260601 13:31:11.649878 14078 tablet_service.cc:1917] Received RequestConsensusVote() RPC: tablet_id: "8a99c88e484d4f649990ecfbccaab43f" candidate_uuid: "954f0a0696884bb5a02b887fd0aecb01" candidate_term: 1 candidate_status { last_received { term: 0 index: 0 } } ignore_live_leader: false dest_uuid: "990c41fc3dc94aa78ed0cc297ca32e68"
I20260601 13:31:11.649935 13927 raft_consensus.cc:3060] T 8a99c88e484d4f649990ecfbccaab43f P c13f74fb80d24d52a5ced3d53a431e5d [term 0 FOLLOWER]: Advancing to term 1
I20260601 13:31:11.649953 14078 raft_consensus.cc:3060] T 8a99c88e484d4f649990ecfbccaab43f P 990c41fc3dc94aa78ed0cc297ca32e68 [term 0 FOLLOWER]: Advancing to term 1
I20260601 13:31:11.650588 14078 raft_consensus.cc:2468] T 8a99c88e484d4f649990ecfbccaab43f P 990c41fc3dc94aa78ed0cc297ca32e68 [term 1 FOLLOWER]: Leader election vote request: Granting yes vote for candidate 954f0a0696884bb5a02b887fd0aecb01 in term 1.
I20260601 13:31:11.650641 13927 raft_consensus.cc:2468] T 8a99c88e484d4f649990ecfbccaab43f P c13f74fb80d24d52a5ced3d53a431e5d [term 1 FOLLOWER]: Leader election vote request: Granting yes vote for candidate 954f0a0696884bb5a02b887fd0aecb01 in term 1.
I20260601 13:31:11.650820 13968 leader_election.cc:304] T 8a99c88e484d4f649990ecfbccaab43f P 954f0a0696884bb5a02b887fd0aecb01 [CANDIDATE]: Term 1 election: Election decided. Result: candidate won. Election summary: received 2 responses out of 3 voters: 2 yes votes; 0 no votes. yes voters: 954f0a0696884bb5a02b887fd0aecb01, 990c41fc3dc94aa78ed0cc297ca32e68; no voters: 
I20260601 13:31:11.650965 14127 raft_consensus.cc:2804] T 8a99c88e484d4f649990ecfbccaab43f P 954f0a0696884bb5a02b887fd0aecb01 [term 1 FOLLOWER]: Leader election won for term 1
I20260601 13:31:11.651048 14127 raft_consensus.cc:697] T 8a99c88e484d4f649990ecfbccaab43f P 954f0a0696884bb5a02b887fd0aecb01 [term 1 LEADER]: Becoming Leader. State: Replica: 954f0a0696884bb5a02b887fd0aecb01, State: Running, Role: LEADER
I20260601 13:31:11.651163 14127 consensus_queue.cc:237] T 8a99c88e484d4f649990ecfbccaab43f P 954f0a0696884bb5a02b887fd0aecb01 [LEADER]: Queue going to LEADER mode. State: All replicated index: 0, Majority replicated index: 0, Committed index: 0, Last appended: 0.0, Last appended by leader: 0, Current term: 1, Majority size: 2, State: 0, Mode: LEADER, active raft config: opid_index: -1 OBSOLETE_local: false peers { permanent_uuid: "c13f74fb80d24d52a5ced3d53a431e5d" member_type: VOTER last_known_addr { host: "127.12.241.65" port: 38717 } } peers { permanent_uuid: "954f0a0696884bb5a02b887fd0aecb01" member_type: VOTER last_known_addr { host: "127.12.241.66" port: 42235 } } peers { permanent_uuid: "990c41fc3dc94aa78ed0cc297ca32e68" member_type: VOTER last_known_addr { host: "127.12.241.67" port: 45251 } }
I20260601 13:31:11.651814 14137 raft_consensus.cc:493] T a61949b33f6d4d55935a02765f4e0a41 P 990c41fc3dc94aa78ed0cc297ca32e68 [term 0 FOLLOWER]: Starting pre-election (no leader contacted us within the election timeout)
I20260601 13:31:11.651888 14137 raft_consensus.cc:515] T a61949b33f6d4d55935a02765f4e0a41 P 990c41fc3dc94aa78ed0cc297ca32e68 [term 0 FOLLOWER]: Starting pre-election with config: opid_index: -1 OBSOLETE_local: false peers { permanent_uuid: "c13f74fb80d24d52a5ced3d53a431e5d" member_type: VOTER last_known_addr { host: "127.12.241.65" port: 38717 } } peers { permanent_uuid: "954f0a0696884bb5a02b887fd0aecb01" member_type: VOTER last_known_addr { host: "127.12.241.66" port: 42235 } } peers { permanent_uuid: "990c41fc3dc94aa78ed0cc297ca32e68" member_type: VOTER last_known_addr { host: "127.12.241.67" port: 45251 } }
I20260601 13:31:11.652215 14137 leader_election.cc:290] T a61949b33f6d4d55935a02765f4e0a41 P 990c41fc3dc94aa78ed0cc297ca32e68 [CANDIDATE]: Term 1 pre-election: Requested pre-vote from peers c13f74fb80d24d52a5ced3d53a431e5d (127.12.241.65:38717), 954f0a0696884bb5a02b887fd0aecb01 (127.12.241.66:42235)
I20260601 13:31:11.652503 14002 tablet_service.cc:1917] Received RequestConsensusVote() RPC: tablet_id: "a61949b33f6d4d55935a02765f4e0a41" candidate_uuid: "990c41fc3dc94aa78ed0cc297ca32e68" candidate_term: 1 candidate_status { last_received { term: 0 index: 0 } } ignore_live_leader: false dest_uuid: "954f0a0696884bb5a02b887fd0aecb01" is_pre_election: true
I20260601 13:31:11.652539 13927 tablet_service.cc:1917] Received RequestConsensusVote() RPC: tablet_id: "a61949b33f6d4d55935a02765f4e0a41" candidate_uuid: "990c41fc3dc94aa78ed0cc297ca32e68" candidate_term: 1 candidate_status { last_received { term: 0 index: 0 } } ignore_live_leader: false dest_uuid: "c13f74fb80d24d52a5ced3d53a431e5d" is_pre_election: true
I20260601 13:31:11.652602 14002 raft_consensus.cc:2468] T a61949b33f6d4d55935a02765f4e0a41 P 954f0a0696884bb5a02b887fd0aecb01 [term 0 FOLLOWER]: Leader pre-election vote request: Granting yes vote for candidate 990c41fc3dc94aa78ed0cc297ca32e68 in term 0.
I20260601 13:31:11.652647 13927 raft_consensus.cc:2468] T a61949b33f6d4d55935a02765f4e0a41 P c13f74fb80d24d52a5ced3d53a431e5d [term 0 FOLLOWER]: Leader pre-election vote request: Granting yes vote for candidate 990c41fc3dc94aa78ed0cc297ca32e68 in term 0.
I20260601 13:31:11.652701 13823 catalog_manager.cc:5696] T 8a99c88e484d4f649990ecfbccaab43f P 954f0a0696884bb5a02b887fd0aecb01 reported cstate change: term changed from 0 to 1, leader changed from <none> to 954f0a0696884bb5a02b887fd0aecb01 (127.12.241.66). New cstate: current_term: 1 leader_uuid: "954f0a0696884bb5a02b887fd0aecb01" committed_config { opid_index: -1 OBSOLETE_local: false peers { permanent_uuid: "c13f74fb80d24d52a5ced3d53a431e5d" member_type: VOTER last_known_addr { host: "127.12.241.65" port: 38717 } health_report { overall_health: UNKNOWN } } peers { permanent_uuid: "954f0a0696884bb5a02b887fd0aecb01" member_type: VOTER last_known_addr { host: "127.12.241.66" port: 42235 } health_report { overall_health: HEALTHY } } peers { permanent_uuid: "990c41fc3dc94aa78ed0cc297ca32e68" member_type: VOTER last_known_addr { host: "127.12.241.67" port: 45251 } health_report { overall_health: UNKNOWN } } }
I20260601 13:31:11.652856 14044 leader_election.cc:304] T a61949b33f6d4d55935a02765f4e0a41 P 990c41fc3dc94aa78ed0cc297ca32e68 [CANDIDATE]: Term 1 pre-election: Election decided. Result: candidate won. Election summary: received 2 responses out of 3 voters: 2 yes votes; 0 no votes. yes voters: 954f0a0696884bb5a02b887fd0aecb01, 990c41fc3dc94aa78ed0cc297ca32e68; no voters: 
I20260601 13:31:11.652995 14137 raft_consensus.cc:2804] T a61949b33f6d4d55935a02765f4e0a41 P 990c41fc3dc94aa78ed0cc297ca32e68 [term 0 FOLLOWER]: Leader pre-election won for term 1
I20260601 13:31:11.653046 14137 raft_consensus.cc:493] T a61949b33f6d4d55935a02765f4e0a41 P 990c41fc3dc94aa78ed0cc297ca32e68 [term 0 FOLLOWER]: Starting leader election (no leader contacted us within the election timeout)
I20260601 13:31:11.653105 14137 raft_consensus.cc:3060] T a61949b33f6d4d55935a02765f4e0a41 P 990c41fc3dc94aa78ed0cc297ca32e68 [term 0 FOLLOWER]: Advancing to term 1
I20260601 13:31:11.653920 14137 raft_consensus.cc:515] T a61949b33f6d4d55935a02765f4e0a41 P 990c41fc3dc94aa78ed0cc297ca32e68 [term 1 FOLLOWER]: Starting leader election with config: opid_index: -1 OBSOLETE_local: false peers { permanent_uuid: "c13f74fb80d24d52a5ced3d53a431e5d" member_type: VOTER last_known_addr { host: "127.12.241.65" port: 38717 } } peers { permanent_uuid: "954f0a0696884bb5a02b887fd0aecb01" member_type: VOTER last_known_addr { host: "127.12.241.66" port: 42235 } } peers { permanent_uuid: "990c41fc3dc94aa78ed0cc297ca32e68" member_type: VOTER last_known_addr { host: "127.12.241.67" port: 45251 } }
I20260601 13:31:11.654448 14002 tablet_service.cc:1917] Received RequestConsensusVote() RPC: tablet_id: "a61949b33f6d4d55935a02765f4e0a41" candidate_uuid: "990c41fc3dc94aa78ed0cc297ca32e68" candidate_term: 1 candidate_status { last_received { term: 0 index: 0 } } ignore_live_leader: false dest_uuid: "954f0a0696884bb5a02b887fd0aecb01"
I20260601 13:31:11.654539 14002 raft_consensus.cc:3060] T a61949b33f6d4d55935a02765f4e0a41 P 954f0a0696884bb5a02b887fd0aecb01 [term 0 FOLLOWER]: Advancing to term 1
I20260601 13:31:11.654577 13927 tablet_service.cc:1917] Received RequestConsensusVote() RPC: tablet_id: "a61949b33f6d4d55935a02765f4e0a41" candidate_uuid: "990c41fc3dc94aa78ed0cc297ca32e68" candidate_term: 1 candidate_status { last_received { term: 0 index: 0 } } ignore_live_leader: false dest_uuid: "c13f74fb80d24d52a5ced3d53a431e5d"
I20260601 13:31:11.654675 13927 raft_consensus.cc:3060] T a61949b33f6d4d55935a02765f4e0a41 P c13f74fb80d24d52a5ced3d53a431e5d [term 0 FOLLOWER]: Advancing to term 1
I20260601 13:31:11.655244 14002 raft_consensus.cc:2468] T a61949b33f6d4d55935a02765f4e0a41 P 954f0a0696884bb5a02b887fd0aecb01 [term 1 FOLLOWER]: Leader election vote request: Granting yes vote for candidate 990c41fc3dc94aa78ed0cc297ca32e68 in term 1.
I20260601 13:31:11.655370 13927 raft_consensus.cc:2468] T a61949b33f6d4d55935a02765f4e0a41 P c13f74fb80d24d52a5ced3d53a431e5d [term 1 FOLLOWER]: Leader election vote request: Granting yes vote for candidate 990c41fc3dc94aa78ed0cc297ca32e68 in term 1.
I20260601 13:31:11.655378 14137 leader_election.cc:290] T a61949b33f6d4d55935a02765f4e0a41 P 990c41fc3dc94aa78ed0cc297ca32e68 [CANDIDATE]: Term 1 election: Requested vote from peers c13f74fb80d24d52a5ced3d53a431e5d (127.12.241.65:38717), 954f0a0696884bb5a02b887fd0aecb01 (127.12.241.66:42235)
I20260601 13:31:11.655473 14044 leader_election.cc:304] T a61949b33f6d4d55935a02765f4e0a41 P 990c41fc3dc94aa78ed0cc297ca32e68 [CANDIDATE]: Term 1 election: Election decided. Result: candidate won. Election summary: received 2 responses out of 3 voters: 2 yes votes; 0 no votes. yes voters: 954f0a0696884bb5a02b887fd0aecb01, 990c41fc3dc94aa78ed0cc297ca32e68; no voters: 
I20260601 13:31:11.655622 14137 raft_consensus.cc:2804] T a61949b33f6d4d55935a02765f4e0a41 P 990c41fc3dc94aa78ed0cc297ca32e68 [term 1 FOLLOWER]: Leader election won for term 1
I20260601 13:31:11.655699 14137 raft_consensus.cc:697] T a61949b33f6d4d55935a02765f4e0a41 P 990c41fc3dc94aa78ed0cc297ca32e68 [term 1 LEADER]: Becoming Leader. State: Replica: 990c41fc3dc94aa78ed0cc297ca32e68, State: Running, Role: LEADER
I20260601 13:31:11.655835 14137 consensus_queue.cc:237] T a61949b33f6d4d55935a02765f4e0a41 P 990c41fc3dc94aa78ed0cc297ca32e68 [LEADER]: Queue going to LEADER mode. State: All replicated index: 0, Majority replicated index: 0, Committed index: 0, Last appended: 0.0, Last appended by leader: 0, Current term: 1, Majority size: 2, State: 0, Mode: LEADER, active raft config: opid_index: -1 OBSOLETE_local: false peers { permanent_uuid: "c13f74fb80d24d52a5ced3d53a431e5d" member_type: VOTER last_known_addr { host: "127.12.241.65" port: 38717 } } peers { permanent_uuid: "954f0a0696884bb5a02b887fd0aecb01" member_type: VOTER last_known_addr { host: "127.12.241.66" port: 42235 } } peers { permanent_uuid: "990c41fc3dc94aa78ed0cc297ca32e68" member_type: VOTER last_known_addr { host: "127.12.241.67" port: 45251 } }
I20260601 13:31:11.657037 13823 catalog_manager.cc:5696] T a61949b33f6d4d55935a02765f4e0a41 P 990c41fc3dc94aa78ed0cc297ca32e68 reported cstate change: term changed from 0 to 1, leader changed from <none> to 990c41fc3dc94aa78ed0cc297ca32e68 (127.12.241.67). New cstate: current_term: 1 leader_uuid: "990c41fc3dc94aa78ed0cc297ca32e68" committed_config { opid_index: -1 OBSOLETE_local: false peers { permanent_uuid: "c13f74fb80d24d52a5ced3d53a431e5d" member_type: VOTER last_known_addr { host: "127.12.241.65" port: 38717 } health_report { overall_health: UNKNOWN } } peers { permanent_uuid: "954f0a0696884bb5a02b887fd0aecb01" member_type: VOTER last_known_addr { host: "127.12.241.66" port: 42235 } health_report { overall_health: UNKNOWN } } peers { permanent_uuid: "990c41fc3dc94aa78ed0cc297ca32e68" member_type: VOTER last_known_addr { host: "127.12.241.67" port: 45251 } health_report { overall_health: HEALTHY } } }
I20260601 13:31:11.718535 13253 file_cache.cc:492] Constructed file cache file cache with capacity 419430
W20260601 13:31:11.720386 14172 instance_detector.cc:116] could not retrieve AWS instance metadata: Network error: curl error: HTTP response code said error: The requested URL returned error: 404
W20260601 13:31:11.720477 14175 instance_detector.cc:116] could not retrieve OpenStack instance metadata: Network error: curl error: HTTP response code said error: The requested URL returned error: 404
W20260601 13:31:11.720588 14173 instance_detector.cc:116] could not retrieve Azure instance metadata: Network error: curl error: HTTP response code said error: The requested URL returned error: 404
I20260601 13:31:11.720706 13253 server_base.cc:1061] running on GCE node
I20260601 13:31:11.720888 13253 hybrid_clock.cc:584] initializing the hybrid clock with 'system_unsync' time source
W20260601 13:31:11.720932 13253 system_unsync_time.cc:38] NTP support is disabled. Clock error bounds will not be accurate. This configuration is not suitable for distributed clusters.
I20260601 13:31:11.720959 13253 hybrid_clock.cc:648] HybridClock initialized: now 1780320671720958 us; error 0 us; skew 500 ppm
I20260601 13:31:11.721909 13253 webserver.cc:533] Webserver started at http://127.12.241.68:39991/ using document root <none> and password file <none>
I20260601 13:31:11.722059 13253 fs_manager.cc:362] Metadata directory not provided
I20260601 13:31:11.722112 13253 fs_manager.cc:368] Using write-ahead log directory (fs_wal_dir) as metadata directory
I20260601 13:31:11.722182 13253 server_base.cc:909] This appears to be a new deployment of Kudu; creating new FS layout
I20260601 13:31:11.722595 13253 fs_manager.cc:1068] Generated new instance metadata in path /tmp/dist-test-taskc_H4Vb/test-tmp/auto_rebalancer-test.0.AutoRebalancerTest.AutoRebalancingTurnOffAndOn.1780320667326745-13253-0/minicluster-data/ts-3-root/instance:
uuid: "6590be2f65c04b50b3ffe0718ba67ce2"
format_stamp: "Formatted at 2026-06-01 13:31:11 on dist-test-slave-bwbr"
I20260601 13:31:11.724347 13253 fs_manager.cc:696] Time spent creating directory manager: real 0.002s	user 0.002s	sys 0.000s
I20260601 13:31:11.725416 14180 log_block_manager.cc:4031] Time spent loading block containers with low live blocks: real 0.000s	user 0.000s	sys 0.000s
I20260601 13:31:11.725703 13253 fs_manager.cc:730] Time spent opening block manager: real 0.001s	user 0.001s	sys 0.000s
I20260601 13:31:11.725768 13253 fs_manager.cc:647] Opened local filesystem: /tmp/dist-test-taskc_H4Vb/test-tmp/auto_rebalancer-test.0.AutoRebalancerTest.AutoRebalancingTurnOffAndOn.1780320667326745-13253-0/minicluster-data/ts-3-root
uuid: "6590be2f65c04b50b3ffe0718ba67ce2"
format_stamp: "Formatted at 2026-06-01 13:31:11 on dist-test-slave-bwbr"
I20260601 13:31:11.725842 13253 fs_report.cc:389] FS layout report
--------------------
wal directory: /tmp/dist-test-taskc_H4Vb/test-tmp/auto_rebalancer-test.0.AutoRebalancerTest.AutoRebalancingTurnOffAndOn.1780320667326745-13253-0/minicluster-data/ts-3-root
metadata directory: /tmp/dist-test-taskc_H4Vb/test-tmp/auto_rebalancer-test.0.AutoRebalancerTest.AutoRebalancingTurnOffAndOn.1780320667326745-13253-0/minicluster-data/ts-3-root
1 data directories: /tmp/dist-test-taskc_H4Vb/test-tmp/auto_rebalancer-test.0.AutoRebalancerTest.AutoRebalancingTurnOffAndOn.1780320667326745-13253-0/minicluster-data/ts-3-root/data
Total live blocks: 0
Total live bytes: 0
Total live bytes (after alignment): 0
Total number of LBM containers: 0 (0 full)
Did not check for missing blocks
Did not check for orphaned blocks
Total full LBM containers with extra space: 0 (0 repaired)
Total full LBM container extra space in bytes: 0 (0 repaired)
Total incomplete LBM containers: 0 (0 repaired)
Total LBM partial records: 0 (0 repaired)
Total corrupted LBM metadata records in RocksDB: 0 (0 repaired)
I20260601 13:31:11.733785 13253 rpc_server.cc:225] running with OpenSSL 1.1.1  11 Sep 2018
I20260601 13:31:11.734162 13253 kserver.cc:163] Server-wide thread pool size limit: 3276
I20260601 13:31:11.734423 13253 txn_system_client.cc:432] TxnSystemClient initialization is disabled...
I20260601 13:31:11.734864 13253 ts_tablet_manager.cc:585] Loaded tablet metadata (0 total tablets, 0 live tablets)
I20260601 13:31:11.734902 13253 ts_tablet_manager.cc:531] Time spent load tablet metadata: real 0.000s	user 0.000s	sys 0.000s
I20260601 13:31:11.734938 13253 ts_tablet_manager.cc:616] Registered 0 tablets
I20260601 13:31:11.734979 13253 ts_tablet_manager.cc:595] Time spent register tablets: real 0.000s	user 0.000s	sys 0.000s
I20260601 13:31:11.739853 13253 rpc_server.cc:307] RPC server started. Bound to: 127.12.241.68:39115
I20260601 13:31:11.739907 14243 acceptor_pool.cc:272] collecting diagnostics on the listening RPC socket 127.12.241.68:39115 every 8 connection(s)
I20260601 13:31:11.744190 14244 heartbeater.cc:344] Connected to a master server at 127.12.241.126:34199
I20260601 13:31:11.744279 14244 heartbeater.cc:461] Registering TS with master...
I20260601 13:31:11.744470 14244 heartbeater.cc:507] Master 127.12.241.126:34199 requested a full tablet report, sending...
I20260601 13:31:11.745023 13823 ts_manager.cc:194] Registered new tserver with Master: 6590be2f65c04b50b3ffe0718ba67ce2 (127.12.241.68:39115)
I20260601 13:31:11.745558 13823 master_service.cc:502] Signed X509 certificate for tserver {username='slave'} at 127.0.0.1:51852
I20260601 13:31:11.753619 14127 consensus_queue.cc:1048] T 0bea68e30eaf4f0ca6dd8218ee365f08 P 954f0a0696884bb5a02b887fd0aecb01 [LEADER]: Connected to new peer: Peer: permanent_uuid: "990c41fc3dc94aa78ed0cc297ca32e68" member_type: VOTER last_known_addr { host: "127.12.241.67" port: 45251 }, Status: LMP_MISMATCH, Last received: 0.0, Next index: 1, Last known committed idx: 0, Time since last communication: 0.000s
I20260601 13:31:11.756258 14127 consensus_queue.cc:1048] T 0bea68e30eaf4f0ca6dd8218ee365f08 P 954f0a0696884bb5a02b887fd0aecb01 [LEADER]: Connected to new peer: Peer: permanent_uuid: "c13f74fb80d24d52a5ced3d53a431e5d" member_type: VOTER last_known_addr { host: "127.12.241.65" port: 38717 }, Status: LMP_MISMATCH, Last received: 0.0, Next index: 1, Last known committed idx: 0, Time since last communication: 0.000s
I20260601 13:31:11.763299 14132 consensus_queue.cc:1048] T 8fd9b2ce618347a08c0f5ddade6bef38 P c13f74fb80d24d52a5ced3d53a431e5d [LEADER]: Connected to new peer: Peer: permanent_uuid: "954f0a0696884bb5a02b887fd0aecb01" member_type: VOTER last_known_addr { host: "127.12.241.66" port: 42235 }, Status: LMP_MISMATCH, Last received: 0.0, Next index: 1, Last known committed idx: 0, Time since last communication: 0.000s
I20260601 13:31:11.765714 14157 consensus_queue.cc:1048] T 8fd9b2ce618347a08c0f5ddade6bef38 P c13f74fb80d24d52a5ced3d53a431e5d [LEADER]: Connected to new peer: Peer: permanent_uuid: "990c41fc3dc94aa78ed0cc297ca32e68" member_type: VOTER last_known_addr { host: "127.12.241.67" port: 45251 }, Status: LMP_MISMATCH, Last received: 0.0, Next index: 1, Last known committed idx: 0, Time since last communication: 0.000s
I20260601 13:31:11.838725 14157 consensus_queue.cc:1048] T b079493898b8454b86679bbd23361b51 P c13f74fb80d24d52a5ced3d53a431e5d [LEADER]: Connected to new peer: Peer: permanent_uuid: "990c41fc3dc94aa78ed0cc297ca32e68" member_type: VOTER last_known_addr { host: "127.12.241.67" port: 45251 }, Status: LMP_MISMATCH, Last received: 0.0, Next index: 1, Last known committed idx: 0, Time since last communication: 0.000s
I20260601 13:31:11.841390 14132 consensus_queue.cc:1048] T b079493898b8454b86679bbd23361b51 P c13f74fb80d24d52a5ced3d53a431e5d [LEADER]: Connected to new peer: Peer: permanent_uuid: "954f0a0696884bb5a02b887fd0aecb01" member_type: VOTER last_known_addr { host: "127.12.241.66" port: 42235 }, Status: LMP_MISMATCH, Last received: 0.0, Next index: 1, Last known committed idx: 0, Time since last communication: 0.000s
I20260601 13:31:11.851531 14127 consensus_queue.cc:1048] T 9a598d8e2b354d529b3563234869055e P 954f0a0696884bb5a02b887fd0aecb01 [LEADER]: Connected to new peer: Peer: permanent_uuid: "c13f74fb80d24d52a5ced3d53a431e5d" member_type: VOTER last_known_addr { host: "127.12.241.65" port: 38717 }, Status: LMP_MISMATCH, Last received: 0.0, Next index: 1, Last known committed idx: 0, Time since last communication: 0.000s
I20260601 13:31:11.854027 14257 consensus_queue.cc:1048] T 9a598d8e2b354d529b3563234869055e P 954f0a0696884bb5a02b887fd0aecb01 [LEADER]: Connected to new peer: Peer: permanent_uuid: "990c41fc3dc94aa78ed0cc297ca32e68" member_type: VOTER last_known_addr { host: "127.12.241.67" port: 45251 }, Status: LMP_MISMATCH, Last received: 0.0, Next index: 1, Last known committed idx: 0, Time since last communication: 0.000s
I20260601 13:31:11.941464 14257 consensus_queue.cc:1048] T 75fa3b8b70a74d22afabe99e4ee78f17 P 954f0a0696884bb5a02b887fd0aecb01 [LEADER]: Connected to new peer: Peer: permanent_uuid: "990c41fc3dc94aa78ed0cc297ca32e68" member_type: VOTER last_known_addr { host: "127.12.241.67" port: 45251 }, Status: LMP_MISMATCH, Last received: 0.0, Next index: 1, Last known committed idx: 0, Time since last communication: 0.000s
I20260601 13:31:11.944087 14257 consensus_queue.cc:1048] T 75fa3b8b70a74d22afabe99e4ee78f17 P 954f0a0696884bb5a02b887fd0aecb01 [LEADER]: Connected to new peer: Peer: permanent_uuid: "c13f74fb80d24d52a5ced3d53a431e5d" member_type: VOTER last_known_addr { host: "127.12.241.65" port: 38717 }, Status: LMP_MISMATCH, Last received: 0.0, Next index: 1, Last known committed idx: 0, Time since last communication: 0.000s
I20260601 13:31:12.038002 14137 consensus_queue.cc:1048] T a61949b33f6d4d55935a02765f4e0a41 P 990c41fc3dc94aa78ed0cc297ca32e68 [LEADER]: Connected to new peer: Peer: permanent_uuid: "954f0a0696884bb5a02b887fd0aecb01" member_type: VOTER last_known_addr { host: "127.12.241.66" port: 42235 }, Status: LMP_MISMATCH, Last received: 0.0, Next index: 1, Last known committed idx: 0, Time since last communication: 0.000s
I20260601 13:31:12.041198 14262 consensus_queue.cc:1048] T a61949b33f6d4d55935a02765f4e0a41 P 990c41fc3dc94aa78ed0cc297ca32e68 [LEADER]: Connected to new peer: Peer: permanent_uuid: "c13f74fb80d24d52a5ced3d53a431e5d" member_type: VOTER last_known_addr { host: "127.12.241.65" port: 38717 }, Status: LMP_MISMATCH, Last received: 0.0, Next index: 1, Last known committed idx: 0, Time since last communication: 0.000s
I20260601 13:31:12.081604 13878 auto_leader_rebalancer.cc:140] leader rebalance for table test-workload
I20260601 13:31:12.086949 14002 tablet_service.cc:2072] Received LeaderStepDown RPC: tablet_id: "75fa3b8b70a74d22afabe99e4ee78f17"
dest_uuid: "954f0a0696884bb5a02b887fd0aecb01"
mode: GRACEFUL
new_leader_uuid: "c13f74fb80d24d52a5ced3d53a431e5d"
 from {username='slave'} at 127.0.0.1:39834
I20260601 13:31:12.087131 14002 raft_consensus.cc:606] T 75fa3b8b70a74d22afabe99e4ee78f17 P 954f0a0696884bb5a02b887fd0aecb01 [term 1 LEADER]: Received request to transfer leadership to TS c13f74fb80d24d52a5ced3d53a431e5d
I20260601 13:31:12.087504 13878 auto_leader_rebalancer.cc:388] table: test-workload, leader rebalance finish, leader transfer count: 1
I20260601 13:31:12.087682 13878 auto_leader_rebalancer.cc:451] All tables' leader rebalancing finished this round
I20260601 13:31:12.102962 14257 consensus_queue.cc:1048] T 8a99c88e484d4f649990ecfbccaab43f P 954f0a0696884bb5a02b887fd0aecb01 [LEADER]: Connected to new peer: Peer: permanent_uuid: "c13f74fb80d24d52a5ced3d53a431e5d" member_type: VOTER last_known_addr { host: "127.12.241.65" port: 38717 }, Status: LMP_MISMATCH, Last received: 0.0, Next index: 1, Last known committed idx: 0, Time since last communication: 0.000s
I20260601 13:31:12.106063 14162 consensus_queue.cc:1048] T 8a99c88e484d4f649990ecfbccaab43f P 954f0a0696884bb5a02b887fd0aecb01 [LEADER]: Connected to new peer: Peer: permanent_uuid: "990c41fc3dc94aa78ed0cc297ca32e68" member_type: VOTER last_known_addr { host: "127.12.241.67" port: 45251 }, Status: LMP_MISMATCH, Last received: 0.0, Next index: 1, Last known committed idx: 0, Time since last communication: 0.000s
I20260601 13:31:12.107170 14262 consensus_queue.cc:1048] T 6bce63252cc0427182d9077c9c0824df P 990c41fc3dc94aa78ed0cc297ca32e68 [LEADER]: Connected to new peer: Peer: permanent_uuid: "c13f74fb80d24d52a5ced3d53a431e5d" member_type: VOTER last_known_addr { host: "127.12.241.65" port: 38717 }, Status: LMP_MISMATCH, Last received: 0.0, Next index: 1, Last known committed idx: 0, Time since last communication: 0.000s
I20260601 13:31:12.109614 14269 consensus_queue.cc:1048] T 6bce63252cc0427182d9077c9c0824df P 990c41fc3dc94aa78ed0cc297ca32e68 [LEADER]: Connected to new peer: Peer: permanent_uuid: "954f0a0696884bb5a02b887fd0aecb01" member_type: VOTER last_known_addr { host: "127.12.241.66" port: 42235 }, Status: LMP_MISMATCH, Last received: 0.0, Next index: 1, Last known committed idx: 0, Time since last communication: 0.000s
I20260601 13:31:12.500272 14257 raft_consensus.cc:993] T 75fa3b8b70a74d22afabe99e4ee78f17 P 954f0a0696884bb5a02b887fd0aecb01: : Instructing follower c13f74fb80d24d52a5ced3d53a431e5d to start an election
I20260601 13:31:12.500460 14257 raft_consensus.cc:1081] T 75fa3b8b70a74d22afabe99e4ee78f17 P 954f0a0696884bb5a02b887fd0aecb01 [term 1 LEADER]: Signalling peer c13f74fb80d24d52a5ced3d53a431e5d to start an election
I20260601 13:31:12.501195 13927 tablet_service.cc:2044] Received Run Leader Election RPC: tablet_id: "75fa3b8b70a74d22afabe99e4ee78f17"
dest_uuid: "c13f74fb80d24d52a5ced3d53a431e5d"
 from {username='slave'} at 127.0.0.1:52712
I20260601 13:31:12.501392 13927 raft_consensus.cc:493] T 75fa3b8b70a74d22afabe99e4ee78f17 P c13f74fb80d24d52a5ced3d53a431e5d [term 1 FOLLOWER]: Starting forced leader election (received explicit request)
I20260601 13:31:12.501444 13927 raft_consensus.cc:3060] T 75fa3b8b70a74d22afabe99e4ee78f17 P c13f74fb80d24d52a5ced3d53a431e5d [term 1 FOLLOWER]: Advancing to term 2
I20260601 13:31:12.502310 13927 raft_consensus.cc:515] T 75fa3b8b70a74d22afabe99e4ee78f17 P c13f74fb80d24d52a5ced3d53a431e5d [term 2 FOLLOWER]: Starting forced leader election with config: opid_index: -1 OBSOLETE_local: false peers { permanent_uuid: "c13f74fb80d24d52a5ced3d53a431e5d" member_type: VOTER last_known_addr { host: "127.12.241.65" port: 38717 } } peers { permanent_uuid: "954f0a0696884bb5a02b887fd0aecb01" member_type: VOTER last_known_addr { host: "127.12.241.66" port: 42235 } } peers { permanent_uuid: "990c41fc3dc94aa78ed0cc297ca32e68" member_type: VOTER last_known_addr { host: "127.12.241.67" port: 45251 } }
I20260601 13:31:12.502640 13927 leader_election.cc:290] T 75fa3b8b70a74d22afabe99e4ee78f17 P c13f74fb80d24d52a5ced3d53a431e5d [CANDIDATE]: Term 2 election: Requested vote from peers 954f0a0696884bb5a02b887fd0aecb01 (127.12.241.66:42235), 990c41fc3dc94aa78ed0cc297ca32e68 (127.12.241.67:45251)
I20260601 13:31:12.502928 14002 tablet_service.cc:1917] Received RequestConsensusVote() RPC: tablet_id: "75fa3b8b70a74d22afabe99e4ee78f17" candidate_uuid: "c13f74fb80d24d52a5ced3d53a431e5d" candidate_term: 2 candidate_status { last_received { term: 1 index: 1 } } ignore_live_leader: true dest_uuid: "954f0a0696884bb5a02b887fd0aecb01"
I20260601 13:31:12.502993 14078 tablet_service.cc:1917] Received RequestConsensusVote() RPC: tablet_id: "75fa3b8b70a74d22afabe99e4ee78f17" candidate_uuid: "c13f74fb80d24d52a5ced3d53a431e5d" candidate_term: 2 candidate_status { last_received { term: 1 index: 1 } } ignore_live_leader: true dest_uuid: "990c41fc3dc94aa78ed0cc297ca32e68"
I20260601 13:31:12.503026 14002 raft_consensus.cc:3055] T 75fa3b8b70a74d22afabe99e4ee78f17 P 954f0a0696884bb5a02b887fd0aecb01 [term 1 LEADER]: Stepping down as leader of term 1
I20260601 13:31:12.503095 14002 raft_consensus.cc:740] T 75fa3b8b70a74d22afabe99e4ee78f17 P 954f0a0696884bb5a02b887fd0aecb01 [term 1 LEADER]: Becoming Follower/Learner. State: Replica: 954f0a0696884bb5a02b887fd0aecb01, State: Running, Role: LEADER
I20260601 13:31:12.503101 14078 raft_consensus.cc:3060] T 75fa3b8b70a74d22afabe99e4ee78f17 P 990c41fc3dc94aa78ed0cc297ca32e68 [term 1 FOLLOWER]: Advancing to term 2
I20260601 13:31:12.503262 14002 consensus_queue.cc:260] T 75fa3b8b70a74d22afabe99e4ee78f17 P 954f0a0696884bb5a02b887fd0aecb01 [NON_LEADER]: Queue going to NON_LEADER mode. State: All replicated index: 0, Majority replicated index: 1, Committed index: 1, Last appended: 1.1, Last appended by leader: 1, Current term: 1, Majority size: -1, State: 0, Mode: NON_LEADER, active raft config: opid_index: -1 OBSOLETE_local: false peers { permanent_uuid: "c13f74fb80d24d52a5ced3d53a431e5d" member_type: VOTER last_known_addr { host: "127.12.241.65" port: 38717 } } peers { permanent_uuid: "954f0a0696884bb5a02b887fd0aecb01" member_type: VOTER last_known_addr { host: "127.12.241.66" port: 42235 } } peers { permanent_uuid: "990c41fc3dc94aa78ed0cc297ca32e68" member_type: VOTER last_known_addr { host: "127.12.241.67" port: 45251 } }
I20260601 13:31:12.503425 14002 raft_consensus.cc:3060] T 75fa3b8b70a74d22afabe99e4ee78f17 P 954f0a0696884bb5a02b887fd0aecb01 [term 1 FOLLOWER]: Advancing to term 2
I20260601 13:31:12.503861 14078 raft_consensus.cc:2468] T 75fa3b8b70a74d22afabe99e4ee78f17 P 990c41fc3dc94aa78ed0cc297ca32e68 [term 2 FOLLOWER]: Leader election vote request: Granting yes vote for candidate c13f74fb80d24d52a5ced3d53a431e5d in term 2.
I20260601 13:31:12.504117 13892 leader_election.cc:304] T 75fa3b8b70a74d22afabe99e4ee78f17 P c13f74fb80d24d52a5ced3d53a431e5d [CANDIDATE]: Term 2 election: Election decided. Result: candidate won. Election summary: received 2 responses out of 3 voters: 2 yes votes; 0 no votes. yes voters: 990c41fc3dc94aa78ed0cc297ca32e68, c13f74fb80d24d52a5ced3d53a431e5d; no voters: 
I20260601 13:31:12.504151 14002 raft_consensus.cc:2468] T 75fa3b8b70a74d22afabe99e4ee78f17 P 954f0a0696884bb5a02b887fd0aecb01 [term 2 FOLLOWER]: Leader election vote request: Granting yes vote for candidate c13f74fb80d24d52a5ced3d53a431e5d in term 2.
I20260601 13:31:12.504266 14132 raft_consensus.cc:2804] T 75fa3b8b70a74d22afabe99e4ee78f17 P c13f74fb80d24d52a5ced3d53a431e5d [term 2 FOLLOWER]: Leader election won for term 2
I20260601 13:31:12.504370 14132 raft_consensus.cc:697] T 75fa3b8b70a74d22afabe99e4ee78f17 P c13f74fb80d24d52a5ced3d53a431e5d [term 2 LEADER]: Becoming Leader. State: Replica: c13f74fb80d24d52a5ced3d53a431e5d, State: Running, Role: LEADER
I20260601 13:31:12.504503 14132 consensus_queue.cc:237] T 75fa3b8b70a74d22afabe99e4ee78f17 P c13f74fb80d24d52a5ced3d53a431e5d [LEADER]: Queue going to LEADER mode. State: All replicated index: 0, Majority replicated index: 1, Committed index: 1, Last appended: 1.1, Last appended by leader: 1, Current term: 2, Majority size: 2, State: 0, Mode: LEADER, active raft config: opid_index: -1 OBSOLETE_local: false peers { permanent_uuid: "c13f74fb80d24d52a5ced3d53a431e5d" member_type: VOTER last_known_addr { host: "127.12.241.65" port: 38717 } } peers { permanent_uuid: "954f0a0696884bb5a02b887fd0aecb01" member_type: VOTER last_known_addr { host: "127.12.241.66" port: 42235 } } peers { permanent_uuid: "990c41fc3dc94aa78ed0cc297ca32e68" member_type: VOTER last_known_addr { host: "127.12.241.67" port: 45251 } }
I20260601 13:31:12.505913 13823 catalog_manager.cc:5696] T 75fa3b8b70a74d22afabe99e4ee78f17 P c13f74fb80d24d52a5ced3d53a431e5d reported cstate change: term changed from 1 to 2, leader changed from 954f0a0696884bb5a02b887fd0aecb01 (127.12.241.66) to c13f74fb80d24d52a5ced3d53a431e5d (127.12.241.65). New cstate: current_term: 2 leader_uuid: "c13f74fb80d24d52a5ced3d53a431e5d" committed_config { opid_index: -1 OBSOLETE_local: false peers { permanent_uuid: "c13f74fb80d24d52a5ced3d53a431e5d" member_type: VOTER last_known_addr { host: "127.12.241.65" port: 38717 } health_report { overall_health: HEALTHY } } peers { permanent_uuid: "954f0a0696884bb5a02b887fd0aecb01" member_type: VOTER last_known_addr { host: "127.12.241.66" port: 42235 } health_report { overall_health: UNKNOWN } } peers { permanent_uuid: "990c41fc3dc94aa78ed0cc297ca32e68" member_type: VOTER last_known_addr { host: "127.12.241.67" port: 45251 } health_report { overall_health: UNKNOWN } } }
I20260601 13:31:12.746342 14244 heartbeater.cc:499] Master 127.12.241.126:34199 was elected leader, sending a full tablet report...
I20260601 13:31:12.959436 14078 raft_consensus.cc:1275] T 75fa3b8b70a74d22afabe99e4ee78f17 P 990c41fc3dc94aa78ed0cc297ca32e68 [term 2 FOLLOWER]: Refusing update from remote peer c13f74fb80d24d52a5ced3d53a431e5d: Log matching property violated. Preceding OpId in replica: term: 1 index: 1. Preceding OpId from leader: term: 2 index: 2. (index mismatch)
I20260601 13:31:12.959859 14157 consensus_queue.cc:1048] T 75fa3b8b70a74d22afabe99e4ee78f17 P c13f74fb80d24d52a5ced3d53a431e5d [LEADER]: Connected to new peer: Peer: permanent_uuid: "990c41fc3dc94aa78ed0cc297ca32e68" member_type: VOTER last_known_addr { host: "127.12.241.67" port: 45251 }, Status: LMP_MISMATCH, Last received: 0.0, Next index: 2, Last known committed idx: 1, Time since last communication: 0.000s
I20260601 13:31:12.962095 14002 raft_consensus.cc:1275] T 75fa3b8b70a74d22afabe99e4ee78f17 P 954f0a0696884bb5a02b887fd0aecb01 [term 2 FOLLOWER]: Refusing update from remote peer c13f74fb80d24d52a5ced3d53a431e5d: Log matching property violated. Preceding OpId in replica: term: 1 index: 1. Preceding OpId from leader: term: 2 index: 2. (index mismatch)
I20260601 13:31:12.962678 14276 consensus_queue.cc:1048] T 75fa3b8b70a74d22afabe99e4ee78f17 P c13f74fb80d24d52a5ced3d53a431e5d [LEADER]: Connected to new peer: Peer: permanent_uuid: "954f0a0696884bb5a02b887fd0aecb01" member_type: VOTER last_known_addr { host: "127.12.241.66" port: 42235 }, Status: LMP_MISMATCH, Last received: 0.0, Next index: 2, Last known committed idx: 1, Time since last communication: 0.000s
I20260601 13:31:14.088020 13878 auto_leader_rebalancer.cc:140] leader rebalance for table test-workload
I20260601 13:31:14.089061 13878 auto_leader_rebalancer.cc:388] table: test-workload, leader rebalance finish, leader transfer count: 0
I20260601 13:31:14.089171 13878 auto_leader_rebalancer.cc:451] All tables' leader rebalancing finished this round
I20260601 13:31:16.089500 13878 auto_leader_rebalancer.cc:140] leader rebalance for table test-workload
I20260601 13:31:16.090345 13878 auto_leader_rebalancer.cc:388] table: test-workload, leader rebalance finish, leader transfer count: 0
I20260601 13:31:16.090431 13878 auto_leader_rebalancer.cc:451] All tables' leader rebalancing finished this round
I20260601 13:31:17.095585 13926 consensus_queue.cc:237] T b079493898b8454b86679bbd23361b51 P c13f74fb80d24d52a5ced3d53a431e5d [LEADER]: Queue going to LEADER mode. State: All replicated index: 0, Majority replicated index: 1, Committed index: 1, Last appended: 1.1, Last appended by leader: 0, Current term: 1, Majority size: 2, State: 0, Mode: LEADER, active raft config: opid_index: 2 OBSOLETE_local: false peers { permanent_uuid: "c13f74fb80d24d52a5ced3d53a431e5d" member_type: VOTER last_known_addr { host: "127.12.241.65" port: 38717 } } peers { permanent_uuid: "954f0a0696884bb5a02b887fd0aecb01" member_type: VOTER last_known_addr { host: "127.12.241.66" port: 42235 } attrs { replace: true } } peers { permanent_uuid: "990c41fc3dc94aa78ed0cc297ca32e68" member_type: VOTER last_known_addr { host: "127.12.241.67" port: 45251 } } peers { permanent_uuid: "6590be2f65c04b50b3ffe0718ba67ce2" member_type: NON_VOTER last_known_addr { host: "127.12.241.68" port: 39115 } attrs { promote: true } }
I20260601 13:31:17.097154 14078 raft_consensus.cc:1275] T b079493898b8454b86679bbd23361b51 P 990c41fc3dc94aa78ed0cc297ca32e68 [term 1 FOLLOWER]: Refusing update from remote peer c13f74fb80d24d52a5ced3d53a431e5d: Log matching property violated. Preceding OpId in replica: term: 1 index: 1. Preceding OpId from leader: term: 1 index: 2. (index mismatch)
I20260601 13:31:17.097204 14002 raft_consensus.cc:1275] T b079493898b8454b86679bbd23361b51 P 954f0a0696884bb5a02b887fd0aecb01 [term 1 FOLLOWER]: Refusing update from remote peer c13f74fb80d24d52a5ced3d53a431e5d: Log matching property violated. Preceding OpId in replica: term: 1 index: 1. Preceding OpId from leader: term: 1 index: 2. (index mismatch)
I20260601 13:31:17.097497 14276 consensus_queue.cc:1048] T b079493898b8454b86679bbd23361b51 P c13f74fb80d24d52a5ced3d53a431e5d [LEADER]: Connected to new peer: Peer: permanent_uuid: "990c41fc3dc94aa78ed0cc297ca32e68" member_type: VOTER last_known_addr { host: "127.12.241.67" port: 45251 }, Status: LMP_MISMATCH, Last received: 0.0, Next index: 2, Last known committed idx: 1, Time since last communication: 0.000s
I20260601 13:31:17.097681 14286 consensus_queue.cc:1048] T b079493898b8454b86679bbd23361b51 P c13f74fb80d24d52a5ced3d53a431e5d [LEADER]: Connected to new peer: Peer: permanent_uuid: "954f0a0696884bb5a02b887fd0aecb01" member_type: VOTER last_known_addr { host: "127.12.241.66" port: 42235 } attrs { replace: true }, Status: LMP_MISMATCH, Last received: 0.0, Next index: 2, Last known committed idx: 1, Time since last communication: 0.000s
I20260601 13:31:17.099274 14285 raft_consensus.cc:2955] T b079493898b8454b86679bbd23361b51 P c13f74fb80d24d52a5ced3d53a431e5d [term 1 LEADER]: Committing config change with OpId 1.2: config changed from index -1 to 2, NON_VOTER 6590be2f65c04b50b3ffe0718ba67ce2 (127.12.241.68) added. New config: { opid_index: 2 OBSOLETE_local: false peers { permanent_uuid: "c13f74fb80d24d52a5ced3d53a431e5d" member_type: VOTER last_known_addr { host: "127.12.241.65" port: 38717 } } peers { permanent_uuid: "954f0a0696884bb5a02b887fd0aecb01" member_type: VOTER last_known_addr { host: "127.12.241.66" port: 42235 } attrs { replace: true } } peers { permanent_uuid: "990c41fc3dc94aa78ed0cc297ca32e68" member_type: VOTER last_known_addr { host: "127.12.241.67" port: 45251 } } peers { permanent_uuid: "6590be2f65c04b50b3ffe0718ba67ce2" member_type: NON_VOTER last_known_addr { host: "127.12.241.68" port: 39115 } attrs { promote: true } } }
I20260601 13:31:17.099607 14078 raft_consensus.cc:2955] T b079493898b8454b86679bbd23361b51 P 990c41fc3dc94aa78ed0cc297ca32e68 [term 1 FOLLOWER]: Committing config change with OpId 1.2: config changed from index -1 to 2, NON_VOTER 6590be2f65c04b50b3ffe0718ba67ce2 (127.12.241.68) added. New config: { opid_index: 2 OBSOLETE_local: false peers { permanent_uuid: "c13f74fb80d24d52a5ced3d53a431e5d" member_type: VOTER last_known_addr { host: "127.12.241.65" port: 38717 } } peers { permanent_uuid: "954f0a0696884bb5a02b887fd0aecb01" member_type: VOTER last_known_addr { host: "127.12.241.66" port: 42235 } attrs { replace: true } } peers { permanent_uuid: "990c41fc3dc94aa78ed0cc297ca32e68" member_type: VOTER last_known_addr { host: "127.12.241.67" port: 45251 } } peers { permanent_uuid: "6590be2f65c04b50b3ffe0718ba67ce2" member_type: NON_VOTER last_known_addr { host: "127.12.241.68" port: 39115 } attrs { promote: true } } }
I20260601 13:31:17.100147 14002 raft_consensus.cc:2955] T b079493898b8454b86679bbd23361b51 P 954f0a0696884bb5a02b887fd0aecb01 [term 1 FOLLOWER]: Committing config change with OpId 1.2: config changed from index -1 to 2, NON_VOTER 6590be2f65c04b50b3ffe0718ba67ce2 (127.12.241.68) added. New config: { opid_index: 2 OBSOLETE_local: false peers { permanent_uuid: "c13f74fb80d24d52a5ced3d53a431e5d" member_type: VOTER last_known_addr { host: "127.12.241.65" port: 38717 } } peers { permanent_uuid: "954f0a0696884bb5a02b887fd0aecb01" member_type: VOTER last_known_addr { host: "127.12.241.66" port: 42235 } attrs { replace: true } } peers { permanent_uuid: "990c41fc3dc94aa78ed0cc297ca32e68" member_type: VOTER last_known_addr { host: "127.12.241.67" port: 45251 } } peers { permanent_uuid: "6590be2f65c04b50b3ffe0718ba67ce2" member_type: NON_VOTER last_known_addr { host: "127.12.241.68" port: 39115 } attrs { promote: true } } }
