I20260601 13:32:01.810699 15901 internal_mini_cluster.cc:371] 3 TS(s) registered with all masters after 0.005641206s
I20260601 13:32:01.811076 18148 master_service.cc:502] Signed X509 certificate for tserver {username='slave'} at 127.0.0.1:58954
I20260601 13:32:02.762167 18277 heartbeater.cc:499] Master 127.15.135.126:42059 was elected leader, sending a full tablet report...
I20260601 13:32:02.779009 18353 heartbeater.cc:499] Master 127.15.135.126:42059 was elected leader, sending a full tablet report...
I20260601 13:32:02.812119 18428 heartbeater.cc:499] Master 127.15.135.126:42059 was elected leader, sending a full tablet report...
I20260601 13:32:03.687410 18202 auto_leader_rebalancer.cc:451] All tables' leader rebalancing finished this round
I20260601 13:32:05.687899 18202 auto_leader_rebalancer.cc:451] All tables' leader rebalancing finished this round
I20260601 13:32:07.688352 18202 auto_leader_rebalancer.cc:451] All tables' leader rebalancing finished this round
I20260601 13:32:09.688746 18202 auto_leader_rebalancer.cc:451] All tables' leader rebalancing finished this round
I20260601 13:32:11.689266 18202 auto_leader_rebalancer.cc:451] All tables' leader rebalancing finished this round
I20260601 13:32:13.689806 18202 auto_leader_rebalancer.cc:451] All tables' leader rebalancing finished this round
I20260601 13:32:13.890771 15901 tablet_server.cc:179] TabletServer@127.15.135.65:0 shutting down...
I20260601 13:32:13.895147 15901 ts_tablet_manager.cc:1507] Shutting down tablet manager...
I20260601 13:32:13.907719 15901 tablet_server.cc:196] TabletServer@127.15.135.65:0 shutdown complete.
I20260601 13:32:13.910308 15901 tablet_server.cc:179] TabletServer@127.15.135.66:0 shutting down...
I20260601 13:32:13.913667 15901 ts_tablet_manager.cc:1507] Shutting down tablet manager...
I20260601 13:32:13.926093 15901 tablet_server.cc:196] TabletServer@127.15.135.66:0 shutdown complete.
I20260601 13:32:13.928661 15901 tablet_server.cc:179] TabletServer@127.15.135.67:0 shutting down...
I20260601 13:32:13.932536 15901 ts_tablet_manager.cc:1507] Shutting down tablet manager...
I20260601 13:32:13.944633 15901 tablet_server.cc:196] TabletServer@127.15.135.67:0 shutdown complete.
I20260601 13:32:13.947178 15901 master.cc:562] Master@127.15.135.126:42059 shutting down...
I20260601 13:32:13.950580 15901 raft_consensus.cc:2243] T 00000000000000000000000000000000 P 3d84ef87355d4413be824959fdf90a10 [term 1 LEADER]: Raft consensus shutting down.
I20260601 13:32:13.950816 15901 raft_consensus.cc:2272] T 00000000000000000000000000000000 P 3d84ef87355d4413be824959fdf90a10 [term 1 FOLLOWER]: Raft consensus is shut down!
I20260601 13:32:13.950896 15901 tablet_replica.cc:333] T 00000000000000000000000000000000 P 3d84ef87355d4413be824959fdf90a10: stopping tablet replica
I20260601 13:32:13.963593 15901 master.cc:584] Master@127.15.135.126:42059 shutdown complete.
[       OK ] AutoRebalancerTest.NoReplicaMovesIfNoTablets (12314 ms)
[ RUN      ] AutoRebalancerTest.RangeAwareBuildClusterInfoGroupsByRange
I20260601 13:32:13.969981 15901 internal_mini_cluster.cc:156] Creating distributed mini masters. Addrs: 127.15.135.126:34095
I20260601 13:32:13.970420 15901 file_cache.cc:492] Constructed file cache file cache with capacity 419430
W20260601 13:32:13.972860 18433 instance_detector.cc:116] could not retrieve Azure instance metadata: Network error: curl error: HTTP response code said error: The requested URL returned error: 404
W20260601 13:32:13.972895 18435 instance_detector.cc:116] could not retrieve OpenStack instance metadata: Network error: curl error: HTTP response code said error: The requested URL returned error: 404
W20260601 13:32:13.972990 18432 instance_detector.cc:116] could not retrieve AWS instance metadata: Network error: curl error: HTTP response code said error: The requested URL returned error: 404
I20260601 13:32:13.972980 15901 server_base.cc:1061] running on GCE node
I20260601 13:32:13.973371 15901 hybrid_clock.cc:584] initializing the hybrid clock with 'system_unsync' time source
W20260601 13:32:13.973419 15901 system_unsync_time.cc:38] NTP support is disabled. Clock error bounds will not be accurate. This configuration is not suitable for distributed clusters.
I20260601 13:32:13.973435 15901 hybrid_clock.cc:648] HybridClock initialized: now 1780320733973434 us; error 0 us; skew 500 ppm
I20260601 13:32:13.974460 15901 webserver.cc:533] Webserver started at http://127.15.135.126:33285/ using document root <none> and password file <none>
I20260601 13:32:13.974637 15901 fs_manager.cc:362] Metadata directory not provided
I20260601 13:32:13.974704 15901 fs_manager.cc:368] Using write-ahead log directory (fs_wal_dir) as metadata directory
I20260601 13:32:13.974793 15901 server_base.cc:909] This appears to be a new deployment of Kudu; creating new FS layout
I20260601 13:32:13.975306 15901 fs_manager.cc:1068] Generated new instance metadata in path /tmp/dist-test-taskEtXvid/test-tmp/auto_rebalancer-test.0.AutoRebalancerTest.RangeAwareBuildClusterInfoGroupsByRange.1780320666255837-15901-0/minicluster-data/master-0-root/instance:
uuid: "0881148535174cf59addb1505ef70e9e"
format_stamp: "Formatted at 2026-06-01 13:32:13 on dist-test-slave-wkt0"
I20260601 13:32:13.976914 15901 fs_manager.cc:696] Time spent creating directory manager: real 0.001s	user 0.001s	sys 0.000s
I20260601 13:32:13.977977 18440 log_block_manager.cc:4031] Time spent loading block containers with low live blocks: real 0.000s	user 0.000s	sys 0.000s
I20260601 13:32:13.978233 15901 fs_manager.cc:730] Time spent opening block manager: real 0.001s	user 0.001s	sys 0.000s
I20260601 13:32:13.978298 15901 fs_manager.cc:647] Opened local filesystem: /tmp/dist-test-taskEtXvid/test-tmp/auto_rebalancer-test.0.AutoRebalancerTest.RangeAwareBuildClusterInfoGroupsByRange.1780320666255837-15901-0/minicluster-data/master-0-root
uuid: "0881148535174cf59addb1505ef70e9e"
format_stamp: "Formatted at 2026-06-01 13:32:13 on dist-test-slave-wkt0"
I20260601 13:32:13.978381 15901 fs_report.cc:389] FS layout report
--------------------
wal directory: /tmp/dist-test-taskEtXvid/test-tmp/auto_rebalancer-test.0.AutoRebalancerTest.RangeAwareBuildClusterInfoGroupsByRange.1780320666255837-15901-0/minicluster-data/master-0-root
metadata directory: /tmp/dist-test-taskEtXvid/test-tmp/auto_rebalancer-test.0.AutoRebalancerTest.RangeAwareBuildClusterInfoGroupsByRange.1780320666255837-15901-0/minicluster-data/master-0-root
1 data directories: /tmp/dist-test-taskEtXvid/test-tmp/auto_rebalancer-test.0.AutoRebalancerTest.RangeAwareBuildClusterInfoGroupsByRange.1780320666255837-15901-0/minicluster-data/master-0-root/data
Total live blocks: 0
Total live bytes: 0
Total live bytes (after alignment): 0
Total number of LBM containers: 0 (0 full)
Did not check for missing blocks
Did not check for orphaned blocks
Total full LBM containers with extra space: 0 (0 repaired)
Total full LBM container extra space in bytes: 0 (0 repaired)
Total incomplete LBM containers: 0 (0 repaired)
Total LBM partial records: 0 (0 repaired)
Total corrupted LBM metadata records in RocksDB: 0 (0 repaired)
I20260601 13:32:13.992158 15901 rpc_server.cc:225] running with OpenSSL 1.1.1  11 Sep 2018
I20260601 13:32:13.992676 15901 kserver.cc:163] Server-wide thread pool size limit: 3276
I20260601 13:32:13.997395 15901 rpc_server.cc:307] RPC server started. Bound to: 127.15.135.126:34095
I20260601 13:32:13.999078 18492 acceptor_pool.cc:272] collecting diagnostics on the listening RPC socket 127.15.135.126:34095 every 8 connection(s)
I20260601 13:32:13.999646 18493 data_dirs.cc:400] Could only allocate 1 dirs of requested 3 for tablet 00000000000000000000000000000000. 1 dirs total, 0 dirs full, 0 dirs failed
I20260601 13:32:14.001860 18493 tablet_bootstrap.cc:492] T 00000000000000000000000000000000 P 0881148535174cf59addb1505ef70e9e: Bootstrap starting.
I20260601 13:32:14.002807 18493 tablet_bootstrap.cc:654] T 00000000000000000000000000000000 P 0881148535174cf59addb1505ef70e9e: Neither blocks nor log segments found. Creating new log.
I20260601 13:32:14.003978 18493 tablet_bootstrap.cc:492] T 00000000000000000000000000000000 P 0881148535174cf59addb1505ef70e9e: No bootstrap required, opened a new log
I20260601 13:32:14.004413 18493 raft_consensus.cc:359] T 00000000000000000000000000000000 P 0881148535174cf59addb1505ef70e9e [term 0 FOLLOWER]: Replica starting. Triggering 0 pending ops. Active config: opid_index: -1 OBSOLETE_local: true peers { permanent_uuid: "0881148535174cf59addb1505ef70e9e" member_type: VOTER }
I20260601 13:32:14.004513 18493 raft_consensus.cc:385] T 00000000000000000000000000000000 P 0881148535174cf59addb1505ef70e9e [term 0 FOLLOWER]: Consensus starting up: Expiring failure detector timer to make a prompt election more likely
I20260601 13:32:14.004540 18493 raft_consensus.cc:740] T 00000000000000000000000000000000 P 0881148535174cf59addb1505ef70e9e [term 0 FOLLOWER]: Becoming Follower/Learner. State: Replica: 0881148535174cf59addb1505ef70e9e, State: Initialized, Role: FOLLOWER
I20260601 13:32:14.004650 18493 consensus_queue.cc:260] T 00000000000000000000000000000000 P 0881148535174cf59addb1505ef70e9e [NON_LEADER]: Queue going to NON_LEADER mode. State: All replicated index: 0, Majority replicated index: 0, Committed index: 0, Last appended: 0.0, Last appended by leader: 0, Current term: 0, Majority size: -1, State: 0, Mode: NON_LEADER, active raft config: opid_index: -1 OBSOLETE_local: true peers { permanent_uuid: "0881148535174cf59addb1505ef70e9e" member_type: VOTER }
I20260601 13:32:14.004705 18493 raft_consensus.cc:399] T 00000000000000000000000000000000 P 0881148535174cf59addb1505ef70e9e [term 0 FOLLOWER]: Only one voter in the Raft config. Triggering election immediately
I20260601 13:32:14.004726 18493 raft_consensus.cc:493] T 00000000000000000000000000000000 P 0881148535174cf59addb1505ef70e9e [term 0 FOLLOWER]: Starting leader election (initial election of a single-replica configuration)
I20260601 13:32:14.004752 18493 raft_consensus.cc:3060] T 00000000000000000000000000000000 P 0881148535174cf59addb1505ef70e9e [term 0 FOLLOWER]: Advancing to term 1
I20260601 13:32:14.005467 18493 raft_consensus.cc:515] T 00000000000000000000000000000000 P 0881148535174cf59addb1505ef70e9e [term 1 FOLLOWER]: Starting leader election with config: opid_index: -1 OBSOLETE_local: true peers { permanent_uuid: "0881148535174cf59addb1505ef70e9e" member_type: VOTER }
I20260601 13:32:14.005595 18493 leader_election.cc:304] T 00000000000000000000000000000000 P 0881148535174cf59addb1505ef70e9e [CANDIDATE]: Term 1 election: Election decided. Result: candidate won. Election summary: received 1 responses out of 1 voters: 1 yes votes; 0 no votes. yes voters: 0881148535174cf59addb1505ef70e9e; no voters: 
I20260601 13:32:14.005748 18493 leader_election.cc:290] T 00000000000000000000000000000000 P 0881148535174cf59addb1505ef70e9e [CANDIDATE]: Term 1 election: Requested vote from peers 
I20260601 13:32:14.005875 18496 raft_consensus.cc:2804] T 00000000000000000000000000000000 P 0881148535174cf59addb1505ef70e9e [term 1 FOLLOWER]: Leader election won for term 1
I20260601 13:32:14.006072 18496 raft_consensus.cc:697] T 00000000000000000000000000000000 P 0881148535174cf59addb1505ef70e9e [term 1 LEADER]: Becoming Leader. State: Replica: 0881148535174cf59addb1505ef70e9e, State: Running, Role: LEADER
I20260601 13:32:14.006215 18493 sys_catalog.cc:565] T 00000000000000000000000000000000 P 0881148535174cf59addb1505ef70e9e [sys.catalog]: configured and running, proceeding with master startup.
I20260601 13:32:14.006206 18496 consensus_queue.cc:237] T 00000000000000000000000000000000 P 0881148535174cf59addb1505ef70e9e [LEADER]: Queue going to LEADER mode. State: All replicated index: 0, Majority replicated index: 0, Committed index: 0, Last appended: 0.0, Last appended by leader: 0, Current term: 1, Majority size: 1, State: 0, Mode: LEADER, active raft config: opid_index: -1 OBSOLETE_local: true peers { permanent_uuid: "0881148535174cf59addb1505ef70e9e" member_type: VOTER }
I20260601 13:32:14.006814 18497 sys_catalog.cc:455] T 00000000000000000000000000000000 P 0881148535174cf59addb1505ef70e9e [sys.catalog]: SysCatalogTable state changed. Reason: RaftConsensus started. Latest consensus state: current_term: 1 leader_uuid: "0881148535174cf59addb1505ef70e9e" committed_config { opid_index: -1 OBSOLETE_local: true peers { permanent_uuid: "0881148535174cf59addb1505ef70e9e" member_type: VOTER } }
I20260601 13:32:14.006928 18497 sys_catalog.cc:458] T 00000000000000000000000000000000 P 0881148535174cf59addb1505ef70e9e [sys.catalog]: This master's current role is: LEADER
I20260601 13:32:14.006827 18498 sys_catalog.cc:455] T 00000000000000000000000000000000 P 0881148535174cf59addb1505ef70e9e [sys.catalog]: SysCatalogTable state changed. Reason: New leader 0881148535174cf59addb1505ef70e9e. Latest consensus state: current_term: 1 leader_uuid: "0881148535174cf59addb1505ef70e9e" committed_config { opid_index: -1 OBSOLETE_local: true peers { permanent_uuid: "0881148535174cf59addb1505ef70e9e" member_type: VOTER } }
I20260601 13:32:14.006979 18498 sys_catalog.cc:458] T 00000000000000000000000000000000 P 0881148535174cf59addb1505ef70e9e [sys.catalog]: This master's current role is: LEADER
I20260601 13:32:14.007205 18501 catalog_manager.cc:1510] Loading table and tablet metadata into memory...
I20260601 13:32:14.008133 18501 catalog_manager.cc:1519] Initializing Kudu cluster ID...
I20260601 13:32:14.008370 15901 internal_mini_cluster.cc:184] Waiting to initialize catalog manager on master 0
I20260601 13:32:14.010195 18501 catalog_manager.cc:1382] Generated new cluster ID: ad8395b81c8048fc85e661ecdd9464e2
I20260601 13:32:14.010259 18501 catalog_manager.cc:1530] Initializing Kudu internal certificate authority...
I20260601 13:32:14.033887 18501 catalog_manager.cc:1405] Generated new certificate authority record
I20260601 13:32:14.034513 18501 catalog_manager.cc:1539] Loading token signing keys...
I20260601 13:32:14.044241 18501 catalog_manager.cc:6069] T 00000000000000000000000000000000 P 0881148535174cf59addb1505ef70e9e: Generated new TSK 0
I20260601 13:32:14.044497 18501 catalog_manager.cc:1549] Initializing in-progress tserver states...
I20260601 13:32:14.073230 15901 file_cache.cc:492] Constructed file cache file cache with capacity 419430
W20260601 13:32:14.075366 18515 instance_detector.cc:116] could not retrieve Azure instance metadata: Network error: curl error: HTTP response code said error: The requested URL returned error: 404
W20260601 13:32:14.075393 18517 instance_detector.cc:116] could not retrieve OpenStack instance metadata: Network error: curl error: HTTP response code said error: The requested URL returned error: 404
W20260601 13:32:14.075505 18514 instance_detector.cc:116] could not retrieve AWS instance metadata: Network error: curl error: HTTP response code said error: The requested URL returned error: 404
I20260601 13:32:14.075680 15901 server_base.cc:1061] running on GCE node
I20260601 13:32:14.075835 15901 hybrid_clock.cc:584] initializing the hybrid clock with 'system_unsync' time source
W20260601 13:32:14.075870 15901 system_unsync_time.cc:38] NTP support is disabled. Clock error bounds will not be accurate. This configuration is not suitable for distributed clusters.
I20260601 13:32:14.075891 15901 hybrid_clock.cc:648] HybridClock initialized: now 1780320734075890 us; error 0 us; skew 500 ppm
I20260601 13:32:14.076719 15901 webserver.cc:533] Webserver started at http://127.15.135.65:35681/ using document root <none> and password file <none>
I20260601 13:32:14.076879 15901 fs_manager.cc:362] Metadata directory not provided
I20260601 13:32:14.076925 15901 fs_manager.cc:368] Using write-ahead log directory (fs_wal_dir) as metadata directory
I20260601 13:32:14.077006 15901 server_base.cc:909] This appears to be a new deployment of Kudu; creating new FS layout
I20260601 13:32:14.077410 15901 fs_manager.cc:1068] Generated new instance metadata in path /tmp/dist-test-taskEtXvid/test-tmp/auto_rebalancer-test.0.AutoRebalancerTest.RangeAwareBuildClusterInfoGroupsByRange.1780320666255837-15901-0/minicluster-data/ts-0-root/instance:
uuid: "90a9e983c5c24303bee80e718ce8b11e"
format_stamp: "Formatted at 2026-06-01 13:32:14 on dist-test-slave-wkt0"
I20260601 13:32:14.078871 15901 fs_manager.cc:696] Time spent creating directory manager: real 0.001s	user 0.001s	sys 0.000s
I20260601 13:32:14.080036 18522 log_block_manager.cc:4031] Time spent loading block containers with low live blocks: real 0.000s	user 0.000s	sys 0.000s
I20260601 13:32:14.080329 15901 fs_manager.cc:730] Time spent opening block manager: real 0.001s	user 0.001s	sys 0.000s
I20260601 13:32:14.080421 15901 fs_manager.cc:647] Opened local filesystem: /tmp/dist-test-taskEtXvid/test-tmp/auto_rebalancer-test.0.AutoRebalancerTest.RangeAwareBuildClusterInfoGroupsByRange.1780320666255837-15901-0/minicluster-data/ts-0-root
uuid: "90a9e983c5c24303bee80e718ce8b11e"
format_stamp: "Formatted at 2026-06-01 13:32:14 on dist-test-slave-wkt0"
I20260601 13:32:14.080530 15901 fs_report.cc:389] FS layout report
--------------------
wal directory: /tmp/dist-test-taskEtXvid/test-tmp/auto_rebalancer-test.0.AutoRebalancerTest.RangeAwareBuildClusterInfoGroupsByRange.1780320666255837-15901-0/minicluster-data/ts-0-root
metadata directory: /tmp/dist-test-taskEtXvid/test-tmp/auto_rebalancer-test.0.AutoRebalancerTest.RangeAwareBuildClusterInfoGroupsByRange.1780320666255837-15901-0/minicluster-data/ts-0-root
1 data directories: /tmp/dist-test-taskEtXvid/test-tmp/auto_rebalancer-test.0.AutoRebalancerTest.RangeAwareBuildClusterInfoGroupsByRange.1780320666255837-15901-0/minicluster-data/ts-0-root/data
Total live blocks: 0
Total live bytes: 0
Total live bytes (after alignment): 0
Total number of LBM containers: 0 (0 full)
Did not check for missing blocks
Did not check for orphaned blocks
Total full LBM containers with extra space: 0 (0 repaired)
Total full LBM container extra space in bytes: 0 (0 repaired)
Total incomplete LBM containers: 0 (0 repaired)
Total LBM partial records: 0 (0 repaired)
Total corrupted LBM metadata records in RocksDB: 0 (0 repaired)
I20260601 13:32:14.093360 15901 rpc_server.cc:225] running with OpenSSL 1.1.1  11 Sep 2018
I20260601 13:32:14.093796 15901 kserver.cc:163] Server-wide thread pool size limit: 3276
I20260601 13:32:14.094089 15901 txn_system_client.cc:432] TxnSystemClient initialization is disabled...
I20260601 13:32:14.094568 15901 ts_tablet_manager.cc:585] Loaded tablet metadata (0 total tablets, 0 live tablets)
I20260601 13:32:14.094604 15901 ts_tablet_manager.cc:531] Time spent load tablet metadata: real 0.000s	user 0.000s	sys 0.000s
I20260601 13:32:14.094647 15901 ts_tablet_manager.cc:616] Registered 0 tablets
I20260601 13:32:14.094674 15901 ts_tablet_manager.cc:595] Time spent register tablets: real 0.000s	user 0.000s	sys 0.000s
I20260601 13:32:14.098765 15901 rpc_server.cc:307] RPC server started. Bound to: 127.15.135.65:46083
I20260601 13:32:14.098820 18585 acceptor_pool.cc:272] collecting diagnostics on the listening RPC socket 127.15.135.65:46083 every 8 connection(s)
I20260601 13:32:14.099630 15901 file_cache.cc:492] Constructed file cache file cache with capacity 419430
W20260601 13:32:14.101320 18590 instance_detector.cc:116] could not retrieve AWS instance metadata: Network error: curl error: HTTP response code said error: The requested URL returned error: 404
W20260601 13:32:14.101358 18591 instance_detector.cc:116] could not retrieve Azure instance metadata: Network error: curl error: HTTP response code said error: The requested URL returned error: 404
W20260601 13:32:14.101472 18593 instance_detector.cc:116] could not retrieve OpenStack instance metadata: Network error: curl error: HTTP response code said error: The requested URL returned error: 404
I20260601 13:32:14.101634 15901 server_base.cc:1061] running on GCE node
I20260601 13:32:14.101817 15901 hybrid_clock.cc:584] initializing the hybrid clock with 'system_unsync' time source
W20260601 13:32:14.101853 15901 system_unsync_time.cc:38] NTP support is disabled. Clock error bounds will not be accurate. This configuration is not suitable for distributed clusters.
I20260601 13:32:14.101893 15901 hybrid_clock.cc:648] HybridClock initialized: now 1780320734101892 us; error 0 us; skew 500 ppm
I20260601 13:32:14.102829 15901 webserver.cc:533] Webserver started at http://127.15.135.66:38619/ using document root <none> and password file <none>
I20260601 13:32:14.103009 15901 fs_manager.cc:362] Metadata directory not provided
I20260601 13:32:14.103061 15901 fs_manager.cc:368] Using write-ahead log directory (fs_wal_dir) as metadata directory
I20260601 13:32:14.103116 15901 server_base.cc:909] This appears to be a new deployment of Kudu; creating new FS layout
I20260601 13:32:14.103549 15901 fs_manager.cc:1068] Generated new instance metadata in path /tmp/dist-test-taskEtXvid/test-tmp/auto_rebalancer-test.0.AutoRebalancerTest.RangeAwareBuildClusterInfoGroupsByRange.1780320666255837-15901-0/minicluster-data/ts-1-root/instance:
uuid: "04c7ae7c91124e79bf30a9de2f790696"
format_stamp: "Formatted at 2026-06-01 13:32:14 on dist-test-slave-wkt0"
I20260601 13:32:14.105249 15901 fs_manager.cc:696] Time spent creating directory manager: real 0.001s	user 0.000s	sys 0.002s
I20260601 13:32:14.106128 18598 log_block_manager.cc:4031] Time spent loading block containers with low live blocks: real 0.000s	user 0.000s	sys 0.000s
I20260601 13:32:14.106386 15901 fs_manager.cc:730] Time spent opening block manager: real 0.001s	user 0.000s	sys 0.001s
I20260601 13:32:14.106449 15901 fs_manager.cc:647] Opened local filesystem: /tmp/dist-test-taskEtXvid/test-tmp/auto_rebalancer-test.0.AutoRebalancerTest.RangeAwareBuildClusterInfoGroupsByRange.1780320666255837-15901-0/minicluster-data/ts-1-root
uuid: "04c7ae7c91124e79bf30a9de2f790696"
format_stamp: "Formatted at 2026-06-01 13:32:14 on dist-test-slave-wkt0"
I20260601 13:32:14.106520 15901 fs_report.cc:389] FS layout report
--------------------
wal directory: /tmp/dist-test-taskEtXvid/test-tmp/auto_rebalancer-test.0.AutoRebalancerTest.RangeAwareBuildClusterInfoGroupsByRange.1780320666255837-15901-0/minicluster-data/ts-1-root
metadata directory: /tmp/dist-test-taskEtXvid/test-tmp/auto_rebalancer-test.0.AutoRebalancerTest.RangeAwareBuildClusterInfoGroupsByRange.1780320666255837-15901-0/minicluster-data/ts-1-root
1 data directories: /tmp/dist-test-taskEtXvid/test-tmp/auto_rebalancer-test.0.AutoRebalancerTest.RangeAwareBuildClusterInfoGroupsByRange.1780320666255837-15901-0/minicluster-data/ts-1-root/data
Total live blocks: 0
Total live bytes: 0
Total live bytes (after alignment): 0
Total number of LBM containers: 0 (0 full)
Did not check for missing blocks
Did not check for orphaned blocks
Total full LBM containers with extra space: 0 (0 repaired)
Total full LBM container extra space in bytes: 0 (0 repaired)
Total incomplete LBM containers: 0 (0 repaired)
Total LBM partial records: 0 (0 repaired)
Total corrupted LBM metadata records in RocksDB: 0 (0 repaired)
I20260601 13:32:14.108733 18586 heartbeater.cc:344] Connected to a master server at 127.15.135.126:34095
I20260601 13:32:14.108832 18586 heartbeater.cc:461] Registering TS with master...
I20260601 13:32:14.109061 18586 heartbeater.cc:507] Master 127.15.135.126:34095 requested a full tablet report, sending...
I20260601 13:32:14.109681 18457 ts_manager.cc:194] Registered new tserver with Master: 90a9e983c5c24303bee80e718ce8b11e (127.15.135.65:46083)
I20260601 13:32:14.110425 18457 master_service.cc:502] Signed X509 certificate for tserver {username='slave'} at 127.0.0.1:60652
I20260601 13:32:14.113682 15901 rpc_server.cc:225] running with OpenSSL 1.1.1  11 Sep 2018
I20260601 13:32:14.114022 15901 kserver.cc:163] Server-wide thread pool size limit: 3276
I20260601 13:32:14.114280 15901 txn_system_client.cc:432] TxnSystemClient initialization is disabled...
I20260601 13:32:14.114694 15901 ts_tablet_manager.cc:585] Loaded tablet metadata (0 total tablets, 0 live tablets)
I20260601 13:32:14.114729 15901 ts_tablet_manager.cc:531] Time spent load tablet metadata: real 0.000s	user 0.000s	sys 0.000s
I20260601 13:32:14.114760 15901 ts_tablet_manager.cc:616] Registered 0 tablets
I20260601 13:32:14.114789 15901 ts_tablet_manager.cc:595] Time spent register tablets: real 0.000s	user 0.000s	sys 0.000s
I20260601 13:32:14.118909 15901 rpc_server.cc:307] RPC server started. Bound to: 127.15.135.66:44687
I20260601 13:32:14.118973 18661 acceptor_pool.cc:272] collecting diagnostics on the listening RPC socket 127.15.135.66:44687 every 8 connection(s)
I20260601 13:32:14.119717 15901 file_cache.cc:492] Constructed file cache file cache with capacity 419430
W20260601 13:32:14.121423 18665 instance_detector.cc:116] could not retrieve AWS instance metadata: Network error: curl error: HTTP response code said error: The requested URL returned error: 404
I20260601 13:32:14.121665 15901 server_base.cc:1061] running on GCE node
W20260601 13:32:14.121722 18668 instance_detector.cc:116] could not retrieve OpenStack instance metadata: Network error: curl error: HTTP response code said error: The requested URL returned error: 404
W20260601 13:32:14.122354 18666 instance_detector.cc:116] could not retrieve Azure instance metadata: Network error: curl error: HTTP response code said error: The requested URL returned error: 404
I20260601 13:32:14.122644 15901 hybrid_clock.cc:584] initializing the hybrid clock with 'system_unsync' time source
W20260601 13:32:14.122697 15901 system_unsync_time.cc:38] NTP support is disabled. Clock error bounds will not be accurate. This configuration is not suitable for distributed clusters.
I20260601 13:32:14.122717 15901 hybrid_clock.cc:648] HybridClock initialized: now 1780320734122717 us; error 0 us; skew 500 ppm
I20260601 13:32:14.123663 18662 heartbeater.cc:344] Connected to a master server at 127.15.135.126:34095
I20260601 13:32:14.123776 15901 webserver.cc:533] Webserver started at http://127.15.135.67:43965/ using document root <none> and password file <none>
I20260601 13:32:14.123792 18662 heartbeater.cc:461] Registering TS with master...
I20260601 13:32:14.123951 15901 fs_manager.cc:362] Metadata directory not provided
I20260601 13:32:14.124006 15901 fs_manager.cc:368] Using write-ahead log directory (fs_wal_dir) as metadata directory
I20260601 13:32:14.124078 15901 server_base.cc:909] This appears to be a new deployment of Kudu; creating new FS layout
I20260601 13:32:14.124190 18662 heartbeater.cc:507] Master 127.15.135.126:34095 requested a full tablet report, sending...
I20260601 13:32:14.124497 15901 fs_manager.cc:1068] Generated new instance metadata in path /tmp/dist-test-taskEtXvid/test-tmp/auto_rebalancer-test.0.AutoRebalancerTest.RangeAwareBuildClusterInfoGroupsByRange.1780320666255837-15901-0/minicluster-data/ts-2-root/instance:
uuid: "7d5629944f0a423b8fd3c1654431dcf8"
format_stamp: "Formatted at 2026-06-01 13:32:14 on dist-test-slave-wkt0"
I20260601 13:32:14.124963 18457 ts_manager.cc:194] Registered new tserver with Master: 04c7ae7c91124e79bf30a9de2f790696 (127.15.135.66:44687)
I20260601 13:32:14.125608 18457 master_service.cc:502] Signed X509 certificate for tserver {username='slave'} at 127.0.0.1:60658
I20260601 13:32:14.126189 15901 fs_manager.cc:696] Time spent creating directory manager: real 0.001s	user 0.000s	sys 0.001s
I20260601 13:32:14.127071 18673 log_block_manager.cc:4031] Time spent loading block containers with low live blocks: real 0.000s	user 0.000s	sys 0.000s
I20260601 13:32:14.127323 15901 fs_manager.cc:730] Time spent opening block manager: real 0.001s	user 0.000s	sys 0.001s
I20260601 13:32:14.127384 15901 fs_manager.cc:647] Opened local filesystem: /tmp/dist-test-taskEtXvid/test-tmp/auto_rebalancer-test.0.AutoRebalancerTest.RangeAwareBuildClusterInfoGroupsByRange.1780320666255837-15901-0/minicluster-data/ts-2-root
uuid: "7d5629944f0a423b8fd3c1654431dcf8"
format_stamp: "Formatted at 2026-06-01 13:32:14 on dist-test-slave-wkt0"
I20260601 13:32:14.127455 15901 fs_report.cc:389] FS layout report
--------------------
wal directory: /tmp/dist-test-taskEtXvid/test-tmp/auto_rebalancer-test.0.AutoRebalancerTest.RangeAwareBuildClusterInfoGroupsByRange.1780320666255837-15901-0/minicluster-data/ts-2-root
metadata directory: /tmp/dist-test-taskEtXvid/test-tmp/auto_rebalancer-test.0.AutoRebalancerTest.RangeAwareBuildClusterInfoGroupsByRange.1780320666255837-15901-0/minicluster-data/ts-2-root
1 data directories: /tmp/dist-test-taskEtXvid/test-tmp/auto_rebalancer-test.0.AutoRebalancerTest.RangeAwareBuildClusterInfoGroupsByRange.1780320666255837-15901-0/minicluster-data/ts-2-root/data
Total live blocks: 0
Total live bytes: 0
Total live bytes (after alignment): 0
Total number of LBM containers: 0 (0 full)
Did not check for missing blocks
Did not check for orphaned blocks
Total full LBM containers with extra space: 0 (0 repaired)
Total full LBM container extra space in bytes: 0 (0 repaired)
Total incomplete LBM containers: 0 (0 repaired)
Total LBM partial records: 0 (0 repaired)
Total corrupted LBM metadata records in RocksDB: 0 (0 repaired)
I20260601 13:32:14.151880 15901 rpc_server.cc:225] running with OpenSSL 1.1.1  11 Sep 2018
I20260601 13:32:14.152355 15901 kserver.cc:163] Server-wide thread pool size limit: 3276
I20260601 13:32:14.152668 15901 txn_system_client.cc:432] TxnSystemClient initialization is disabled...
I20260601 13:32:14.153162 15901 ts_tablet_manager.cc:585] Loaded tablet metadata (0 total tablets, 0 live tablets)
I20260601 13:32:14.153201 15901 ts_tablet_manager.cc:531] Time spent load tablet metadata: real 0.000s	user 0.000s	sys 0.000s
I20260601 13:32:14.153244 15901 ts_tablet_manager.cc:616] Registered 0 tablets
I20260601 13:32:14.153270 15901 ts_tablet_manager.cc:595] Time spent register tablets: real 0.000s	user 0.000s	sys 0.000s
I20260601 13:32:14.157795 15901 rpc_server.cc:307] RPC server started. Bound to: 127.15.135.67:33991
I20260601 13:32:14.157852 18736 acceptor_pool.cc:272] collecting diagnostics on the listening RPC socket 127.15.135.67:33991 every 8 connection(s)
I20260601 13:32:14.162536 18737 heartbeater.cc:344] Connected to a master server at 127.15.135.126:34095
I20260601 13:32:14.162673 18737 heartbeater.cc:461] Registering TS with master...
I20260601 13:32:14.162899 18737 heartbeater.cc:507] Master 127.15.135.126:34095 requested a full tablet report, sending...
I20260601 13:32:14.163527 18457 ts_manager.cc:194] Registered new tserver with Master: 7d5629944f0a423b8fd3c1654431dcf8 (127.15.135.67:33991)
I20260601 13:32:14.163798 15901 internal_mini_cluster.cc:371] 3 TS(s) registered with all masters after 0.005596232s
I20260601 13:32:14.164176 18457 master_service.cc:502] Signed X509 certificate for tserver {username='slave'} at 127.0.0.1:60668
I20260601 13:32:15.111497 18586 heartbeater.cc:499] Master 127.15.135.126:34095 was elected leader, sending a full tablet report...
I20260601 13:32:15.126605 18662 heartbeater.cc:499] Master 127.15.135.126:34095 was elected leader, sending a full tablet report...
I20260601 13:32:15.165127 18737 heartbeater.cc:499] Master 127.15.135.126:34095 was elected leader, sending a full tablet report...
I20260601 13:32:15.199378 18457 catalog_manager.cc:2282] Servicing CreateTable request from {username='slave'} at 127.0.0.1:41654:
name: "range_aware_auto_rebalancer_test"
schema {
  columns {
    name: "key"
    type: INT32
    is_key: true
    is_nullable: false
    encoding: AUTO_ENCODING
    compression: DEFAULT_COMPRESSION
    cfile_block_size: 0
    immutable: false
  }
}
num_replicas: 3
split_rows_range_bounds {
  rows: "\006\001\000\000\000\000\007\001\n\000\000\000\006\001\n\000\000\000\007\001\024\000\000\000""\006\001\000\000\000\000\007\001\n\000\000\000\006\001\n\000\000\000\007\001\024\000\000\000"
  indirect_data: """"
}
partition_schema {
  hash_schema {
    columns {
      name: "key"
    }
    num_buckets: 2
    seed: 0
  }
  range_schema {
    columns {
      name: "key"
    }
  }
}
W20260601 13:32:15.200531 18457 catalog_manager.cc:7076] The number of live tablet servers is not enough to re-replicate a tablet replica of the newly created table range_aware_auto_rebalancer_test in case of a server failure: 4 tablet servers would be needed, 3 are available. Consider bringing up more tablet servers.
I20260601 13:32:15.214612 18700 tablet_service.cc:1511] Processing CreateTablet for tablet 8988af18615046dd97edec942534bc77 (DEFAULT_TABLE table=range_aware_auto_rebalancer_test [id=fdabf1441f8c4e149cff43314045526a]), partition=HASH (key) PARTITION 0, RANGE (key) PARTITION 10 <= VALUES < 20
I20260601 13:32:15.214799 18625 tablet_service.cc:1511] Processing CreateTablet for tablet 8988af18615046dd97edec942534bc77 (DEFAULT_TABLE table=range_aware_auto_rebalancer_test [id=fdabf1441f8c4e149cff43314045526a]), partition=HASH (key) PARTITION 0, RANGE (key) PARTITION 10 <= VALUES < 20
I20260601 13:32:15.214921 18701 tablet_service.cc:1511] Processing CreateTablet for tablet 4ac800bbbbe044c7a6002f5e0157c53f (DEFAULT_TABLE table=range_aware_auto_rebalancer_test [id=fdabf1441f8c4e149cff43314045526a]), partition=HASH (key) PARTITION 0, RANGE (key) PARTITION 0 <= VALUES < 10
I20260601 13:32:15.215034 18700 data_dirs.cc:400] Could only allocate 1 dirs of requested 3 for tablet 8988af18615046dd97edec942534bc77. 1 dirs total, 0 dirs full, 0 dirs failed
I20260601 13:32:15.215013 18549 tablet_service.cc:1511] Processing CreateTablet for tablet 8988af18615046dd97edec942534bc77 (DEFAULT_TABLE table=range_aware_auto_rebalancer_test [id=fdabf1441f8c4e149cff43314045526a]), partition=HASH (key) PARTITION 0, RANGE (key) PARTITION 10 <= VALUES < 20
I20260601 13:32:15.215127 18625 data_dirs.cc:400] Could only allocate 1 dirs of requested 3 for tablet 8988af18615046dd97edec942534bc77. 1 dirs total, 0 dirs full, 0 dirs failed
I20260601 13:32:15.215286 18549 data_dirs.cc:400] Could only allocate 1 dirs of requested 3 for tablet 8988af18615046dd97edec942534bc77. 1 dirs total, 0 dirs full, 0 dirs failed
I20260601 13:32:15.215342 18699 tablet_service.cc:1511] Processing CreateTablet for tablet 07e51747af6f432c8472410160e3cd68 (DEFAULT_TABLE table=range_aware_auto_rebalancer_test [id=fdabf1441f8c4e149cff43314045526a]), partition=HASH (key) PARTITION 1, RANGE (key) PARTITION 0 <= VALUES < 10
I20260601 13:32:15.215579 18699 data_dirs.cc:400] Could only allocate 1 dirs of requested 3 for tablet 07e51747af6f432c8472410160e3cd68. 1 dirs total, 0 dirs full, 0 dirs failed
I20260601 13:32:15.217694 18624 tablet_service.cc:1511] Processing CreateTablet for tablet 07e51747af6f432c8472410160e3cd68 (DEFAULT_TABLE table=range_aware_auto_rebalancer_test [id=fdabf1441f8c4e149cff43314045526a]), partition=HASH (key) PARTITION 1, RANGE (key) PARTITION 0 <= VALUES < 10
I20260601 13:32:15.217948 18624 data_dirs.cc:400] Could only allocate 1 dirs of requested 3 for tablet 07e51747af6f432c8472410160e3cd68. 1 dirs total, 0 dirs full, 0 dirs failed
I20260601 13:32:15.217891 18548 tablet_service.cc:1511] Processing CreateTablet for tablet 07e51747af6f432c8472410160e3cd68 (DEFAULT_TABLE table=range_aware_auto_rebalancer_test [id=fdabf1441f8c4e149cff43314045526a]), partition=HASH (key) PARTITION 1, RANGE (key) PARTITION 0 <= VALUES < 10
I20260601 13:32:15.217901 18698 tablet_service.cc:1511] Processing CreateTablet for tablet ad33d85ee76c4082870a268e52982f39 (DEFAULT_TABLE table=range_aware_auto_rebalancer_test [id=fdabf1441f8c4e149cff43314045526a]), partition=HASH (key) PARTITION 1, RANGE (key) PARTITION 10 <= VALUES < 20
I20260601 13:32:15.218116 18548 data_dirs.cc:400] Could only allocate 1 dirs of requested 3 for tablet 07e51747af6f432c8472410160e3cd68. 1 dirs total, 0 dirs full, 0 dirs failed
I20260601 13:32:15.218255 18698 data_dirs.cc:400] Could only allocate 1 dirs of requested 3 for tablet ad33d85ee76c4082870a268e52982f39. 1 dirs total, 0 dirs full, 0 dirs failed
I20260601 13:32:15.219523 18547 tablet_service.cc:1511] Processing CreateTablet for tablet ad33d85ee76c4082870a268e52982f39 (DEFAULT_TABLE table=range_aware_auto_rebalancer_test [id=fdabf1441f8c4e149cff43314045526a]), partition=HASH (key) PARTITION 1, RANGE (key) PARTITION 10 <= VALUES < 20
I20260601 13:32:15.219797 18547 data_dirs.cc:400] Could only allocate 1 dirs of requested 3 for tablet ad33d85ee76c4082870a268e52982f39. 1 dirs total, 0 dirs full, 0 dirs failed
I20260601 13:32:15.220129 18701 data_dirs.cc:400] Could only allocate 1 dirs of requested 3 for tablet 4ac800bbbbe044c7a6002f5e0157c53f. 1 dirs total, 0 dirs full, 0 dirs failed
I20260601 13:32:15.220148 18623 tablet_service.cc:1511] Processing CreateTablet for tablet ad33d85ee76c4082870a268e52982f39 (DEFAULT_TABLE table=range_aware_auto_rebalancer_test [id=fdabf1441f8c4e149cff43314045526a]), partition=HASH (key) PARTITION 1, RANGE (key) PARTITION 10 <= VALUES < 20
I20260601 13:32:15.220340 18623 data_dirs.cc:400] Could only allocate 1 dirs of requested 3 for tablet ad33d85ee76c4082870a268e52982f39. 1 dirs total, 0 dirs full, 0 dirs failed
I20260601 13:32:15.214561 18626 tablet_service.cc:1511] Processing CreateTablet for tablet 4ac800bbbbe044c7a6002f5e0157c53f (DEFAULT_TABLE table=range_aware_auto_rebalancer_test [id=fdabf1441f8c4e149cff43314045526a]), partition=HASH (key) PARTITION 0, RANGE (key) PARTITION 0 <= VALUES < 10
I20260601 13:32:15.214799 18550 tablet_service.cc:1511] Processing CreateTablet for tablet 4ac800bbbbe044c7a6002f5e0157c53f (DEFAULT_TABLE table=range_aware_auto_rebalancer_test [id=fdabf1441f8c4e149cff43314045526a]), partition=HASH (key) PARTITION 0, RANGE (key) PARTITION 0 <= VALUES < 10
I20260601 13:32:15.222453 18626 data_dirs.cc:400] Could only allocate 1 dirs of requested 3 for tablet 4ac800bbbbe044c7a6002f5e0157c53f. 1 dirs total, 0 dirs full, 0 dirs failed
I20260601 13:32:15.222915 18757 tablet_bootstrap.cc:492] T 07e51747af6f432c8472410160e3cd68 P 7d5629944f0a423b8fd3c1654431dcf8: Bootstrap starting.
I20260601 13:32:15.223883 18758 tablet_bootstrap.cc:492] T 8988af18615046dd97edec942534bc77 P 90a9e983c5c24303bee80e718ce8b11e: Bootstrap starting.
I20260601 13:32:15.224036 18757 tablet_bootstrap.cc:654] T 07e51747af6f432c8472410160e3cd68 P 7d5629944f0a423b8fd3c1654431dcf8: Neither blocks nor log segments found. Creating new log.
I20260601 13:32:15.222465 18550 data_dirs.cc:400] Could only allocate 1 dirs of requested 3 for tablet 4ac800bbbbe044c7a6002f5e0157c53f. 1 dirs total, 0 dirs full, 0 dirs failed
I20260601 13:32:15.225273 18757 tablet_bootstrap.cc:492] T 07e51747af6f432c8472410160e3cd68 P 7d5629944f0a423b8fd3c1654431dcf8: No bootstrap required, opened a new log
I20260601 13:32:15.225358 18757 ts_tablet_manager.cc:1403] T 07e51747af6f432c8472410160e3cd68 P 7d5629944f0a423b8fd3c1654431dcf8: Time spent bootstrapping tablet: real 0.002s	user 0.002s	sys 0.000s
I20260601 13:32:15.225467 18759 tablet_bootstrap.cc:492] T 8988af18615046dd97edec942534bc77 P 04c7ae7c91124e79bf30a9de2f790696: Bootstrap starting.
I20260601 13:32:15.226001 18757 raft_consensus.cc:359] T 07e51747af6f432c8472410160e3cd68 P 7d5629944f0a423b8fd3c1654431dcf8 [term 0 FOLLOWER]: Replica starting. Triggering 0 pending ops. Active config: opid_index: -1 OBSOLETE_local: false peers { permanent_uuid: "90a9e983c5c24303bee80e718ce8b11e" member_type: VOTER last_known_addr { host: "127.15.135.65" port: 46083 } } peers { permanent_uuid: "04c7ae7c91124e79bf30a9de2f790696" member_type: VOTER last_known_addr { host: "127.15.135.66" port: 44687 } } peers { permanent_uuid: "7d5629944f0a423b8fd3c1654431dcf8" member_type: VOTER last_known_addr { host: "127.15.135.67" port: 33991 } }
I20260601 13:32:15.226133 18757 raft_consensus.cc:385] T 07e51747af6f432c8472410160e3cd68 P 7d5629944f0a423b8fd3c1654431dcf8 [term 0 FOLLOWER]: Consensus starting up: Expiring failure detector timer to make a prompt election more likely
I20260601 13:32:15.226168 18757 raft_consensus.cc:740] T 07e51747af6f432c8472410160e3cd68 P 7d5629944f0a423b8fd3c1654431dcf8 [term 0 FOLLOWER]: Becoming Follower/Learner. State: Replica: 7d5629944f0a423b8fd3c1654431dcf8, State: Initialized, Role: FOLLOWER
I20260601 13:32:15.226279 18758 tablet_bootstrap.cc:654] T 8988af18615046dd97edec942534bc77 P 90a9e983c5c24303bee80e718ce8b11e: Neither blocks nor log segments found. Creating new log.
I20260601 13:32:15.226366 18757 consensus_queue.cc:260] T 07e51747af6f432c8472410160e3cd68 P 7d5629944f0a423b8fd3c1654431dcf8 [NON_LEADER]: Queue going to NON_LEADER mode. State: All replicated index: 0, Majority replicated index: 0, Committed index: 0, Last appended: 0.0, Last appended by leader: 0, Current term: 0, Majority size: -1, State: 0, Mode: NON_LEADER, active raft config: opid_index: -1 OBSOLETE_local: false peers { permanent_uuid: "90a9e983c5c24303bee80e718ce8b11e" member_type: VOTER last_known_addr { host: "127.15.135.65" port: 46083 } } peers { permanent_uuid: "04c7ae7c91124e79bf30a9de2f790696" member_type: VOTER last_known_addr { host: "127.15.135.66" port: 44687 } } peers { permanent_uuid: "7d5629944f0a423b8fd3c1654431dcf8" member_type: VOTER last_known_addr { host: "127.15.135.67" port: 33991 } }
I20260601 13:32:15.226807 18757 ts_tablet_manager.cc:1434] T 07e51747af6f432c8472410160e3cd68 P 7d5629944f0a423b8fd3c1654431dcf8: Time spent starting tablet: real 0.001s	user 0.002s	sys 0.000s
I20260601 13:32:15.227449 18757 tablet_bootstrap.cc:492] T ad33d85ee76c4082870a268e52982f39 P 7d5629944f0a423b8fd3c1654431dcf8: Bootstrap starting.
I20260601 13:32:15.228309 18759 tablet_bootstrap.cc:654] T 8988af18615046dd97edec942534bc77 P 04c7ae7c91124e79bf30a9de2f790696: Neither blocks nor log segments found. Creating new log.
I20260601 13:32:15.228497 18757 tablet_bootstrap.cc:654] T ad33d85ee76c4082870a268e52982f39 P 7d5629944f0a423b8fd3c1654431dcf8: Neither blocks nor log segments found. Creating new log.
I20260601 13:32:15.229514 18759 tablet_bootstrap.cc:492] T 8988af18615046dd97edec942534bc77 P 04c7ae7c91124e79bf30a9de2f790696: No bootstrap required, opened a new log
I20260601 13:32:15.229514 18757 tablet_bootstrap.cc:492] T ad33d85ee76c4082870a268e52982f39 P 7d5629944f0a423b8fd3c1654431dcf8: No bootstrap required, opened a new log
I20260601 13:32:15.229632 18759 ts_tablet_manager.cc:1403] T 8988af18615046dd97edec942534bc77 P 04c7ae7c91124e79bf30a9de2f790696: Time spent bootstrapping tablet: real 0.005s	user 0.002s	sys 0.000s
I20260601 13:32:15.229660 18757 ts_tablet_manager.cc:1403] T ad33d85ee76c4082870a268e52982f39 P 7d5629944f0a423b8fd3c1654431dcf8: Time spent bootstrapping tablet: real 0.002s	user 0.002s	sys 0.000s
I20260601 13:32:15.230041 18759 raft_consensus.cc:359] T 8988af18615046dd97edec942534bc77 P 04c7ae7c91124e79bf30a9de2f790696 [term 0 FOLLOWER]: Replica starting. Triggering 0 pending ops. Active config: opid_index: -1 OBSOLETE_local: false peers { permanent_uuid: "90a9e983c5c24303bee80e718ce8b11e" member_type: VOTER last_known_addr { host: "127.15.135.65" port: 46083 } } peers { permanent_uuid: "04c7ae7c91124e79bf30a9de2f790696" member_type: VOTER last_known_addr { host: "127.15.135.66" port: 44687 } } peers { permanent_uuid: "7d5629944f0a423b8fd3c1654431dcf8" member_type: VOTER last_known_addr { host: "127.15.135.67" port: 33991 } }
I20260601 13:32:15.230135 18759 raft_consensus.cc:385] T 8988af18615046dd97edec942534bc77 P 04c7ae7c91124e79bf30a9de2f790696 [term 0 FOLLOWER]: Consensus starting up: Expiring failure detector timer to make a prompt election more likely
I20260601 13:32:15.230165 18759 raft_consensus.cc:740] T 8988af18615046dd97edec942534bc77 P 04c7ae7c91124e79bf30a9de2f790696 [term 0 FOLLOWER]: Becoming Follower/Learner. State: Replica: 04c7ae7c91124e79bf30a9de2f790696, State: Initialized, Role: FOLLOWER
I20260601 13:32:15.230158 18757 raft_consensus.cc:359] T ad33d85ee76c4082870a268e52982f39 P 7d5629944f0a423b8fd3c1654431dcf8 [term 0 FOLLOWER]: Replica starting. Triggering 0 pending ops. Active config: opid_index: -1 OBSOLETE_local: false peers { permanent_uuid: "90a9e983c5c24303bee80e718ce8b11e" member_type: VOTER last_known_addr { host: "127.15.135.65" port: 46083 } } peers { permanent_uuid: "04c7ae7c91124e79bf30a9de2f790696" member_type: VOTER last_known_addr { host: "127.15.135.66" port: 44687 } } peers { permanent_uuid: "7d5629944f0a423b8fd3c1654431dcf8" member_type: VOTER last_known_addr { host: "127.15.135.67" port: 33991 } }
I20260601 13:32:15.230288 18757 raft_consensus.cc:385] T ad33d85ee76c4082870a268e52982f39 P 7d5629944f0a423b8fd3c1654431dcf8 [term 0 FOLLOWER]: Consensus starting up: Expiring failure detector timer to make a prompt election more likely
I20260601 13:32:15.230331 18757 raft_consensus.cc:740] T ad33d85ee76c4082870a268e52982f39 P 7d5629944f0a423b8fd3c1654431dcf8 [term 0 FOLLOWER]: Becoming Follower/Learner. State: Replica: 7d5629944f0a423b8fd3c1654431dcf8, State: Initialized, Role: FOLLOWER
I20260601 13:32:15.230340 18759 consensus_queue.cc:260] T 8988af18615046dd97edec942534bc77 P 04c7ae7c91124e79bf30a9de2f790696 [NON_LEADER]: Queue going to NON_LEADER mode. State: All replicated index: 0, Majority replicated index: 0, Committed index: 0, Last appended: 0.0, Last appended by leader: 0, Current term: 0, Majority size: -1, State: 0, Mode: NON_LEADER, active raft config: opid_index: -1 OBSOLETE_local: false peers { permanent_uuid: "90a9e983c5c24303bee80e718ce8b11e" member_type: VOTER last_known_addr { host: "127.15.135.65" port: 46083 } } peers { permanent_uuid: "04c7ae7c91124e79bf30a9de2f790696" member_type: VOTER last_known_addr { host: "127.15.135.66" port: 44687 } } peers { permanent_uuid: "7d5629944f0a423b8fd3c1654431dcf8" member_type: VOTER last_known_addr { host: "127.15.135.67" port: 33991 } }
I20260601 13:32:15.230443 18757 consensus_queue.cc:260] T ad33d85ee76c4082870a268e52982f39 P 7d5629944f0a423b8fd3c1654431dcf8 [NON_LEADER]: Queue going to NON_LEADER mode. State: All replicated index: 0, Majority replicated index: 0, Committed index: 0, Last appended: 0.0, Last appended by leader: 0, Current term: 0, Majority size: -1, State: 0, Mode: NON_LEADER, active raft config: opid_index: -1 OBSOLETE_local: false peers { permanent_uuid: "90a9e983c5c24303bee80e718ce8b11e" member_type: VOTER last_known_addr { host: "127.15.135.65" port: 46083 } } peers { permanent_uuid: "04c7ae7c91124e79bf30a9de2f790696" member_type: VOTER last_known_addr { host: "127.15.135.66" port: 44687 } } peers { permanent_uuid: "7d5629944f0a423b8fd3c1654431dcf8" member_type: VOTER last_known_addr { host: "127.15.135.67" port: 33991 } }
I20260601 13:32:15.230716 18757 ts_tablet_manager.cc:1434] T ad33d85ee76c4082870a268e52982f39 P 7d5629944f0a423b8fd3c1654431dcf8: Time spent starting tablet: real 0.001s	user 0.000s	sys 0.000s
I20260601 13:32:15.230769 18759 ts_tablet_manager.cc:1434] T 8988af18615046dd97edec942534bc77 P 04c7ae7c91124e79bf30a9de2f790696: Time spent starting tablet: real 0.001s	user 0.001s	sys 0.000s
I20260601 13:32:15.230896 18757 tablet_bootstrap.cc:492] T 4ac800bbbbe044c7a6002f5e0157c53f P 7d5629944f0a423b8fd3c1654431dcf8: Bootstrap starting.
I20260601 13:32:15.230935 18759 tablet_bootstrap.cc:492] T 07e51747af6f432c8472410160e3cd68 P 04c7ae7c91124e79bf30a9de2f790696: Bootstrap starting.
I20260601 13:32:15.232017 18757 tablet_bootstrap.cc:654] T 4ac800bbbbe044c7a6002f5e0157c53f P 7d5629944f0a423b8fd3c1654431dcf8: Neither blocks nor log segments found. Creating new log.
I20260601 13:32:15.232046 18759 tablet_bootstrap.cc:654] T 07e51747af6f432c8472410160e3cd68 P 04c7ae7c91124e79bf30a9de2f790696: Neither blocks nor log segments found. Creating new log.
I20260601 13:32:15.233145 18758 tablet_bootstrap.cc:492] T 8988af18615046dd97edec942534bc77 P 90a9e983c5c24303bee80e718ce8b11e: No bootstrap required, opened a new log
I20260601 13:32:15.233282 18758 ts_tablet_manager.cc:1403] T 8988af18615046dd97edec942534bc77 P 90a9e983c5c24303bee80e718ce8b11e: Time spent bootstrapping tablet: real 0.009s	user 0.003s	sys 0.000s
I20260601 13:32:15.233865 18758 raft_consensus.cc:359] T 8988af18615046dd97edec942534bc77 P 90a9e983c5c24303bee80e718ce8b11e [term 0 FOLLOWER]: Replica starting. Triggering 0 pending ops. Active config: opid_index: -1 OBSOLETE_local: false peers { permanent_uuid: "90a9e983c5c24303bee80e718ce8b11e" member_type: VOTER last_known_addr { host: "127.15.135.65" port: 46083 } } peers { permanent_uuid: "04c7ae7c91124e79bf30a9de2f790696" member_type: VOTER last_known_addr { host: "127.15.135.66" port: 44687 } } peers { permanent_uuid: "7d5629944f0a423b8fd3c1654431dcf8" member_type: VOTER last_known_addr { host: "127.15.135.67" port: 33991 } }
I20260601 13:32:15.234004 18758 raft_consensus.cc:385] T 8988af18615046dd97edec942534bc77 P 90a9e983c5c24303bee80e718ce8b11e [term 0 FOLLOWER]: Consensus starting up: Expiring failure detector timer to make a prompt election more likely
I20260601 13:32:15.234033 18758 raft_consensus.cc:740] T 8988af18615046dd97edec942534bc77 P 90a9e983c5c24303bee80e718ce8b11e [term 0 FOLLOWER]: Becoming Follower/Learner. State: Replica: 90a9e983c5c24303bee80e718ce8b11e, State: Initialized, Role: FOLLOWER
I20260601 13:32:15.234167 18758 consensus_queue.cc:260] T 8988af18615046dd97edec942534bc77 P 90a9e983c5c24303bee80e718ce8b11e [NON_LEADER]: Queue going to NON_LEADER mode. State: All replicated index: 0, Majority replicated index: 0, Committed index: 0, Last appended: 0.0, Last appended by leader: 0, Current term: 0, Majority size: -1, State: 0, Mode: NON_LEADER, active raft config: opid_index: -1 OBSOLETE_local: false peers { permanent_uuid: "90a9e983c5c24303bee80e718ce8b11e" member_type: VOTER last_known_addr { host: "127.15.135.65" port: 46083 } } peers { permanent_uuid: "04c7ae7c91124e79bf30a9de2f790696" member_type: VOTER last_known_addr { host: "127.15.135.66" port: 44687 } } peers { permanent_uuid: "7d5629944f0a423b8fd3c1654431dcf8" member_type: VOTER last_known_addr { host: "127.15.135.67" port: 33991 } }
