I20260601 13:32:26.820294 19516 auto_leader_rebalancer.cc:451] All tables' leader rebalancing finished this round
I20260601 13:32:28.820621 19516 auto_leader_rebalancer.cc:140] leader rebalance for table test-workload
I20260601 13:32:28.821002 19516 auto_leader_rebalancer.cc:388] table: test-workload, leader rebalance finish, leader transfer count: 0
I20260601 13:32:28.821069 19516 auto_leader_rebalancer.cc:451] All tables' leader rebalancing finished this round
I20260601 13:32:30.821468 19516 auto_leader_rebalancer.cc:140] leader rebalance for table test-workload
I20260601 13:32:30.821924 19516 auto_leader_rebalancer.cc:388] table: test-workload, leader rebalance finish, leader transfer count: 0
I20260601 13:32:30.822000 19516 auto_leader_rebalancer.cc:451] All tables' leader rebalancing finished this round
I20260601 13:32:32.822403 19516 auto_leader_rebalancer.cc:140] leader rebalance for table test-workload
I20260601 13:32:32.822862 19516 auto_leader_rebalancer.cc:388] table: test-workload, leader rebalance finish, leader transfer count: 0
I20260601 13:32:32.822952 19516 auto_leader_rebalancer.cc:451] All tables' leader rebalancing finished this round
I20260601 13:32:34.823415 19516 auto_leader_rebalancer.cc:140] leader rebalance for table test-workload
I20260601 13:32:34.823880 19516 auto_leader_rebalancer.cc:388] table: test-workload, leader rebalance finish, leader transfer count: 0
I20260601 13:32:34.823964 19516 auto_leader_rebalancer.cc:451] All tables' leader rebalancing finished this round
I20260601 13:32:35.148568 15901 tablet_server.cc:179] TabletServer@127.15.135.65:0 shutting down...
I20260601 13:32:35.152871 15901 ts_tablet_manager.cc:1507] Shutting down tablet manager...
I20260601 13:32:35.153126 15901 tablet_replica.cc:333] T 0ed36f6d166146699002abade9f1ffd3 P 92fed26f93ef487b95385e8103cb7d78: stopping tablet replica
I20260601 13:32:35.153275 15901 raft_consensus.cc:2243] T 0ed36f6d166146699002abade9f1ffd3 P 92fed26f93ef487b95385e8103cb7d78 [term 1 FOLLOWER]: Raft consensus shutting down.
I20260601 13:32:35.153425 15901 raft_consensus.cc:2272] T 0ed36f6d166146699002abade9f1ffd3 P 92fed26f93ef487b95385e8103cb7d78 [term 1 FOLLOWER]: Raft consensus is shut down!
I20260601 13:32:35.251881 15901 tablet_server.cc:196] TabletServer@127.15.135.65:0 shutdown complete.
I20260601 13:32:35.254706 15901 tablet_server.cc:179] TabletServer@127.15.135.66:0 shutting down...
I20260601 13:32:35.258782 15901 ts_tablet_manager.cc:1507] Shutting down tablet manager...
I20260601 13:32:35.271313 15901 tablet_server.cc:196] TabletServer@127.15.135.66:0 shutdown complete.
I20260601 13:32:35.273842 15901 tablet_server.cc:179] TabletServer@127.15.135.67:0 shutting down...
I20260601 13:32:35.278291 15901 ts_tablet_manager.cc:1507] Shutting down tablet manager...
I20260601 13:32:35.278523 15901 tablet_replica.cc:333] T 0ed36f6d166146699002abade9f1ffd3 P 4c4f574f3bd444d6b38c3efff177e91b: stopping tablet replica
I20260601 13:32:35.278664 15901 raft_consensus.cc:2243] T 0ed36f6d166146699002abade9f1ffd3 P 4c4f574f3bd444d6b38c3efff177e91b [term 1 LEADER]: Raft consensus shutting down.
I20260601 13:32:35.278908 15901 raft_consensus.cc:2272] T 0ed36f6d166146699002abade9f1ffd3 P 4c4f574f3bd444d6b38c3efff177e91b [term 1 FOLLOWER]: Raft consensus is shut down!
I20260601 13:32:35.292233 15901 tablet_server.cc:196] TabletServer@127.15.135.67:0 shutdown complete.
I20260601 13:32:35.294931 15901 tablet_server.cc:179] TabletServer@127.15.135.68:0 shutting down...
I20260601 13:32:35.299165 15901 ts_tablet_manager.cc:1507] Shutting down tablet manager...
I20260601 13:32:35.299453 15901 tablet_replica.cc:333] T 0ed36f6d166146699002abade9f1ffd3 P 57dd9d33717b4d4f9bf38d6a0f678765: stopping tablet replica
I20260601 13:32:35.299595 15901 raft_consensus.cc:2243] T 0ed36f6d166146699002abade9f1ffd3 P 57dd9d33717b4d4f9bf38d6a0f678765 [term 1 FOLLOWER]: Raft consensus shutting down.
I20260601 13:32:35.299734 15901 raft_consensus.cc:2272] T 0ed36f6d166146699002abade9f1ffd3 P 57dd9d33717b4d4f9bf38d6a0f678765 [term 1 FOLLOWER]: Raft consensus is shut down!
I20260601 13:32:35.312857 15901 tablet_server.cc:196] TabletServer@127.15.135.68:0 shutdown complete.
I20260601 13:32:35.315871 15901 master.cc:562] Master@127.15.135.126:35475 shutting down...
I20260601 13:32:35.319840 15901 raft_consensus.cc:2243] T 00000000000000000000000000000000 P 404ea4fe0f124e4ca992f6e90150c7b7 [term 1 LEADER]: Raft consensus shutting down.
I20260601 13:32:35.320075 15901 raft_consensus.cc:2272] T 00000000000000000000000000000000 P 404ea4fe0f124e4ca992f6e90150c7b7 [term 1 FOLLOWER]: Raft consensus is shut down!
I20260601 13:32:35.320164 15901 tablet_replica.cc:333] T 00000000000000000000000000000000 P 404ea4fe0f124e4ca992f6e90150c7b7: stopping tablet replica
I20260601 13:32:35.333076 15901 master.cc:584] Master@127.15.135.126:35475 shutdown complete.
[       OK ] AutoRebalancerTest.NoReplicaMovesIfLocationLoadSkewedByOne (12593 ms)
[ RUN      ] AutoRebalancerTest.NoReplicaMovesIfCannotFixPlacementPolicy
I20260601 13:32:35.340562 15901 internal_mini_cluster.cc:156] Creating distributed mini masters. Addrs: 127.15.135.126:39747
I20260601 13:32:35.341001 15901 file_cache.cc:492] Constructed file cache file cache with capacity 419430
W20260601 13:32:35.343359 19861 instance_detector.cc:116] could not retrieve Azure instance metadata: Network error: curl error: HTTP response code said error: The requested URL returned error: 404
W20260601 13:32:35.343364 19863 instance_detector.cc:116] could not retrieve OpenStack instance metadata: Network error: curl error: HTTP response code said error: The requested URL returned error: 404
W20260601 13:32:35.343478 19860 instance_detector.cc:116] could not retrieve AWS instance metadata: Network error: curl error: HTTP response code said error: The requested URL returned error: 404
I20260601 13:32:35.343591 15901 server_base.cc:1061] running on GCE node
I20260601 13:32:35.343901 15901 hybrid_clock.cc:584] initializing the hybrid clock with 'system_unsync' time source
W20260601 13:32:35.343987 15901 system_unsync_time.cc:38] NTP support is disabled. Clock error bounds will not be accurate. This configuration is not suitable for distributed clusters.
I20260601 13:32:35.344008 15901 hybrid_clock.cc:648] HybridClock initialized: now 1780320755344007 us; error 0 us; skew 500 ppm
I20260601 13:32:35.344985 15901 webserver.cc:533] Webserver started at http://127.15.135.126:44957/ using document root <none> and password file <none>
I20260601 13:32:35.345175 15901 fs_manager.cc:362] Metadata directory not provided
I20260601 13:32:35.345234 15901 fs_manager.cc:368] Using write-ahead log directory (fs_wal_dir) as metadata directory
I20260601 13:32:35.345427 15901 server_base.cc:909] This appears to be a new deployment of Kudu; creating new FS layout
I20260601 13:32:35.345942 15901 fs_manager.cc:1068] Generated new instance metadata in path /tmp/dist-test-taskEtXvid/test-tmp/auto_rebalancer-test.0.AutoRebalancerTest.NoReplicaMovesIfCannotFixPlacementPolicy.1780320666255837-15901-0/minicluster-data/master-0-root/instance:
uuid: "ba6b8b4957954eb98f85e3e7f195f971"
format_stamp: "Formatted at 2026-06-01 13:32:35 on dist-test-slave-wkt0"
I20260601 13:32:35.347851 15901 fs_manager.cc:696] Time spent creating directory manager: real 0.002s	user 0.003s	sys 0.000s
I20260601 13:32:35.349036 19868 log_block_manager.cc:4031] Time spent loading block containers with low live blocks: real 0.000s	user 0.000s	sys 0.000s
I20260601 13:32:35.349326 15901 fs_manager.cc:730] Time spent opening block manager: real 0.001s	user 0.001s	sys 0.000s
I20260601 13:32:35.349398 15901 fs_manager.cc:647] Opened local filesystem: /tmp/dist-test-taskEtXvid/test-tmp/auto_rebalancer-test.0.AutoRebalancerTest.NoReplicaMovesIfCannotFixPlacementPolicy.1780320666255837-15901-0/minicluster-data/master-0-root
uuid: "ba6b8b4957954eb98f85e3e7f195f971"
format_stamp: "Formatted at 2026-06-01 13:32:35 on dist-test-slave-wkt0"
I20260601 13:32:35.349484 15901 fs_report.cc:389] FS layout report
--------------------
wal directory: /tmp/dist-test-taskEtXvid/test-tmp/auto_rebalancer-test.0.AutoRebalancerTest.NoReplicaMovesIfCannotFixPlacementPolicy.1780320666255837-15901-0/minicluster-data/master-0-root
metadata directory: /tmp/dist-test-taskEtXvid/test-tmp/auto_rebalancer-test.0.AutoRebalancerTest.NoReplicaMovesIfCannotFixPlacementPolicy.1780320666255837-15901-0/minicluster-data/master-0-root
1 data directories: /tmp/dist-test-taskEtXvid/test-tmp/auto_rebalancer-test.0.AutoRebalancerTest.NoReplicaMovesIfCannotFixPlacementPolicy.1780320666255837-15901-0/minicluster-data/master-0-root/data
Total live blocks: 0
Total live bytes: 0
Total live bytes (after alignment): 0
Total number of LBM containers: 0 (0 full)
Did not check for missing blocks
Did not check for orphaned blocks
Total full LBM containers with extra space: 0 (0 repaired)
Total full LBM container extra space in bytes: 0 (0 repaired)
Total incomplete LBM containers: 0 (0 repaired)
Total LBM partial records: 0 (0 repaired)
Total corrupted LBM metadata records in RocksDB: 0 (0 repaired)
I20260601 13:32:35.354070 15901 rpc_server.cc:225] running with OpenSSL 1.1.1  11 Sep 2018
I20260601 13:32:35.354497 15901 kserver.cc:163] Server-wide thread pool size limit: 3276
I20260601 13:32:35.360143 15901 rpc_server.cc:307] RPC server started. Bound to: 127.15.135.126:39747
I20260601 13:32:35.362934 19920 acceptor_pool.cc:272] collecting diagnostics on the listening RPC socket 127.15.135.126:39747 every 8 connection(s)
I20260601 13:32:35.363539 19921 data_dirs.cc:400] Could only allocate 1 dirs of requested 3 for tablet 00000000000000000000000000000000. 1 dirs total, 0 dirs full, 0 dirs failed
I20260601 13:32:35.365773 19921 tablet_bootstrap.cc:492] T 00000000000000000000000000000000 P ba6b8b4957954eb98f85e3e7f195f971: Bootstrap starting.
I20260601 13:32:35.366745 19921 tablet_bootstrap.cc:654] T 00000000000000000000000000000000 P ba6b8b4957954eb98f85e3e7f195f971: Neither blocks nor log segments found. Creating new log.
I20260601 13:32:35.367888 19921 tablet_bootstrap.cc:492] T 00000000000000000000000000000000 P ba6b8b4957954eb98f85e3e7f195f971: No bootstrap required, opened a new log
I20260601 13:32:35.368335 19921 raft_consensus.cc:359] T 00000000000000000000000000000000 P ba6b8b4957954eb98f85e3e7f195f971 [term 0 FOLLOWER]: Replica starting. Triggering 0 pending ops. Active config: opid_index: -1 OBSOLETE_local: true peers { permanent_uuid: "ba6b8b4957954eb98f85e3e7f195f971" member_type: VOTER }
I20260601 13:32:35.368436 19921 raft_consensus.cc:385] T 00000000000000000000000000000000 P ba6b8b4957954eb98f85e3e7f195f971 [term 0 FOLLOWER]: Consensus starting up: Expiring failure detector timer to make a prompt election more likely
I20260601 13:32:35.368458 19921 raft_consensus.cc:740] T 00000000000000000000000000000000 P ba6b8b4957954eb98f85e3e7f195f971 [term 0 FOLLOWER]: Becoming Follower/Learner. State: Replica: ba6b8b4957954eb98f85e3e7f195f971, State: Initialized, Role: FOLLOWER
I20260601 13:32:35.368598 19921 consensus_queue.cc:260] T 00000000000000000000000000000000 P ba6b8b4957954eb98f85e3e7f195f971 [NON_LEADER]: Queue going to NON_LEADER mode. State: All replicated index: 0, Majority replicated index: 0, Committed index: 0, Last appended: 0.0, Last appended by leader: 0, Current term: 0, Majority size: -1, State: 0, Mode: NON_LEADER, active raft config: opid_index: -1 OBSOLETE_local: true peers { permanent_uuid: "ba6b8b4957954eb98f85e3e7f195f971" member_type: VOTER }
I20260601 13:32:35.368678 19921 raft_consensus.cc:399] T 00000000000000000000000000000000 P ba6b8b4957954eb98f85e3e7f195f971 [term 0 FOLLOWER]: Only one voter in the Raft config. Triggering election immediately
I20260601 13:32:35.368702 19921 raft_consensus.cc:493] T 00000000000000000000000000000000 P ba6b8b4957954eb98f85e3e7f195f971 [term 0 FOLLOWER]: Starting leader election (initial election of a single-replica configuration)
I20260601 13:32:35.368749 19921 raft_consensus.cc:3060] T 00000000000000000000000000000000 P ba6b8b4957954eb98f85e3e7f195f971 [term 0 FOLLOWER]: Advancing to term 1
I20260601 13:32:35.369501 19921 raft_consensus.cc:515] T 00000000000000000000000000000000 P ba6b8b4957954eb98f85e3e7f195f971 [term 1 FOLLOWER]: Starting leader election with config: opid_index: -1 OBSOLETE_local: true peers { permanent_uuid: "ba6b8b4957954eb98f85e3e7f195f971" member_type: VOTER }
I20260601 13:32:35.369635 19921 leader_election.cc:304] T 00000000000000000000000000000000 P ba6b8b4957954eb98f85e3e7f195f971 [CANDIDATE]: Term 1 election: Election decided. Result: candidate won. Election summary: received 1 responses out of 1 voters: 1 yes votes; 0 no votes. yes voters: ba6b8b4957954eb98f85e3e7f195f971; no voters: 
I20260601 13:32:35.369846 19921 leader_election.cc:290] T 00000000000000000000000000000000 P ba6b8b4957954eb98f85e3e7f195f971 [CANDIDATE]: Term 1 election: Requested vote from peers 
I20260601 13:32:35.369995 19924 raft_consensus.cc:2804] T 00000000000000000000000000000000 P ba6b8b4957954eb98f85e3e7f195f971 [term 1 FOLLOWER]: Leader election won for term 1
I20260601 13:32:35.370218 19924 raft_consensus.cc:697] T 00000000000000000000000000000000 P ba6b8b4957954eb98f85e3e7f195f971 [term 1 LEADER]: Becoming Leader. State: Replica: ba6b8b4957954eb98f85e3e7f195f971, State: Running, Role: LEADER
I20260601 13:32:35.370343 19921 sys_catalog.cc:565] T 00000000000000000000000000000000 P ba6b8b4957954eb98f85e3e7f195f971 [sys.catalog]: configured and running, proceeding with master startup.
I20260601 13:32:35.370352 19924 consensus_queue.cc:237] T 00000000000000000000000000000000 P ba6b8b4957954eb98f85e3e7f195f971 [LEADER]: Queue going to LEADER mode. State: All replicated index: 0, Majority replicated index: 0, Committed index: 0, Last appended: 0.0, Last appended by leader: 0, Current term: 1, Majority size: 1, State: 0, Mode: LEADER, active raft config: opid_index: -1 OBSOLETE_local: true peers { permanent_uuid: "ba6b8b4957954eb98f85e3e7f195f971" member_type: VOTER }
I20260601 13:32:35.370832 19925 sys_catalog.cc:455] T 00000000000000000000000000000000 P ba6b8b4957954eb98f85e3e7f195f971 [sys.catalog]: SysCatalogTable state changed. Reason: RaftConsensus started. Latest consensus state: current_term: 1 leader_uuid: "ba6b8b4957954eb98f85e3e7f195f971" committed_config { opid_index: -1 OBSOLETE_local: true peers { permanent_uuid: "ba6b8b4957954eb98f85e3e7f195f971" member_type: VOTER } }
I20260601 13:32:35.370854 19926 sys_catalog.cc:455] T 00000000000000000000000000000000 P ba6b8b4957954eb98f85e3e7f195f971 [sys.catalog]: SysCatalogTable state changed. Reason: New leader ba6b8b4957954eb98f85e3e7f195f971. Latest consensus state: current_term: 1 leader_uuid: "ba6b8b4957954eb98f85e3e7f195f971" committed_config { opid_index: -1 OBSOLETE_local: true peers { permanent_uuid: "ba6b8b4957954eb98f85e3e7f195f971" member_type: VOTER } }
I20260601 13:32:35.370927 19925 sys_catalog.cc:458] T 00000000000000000000000000000000 P ba6b8b4957954eb98f85e3e7f195f971 [sys.catalog]: This master's current role is: LEADER
I20260601 13:32:35.370939 19926 sys_catalog.cc:458] T 00000000000000000000000000000000 P ba6b8b4957954eb98f85e3e7f195f971 [sys.catalog]: This master's current role is: LEADER
I20260601 13:32:35.371573 19929 catalog_manager.cc:1510] Loading table and tablet metadata into memory...
I20260601 13:32:35.372622 19929 catalog_manager.cc:1519] Initializing Kudu cluster ID...
I20260601 13:32:35.372818 15901 internal_mini_cluster.cc:184] Waiting to initialize catalog manager on master 0
I20260601 13:32:35.374688 19929 catalog_manager.cc:1382] Generated new cluster ID: bbda5f5d804043069bf42f397e1cfa93
I20260601 13:32:35.374745 19929 catalog_manager.cc:1530] Initializing Kudu internal certificate authority...
I20260601 13:32:35.388712 19929 catalog_manager.cc:1405] Generated new certificate authority record
I20260601 13:32:35.389401 19929 catalog_manager.cc:1539] Loading token signing keys...
I20260601 13:32:35.394631 19929 catalog_manager.cc:6069] T 00000000000000000000000000000000 P ba6b8b4957954eb98f85e3e7f195f971: Generated new TSK 0
I20260601 13:32:35.394831 19929 catalog_manager.cc:1549] Initializing in-progress tserver states...
I20260601 13:32:35.405278 15901 file_cache.cc:492] Constructed file cache file cache with capacity 419430
I20260601 13:32:35.407653 15901 server_base.cc:1061] running on GCE node
W20260601 13:32:35.407703 19945 instance_detector.cc:116] could not retrieve OpenStack instance metadata: Network error: curl error: HTTP response code said error: The requested URL returned error: 404
W20260601 13:32:35.407663 19942 instance_detector.cc:116] could not retrieve AWS instance metadata: Network error: curl error: HTTP response code said error: The requested URL returned error: 404
W20260601 13:32:35.407768 19943 instance_detector.cc:116] could not retrieve Azure instance metadata: Network error: curl error: HTTP response code said error: The requested URL returned error: 404
I20260601 13:32:35.408093 15901 hybrid_clock.cc:584] initializing the hybrid clock with 'system_unsync' time source
W20260601 13:32:35.408172 15901 system_unsync_time.cc:38] NTP support is disabled. Clock error bounds will not be accurate. This configuration is not suitable for distributed clusters.
I20260601 13:32:35.408206 15901 hybrid_clock.cc:648] HybridClock initialized: now 1780320755408205 us; error 0 us; skew 500 ppm
I20260601 13:32:35.409165 15901 webserver.cc:533] Webserver started at http://127.15.135.65:34561/ using document root <none> and password file <none>
I20260601 13:32:35.409425 15901 fs_manager.cc:362] Metadata directory not provided
I20260601 13:32:35.409497 15901 fs_manager.cc:368] Using write-ahead log directory (fs_wal_dir) as metadata directory
I20260601 13:32:35.409581 15901 server_base.cc:909] This appears to be a new deployment of Kudu; creating new FS layout
I20260601 13:32:35.410032 15901 fs_manager.cc:1068] Generated new instance metadata in path /tmp/dist-test-taskEtXvid/test-tmp/auto_rebalancer-test.0.AutoRebalancerTest.NoReplicaMovesIfCannotFixPlacementPolicy.1780320666255837-15901-0/minicluster-data/ts-0-root/instance:
uuid: "4c1f0106073640198c34d60a31481345"
format_stamp: "Formatted at 2026-06-01 13:32:35 on dist-test-slave-wkt0"
I20260601 13:32:35.411692 15901 fs_manager.cc:696] Time spent creating directory manager: real 0.001s	user 0.002s	sys 0.000s
I20260601 13:32:35.412705 19950 log_block_manager.cc:4031] Time spent loading block containers with low live blocks: real 0.000s	user 0.000s	sys 0.000s
I20260601 13:32:35.412950 15901 fs_manager.cc:730] Time spent opening block manager: real 0.001s	user 0.001s	sys 0.000s
I20260601 13:32:35.413017 15901 fs_manager.cc:647] Opened local filesystem: /tmp/dist-test-taskEtXvid/test-tmp/auto_rebalancer-test.0.AutoRebalancerTest.NoReplicaMovesIfCannotFixPlacementPolicy.1780320666255837-15901-0/minicluster-data/ts-0-root
uuid: "4c1f0106073640198c34d60a31481345"
format_stamp: "Formatted at 2026-06-01 13:32:35 on dist-test-slave-wkt0"
I20260601 13:32:35.413094 15901 fs_report.cc:389] FS layout report
--------------------
wal directory: /tmp/dist-test-taskEtXvid/test-tmp/auto_rebalancer-test.0.AutoRebalancerTest.NoReplicaMovesIfCannotFixPlacementPolicy.1780320666255837-15901-0/minicluster-data/ts-0-root
metadata directory: /tmp/dist-test-taskEtXvid/test-tmp/auto_rebalancer-test.0.AutoRebalancerTest.NoReplicaMovesIfCannotFixPlacementPolicy.1780320666255837-15901-0/minicluster-data/ts-0-root
1 data directories: /tmp/dist-test-taskEtXvid/test-tmp/auto_rebalancer-test.0.AutoRebalancerTest.NoReplicaMovesIfCannotFixPlacementPolicy.1780320666255837-15901-0/minicluster-data/ts-0-root/data
Total live blocks: 0
Total live bytes: 0
Total live bytes (after alignment): 0
Total number of LBM containers: 0 (0 full)
Did not check for missing blocks
Did not check for orphaned blocks
Total full LBM containers with extra space: 0 (0 repaired)
Total full LBM container extra space in bytes: 0 (0 repaired)
Total incomplete LBM containers: 0 (0 repaired)
Total LBM partial records: 0 (0 repaired)
Total corrupted LBM metadata records in RocksDB: 0 (0 repaired)
I20260601 13:32:35.427749 15901 rpc_server.cc:225] running with OpenSSL 1.1.1  11 Sep 2018
I20260601 13:32:35.428299 15901 kserver.cc:163] Server-wide thread pool size limit: 3276
I20260601 13:32:35.428655 15901 txn_system_client.cc:432] TxnSystemClient initialization is disabled...
I20260601 13:32:35.429235 15901 ts_tablet_manager.cc:585] Loaded tablet metadata (0 total tablets, 0 live tablets)
I20260601 13:32:35.429277 15901 ts_tablet_manager.cc:531] Time spent load tablet metadata: real 0.000s	user 0.000s	sys 0.000s
I20260601 13:32:35.429327 15901 ts_tablet_manager.cc:616] Registered 0 tablets
I20260601 13:32:35.429355 15901 ts_tablet_manager.cc:595] Time spent register tablets: real 0.000s	user 0.000s	sys 0.000s
I20260601 13:32:35.434159 15901 rpc_server.cc:307] RPC server started. Bound to: 127.15.135.65:44213
I20260601 13:32:35.434182 20013 acceptor_pool.cc:272] collecting diagnostics on the listening RPC socket 127.15.135.65:44213 every 8 connection(s)
I20260601 13:32:35.435143 15901 file_cache.cc:492] Constructed file cache file cache with capacity 419430
W20260601 13:32:35.437245 20019 instance_detector.cc:116] could not retrieve Azure instance metadata: Network error: curl error: HTTP response code said error: The requested URL returned error: 404
I20260601 13:32:35.437315 15901 server_base.cc:1061] running on GCE node
W20260601 13:32:35.437258 20018 instance_detector.cc:116] could not retrieve AWS instance metadata: Network error: curl error: HTTP response code said error: The requested URL returned error: 404
W20260601 13:32:35.437433 20021 instance_detector.cc:116] could not retrieve OpenStack instance metadata: Network error: curl error: HTTP response code said error: The requested URL returned error: 404
I20260601 13:32:35.437731 15901 hybrid_clock.cc:584] initializing the hybrid clock with 'system_unsync' time source
W20260601 13:32:35.437801 15901 system_unsync_time.cc:38] NTP support is disabled. Clock error bounds will not be accurate. This configuration is not suitable for distributed clusters.
I20260601 13:32:35.437824 15901 hybrid_clock.cc:648] HybridClock initialized: now 1780320755437823 us; error 0 us; skew 500 ppm
I20260601 13:32:35.438915 15901 webserver.cc:533] Webserver started at http://127.15.135.66:41985/ using document root <none> and password file <none>
I20260601 13:32:35.439100 15901 fs_manager.cc:362] Metadata directory not provided
I20260601 13:32:35.439149 15901 fs_manager.cc:368] Using write-ahead log directory (fs_wal_dir) as metadata directory
I20260601 13:32:35.439220 15901 server_base.cc:909] This appears to be a new deployment of Kudu; creating new FS layout
I20260601 13:32:35.439745 15901 fs_manager.cc:1068] Generated new instance metadata in path /tmp/dist-test-taskEtXvid/test-tmp/auto_rebalancer-test.0.AutoRebalancerTest.NoReplicaMovesIfCannotFixPlacementPolicy.1780320666255837-15901-0/minicluster-data/ts-1-root/instance:
uuid: "c0e2623585ef469ea0ef24b11d404eb8"
format_stamp: "Formatted at 2026-06-01 13:32:35 on dist-test-slave-wkt0"
I20260601 13:32:35.441421 15901 fs_manager.cc:696] Time spent creating directory manager: real 0.001s	user 0.002s	sys 0.000s
I20260601 13:32:35.442545 20026 log_block_manager.cc:4031] Time spent loading block containers with low live blocks: real 0.000s	user 0.000s	sys 0.000s
I20260601 13:32:35.442890 15901 fs_manager.cc:730] Time spent opening block manager: real 0.001s	user 0.001s	sys 0.000s
I20260601 13:32:35.442970 15901 fs_manager.cc:647] Opened local filesystem: /tmp/dist-test-taskEtXvid/test-tmp/auto_rebalancer-test.0.AutoRebalancerTest.NoReplicaMovesIfCannotFixPlacementPolicy.1780320666255837-15901-0/minicluster-data/ts-1-root
uuid: "c0e2623585ef469ea0ef24b11d404eb8"
format_stamp: "Formatted at 2026-06-01 13:32:35 on dist-test-slave-wkt0"
I20260601 13:32:35.443058 15901 fs_report.cc:389] FS layout report
--------------------
wal directory: /tmp/dist-test-taskEtXvid/test-tmp/auto_rebalancer-test.0.AutoRebalancerTest.NoReplicaMovesIfCannotFixPlacementPolicy.1780320666255837-15901-0/minicluster-data/ts-1-root
metadata directory: /tmp/dist-test-taskEtXvid/test-tmp/auto_rebalancer-test.0.AutoRebalancerTest.NoReplicaMovesIfCannotFixPlacementPolicy.1780320666255837-15901-0/minicluster-data/ts-1-root
1 data directories: /tmp/dist-test-taskEtXvid/test-tmp/auto_rebalancer-test.0.AutoRebalancerTest.NoReplicaMovesIfCannotFixPlacementPolicy.1780320666255837-15901-0/minicluster-data/ts-1-root/data
Total live blocks: 0
Total live bytes: 0
Total live bytes (after alignment): 0
Total number of LBM containers: 0 (0 full)
Did not check for missing blocks
Did not check for orphaned blocks
Total full LBM containers with extra space: 0 (0 repaired)
Total full LBM container extra space in bytes: 0 (0 repaired)
Total incomplete LBM containers: 0 (0 repaired)
Total LBM partial records: 0 (0 repaired)
Total corrupted LBM metadata records in RocksDB: 0 (0 repaired)
I20260601 13:32:35.443836 20014 heartbeater.cc:344] Connected to a master server at 127.15.135.126:39747
I20260601 13:32:35.443957 20014 heartbeater.cc:461] Registering TS with master...
I20260601 13:32:35.444264 20014 heartbeater.cc:507] Master 127.15.135.126:39747 requested a full tablet report, sending...
I20260601 13:32:35.445015 19881 ts_manager.cc:194] Registered new tserver with Master: 4c1f0106073640198c34d60a31481345 (127.15.135.65:44213)
I20260601 13:32:35.446097 19881 master_service.cc:502] Signed X509 certificate for tserver {username='slave'} at 127.0.0.1:48428
I20260601 13:32:35.457228 15901 rpc_server.cc:225] running with OpenSSL 1.1.1  11 Sep 2018
I20260601 13:32:35.457751 15901 kserver.cc:163] Server-wide thread pool size limit: 3276
I20260601 13:32:35.458078 15901 txn_system_client.cc:432] TxnSystemClient initialization is disabled...
I20260601 13:32:35.458607 15901 ts_tablet_manager.cc:585] Loaded tablet metadata (0 total tablets, 0 live tablets)
I20260601 13:32:35.458645 15901 ts_tablet_manager.cc:531] Time spent load tablet metadata: real 0.000s	user 0.000s	sys 0.000s
I20260601 13:32:35.458679 15901 ts_tablet_manager.cc:616] Registered 0 tablets
I20260601 13:32:35.458699 15901 ts_tablet_manager.cc:595] Time spent register tablets: real 0.000s	user 0.000s	sys 0.000s
I20260601 13:32:35.463492 15901 rpc_server.cc:307] RPC server started. Bound to: 127.15.135.66:38707
I20260601 13:32:35.463550 20089 acceptor_pool.cc:272] collecting diagnostics on the listening RPC socket 127.15.135.66:38707 every 8 connection(s)
I20260601 13:32:35.464633 15901 file_cache.cc:492] Constructed file cache file cache with capacity 419430
W20260601 13:32:35.466917 20094 instance_detector.cc:116] could not retrieve Azure instance metadata: Network error: curl error: HTTP response code said error: The requested URL returned error: 404
W20260601 13:32:35.466982 20093 instance_detector.cc:116] could not retrieve AWS instance metadata: Network error: curl error: HTTP response code said error: The requested URL returned error: 404
W20260601 13:32:35.467177 20096 instance_detector.cc:116] could not retrieve OpenStack instance metadata: Network error: curl error: HTTP response code said error: The requested URL returned error: 404
I20260601 13:32:35.467312 15901 server_base.cc:1061] running on GCE node
I20260601 13:32:35.467499 15901 hybrid_clock.cc:584] initializing the hybrid clock with 'system_unsync' time source
W20260601 13:32:35.467535 15901 system_unsync_time.cc:38] NTP support is disabled. Clock error bounds will not be accurate. This configuration is not suitable for distributed clusters.
I20260601 13:32:35.467551 15901 hybrid_clock.cc:648] HybridClock initialized: now 1780320755467551 us; error 0 us; skew 500 ppm
I20260601 13:32:35.468753 15901 webserver.cc:533] Webserver started at http://127.15.135.67:41683/ using document root <none> and password file <none>
I20260601 13:32:35.468962 15901 fs_manager.cc:362] Metadata directory not provided
I20260601 13:32:35.469030 15901 fs_manager.cc:368] Using write-ahead log directory (fs_wal_dir) as metadata directory
I20260601 13:32:35.469108 15901 server_base.cc:909] This appears to be a new deployment of Kudu; creating new FS layout
I20260601 13:32:35.469340 20090 heartbeater.cc:344] Connected to a master server at 127.15.135.126:39747
I20260601 13:32:35.469461 20090 heartbeater.cc:461] Registering TS with master...
I20260601 13:32:35.469609 15901 fs_manager.cc:1068] Generated new instance metadata in path /tmp/dist-test-taskEtXvid/test-tmp/auto_rebalancer-test.0.AutoRebalancerTest.NoReplicaMovesIfCannotFixPlacementPolicy.1780320666255837-15901-0/minicluster-data/ts-2-root/instance:
uuid: "114c640d18934a1cb5b6815f751d93a1"
format_stamp: "Formatted at 2026-06-01 13:32:35 on dist-test-slave-wkt0"
I20260601 13:32:35.469762 20090 heartbeater.cc:507] Master 127.15.135.126:39747 requested a full tablet report, sending...
I20260601 13:32:35.470474 19881 ts_manager.cc:194] Registered new tserver with Master: c0e2623585ef469ea0ef24b11d404eb8 (127.15.135.66:38707)
I20260601 13:32:35.471115 19881 master_service.cc:502] Signed X509 certificate for tserver {username='slave'} at 127.0.0.1:48440
I20260601 13:32:35.471369 15901 fs_manager.cc:696] Time spent creating directory manager: real 0.002s	user 0.002s	sys 0.000s
I20260601 13:32:35.472599 20101 log_block_manager.cc:4031] Time spent loading block containers with low live blocks: real 0.000s	user 0.000s	sys 0.000s
I20260601 13:32:35.472893 15901 fs_manager.cc:730] Time spent opening block manager: real 0.001s	user 0.001s	sys 0.000s
I20260601 13:32:35.472970 15901 fs_manager.cc:647] Opened local filesystem: /tmp/dist-test-taskEtXvid/test-tmp/auto_rebalancer-test.0.AutoRebalancerTest.NoReplicaMovesIfCannotFixPlacementPolicy.1780320666255837-15901-0/minicluster-data/ts-2-root
uuid: "114c640d18934a1cb5b6815f751d93a1"
format_stamp: "Formatted at 2026-06-01 13:32:35 on dist-test-slave-wkt0"
I20260601 13:32:35.473043 15901 fs_report.cc:389] FS layout report
--------------------
wal directory: /tmp/dist-test-taskEtXvid/test-tmp/auto_rebalancer-test.0.AutoRebalancerTest.NoReplicaMovesIfCannotFixPlacementPolicy.1780320666255837-15901-0/minicluster-data/ts-2-root
metadata directory: /tmp/dist-test-taskEtXvid/test-tmp/auto_rebalancer-test.0.AutoRebalancerTest.NoReplicaMovesIfCannotFixPlacementPolicy.1780320666255837-15901-0/minicluster-data/ts-2-root
1 data directories: /tmp/dist-test-taskEtXvid/test-tmp/auto_rebalancer-test.0.AutoRebalancerTest.NoReplicaMovesIfCannotFixPlacementPolicy.1780320666255837-15901-0/minicluster-data/ts-2-root/data
Total live blocks: 0
Total live bytes: 0
Total live bytes (after alignment): 0
Total number of LBM containers: 0 (0 full)
Did not check for missing blocks
Did not check for orphaned blocks
Total full LBM containers with extra space: 0 (0 repaired)
Total full LBM container extra space in bytes: 0 (0 repaired)
Total incomplete LBM containers: 0 (0 repaired)
Total LBM partial records: 0 (0 repaired)
Total corrupted LBM metadata records in RocksDB: 0 (0 repaired)
I20260601 13:32:35.498562 15901 rpc_server.cc:225] running with OpenSSL 1.1.1  11 Sep 2018
I20260601 13:32:35.499089 15901 kserver.cc:163] Server-wide thread pool size limit: 3276
I20260601 13:32:35.499456 15901 txn_system_client.cc:432] TxnSystemClient initialization is disabled...
I20260601 13:32:35.500072 15901 ts_tablet_manager.cc:585] Loaded tablet metadata (0 total tablets, 0 live tablets)
I20260601 13:32:35.500115 15901 ts_tablet_manager.cc:531] Time spent load tablet metadata: real 0.000s	user 0.000s	sys 0.000s
I20260601 13:32:35.500154 15901 ts_tablet_manager.cc:616] Registered 0 tablets
I20260601 13:32:35.500182 15901 ts_tablet_manager.cc:595] Time spent register tablets: real 0.000s	user 0.000s	sys 0.000s
I20260601 13:32:35.505497 15901 rpc_server.cc:307] RPC server started. Bound to: 127.15.135.67:43479
I20260601 13:32:35.505560 20164 acceptor_pool.cc:272] collecting diagnostics on the listening RPC socket 127.15.135.67:43479 every 8 connection(s)
I20260601 13:32:35.510758 20165 heartbeater.cc:344] Connected to a master server at 127.15.135.126:39747
I20260601 13:32:35.510898 20165 heartbeater.cc:461] Registering TS with master...
I20260601 13:32:35.511181 20165 heartbeater.cc:507] Master 127.15.135.126:39747 requested a full tablet report, sending...
I20260601 13:32:35.511900 19881 ts_manager.cc:194] Registered new tserver with Master: 114c640d18934a1cb5b6815f751d93a1 (127.15.135.67:43479)
I20260601 13:32:35.512499 19881 master_service.cc:502] Signed X509 certificate for tserver {username='slave'} at 127.0.0.1:48446
I20260601 13:32:35.512722 15901 internal_mini_cluster.cc:371] 3 TS(s) registered with all masters after 0.006741427s
I20260601 13:32:36.447156 20014 heartbeater.cc:499] Master 127.15.135.126:39747 was elected leader, sending a full tablet report...
I20260601 13:32:36.472290 20090 heartbeater.cc:499] Master 127.15.135.126:39747 was elected leader, sending a full tablet report...
I20260601 13:32:36.513554 20165 heartbeater.cc:499] Master 127.15.135.126:39747 was elected leader, sending a full tablet report...
I20260601 13:32:36.553679 19881 catalog_manager.cc:2282] Servicing CreateTable request from {username='slave'} at 127.0.0.1:48476:
name: "test-workload"
schema {
  columns {
    name: "key"
    type: INT32
    is_key: true
    is_nullable: false
    encoding: AUTO_ENCODING
    compression: DEFAULT_COMPRESSION
    cfile_block_size: 0
    immutable: false
  }
  columns {
    name: "int_val"
    type: INT32
    is_key: false
    is_nullable: false
    encoding: AUTO_ENCODING
    compression: DEFAULT_COMPRESSION
    cfile_block_size: 0
    immutable: false
  }
  columns {
    name: "string_val"
    type: STRING
    is_key: false
    is_nullable: true
    encoding: AUTO_ENCODING
    compression: DEFAULT_COMPRESSION
    cfile_block_size: 0
    immutable: false
  }
}
num_replicas: 3
split_rows_range_bounds {
}
partition_schema {
  range_schema {
    columns {
      name: "key"
    }
  }
}
W20260601 13:32:36.554276 19881 catalog_manager.cc:7076] The number of live tablet servers is not enough to re-replicate a tablet replica of the newly created table test-workload in case of a server failure: 4 tablet servers would be needed, 3 are available. Consider bringing up more tablet servers.
I20260601 13:32:36.564837 20129 tablet_service.cc:1511] Processing CreateTablet for tablet 4e688fe7b1e24ae1ae056e0d50021b9b (DEFAULT_TABLE table=test-workload [id=74e9e28ad4ec4bc0baa1b0499687935c]), partition=RANGE (key) PARTITION UNBOUNDED
I20260601 13:32:36.565128 20054 tablet_service.cc:1511] Processing CreateTablet for tablet 4e688fe7b1e24ae1ae056e0d50021b9b (DEFAULT_TABLE table=test-workload [id=74e9e28ad4ec4bc0baa1b0499687935c]), partition=RANGE (key) PARTITION UNBOUNDED
I20260601 13:32:36.565219 20129 data_dirs.cc:400] Could only allocate 1 dirs of requested 3 for tablet 4e688fe7b1e24ae1ae056e0d50021b9b. 1 dirs total, 0 dirs full, 0 dirs failed
I20260601 13:32:36.565402 20054 data_dirs.cc:400] Could only allocate 1 dirs of requested 3 for tablet 4e688fe7b1e24ae1ae056e0d50021b9b. 1 dirs total, 0 dirs full, 0 dirs failed
I20260601 13:32:36.567688 20186 tablet_bootstrap.cc:492] T 4e688fe7b1e24ae1ae056e0d50021b9b P 114c640d18934a1cb5b6815f751d93a1: Bootstrap starting.
I20260601 13:32:36.568177 19978 tablet_service.cc:1511] Processing CreateTablet for tablet 4e688fe7b1e24ae1ae056e0d50021b9b (DEFAULT_TABLE table=test-workload [id=74e9e28ad4ec4bc0baa1b0499687935c]), partition=RANGE (key) PARTITION UNBOUNDED
I20260601 13:32:36.568428 19978 data_dirs.cc:400] Could only allocate 1 dirs of requested 3 for tablet 4e688fe7b1e24ae1ae056e0d50021b9b. 1 dirs total, 0 dirs full, 0 dirs failed
I20260601 13:32:36.568707 20186 tablet_bootstrap.cc:654] T 4e688fe7b1e24ae1ae056e0d50021b9b P 114c640d18934a1cb5b6815f751d93a1: Neither blocks nor log segments found. Creating new log.
I20260601 13:32:36.569476 20187 tablet_bootstrap.cc:492] T 4e688fe7b1e24ae1ae056e0d50021b9b P c0e2623585ef469ea0ef24b11d404eb8: Bootstrap starting.
I20260601 13:32:36.570091 20186 tablet_bootstrap.cc:492] T 4e688fe7b1e24ae1ae056e0d50021b9b P 114c640d18934a1cb5b6815f751d93a1: No bootstrap required, opened a new log
I20260601 13:32:36.570183 20186 ts_tablet_manager.cc:1403] T 4e688fe7b1e24ae1ae056e0d50021b9b P 114c640d18934a1cb5b6815f751d93a1: Time spent bootstrapping tablet: real 0.003s	user 0.002s	sys 0.000s
I20260601 13:32:36.570477 20187 tablet_bootstrap.cc:654] T 4e688fe7b1e24ae1ae056e0d50021b9b P c0e2623585ef469ea0ef24b11d404eb8: Neither blocks nor log segments found. Creating new log.
I20260601 13:32:36.570501 20189 tablet_bootstrap.cc:492] T 4e688fe7b1e24ae1ae056e0d50021b9b P 4c1f0106073640198c34d60a31481345: Bootstrap starting.
I20260601 13:32:36.570693 20186 raft_consensus.cc:359] T 4e688fe7b1e24ae1ae056e0d50021b9b P 114c640d18934a1cb5b6815f751d93a1 [term 0 FOLLOWER]: Replica starting. Triggering 0 pending ops. Active config: opid_index: -1 OBSOLETE_local: false peers { permanent_uuid: "114c640d18934a1cb5b6815f751d93a1" member_type: VOTER last_known_addr { host: "127.15.135.67" port: 43479 } } peers { permanent_uuid: "c0e2623585ef469ea0ef24b11d404eb8" member_type: VOTER last_known_addr { host: "127.15.135.66" port: 38707 } } peers { permanent_uuid: "4c1f0106073640198c34d60a31481345" member_type: VOTER last_known_addr { host: "127.15.135.65" port: 44213 } }
I20260601 13:32:36.570811 20186 raft_consensus.cc:385] T 4e688fe7b1e24ae1ae056e0d50021b9b P 114c640d18934a1cb5b6815f751d93a1 [term 0 FOLLOWER]: Consensus starting up: Expiring failure detector timer to make a prompt election more likely
I20260601 13:32:36.570887 20186 raft_consensus.cc:740] T 4e688fe7b1e24ae1ae056e0d50021b9b P 114c640d18934a1cb5b6815f751d93a1 [term 0 FOLLOWER]: Becoming Follower/Learner. State: Replica: 114c640d18934a1cb5b6815f751d93a1, State: Initialized, Role: FOLLOWER
I20260601 13:32:36.571058 20186 consensus_queue.cc:260] T 4e688fe7b1e24ae1ae056e0d50021b9b P 114c640d18934a1cb5b6815f751d93a1 [NON_LEADER]: Queue going to NON_LEADER mode. State: All replicated index: 0, Majority replicated index: 0, Committed index: 0, Last appended: 0.0, Last appended by leader: 0, Current term: 0, Majority size: -1, State: 0, Mode: NON_LEADER, active raft config: opid_index: -1 OBSOLETE_local: false peers { permanent_uuid: "114c640d18934a1cb5b6815f751d93a1" member_type: VOTER last_known_addr { host: "127.15.135.67" port: 43479 } } peers { permanent_uuid: "c0e2623585ef469ea0ef24b11d404eb8" member_type: VOTER last_known_addr { host: "127.15.135.66" port: 38707 } } peers { permanent_uuid: "4c1f0106073640198c34d60a31481345" member_type: VOTER last_known_addr { host: "127.15.135.65" port: 44213 } }
I20260601 13:32:36.571498 20189 tablet_bootstrap.cc:654] T 4e688fe7b1e24ae1ae056e0d50021b9b P 4c1f0106073640198c34d60a31481345: Neither blocks nor log segments found. Creating new log.
I20260601 13:32:36.571525 20186 ts_tablet_manager.cc:1434] T 4e688fe7b1e24ae1ae056e0d50021b9b P 114c640d18934a1cb5b6815f751d93a1: Time spent starting tablet: real 0.001s	user 0.002s	sys 0.000s
I20260601 13:32:36.571705 20187 tablet_bootstrap.cc:492] T 4e688fe7b1e24ae1ae056e0d50021b9b P c0e2623585ef469ea0ef24b11d404eb8: No bootstrap required, opened a new log
I20260601 13:32:36.571790 20187 ts_tablet_manager.cc:1403] T 4e688fe7b1e24ae1ae056e0d50021b9b P c0e2623585ef469ea0ef24b11d404eb8: Time spent bootstrapping tablet: real 0.002s	user 0.002s	sys 0.000s
I20260601 13:32:36.572255 20187 raft_consensus.cc:359] T 4e688fe7b1e24ae1ae056e0d50021b9b P c0e2623585ef469ea0ef24b11d404eb8 [term 0 FOLLOWER]: Replica starting. Triggering 0 pending ops. Active config: opid_index: -1 OBSOLETE_local: false peers { permanent_uuid: "114c640d18934a1cb5b6815f751d93a1" member_type: VOTER last_known_addr { host: "127.15.135.67" port: 43479 } } peers { permanent_uuid: "c0e2623585ef469ea0ef24b11d404eb8" member_type: VOTER last_known_addr { host: "127.15.135.66" port: 38707 } } peers { permanent_uuid: "4c1f0106073640198c34d60a31481345" member_type: VOTER last_known_addr { host: "127.15.135.65" port: 44213 } }
I20260601 13:32:36.572342 20187 raft_consensus.cc:385] T 4e688fe7b1e24ae1ae056e0d50021b9b P c0e2623585ef469ea0ef24b11d404eb8 [term 0 FOLLOWER]: Consensus starting up: Expiring failure detector timer to make a prompt election more likely
I20260601 13:32:36.572371 20187 raft_consensus.cc:740] T 4e688fe7b1e24ae1ae056e0d50021b9b P c0e2623585ef469ea0ef24b11d404eb8 [term 0 FOLLOWER]: Becoming Follower/Learner. State: Replica: c0e2623585ef469ea0ef24b11d404eb8, State: Initialized, Role: FOLLOWER
I20260601 13:32:36.572523 20187 consensus_queue.cc:260] T 4e688fe7b1e24ae1ae056e0d50021b9b P c0e2623585ef469ea0ef24b11d404eb8 [NON_LEADER]: Queue going to NON_LEADER mode. State: All replicated index: 0, Majority replicated index: 0, Committed index: 0, Last appended: 0.0, Last appended by leader: 0, Current term: 0, Majority size: -1, State: 0, Mode: NON_LEADER, active raft config: opid_index: -1 OBSOLETE_local: false peers { permanent_uuid: "114c640d18934a1cb5b6815f751d93a1" member_type: VOTER last_known_addr { host: "127.15.135.67" port: 43479 } } peers { permanent_uuid: "c0e2623585ef469ea0ef24b11d404eb8" member_type: VOTER last_known_addr { host: "127.15.135.66" port: 38707 } } peers { permanent_uuid: "4c1f0106073640198c34d60a31481345" member_type: VOTER last_known_addr { host: "127.15.135.65" port: 44213 } }
I20260601 13:32:36.573036 20187 ts_tablet_manager.cc:1434] T 4e688fe7b1e24ae1ae056e0d50021b9b P c0e2623585ef469ea0ef24b11d404eb8: Time spent starting tablet: real 0.001s	user 0.001s	sys 0.000s
I20260601 13:32:36.573354 20189 tablet_bootstrap.cc:492] T 4e688fe7b1e24ae1ae056e0d50021b9b P 4c1f0106073640198c34d60a31481345: No bootstrap required, opened a new log
I20260601 13:32:36.573446 20189 ts_tablet_manager.cc:1403] T 4e688fe7b1e24ae1ae056e0d50021b9b P 4c1f0106073640198c34d60a31481345: Time spent bootstrapping tablet: real 0.003s	user 0.002s	sys 0.000s
I20260601 13:32:36.573913 20189 raft_consensus.cc:359] T 4e688fe7b1e24ae1ae056e0d50021b9b P 4c1f0106073640198c34d60a31481345 [term 0 FOLLOWER]: Replica starting. Triggering 0 pending ops. Active config: opid_index: -1 OBSOLETE_local: false peers { permanent_uuid: "114c640d18934a1cb5b6815f751d93a1" member_type: VOTER last_known_addr { host: "127.15.135.67" port: 43479 } } peers { permanent_uuid: "c0e2623585ef469ea0ef24b11d404eb8" member_type: VOTER last_known_addr { host: "127.15.135.66" port: 38707 } } peers { permanent_uuid: "4c1f0106073640198c34d60a31481345" member_type: VOTER last_known_addr { host: "127.15.135.65" port: 44213 } }
I20260601 13:32:36.574018 20189 raft_consensus.cc:385] T 4e688fe7b1e24ae1ae056e0d50021b9b P 4c1f0106073640198c34d60a31481345 [term 0 FOLLOWER]: Consensus starting up: Expiring failure detector timer to make a prompt election more likely
I20260601 13:32:36.574057 20189 raft_consensus.cc:740] T 4e688fe7b1e24ae1ae056e0d50021b9b P 4c1f0106073640198c34d60a31481345 [term 0 FOLLOWER]: Becoming Follower/Learner. State: Replica: 4c1f0106073640198c34d60a31481345, State: Initialized, Role: FOLLOWER
I20260601 13:32:36.574182 20189 consensus_queue.cc:260] T 4e688fe7b1e24ae1ae056e0d50021b9b P 4c1f0106073640198c34d60a31481345 [NON_LEADER]: Queue going to NON_LEADER mode. State: All replicated index: 0, Majority replicated index: 0, Committed index: 0, Last appended: 0.0, Last appended by leader: 0, Current term: 0, Majority size: -1, State: 0, Mode: NON_LEADER, active raft config: opid_index: -1 OBSOLETE_local: false peers { permanent_uuid: "114c640d18934a1cb5b6815f751d93a1" member_type: VOTER last_known_addr { host: "127.15.135.67" port: 43479 } } peers { permanent_uuid: "c0e2623585ef469ea0ef24b11d404eb8" member_type: VOTER last_known_addr { host: "127.15.135.66" port: 38707 } } peers { permanent_uuid: "4c1f0106073640198c34d60a31481345" member_type: VOTER last_known_addr { host: "127.15.135.65" port: 44213 } }
I20260601 13:32:36.574558 20189 ts_tablet_manager.cc:1434] T 4e688fe7b1e24ae1ae056e0d50021b9b P 4c1f0106073640198c34d60a31481345: Time spent starting tablet: real 0.001s	user 0.001s	sys 0.000s
I20260601 13:32:36.727916 20191 raft_consensus.cc:493] T 4e688fe7b1e24ae1ae056e0d50021b9b P 114c640d18934a1cb5b6815f751d93a1 [term 0 FOLLOWER]: Starting pre-election (no leader contacted us within the election timeout)
I20260601 13:32:36.728081 20191 raft_consensus.cc:515] T 4e688fe7b1e24ae1ae056e0d50021b9b P 114c640d18934a1cb5b6815f751d93a1 [term 0 FOLLOWER]: Starting pre-election with config: opid_index: -1 OBSOLETE_local: false peers { permanent_uuid: "114c640d18934a1cb5b6815f751d93a1" member_type: VOTER last_known_addr { host: "127.15.135.67" port: 43479 } } peers { permanent_uuid: "c0e2623585ef469ea0ef24b11d404eb8" member_type: VOTER last_known_addr { host: "127.15.135.66" port: 38707 } } peers { permanent_uuid: "4c1f0106073640198c34d60a31481345" member_type: VOTER last_known_addr { host: "127.15.135.65" port: 44213 } }
I20260601 13:32:36.728714 20191 leader_election.cc:290] T 4e688fe7b1e24ae1ae056e0d50021b9b P 114c640d18934a1cb5b6815f751d93a1 [CANDIDATE]: Term 1 pre-election: Requested pre-vote from peers c0e2623585ef469ea0ef24b11d404eb8 (127.15.135.66:38707), 4c1f0106073640198c34d60a31481345 (127.15.135.65:44213)
I20260601 13:32:36.732339 20064 tablet_service.cc:1917] Received RequestConsensusVote() RPC: tablet_id: "4e688fe7b1e24ae1ae056e0d50021b9b" candidate_uuid: "114c640d18934a1cb5b6815f751d93a1" candidate_term: 1 candidate_status { last_received { term: 0 index: 0 } } ignore_live_leader: false dest_uuid: "c0e2623585ef469ea0ef24b11d404eb8" is_pre_election: true
I20260601 13:32:36.732519 20064 raft_consensus.cc:2468] T 4e688fe7b1e24ae1ae056e0d50021b9b P c0e2623585ef469ea0ef24b11d404eb8 [term 0 FOLLOWER]: Leader pre-election vote request: Granting yes vote for candidate 114c640d18934a1cb5b6815f751d93a1 in term 0.
I20260601 13:32:36.732627 19988 tablet_service.cc:1917] Received RequestConsensusVote() RPC: tablet_id: "4e688fe7b1e24ae1ae056e0d50021b9b" candidate_uuid: "114c640d18934a1cb5b6815f751d93a1" candidate_term: 1 candidate_status { last_received { term: 0 index: 0 } } ignore_live_leader: false dest_uuid: "4c1f0106073640198c34d60a31481345" is_pre_election: true
I20260601 13:32:36.732769 19988 raft_consensus.cc:2468] T 4e688fe7b1e24ae1ae056e0d50021b9b P 4c1f0106073640198c34d60a31481345 [term 0 FOLLOWER]: Leader pre-election vote request: Granting yes vote for candidate 114c640d18934a1cb5b6815f751d93a1 in term 0.
I20260601 13:32:36.732848 20102 leader_election.cc:304] T 4e688fe7b1e24ae1ae056e0d50021b9b P 114c640d18934a1cb5b6815f751d93a1 [CANDIDATE]: Term 1 pre-election: Election decided. Result: candidate won. Election summary: received 2 responses out of 3 voters: 2 yes votes; 0 no votes. yes voters: 114c640d18934a1cb5b6815f751d93a1, c0e2623585ef469ea0ef24b11d404eb8; no voters: 
I20260601 13:32:36.733018 20191 raft_consensus.cc:2804] T 4e688fe7b1e24ae1ae056e0d50021b9b P 114c640d18934a1cb5b6815f751d93a1 [term 0 FOLLOWER]: Leader pre-election won for term 1
I20260601 13:32:36.733078 20191 raft_consensus.cc:493] T 4e688fe7b1e24ae1ae056e0d50021b9b P 114c640d18934a1cb5b6815f751d93a1 [term 0 FOLLOWER]: Starting leader election (no leader contacted us within the election timeout)
I20260601 13:32:36.733121 20191 raft_consensus.cc:3060] T 4e688fe7b1e24ae1ae056e0d50021b9b P 114c640d18934a1cb5b6815f751d93a1 [term 0 FOLLOWER]: Advancing to term 1
I20260601 13:32:36.734041 20191 raft_consensus.cc:515] T 4e688fe7b1e24ae1ae056e0d50021b9b P 114c640d18934a1cb5b6815f751d93a1 [term 1 FOLLOWER]: Starting leader election with config: opid_index: -1 OBSOLETE_local: false peers { permanent_uuid: "114c640d18934a1cb5b6815f751d93a1" member_type: VOTER last_known_addr { host: "127.15.135.67" port: 43479 } } peers { permanent_uuid: "c0e2623585ef469ea0ef24b11d404eb8" member_type: VOTER last_known_addr { host: "127.15.135.66" port: 38707 } } peers { permanent_uuid: "4c1f0106073640198c34d60a31481345" member_type: VOTER last_known_addr { host: "127.15.135.65" port: 44213 } }
I20260601 13:32:36.734382 20191 leader_election.cc:290] T 4e688fe7b1e24ae1ae056e0d50021b9b P 114c640d18934a1cb5b6815f751d93a1 [CANDIDATE]: Term 1 election: Requested vote from peers c0e2623585ef469ea0ef24b11d404eb8 (127.15.135.66:38707), 4c1f0106073640198c34d60a31481345 (127.15.135.65:44213)
I20260601 13:32:36.734699 20064 tablet_service.cc:1917] Received RequestConsensusVote() RPC: tablet_id: "4e688fe7b1e24ae1ae056e0d50021b9b" candidate_uuid: "114c640d18934a1cb5b6815f751d93a1" candidate_term: 1 candidate_status { last_received { term: 0 index: 0 } } ignore_live_leader: false dest_uuid: "c0e2623585ef469ea0ef24b11d404eb8"
I20260601 13:32:36.734742 19988 tablet_service.cc:1917] Received RequestConsensusVote() RPC: tablet_id: "4e688fe7b1e24ae1ae056e0d50021b9b" candidate_uuid: "114c640d18934a1cb5b6815f751d93a1" candidate_term: 1 candidate_status { last_received { term: 0 index: 0 } } ignore_live_leader: false dest_uuid: "4c1f0106073640198c34d60a31481345"
I20260601 13:32:36.734797 20064 raft_consensus.cc:3060] T 4e688fe7b1e24ae1ae056e0d50021b9b P c0e2623585ef469ea0ef24b11d404eb8 [term 0 FOLLOWER]: Advancing to term 1
I20260601 13:32:36.734840 19988 raft_consensus.cc:3060] T 4e688fe7b1e24ae1ae056e0d50021b9b P 4c1f0106073640198c34d60a31481345 [term 0 FOLLOWER]: Advancing to term 1
I20260601 13:32:36.735759 19988 raft_consensus.cc:2468] T 4e688fe7b1e24ae1ae056e0d50021b9b P 4c1f0106073640198c34d60a31481345 [term 1 FOLLOWER]: Leader election vote request: Granting yes vote for candidate 114c640d18934a1cb5b6815f751d93a1 in term 1.
I20260601 13:32:36.735818 20064 raft_consensus.cc:2468] T 4e688fe7b1e24ae1ae056e0d50021b9b P c0e2623585ef469ea0ef24b11d404eb8 [term 1 FOLLOWER]: Leader election vote request: Granting yes vote for candidate 114c640d18934a1cb5b6815f751d93a1 in term 1.
