[==========] Running 24 tests from 2 test suites.
[----------] Global test environment set-up.
[----------] 22 tests from AutoRebalancerTest
[ RUN      ] AutoRebalancerTest.OnlyLeaderDoesAutoRebalancing
WARNING: Logging before InitGoogleLogging() is written to STDERR
I20260601 13:31:05.975797 22371 internal_mini_cluster.cc:156] Creating distributed mini masters. Addrs: 127.21.216.254:36701,127.21.216.253:41329,127.21.216.252:39971
I20260601 13:31:05.976960 22371 env_posix.cc:2267] Not raising this process' open files per process limit of 1048576; it is already as high as it can go
I20260601 13:31:05.977514 22371 file_cache.cc:492] Constructed file cache file cache with capacity 419430
W20260601 13:31:05.984067 22376 instance_detector.cc:116] could not retrieve AWS instance metadata: Network error: curl error: HTTP response code said error: The requested URL returned error: 404
W20260601 13:31:05.984067 22379 instance_detector.cc:116] could not retrieve OpenStack instance metadata: Network error: curl error: HTTP response code said error: The requested URL returned error: 404
W20260601 13:31:05.984184 22377 instance_detector.cc:116] could not retrieve Azure instance metadata: Network error: curl error: HTTP response code said error: The requested URL returned error: 404
I20260601 13:31:05.984302 22371 server_base.cc:1061] running on GCE node
I20260601 13:31:05.984855 22371 hybrid_clock.cc:584] initializing the hybrid clock with 'system_unsync' time source
W20260601 13:31:05.984959 22371 system_unsync_time.cc:38] NTP support is disabled. Clock error bounds will not be accurate. This configuration is not suitable for distributed clusters.
I20260601 13:31:05.984987 22371 hybrid_clock.cc:648] HybridClock initialized: now 1780320665984984 us; error 0 us; skew 500 ppm
I20260601 13:31:05.986935 22371 webserver.cc:533] Webserver started at http://127.21.216.254:46521/ using document root <none> and password file <none>
I20260601 13:31:05.987517 22371 fs_manager.cc:362] Metadata directory not provided
I20260601 13:31:05.987576 22371 fs_manager.cc:368] Using write-ahead log directory (fs_wal_dir) as metadata directory
I20260601 13:31:05.987788 22371 server_base.cc:909] This appears to be a new deployment of Kudu; creating new FS layout
I20260601 13:31:05.989322 22371 fs_manager.cc:1068] Generated new instance metadata in path /tmp/dist-test-taskPnVjLI/test-tmp/auto_rebalancer-test.0.AutoRebalancerTest.OnlyLeaderDoesAutoRebalancing.1780320665965116-22371-0/minicluster-data/master-0-root/instance:
uuid: "f3020f297f1a40cd9a1ee0033fcaa777"
format_stamp: "Formatted at 2026-06-01 13:31:05 on dist-test-slave-g0dk"
I20260601 13:31:05.992830 22371 fs_manager.cc:696] Time spent creating directory manager: real 0.003s	user 0.005s	sys 0.000s
I20260601 13:31:05.995047 22384 log_block_manager.cc:4031] Time spent loading block containers with low live blocks: real 0.000s	user 0.000s	sys 0.000s
I20260601 13:31:05.996117 22371 fs_manager.cc:730] Time spent opening block manager: real 0.002s	user 0.003s	sys 0.000s
I20260601 13:31:05.996250 22371 fs_manager.cc:647] Opened local filesystem: /tmp/dist-test-taskPnVjLI/test-tmp/auto_rebalancer-test.0.AutoRebalancerTest.OnlyLeaderDoesAutoRebalancing.1780320665965116-22371-0/minicluster-data/master-0-root
uuid: "f3020f297f1a40cd9a1ee0033fcaa777"
format_stamp: "Formatted at 2026-06-01 13:31:05 on dist-test-slave-g0dk"
I20260601 13:31:05.996349 22371 fs_report.cc:389] FS layout report
--------------------
wal directory: /tmp/dist-test-taskPnVjLI/test-tmp/auto_rebalancer-test.0.AutoRebalancerTest.OnlyLeaderDoesAutoRebalancing.1780320665965116-22371-0/minicluster-data/master-0-root
metadata directory: /tmp/dist-test-taskPnVjLI/test-tmp/auto_rebalancer-test.0.AutoRebalancerTest.OnlyLeaderDoesAutoRebalancing.1780320665965116-22371-0/minicluster-data/master-0-root
1 data directories: /tmp/dist-test-taskPnVjLI/test-tmp/auto_rebalancer-test.0.AutoRebalancerTest.OnlyLeaderDoesAutoRebalancing.1780320665965116-22371-0/minicluster-data/master-0-root/data
Total live blocks: 0
Total live bytes: 0
Total live bytes (after alignment): 0
Total number of LBM containers: 0 (0 full)
Did not check for missing blocks
Did not check for orphaned blocks
Total full LBM containers with extra space: 0 (0 repaired)
Total full LBM container extra space in bytes: 0 (0 repaired)
Total incomplete LBM containers: 0 (0 repaired)
Total LBM partial records: 0 (0 repaired)
Total corrupted LBM metadata records in RocksDB: 0 (0 repaired)
I20260601 13:31:06.006708 22371 rpc_server.cc:225] running with OpenSSL 1.1.1  11 Sep 2018
I20260601 13:31:06.007259 22371 env_posix.cc:2267] Not raising this process' running threads per effective uid limit of 18446744073709551615; it is already as high as it can go
I20260601 13:31:06.007413 22371 kserver.cc:163] Server-wide thread pool size limit: 3276
I20260601 13:31:06.014230 22371 rpc_server.cc:307] RPC server started. Bound to: 127.21.216.254:36701
I20260601 13:31:06.014231 22436 acceptor_pool.cc:272] collecting diagnostics on the listening RPC socket 127.21.216.254:36701 every 8 connection(s)
I20260601 13:31:06.015471 22371 file_cache.cc:492] Constructed file cache file cache with capacity 419430
W20260601 13:31:06.017159 22442 instance_detector.cc:116] could not retrieve OpenStack instance metadata: Network error: curl error: HTTP response code said error: The requested URL returned error: 404
W20260601 13:31:06.017164 22440 instance_detector.cc:116] could not retrieve Azure instance metadata: Network error: curl error: HTTP response code said error: The requested URL returned error: 404
I20260601 13:31:06.017316 22371 server_base.cc:1061] running on GCE node
I20260601 13:31:06.017349 22437 data_dirs.cc:400] Could only allocate 1 dirs of requested 3 for tablet 00000000000000000000000000000000. 1 dirs total, 0 dirs full, 0 dirs failed
W20260601 13:31:06.017167 22439 instance_detector.cc:116] could not retrieve AWS instance metadata: Network error: curl error: HTTP response code said error: The requested URL returned error: 404
I20260601 13:31:06.017575 22371 hybrid_clock.cc:584] initializing the hybrid clock with 'system_unsync' time source
W20260601 13:31:06.017616 22371 system_unsync_time.cc:38] NTP support is disabled. Clock error bounds will not be accurate. This configuration is not suitable for distributed clusters.
I20260601 13:31:06.017635 22371 hybrid_clock.cc:648] HybridClock initialized: now 1780320666017635 us; error 0 us; skew 500 ppm
I20260601 13:31:06.018460 22371 webserver.cc:533] Webserver started at http://127.21.216.253:43903/ using document root <none> and password file <none>
I20260601 13:31:06.018587 22371 fs_manager.cc:362] Metadata directory not provided
I20260601 13:31:06.018631 22371 fs_manager.cc:368] Using write-ahead log directory (fs_wal_dir) as metadata directory
I20260601 13:31:06.018700 22371 server_base.cc:909] This appears to be a new deployment of Kudu; creating new FS layout
I20260601 13:31:06.019057 22371 fs_manager.cc:1068] Generated new instance metadata in path /tmp/dist-test-taskPnVjLI/test-tmp/auto_rebalancer-test.0.AutoRebalancerTest.OnlyLeaderDoesAutoRebalancing.1780320665965116-22371-0/minicluster-data/master-1-root/instance:
uuid: "2f0e0ca7f7ab4f20bbbb6df30372ffcf"
format_stamp: "Formatted at 2026-06-01 13:31:06 on dist-test-slave-g0dk"
I20260601 13:31:06.020432 22371 fs_manager.cc:696] Time spent creating directory manager: real 0.001s	user 0.001s	sys 0.001s
I20260601 13:31:06.021347 22447 log_block_manager.cc:4031] Time spent loading block containers with low live blocks: real 0.000s	user 0.000s	sys 0.000s
I20260601 13:31:06.021603 22371 fs_manager.cc:730] Time spent opening block manager: real 0.001s	user 0.001s	sys 0.000s
I20260601 13:31:06.021358 22437 sys_catalog.cc:422] member_type: VOTER last_known_addr { host: "127.21.216.254" port: 36701 } has no permanent_uuid. Determining permanent_uuid...
I20260601 13:31:06.021683 22371 fs_manager.cc:647] Opened local filesystem: /tmp/dist-test-taskPnVjLI/test-tmp/auto_rebalancer-test.0.AutoRebalancerTest.OnlyLeaderDoesAutoRebalancing.1780320665965116-22371-0/minicluster-data/master-1-root
uuid: "2f0e0ca7f7ab4f20bbbb6df30372ffcf"
format_stamp: "Formatted at 2026-06-01 13:31:06 on dist-test-slave-g0dk"
I20260601 13:31:06.021746 22371 fs_report.cc:389] FS layout report
--------------------
wal directory: /tmp/dist-test-taskPnVjLI/test-tmp/auto_rebalancer-test.0.AutoRebalancerTest.OnlyLeaderDoesAutoRebalancing.1780320665965116-22371-0/minicluster-data/master-1-root
metadata directory: /tmp/dist-test-taskPnVjLI/test-tmp/auto_rebalancer-test.0.AutoRebalancerTest.OnlyLeaderDoesAutoRebalancing.1780320665965116-22371-0/minicluster-data/master-1-root
1 data directories: /tmp/dist-test-taskPnVjLI/test-tmp/auto_rebalancer-test.0.AutoRebalancerTest.OnlyLeaderDoesAutoRebalancing.1780320665965116-22371-0/minicluster-data/master-1-root/data
Total live blocks: 0
Total live bytes: 0
Total live bytes (after alignment): 0
Total number of LBM containers: 0 (0 full)
Did not check for missing blocks
Did not check for orphaned blocks
Total full LBM containers with extra space: 0 (0 repaired)
Total full LBM container extra space in bytes: 0 (0 repaired)
Total incomplete LBM containers: 0 (0 repaired)
Total LBM partial records: 0 (0 repaired)
Total corrupted LBM metadata records in RocksDB: 0 (0 repaired)
I20260601 13:31:06.033372 22437 sys_catalog.cc:422] member_type: VOTER last_known_addr { host: "127.21.216.253" port: 41329 } has no permanent_uuid. Determining permanent_uuid...
W20260601 13:31:06.034154 22388 proxy.cc:239] Call had error, refreshing address and retrying: Network error: Client connection negotiation failed: client connection to 127.21.216.253:41329: connect: Connection refused (error 111)
W20260601 13:31:06.034966 22437 consensus_peers.cc:760] Error getting permanent uuid from config peer 127.21.216.253:41329: Network error: Client connection negotiation failed: client connection to 127.21.216.253:41329: connect: Connection refused (error 111)
I20260601 13:31:06.040138 22371 rpc_server.cc:225] running with OpenSSL 1.1.1  11 Sep 2018
I20260601 13:31:06.040539 22371 kserver.cc:163] Server-wide thread pool size limit: 3276
I20260601 13:31:06.045445 22371 rpc_server.cc:307] RPC server started. Bound to: 127.21.216.253:41329
I20260601 13:31:06.045469 22502 acceptor_pool.cc:272] collecting diagnostics on the listening RPC socket 127.21.216.253:41329 every 8 connection(s)
I20260601 13:31:06.046154 22371 file_cache.cc:492] Constructed file cache file cache with capacity 419430
I20260601 13:31:06.046384 22503 data_dirs.cc:400] Could only allocate 1 dirs of requested 3 for tablet 00000000000000000000000000000000. 1 dirs total, 0 dirs full, 0 dirs failed
W20260601 13:31:06.047886 22508 instance_detector.cc:116] could not retrieve OpenStack instance metadata: Network error: curl error: HTTP response code said error: The requested URL returned error: 404
I20260601 13:31:06.047972 22371 server_base.cc:1061] running on GCE node
W20260601 13:31:06.047842 22506 instance_detector.cc:116] could not retrieve Azure instance metadata: Network error: curl error: HTTP response code said error: The requested URL returned error: 404
I20260601 13:31:06.047807 22503 sys_catalog.cc:422] member_type: VOTER last_known_addr { host: "127.21.216.254" port: 36701 } has no permanent_uuid. Determining permanent_uuid...
W20260601 13:31:06.048069 22505 instance_detector.cc:116] could not retrieve AWS instance metadata: Network error: curl error: HTTP response code said error: The requested URL returned error: 404
I20260601 13:31:06.048306 22371 hybrid_clock.cc:584] initializing the hybrid clock with 'system_unsync' time source
W20260601 13:31:06.048349 22371 system_unsync_time.cc:38] NTP support is disabled. Clock error bounds will not be accurate. This configuration is not suitable for distributed clusters.
I20260601 13:31:06.048368 22371 hybrid_clock.cc:648] HybridClock initialized: now 1780320666048368 us; error 0 us; skew 500 ppm
I20260601 13:31:06.049154 22371 webserver.cc:533] Webserver started at http://127.21.216.252:36057/ using document root <none> and password file <none>
I20260601 13:31:06.049289 22371 fs_manager.cc:362] Metadata directory not provided
I20260601 13:31:06.049336 22371 fs_manager.cc:368] Using write-ahead log directory (fs_wal_dir) as metadata directory
I20260601 13:31:06.049403 22371 server_base.cc:909] This appears to be a new deployment of Kudu; creating new FS layout
I20260601 13:31:06.049746 22371 fs_manager.cc:1068] Generated new instance metadata in path /tmp/dist-test-taskPnVjLI/test-tmp/auto_rebalancer-test.0.AutoRebalancerTest.OnlyLeaderDoesAutoRebalancing.1780320665965116-22371-0/minicluster-data/master-2-root/instance:
uuid: "d23181b9c74d495183862d41303d98c5"
format_stamp: "Formatted at 2026-06-01 13:31:06 on dist-test-slave-g0dk"
I20260601 13:31:06.051157 22371 fs_manager.cc:696] Time spent creating directory manager: real 0.001s	user 0.000s	sys 0.002s
I20260601 13:31:06.052069 22503 sys_catalog.cc:422] member_type: VOTER last_known_addr { host: "127.21.216.253" port: 41329 } has no permanent_uuid. Determining permanent_uuid...
I20260601 13:31:06.052120 22514 log_block_manager.cc:4031] Time spent loading block containers with low live blocks: real 0.000s	user 0.000s	sys 0.000s
I20260601 13:31:06.052358 22371 fs_manager.cc:730] Time spent opening block manager: real 0.001s	user 0.000s	sys 0.001s
I20260601 13:31:06.052423 22371 fs_manager.cc:647] Opened local filesystem: /tmp/dist-test-taskPnVjLI/test-tmp/auto_rebalancer-test.0.AutoRebalancerTest.OnlyLeaderDoesAutoRebalancing.1780320665965116-22371-0/minicluster-data/master-2-root
uuid: "d23181b9c74d495183862d41303d98c5"
format_stamp: "Formatted at 2026-06-01 13:31:06 on dist-test-slave-g0dk"
I20260601 13:31:06.052485 22371 fs_report.cc:389] FS layout report
--------------------
wal directory: /tmp/dist-test-taskPnVjLI/test-tmp/auto_rebalancer-test.0.AutoRebalancerTest.OnlyLeaderDoesAutoRebalancing.1780320665965116-22371-0/minicluster-data/master-2-root
metadata directory: /tmp/dist-test-taskPnVjLI/test-tmp/auto_rebalancer-test.0.AutoRebalancerTest.OnlyLeaderDoesAutoRebalancing.1780320665965116-22371-0/minicluster-data/master-2-root
1 data directories: /tmp/dist-test-taskPnVjLI/test-tmp/auto_rebalancer-test.0.AutoRebalancerTest.OnlyLeaderDoesAutoRebalancing.1780320665965116-22371-0/minicluster-data/master-2-root/data
Total live blocks: 0
Total live bytes: 0
Total live bytes (after alignment): 0
Total number of LBM containers: 0 (0 full)
Did not check for missing blocks
Did not check for orphaned blocks
Total full LBM containers with extra space: 0 (0 repaired)
Total full LBM container extra space in bytes: 0 (0 repaired)
Total incomplete LBM containers: 0 (0 repaired)
Total LBM partial records: 0 (0 repaired)
Total corrupted LBM metadata records in RocksDB: 0 (0 repaired)
I20260601 13:31:06.056509 22503 sys_catalog.cc:422] member_type: VOTER last_known_addr { host: "127.21.216.252" port: 39971 } has no permanent_uuid. Determining permanent_uuid...
W20260601 13:31:06.057667 22503 consensus_peers.cc:760] Error getting permanent uuid from config peer 127.21.216.252:39971: Network error: Client connection negotiation failed: client connection to 127.21.216.252:39971: connect: Connection refused (error 111)
I20260601 13:31:06.063356 22371 rpc_server.cc:225] running with OpenSSL 1.1.1  11 Sep 2018
I20260601 13:31:06.063789 22371 kserver.cc:163] Server-wide thread pool size limit: 3276
I20260601 13:31:06.068377 22371 rpc_server.cc:307] RPC server started. Bound to: 127.21.216.252:39971
I20260601 13:31:06.068451 22568 acceptor_pool.cc:272] collecting diagnostics on the listening RPC socket 127.21.216.252:39971 every 8 connection(s)
I20260601 13:31:06.068819 22371 internal_mini_cluster.cc:184] Waiting to initialize catalog manager on master 0
I20260601 13:31:06.069226 22569 data_dirs.cc:400] Could only allocate 1 dirs of requested 3 for tablet 00000000000000000000000000000000. 1 dirs total, 0 dirs full, 0 dirs failed
I20260601 13:31:06.070360 22569 sys_catalog.cc:422] member_type: VOTER last_known_addr { host: "127.21.216.254" port: 36701 } has no permanent_uuid. Determining permanent_uuid...
I20260601 13:31:06.074339 22569 sys_catalog.cc:422] member_type: VOTER last_known_addr { host: "127.21.216.253" port: 41329 } has no permanent_uuid. Determining permanent_uuid...
I20260601 13:31:06.077929 22569 sys_catalog.cc:422] member_type: VOTER last_known_addr { host: "127.21.216.252" port: 39971 } has no permanent_uuid. Determining permanent_uuid...
I20260601 13:31:06.083904 22569 tablet_bootstrap.cc:492] T 00000000000000000000000000000000 P d23181b9c74d495183862d41303d98c5: Bootstrap starting.
I20260601 13:31:06.084156 22437 consensus_peers.cc:770] Retrying to get permanent uuid for remote peer: member_type: VOTER last_known_addr { host: "127.21.216.253" port: 41329 } attempt: 1
I20260601 13:31:06.086983 22569 tablet_bootstrap.cc:654] T 00000000000000000000000000000000 P d23181b9c74d495183862d41303d98c5: Neither blocks nor log segments found. Creating new log.
I20260601 13:31:06.087971 22569 log.cc:826] T 00000000000000000000000000000000 P d23181b9c74d495183862d41303d98c5: Log is configured to *not* fsync() on all Append() calls
I20260601 13:31:06.087999 22437 sys_catalog.cc:422] member_type: VOTER last_known_addr { host: "127.21.216.252" port: 39971 } has no permanent_uuid. Determining permanent_uuid...
I20260601 13:31:06.089520 22569 tablet_bootstrap.cc:492] T 00000000000000000000000000000000 P d23181b9c74d495183862d41303d98c5: No bootstrap required, opened a new log
I20260601 13:31:06.092308 22437 tablet_bootstrap.cc:492] T 00000000000000000000000000000000 P f3020f297f1a40cd9a1ee0033fcaa777: Bootstrap starting.
I20260601 13:31:06.092227 22569 raft_consensus.cc:359] T 00000000000000000000000000000000 P d23181b9c74d495183862d41303d98c5 [term 0 FOLLOWER]: Replica starting. Triggering 0 pending ops. Active config: opid_index: -1 OBSOLETE_local: false peers { permanent_uuid: "f3020f297f1a40cd9a1ee0033fcaa777" member_type: VOTER last_known_addr { host: "127.21.216.254" port: 36701 } } peers { permanent_uuid: "2f0e0ca7f7ab4f20bbbb6df30372ffcf" member_type: VOTER last_known_addr { host: "127.21.216.253" port: 41329 } } peers { permanent_uuid: "d23181b9c74d495183862d41303d98c5" member_type: VOTER last_known_addr { host: "127.21.216.252" port: 39971 } }
I20260601 13:31:06.092394 22569 raft_consensus.cc:385] T 00000000000000000000000000000000 P d23181b9c74d495183862d41303d98c5 [term 0 FOLLOWER]: Consensus starting up: Expiring failure detector timer to make a prompt election more likely
I20260601 13:31:06.092460 22569 raft_consensus.cc:740] T 00000000000000000000000000000000 P d23181b9c74d495183862d41303d98c5 [term 0 FOLLOWER]: Becoming Follower/Learner. State: Replica: d23181b9c74d495183862d41303d98c5, State: Initialized, Role: FOLLOWER
I20260601 13:31:06.092814 22569 consensus_queue.cc:260] T 00000000000000000000000000000000 P d23181b9c74d495183862d41303d98c5 [NON_LEADER]: Queue going to NON_LEADER mode. State: All replicated index: 0, Majority replicated index: 0, Committed index: 0, Last appended: 0.0, Last appended by leader: 0, Current term: 0, Majority size: -1, State: 0, Mode: NON_LEADER, active raft config: opid_index: -1 OBSOLETE_local: false peers { permanent_uuid: "f3020f297f1a40cd9a1ee0033fcaa777" member_type: VOTER last_known_addr { host: "127.21.216.254" port: 36701 } } peers { permanent_uuid: "2f0e0ca7f7ab4f20bbbb6df30372ffcf" member_type: VOTER last_known_addr { host: "127.21.216.253" port: 41329 } } peers { permanent_uuid: "d23181b9c74d495183862d41303d98c5" member_type: VOTER last_known_addr { host: "127.21.216.252" port: 39971 } }
I20260601 13:31:06.093225 22574 sys_catalog.cc:455] T 00000000000000000000000000000000 P d23181b9c74d495183862d41303d98c5 [sys.catalog]: SysCatalogTable state changed. Reason: RaftConsensus started. Latest consensus state: current_term: 0 committed_config { opid_index: -1 OBSOLETE_local: false peers { permanent_uuid: "f3020f297f1a40cd9a1ee0033fcaa777" member_type: VOTER last_known_addr { host: "127.21.216.254" port: 36701 } } peers { permanent_uuid: "2f0e0ca7f7ab4f20bbbb6df30372ffcf" member_type: VOTER last_known_addr { host: "127.21.216.253" port: 41329 } } peers { permanent_uuid: "d23181b9c74d495183862d41303d98c5" member_type: VOTER last_known_addr { host: "127.21.216.252" port: 39971 } } }
I20260601 13:31:06.093348 22574 sys_catalog.cc:458] T 00000000000000000000000000000000 P d23181b9c74d495183862d41303d98c5 [sys.catalog]: This master's current role is: FOLLOWER
I20260601 13:31:06.093629 22437 tablet_bootstrap.cc:654] T 00000000000000000000000000000000 P f3020f297f1a40cd9a1ee0033fcaa777: Neither blocks nor log segments found. Creating new log.
I20260601 13:31:06.093950 22569 sys_catalog.cc:565] T 00000000000000000000000000000000 P d23181b9c74d495183862d41303d98c5 [sys.catalog]: configured and running, proceeding with master startup.
I20260601 13:31:06.094677 22437 tablet_bootstrap.cc:492] T 00000000000000000000000000000000 P f3020f297f1a40cd9a1ee0033fcaa777: No bootstrap required, opened a new log
I20260601 13:31:06.095067 22437 raft_consensus.cc:359] T 00000000000000000000000000000000 P f3020f297f1a40cd9a1ee0033fcaa777 [term 0 FOLLOWER]: Replica starting. Triggering 0 pending ops. Active config: opid_index: -1 OBSOLETE_local: false peers { permanent_uuid: "f3020f297f1a40cd9a1ee0033fcaa777" member_type: VOTER last_known_addr { host: "127.21.216.254" port: 36701 } } peers { permanent_uuid: "2f0e0ca7f7ab4f20bbbb6df30372ffcf" member_type: VOTER last_known_addr { host: "127.21.216.253" port: 41329 } } peers { permanent_uuid: "d23181b9c74d495183862d41303d98c5" member_type: VOTER last_known_addr { host: "127.21.216.252" port: 39971 } }
I20260601 13:31:06.095151 22437 raft_consensus.cc:385] T 00000000000000000000000000000000 P f3020f297f1a40cd9a1ee0033fcaa777 [term 0 FOLLOWER]: Consensus starting up: Expiring failure detector timer to make a prompt election more likely
I20260601 13:31:06.095180 22437 raft_consensus.cc:740] T 00000000000000000000000000000000 P f3020f297f1a40cd9a1ee0033fcaa777 [term 0 FOLLOWER]: Becoming Follower/Learner. State: Replica: f3020f297f1a40cd9a1ee0033fcaa777, State: Initialized, Role: FOLLOWER
I20260601 13:31:06.095345 22437 consensus_queue.cc:260] T 00000000000000000000000000000000 P f3020f297f1a40cd9a1ee0033fcaa777 [NON_LEADER]: Queue going to NON_LEADER mode. State: All replicated index: 0, Majority replicated index: 0, Committed index: 0, Last appended: 0.0, Last appended by leader: 0, Current term: 0, Majority size: -1, State: 0, Mode: NON_LEADER, active raft config: opid_index: -1 OBSOLETE_local: false peers { permanent_uuid: "f3020f297f1a40cd9a1ee0033fcaa777" member_type: VOTER last_known_addr { host: "127.21.216.254" port: 36701 } } peers { permanent_uuid: "2f0e0ca7f7ab4f20bbbb6df30372ffcf" member_type: VOTER last_known_addr { host: "127.21.216.253" port: 41329 } } peers { permanent_uuid: "d23181b9c74d495183862d41303d98c5" member_type: VOTER last_known_addr { host: "127.21.216.252" port: 39971 } }
I20260601 13:31:06.095654 22582 sys_catalog.cc:455] T 00000000000000000000000000000000 P f3020f297f1a40cd9a1ee0033fcaa777 [sys.catalog]: SysCatalogTable state changed. Reason: RaftConsensus started. Latest consensus state: current_term: 0 committed_config { opid_index: -1 OBSOLETE_local: false peers { permanent_uuid: "f3020f297f1a40cd9a1ee0033fcaa777" member_type: VOTER last_known_addr { host: "127.21.216.254" port: 36701 } } peers { permanent_uuid: "2f0e0ca7f7ab4f20bbbb6df30372ffcf" member_type: VOTER last_known_addr { host: "127.21.216.253" port: 41329 } } peers { permanent_uuid: "d23181b9c74d495183862d41303d98c5" member_type: VOTER last_known_addr { host: "127.21.216.252" port: 39971 } } }
I20260601 13:31:06.095803 22437 sys_catalog.cc:565] T 00000000000000000000000000000000 P f3020f297f1a40cd9a1ee0033fcaa777 [sys.catalog]: configured and running, proceeding with master startup.
I20260601 13:31:06.095809 22582 sys_catalog.cc:458] T 00000000000000000000000000000000 P f3020f297f1a40cd9a1ee0033fcaa777 [sys.catalog]: This master's current role is: FOLLOWER
I20260601 13:31:06.097337 22371 internal_mini_cluster.cc:184] Waiting to initialize catalog manager on master 1
W20260601 13:31:06.098619 22599 catalog_manager.cc:1593] T 00000000000000000000000000000000 P f3020f297f1a40cd9a1ee0033fcaa777: loading cluster ID for follower catalog manager: Not found: cluster ID entry not found
W20260601 13:31:06.098620 22587 catalog_manager.cc:1593] T 00000000000000000000000000000000 P d23181b9c74d495183862d41303d98c5: loading cluster ID for follower catalog manager: Not found: cluster ID entry not found
W20260601 13:31:06.098698 22599 catalog_manager.cc:883] Not found: cluster ID entry not found: failed to prepare follower catalog manager, will retry
W20260601 13:31:06.098733 22587 catalog_manager.cc:883] Not found: cluster ID entry not found: failed to prepare follower catalog manager, will retry
I20260601 13:31:06.109843 22503 consensus_peers.cc:770] Retrying to get permanent uuid for remote peer: member_type: VOTER last_known_addr { host: "127.21.216.252" port: 39971 } attempt: 1
I20260601 13:31:06.115084 22503 tablet_bootstrap.cc:492] T 00000000000000000000000000000000 P 2f0e0ca7f7ab4f20bbbb6df30372ffcf: Bootstrap starting.
I20260601 13:31:06.116550 22503 tablet_bootstrap.cc:654] T 00000000000000000000000000000000 P 2f0e0ca7f7ab4f20bbbb6df30372ffcf: Neither blocks nor log segments found. Creating new log.
I20260601 13:31:06.117875 22503 tablet_bootstrap.cc:492] T 00000000000000000000000000000000 P 2f0e0ca7f7ab4f20bbbb6df30372ffcf: No bootstrap required, opened a new log
I20260601 13:31:06.118412 22503 raft_consensus.cc:359] T 00000000000000000000000000000000 P 2f0e0ca7f7ab4f20bbbb6df30372ffcf [term 0 FOLLOWER]: Replica starting. Triggering 0 pending ops. Active config: opid_index: -1 OBSOLETE_local: false peers { permanent_uuid: "f3020f297f1a40cd9a1ee0033fcaa777" member_type: VOTER last_known_addr { host: "127.21.216.254" port: 36701 } } peers { permanent_uuid: "2f0e0ca7f7ab4f20bbbb6df30372ffcf" member_type: VOTER last_known_addr { host: "127.21.216.253" port: 41329 } } peers { permanent_uuid: "d23181b9c74d495183862d41303d98c5" member_type: VOTER last_known_addr { host: "127.21.216.252" port: 39971 } }
I20260601 13:31:06.118532 22503 raft_consensus.cc:385] T 00000000000000000000000000000000 P 2f0e0ca7f7ab4f20bbbb6df30372ffcf [term 0 FOLLOWER]: Consensus starting up: Expiring failure detector timer to make a prompt election more likely
I20260601 13:31:06.118562 22503 raft_consensus.cc:740] T 00000000000000000000000000000000 P 2f0e0ca7f7ab4f20bbbb6df30372ffcf [term 0 FOLLOWER]: Becoming Follower/Learner. State: Replica: 2f0e0ca7f7ab4f20bbbb6df30372ffcf, State: Initialized, Role: FOLLOWER
I20260601 13:31:06.118690 22503 consensus_queue.cc:260] T 00000000000000000000000000000000 P 2f0e0ca7f7ab4f20bbbb6df30372ffcf [NON_LEADER]: Queue going to NON_LEADER mode. State: All replicated index: 0, Majority replicated index: 0, Committed index: 0, Last appended: 0.0, Last appended by leader: 0, Current term: 0, Majority size: -1, State: 0, Mode: NON_LEADER, active raft config: opid_index: -1 OBSOLETE_local: false peers { permanent_uuid: "f3020f297f1a40cd9a1ee0033fcaa777" member_type: VOTER last_known_addr { host: "127.21.216.254" port: 36701 } } peers { permanent_uuid: "2f0e0ca7f7ab4f20bbbb6df30372ffcf" member_type: VOTER last_known_addr { host: "127.21.216.253" port: 41329 } } peers { permanent_uuid: "d23181b9c74d495183862d41303d98c5" member_type: VOTER last_known_addr { host: "127.21.216.252" port: 39971 } }
I20260601 13:31:06.119017 22601 sys_catalog.cc:455] T 00000000000000000000000000000000 P 2f0e0ca7f7ab4f20bbbb6df30372ffcf [sys.catalog]: SysCatalogTable state changed. Reason: RaftConsensus started. Latest consensus state: current_term: 0 committed_config { opid_index: -1 OBSOLETE_local: false peers { permanent_uuid: "f3020f297f1a40cd9a1ee0033fcaa777" member_type: VOTER last_known_addr { host: "127.21.216.254" port: 36701 } } peers { permanent_uuid: "2f0e0ca7f7ab4f20bbbb6df30372ffcf" member_type: VOTER last_known_addr { host: "127.21.216.253" port: 41329 } } peers { permanent_uuid: "d23181b9c74d495183862d41303d98c5" member_type: VOTER last_known_addr { host: "127.21.216.252" port: 39971 } } }
I20260601 13:31:06.119138 22601 sys_catalog.cc:458] T 00000000000000000000000000000000 P 2f0e0ca7f7ab4f20bbbb6df30372ffcf [sys.catalog]: This master's current role is: FOLLOWER
I20260601 13:31:06.119189 22503 sys_catalog.cc:565] T 00000000000000000000000000000000 P 2f0e0ca7f7ab4f20bbbb6df30372ffcf [sys.catalog]: configured and running, proceeding with master startup.
I20260601 13:31:06.121166 22371 internal_mini_cluster.cc:184] Waiting to initialize catalog manager on master 2
I20260601 13:31:06.121814 22371 file_cache.cc:492] Constructed file cache file cache with capacity 419430
W20260601 13:31:06.121840 22612 catalog_manager.cc:1593] T 00000000000000000000000000000000 P 2f0e0ca7f7ab4f20bbbb6df30372ffcf: loading cluster ID for follower catalog manager: Not found: cluster ID entry not found
W20260601 13:31:06.121881 22612 catalog_manager.cc:883] Not found: cluster ID entry not found: failed to prepare follower catalog manager, will retry
W20260601 13:31:06.124192 22614 instance_detector.cc:116] could not retrieve Azure instance metadata: Network error: curl error: HTTP response code said error: The requested URL returned error: 404
W20260601 13:31:06.124248 22613 instance_detector.cc:116] could not retrieve AWS instance metadata: Network error: curl error: HTTP response code said error: The requested URL returned error: 404
W20260601 13:31:06.124475 22616 instance_detector.cc:116] could not retrieve OpenStack instance metadata: Network error: curl error: HTTP response code said error: The requested URL returned error: 404
I20260601 13:31:06.124619 22371 server_base.cc:1061] running on GCE node
I20260601 13:31:06.124789 22371 hybrid_clock.cc:584] initializing the hybrid clock with 'system_unsync' time source
W20260601 13:31:06.124826 22371 system_unsync_time.cc:38] NTP support is disabled. Clock error bounds will not be accurate. This configuration is not suitable for distributed clusters.
I20260601 13:31:06.124846 22371 hybrid_clock.cc:648] HybridClock initialized: now 1780320666124846 us; error 0 us; skew 500 ppm
I20260601 13:31:06.125790 22371 webserver.cc:533] Webserver started at http://127.21.216.193:41325/ using document root <none> and password file <none>
I20260601 13:31:06.125937 22371 fs_manager.cc:362] Metadata directory not provided
I20260601 13:31:06.125983 22371 fs_manager.cc:368] Using write-ahead log directory (fs_wal_dir) as metadata directory
I20260601 13:31:06.126055 22371 server_base.cc:909] This appears to be a new deployment of Kudu; creating new FS layout
I20260601 13:31:06.126444 22371 fs_manager.cc:1068] Generated new instance metadata in path /tmp/dist-test-taskPnVjLI/test-tmp/auto_rebalancer-test.0.AutoRebalancerTest.OnlyLeaderDoesAutoRebalancing.1780320665965116-22371-0/minicluster-data/ts-0-root/instance:
uuid: "9c8c9ee21e7d4c5b9235019f2d76dc1d"
format_stamp: "Formatted at 2026-06-01 13:31:06 on dist-test-slave-g0dk"
I20260601 13:31:06.127930 22371 fs_manager.cc:696] Time spent creating directory manager: real 0.001s	user 0.001s	sys 0.001s
I20260601 13:31:06.128993 22621 log_block_manager.cc:4031] Time spent loading block containers with low live blocks: real 0.000s	user 0.000s	sys 0.000s
I20260601 13:31:06.129290 22371 fs_manager.cc:730] Time spent opening block manager: real 0.001s	user 0.001s	sys 0.000s
I20260601 13:31:06.129365 22371 fs_manager.cc:647] Opened local filesystem: /tmp/dist-test-taskPnVjLI/test-tmp/auto_rebalancer-test.0.AutoRebalancerTest.OnlyLeaderDoesAutoRebalancing.1780320665965116-22371-0/minicluster-data/ts-0-root
uuid: "9c8c9ee21e7d4c5b9235019f2d76dc1d"
format_stamp: "Formatted at 2026-06-01 13:31:06 on dist-test-slave-g0dk"
I20260601 13:31:06.129433 22371 fs_report.cc:389] FS layout report
--------------------
wal directory: /tmp/dist-test-taskPnVjLI/test-tmp/auto_rebalancer-test.0.AutoRebalancerTest.OnlyLeaderDoesAutoRebalancing.1780320665965116-22371-0/minicluster-data/ts-0-root
metadata directory: /tmp/dist-test-taskPnVjLI/test-tmp/auto_rebalancer-test.0.AutoRebalancerTest.OnlyLeaderDoesAutoRebalancing.1780320665965116-22371-0/minicluster-data/ts-0-root
1 data directories: /tmp/dist-test-taskPnVjLI/test-tmp/auto_rebalancer-test.0.AutoRebalancerTest.OnlyLeaderDoesAutoRebalancing.1780320665965116-22371-0/minicluster-data/ts-0-root/data
Total live blocks: 0
Total live bytes: 0
Total live bytes (after alignment): 0
Total number of LBM containers: 0 (0 full)
Did not check for missing blocks
Did not check for orphaned blocks
Total full LBM containers with extra space: 0 (0 repaired)
Total full LBM container extra space in bytes: 0 (0 repaired)
Total incomplete LBM containers: 0 (0 repaired)
Total LBM partial records: 0 (0 repaired)
Total corrupted LBM metadata records in RocksDB: 0 (0 repaired)
I20260601 13:31:06.146207 22601 raft_consensus.cc:493] T 00000000000000000000000000000000 P 2f0e0ca7f7ab4f20bbbb6df30372ffcf [term 0 FOLLOWER]: Starting pre-election (no leader contacted us within the election timeout)
I20260601 13:31:06.146400 22601 raft_consensus.cc:515] T 00000000000000000000000000000000 P 2f0e0ca7f7ab4f20bbbb6df30372ffcf [term 0 FOLLOWER]: Starting pre-election with config: opid_index: -1 OBSOLETE_local: false peers { permanent_uuid: "f3020f297f1a40cd9a1ee0033fcaa777" member_type: VOTER last_known_addr { host: "127.21.216.254" port: 36701 } } peers { permanent_uuid: "2f0e0ca7f7ab4f20bbbb6df30372ffcf" member_type: VOTER last_known_addr { host: "127.21.216.253" port: 41329 } } peers { permanent_uuid: "d23181b9c74d495183862d41303d98c5" member_type: VOTER last_known_addr { host: "127.21.216.252" port: 39971 } }
I20260601 13:31:06.147449 22601 leader_election.cc:290] T 00000000000000000000000000000000 P 2f0e0ca7f7ab4f20bbbb6df30372ffcf [CANDIDATE]: Term 1 pre-election: Requested pre-vote from peers f3020f297f1a40cd9a1ee0033fcaa777 (127.21.216.254:36701), d23181b9c74d495183862d41303d98c5 (127.21.216.252:39971)
I20260601 13:31:06.147958 22543 tablet_service.cc:1917] Received RequestConsensusVote() RPC: tablet_id: "00000000000000000000000000000000" candidate_uuid: "2f0e0ca7f7ab4f20bbbb6df30372ffcf" candidate_term: 1 candidate_status { last_received { term: 0 index: 0 } } ignore_live_leader: false dest_uuid: "d23181b9c74d495183862d41303d98c5" is_pre_election: true
I20260601 13:31:06.147958 22411 tablet_service.cc:1917] Received RequestConsensusVote() RPC: tablet_id: "00000000000000000000000000000000" candidate_uuid: "2f0e0ca7f7ab4f20bbbb6df30372ffcf" candidate_term: 1 candidate_status { last_received { term: 0 index: 0 } } ignore_live_leader: false dest_uuid: "f3020f297f1a40cd9a1ee0033fcaa777" is_pre_election: true
I20260601 13:31:06.148200 22543 raft_consensus.cc:2468] T 00000000000000000000000000000000 P d23181b9c74d495183862d41303d98c5 [term 0 FOLLOWER]: Leader pre-election vote request: Granting yes vote for candidate 2f0e0ca7f7ab4f20bbbb6df30372ffcf in term 0.
I20260601 13:31:06.148200 22411 raft_consensus.cc:2468] T 00000000000000000000000000000000 P f3020f297f1a40cd9a1ee0033fcaa777 [term 0 FOLLOWER]: Leader pre-election vote request: Granting yes vote for candidate 2f0e0ca7f7ab4f20bbbb6df30372ffcf in term 0.
I20260601 13:31:06.148566 22371 rpc_server.cc:225] running with OpenSSL 1.1.1  11 Sep 2018
I20260601 13:31:06.148593 22448 leader_election.cc:304] T 00000000000000000000000000000000 P 2f0e0ca7f7ab4f20bbbb6df30372ffcf [CANDIDATE]: Term 1 pre-election: Election decided. Result: candidate won. Election summary: received 2 responses out of 3 voters: 2 yes votes; 0 no votes. yes voters: 2f0e0ca7f7ab4f20bbbb6df30372ffcf, d23181b9c74d495183862d41303d98c5; no voters: 
I20260601 13:31:06.148834 22601 raft_consensus.cc:2804] T 00000000000000000000000000000000 P 2f0e0ca7f7ab4f20bbbb6df30372ffcf [term 0 FOLLOWER]: Leader pre-election won for term 1
I20260601 13:31:06.148893 22601 raft_consensus.cc:493] T 00000000000000000000000000000000 P 2f0e0ca7f7ab4f20bbbb6df30372ffcf [term 0 FOLLOWER]: Starting leader election (no leader contacted us within the election timeout)
I20260601 13:31:06.148931 22601 raft_consensus.cc:3060] T 00000000000000000000000000000000 P 2f0e0ca7f7ab4f20bbbb6df30372ffcf [term 0 FOLLOWER]: Advancing to term 1
I20260601 13:31:06.149047 22371 kserver.cc:163] Server-wide thread pool size limit: 3276
I20260601 13:31:06.149473 22371 txn_system_client.cc:432] TxnSystemClient initialization is disabled...
I20260601 13:31:06.149842 22601 raft_consensus.cc:515] T 00000000000000000000000000000000 P 2f0e0ca7f7ab4f20bbbb6df30372ffcf [term 1 FOLLOWER]: Starting leader election with config: opid_index: -1 OBSOLETE_local: false peers { permanent_uuid: "f3020f297f1a40cd9a1ee0033fcaa777" member_type: VOTER last_known_addr { host: "127.21.216.254" port: 36701 } } peers { permanent_uuid: "2f0e0ca7f7ab4f20bbbb6df30372ffcf" member_type: VOTER last_known_addr { host: "127.21.216.253" port: 41329 } } peers { permanent_uuid: "d23181b9c74d495183862d41303d98c5" member_type: VOTER last_known_addr { host: "127.21.216.252" port: 39971 } }
I20260601 13:31:06.150251 22601 leader_election.cc:290] T 00000000000000000000000000000000 P 2f0e0ca7f7ab4f20bbbb6df30372ffcf [CANDIDATE]: Term 1 election: Requested vote from peers f3020f297f1a40cd9a1ee0033fcaa777 (127.21.216.254:36701), d23181b9c74d495183862d41303d98c5 (127.21.216.252:39971)
I20260601 13:31:06.150417 22371 ts_tablet_manager.cc:585] Loaded tablet metadata (0 total tablets, 0 live tablets)
I20260601 13:31:06.150460 22371 ts_tablet_manager.cc:531] Time spent load tablet metadata: real 0.000s	user 0.000s	sys 0.000s
I20260601 13:31:06.150502 22371 ts_tablet_manager.cc:616] Registered 0 tablets
I20260601 13:31:06.150519 22371 ts_tablet_manager.cc:595] Time spent register tablets: real 0.000s	user 0.000s	sys 0.000s
I20260601 13:31:06.150601 22411 tablet_service.cc:1917] Received RequestConsensusVote() RPC: tablet_id: "00000000000000000000000000000000" candidate_uuid: "2f0e0ca7f7ab4f20bbbb6df30372ffcf" candidate_term: 1 candidate_status { last_received { term: 0 index: 0 } } ignore_live_leader: false dest_uuid: "f3020f297f1a40cd9a1ee0033fcaa777"
I20260601 13:31:06.150717 22411 raft_consensus.cc:3060] T 00000000000000000000000000000000 P f3020f297f1a40cd9a1ee0033fcaa777 [term 0 FOLLOWER]: Advancing to term 1
I20260601 13:31:06.150599 22543 tablet_service.cc:1917] Received RequestConsensusVote() RPC: tablet_id: "00000000000000000000000000000000" candidate_uuid: "2f0e0ca7f7ab4f20bbbb6df30372ffcf" candidate_term: 1 candidate_status { last_received { term: 0 index: 0 } } ignore_live_leader: false dest_uuid: "d23181b9c74d495183862d41303d98c5"
I20260601 13:31:06.150827 22543 raft_consensus.cc:3060] T 00000000000000000000000000000000 P d23181b9c74d495183862d41303d98c5 [term 0 FOLLOWER]: Advancing to term 1
I20260601 13:31:06.151656 22411 raft_consensus.cc:2468] T 00000000000000000000000000000000 P f3020f297f1a40cd9a1ee0033fcaa777 [term 1 FOLLOWER]: Leader election vote request: Granting yes vote for candidate 2f0e0ca7f7ab4f20bbbb6df30372ffcf in term 1.
I20260601 13:31:06.151656 22543 raft_consensus.cc:2468] T 00000000000000000000000000000000 P d23181b9c74d495183862d41303d98c5 [term 1 FOLLOWER]: Leader election vote request: Granting yes vote for candidate 2f0e0ca7f7ab4f20bbbb6df30372ffcf in term 1.
I20260601 13:31:06.152033 22451 leader_election.cc:304] T 00000000000000000000000000000000 P 2f0e0ca7f7ab4f20bbbb6df30372ffcf [CANDIDATE]: Term 1 election: Election decided. Result: candidate won. Election summary: received 3 responses out of 3 voters: 3 yes votes; 0 no votes. yes voters: 2f0e0ca7f7ab4f20bbbb6df30372ffcf, d23181b9c74d495183862d41303d98c5, f3020f297f1a40cd9a1ee0033fcaa777; no voters: 
I20260601 13:31:06.152196 22601 raft_consensus.cc:2804] T 00000000000000000000000000000000 P 2f0e0ca7f7ab4f20bbbb6df30372ffcf [term 1 FOLLOWER]: Leader election won for term 1
I20260601 13:31:06.152418 22601 raft_consensus.cc:697] T 00000000000000000000000000000000 P 2f0e0ca7f7ab4f20bbbb6df30372ffcf [term 1 LEADER]: Becoming Leader. State: Replica: 2f0e0ca7f7ab4f20bbbb6df30372ffcf, State: Running, Role: LEADER
I20260601 13:31:06.152727 22601 consensus_queue.cc:237] T 00000000000000000000000000000000 P 2f0e0ca7f7ab4f20bbbb6df30372ffcf [LEADER]: Queue going to LEADER mode. State: All replicated index: 0, Majority replicated index: 0, Committed index: 0, Last appended: 0.0, Last appended by leader: 0, Current term: 1, Majority size: 2, State: 0, Mode: LEADER, active raft config: opid_index: -1 OBSOLETE_local: false peers { permanent_uuid: "f3020f297f1a40cd9a1ee0033fcaa777" member_type: VOTER last_known_addr { host: "127.21.216.254" port: 36701 } } peers { permanent_uuid: "2f0e0ca7f7ab4f20bbbb6df30372ffcf" member_type: VOTER last_known_addr { host: "127.21.216.253" port: 41329 } } peers { permanent_uuid: "d23181b9c74d495183862d41303d98c5" member_type: VOTER last_known_addr { host: "127.21.216.252" port: 39971 } }
I20260601 13:31:06.154992 22629 sys_catalog.cc:455] T 00000000000000000000000000000000 P 2f0e0ca7f7ab4f20bbbb6df30372ffcf [sys.catalog]: SysCatalogTable state changed. Reason: New leader 2f0e0ca7f7ab4f20bbbb6df30372ffcf. Latest consensus state: current_term: 1 leader_uuid: "2f0e0ca7f7ab4f20bbbb6df30372ffcf" committed_config { opid_index: -1 OBSOLETE_local: false peers { permanent_uuid: "f3020f297f1a40cd9a1ee0033fcaa777" member_type: VOTER last_known_addr { host: "127.21.216.254" port: 36701 } } peers { permanent_uuid: "2f0e0ca7f7ab4f20bbbb6df30372ffcf" member_type: VOTER last_known_addr { host: "127.21.216.253" port: 41329 } } peers { permanent_uuid: "d23181b9c74d495183862d41303d98c5" member_type: VOTER last_known_addr { host: "127.21.216.252" port: 39971 } } }
I20260601 13:31:06.155148 22629 sys_catalog.cc:458] T 00000000000000000000000000000000 P 2f0e0ca7f7ab4f20bbbb6df30372ffcf [sys.catalog]: This master's current role is: LEADER
I20260601 13:31:06.155843 22652 catalog_manager.cc:1510] Loading table and tablet metadata into memory...
I20260601 13:31:06.157073 22652 catalog_manager.cc:1519] Initializing Kudu cluster ID...
I20260601 13:31:06.158952 22371 rpc_server.cc:307] RPC server started. Bound to: 127.21.216.193:42669
I20260601 13:31:06.159016 22687 acceptor_pool.cc:272] collecting diagnostics on the listening RPC socket 127.21.216.193:42669 every 8 connection(s)
I20260601 13:31:06.160219 22371 file_cache.cc:492] Constructed file cache file cache with capacity 419430
I20260601 13:31:06.162703 22411 raft_consensus.cc:1275] T 00000000000000000000000000000000 P f3020f297f1a40cd9a1ee0033fcaa777 [term 1 FOLLOWER]: Refusing update from remote peer 2f0e0ca7f7ab4f20bbbb6df30372ffcf: Log matching property violated. Preceding OpId in replica: term: 0 index: 0. Preceding OpId from leader: term: 1 index: 2. (index mismatch)
I20260601 13:31:06.162703 22543 raft_consensus.cc:1275] T 00000000000000000000000000000000 P d23181b9c74d495183862d41303d98c5 [term 1 FOLLOWER]: Refusing update from remote peer 2f0e0ca7f7ab4f20bbbb6df30372ffcf: Log matching property violated. Preceding OpId in replica: term: 0 index: 0. Preceding OpId from leader: term: 1 index: 2. (index mismatch)
I20260601 13:31:06.163249 22629 consensus_queue.cc:1048] T 00000000000000000000000000000000 P 2f0e0ca7f7ab4f20bbbb6df30372ffcf [LEADER]: Connected to new peer: Peer: permanent_uuid: "d23181b9c74d495183862d41303d98c5" member_type: VOTER last_known_addr { host: "127.21.216.252" port: 39971 }, Status: LMP_MISMATCH, Last received: 0.0, Next index: 1, Last known committed idx: 0, Time since last communication: 0.000s
I20260601 13:31:06.163748 22629 consensus_queue.cc:1048] T 00000000000000000000000000000000 P 2f0e0ca7f7ab4f20bbbb6df30372ffcf [LEADER]: Connected to new peer: Peer: permanent_uuid: "f3020f297f1a40cd9a1ee0033fcaa777" member_type: VOTER last_known_addr { host: "127.21.216.254" port: 36701 }, Status: LMP_MISMATCH, Last received: 0.0, Next index: 1, Last known committed idx: 0, Time since last communication: 0.000s
I20260601 13:31:06.165313 22574 sys_catalog.cc:455] T 00000000000000000000000000000000 P d23181b9c74d495183862d41303d98c5 [sys.catalog]: SysCatalogTable state changed. Reason: New leader 2f0e0ca7f7ab4f20bbbb6df30372ffcf. Latest consensus state: current_term: 1 leader_uuid: "2f0e0ca7f7ab4f20bbbb6df30372ffcf" committed_config { opid_index: -1 OBSOLETE_local: false peers { permanent_uuid: "f3020f297f1a40cd9a1ee0033fcaa777" member_type: VOTER last_known_addr { host: "127.21.216.254" port: 36701 } } peers { permanent_uuid: "2f0e0ca7f7ab4f20bbbb6df30372ffcf" member_type: VOTER last_known_addr { host: "127.21.216.253" port: 41329 } } peers { permanent_uuid: "d23181b9c74d495183862d41303d98c5" member_type: VOTER last_known_addr { host: "127.21.216.252" port: 39971 } } }
I20260601 13:31:06.165422 22574 sys_catalog.cc:458] T 00000000000000000000000000000000 P d23181b9c74d495183862d41303d98c5 [sys.catalog]: This master's current role is: FOLLOWER
I20260601 13:31:06.165472 22582 sys_catalog.cc:455] T 00000000000000000000000000000000 P f3020f297f1a40cd9a1ee0033fcaa777 [sys.catalog]: SysCatalogTable state changed. Reason: New leader 2f0e0ca7f7ab4f20bbbb6df30372ffcf. Latest consensus state: current_term: 1 leader_uuid: "2f0e0ca7f7ab4f20bbbb6df30372ffcf" committed_config { opid_index: -1 OBSOLETE_local: false peers { permanent_uuid: "f3020f297f1a40cd9a1ee0033fcaa777" member_type: VOTER last_known_addr { host: "127.21.216.254" port: 36701 } } peers { permanent_uuid: "2f0e0ca7f7ab4f20bbbb6df30372ffcf" member_type: VOTER last_known_addr { host: "127.21.216.253" port: 41329 } } peers { permanent_uuid: "d23181b9c74d495183862d41303d98c5" member_type: VOTER last_known_addr { host: "127.21.216.252" port: 39971 } } }
I20260601 13:31:06.165568 22582 sys_catalog.cc:458] T 00000000000000000000000000000000 P f3020f297f1a40cd9a1ee0033fcaa777 [sys.catalog]: This master's current role is: FOLLOWER
I20260601 13:31:06.165983 22690 heartbeater.cc:344] Connected to a master server at 127.21.216.254:36701
I20260601 13:31:06.166123 22690 heartbeater.cc:461] Registering TS with master...
I20260601 13:31:06.166683 22690 heartbeater.cc:507] Master 127.21.216.254:36701 requested a full tablet report, sending...
I20260601 13:31:06.166893 22601 sys_catalog.cc:455] T 00000000000000000000000000000000 P 2f0e0ca7f7ab4f20bbbb6df30372ffcf [sys.catalog]: SysCatalogTable state changed. Reason: Peer health change. Latest consensus state: current_term: 1 leader_uuid: "2f0e0ca7f7ab4f20bbbb6df30372ffcf" committed_config { opid_index: -1 OBSOLETE_local: false peers { permanent_uuid: "f3020f297f1a40cd9a1ee0033fcaa777" member_type: VOTER last_known_addr { host: "127.21.216.254" port: 36701 } } peers { permanent_uuid: "2f0e0ca7f7ab4f20bbbb6df30372ffcf" member_type: VOTER last_known_addr { host: "127.21.216.253" port: 41329 } } peers { permanent_uuid: "d23181b9c74d495183862d41303d98c5" member_type: VOTER last_known_addr { host: "127.21.216.252" port: 39971 } } }
I20260601 13:31:06.166976 22601 sys_catalog.cc:458] T 00000000000000000000000000000000 P 2f0e0ca7f7ab4f20bbbb6df30372ffcf [sys.catalog]: This master's current role is: LEADER
I20260601 13:31:06.167197 22688 mvcc.cc:204] Tried to move back new op lower bound from 7292193448595447808 to 7292193448565084160. Current Snapshot: MvccSnapshot[applied={T|T < 7292193448595447808}]
I20260601 13:31:06.167775 22574 sys_catalog.cc:455] T 00000000000000000000000000000000 P d23181b9c74d495183862d41303d98c5 [sys.catalog]: SysCatalogTable state changed. Reason: Replicated consensus-only round. Latest consensus state: current_term: 1 leader_uuid: "2f0e0ca7f7ab4f20bbbb6df30372ffcf" committed_config { opid_index: -1 OBSOLETE_local: false peers { permanent_uuid: "f3020f297f1a40cd9a1ee0033fcaa777" member_type: VOTER last_known_addr { host: "127.21.216.254" port: 36701 } } peers { permanent_uuid: "2f0e0ca7f7ab4f20bbbb6df30372ffcf" member_type: VOTER last_known_addr { host: "127.21.216.253" port: 41329 } } peers { permanent_uuid: "d23181b9c74d495183862d41303d98c5" member_type: VOTER last_known_addr { host: "127.21.216.252" port: 39971 } } }
I20260601 13:31:06.167881 22574 sys_catalog.cc:458] T 00000000000000000000000000000000 P d23181b9c74d495183862d41303d98c5 [sys.catalog]: This master's current role is: FOLLOWER
I20260601 13:31:06.168087 22401 ts_manager.cc:194] Registered new tserver with Master: 9c8c9ee21e7d4c5b9235019f2d76dc1d (127.21.216.193:42669)
I20260601 13:31:06.168880 22629 sys_catalog.cc:455] T 00000000000000000000000000000000 P 2f0e0ca7f7ab4f20bbbb6df30372ffcf [sys.catalog]: SysCatalogTable state changed. Reason: Peer health change. Latest consensus state: current_term: 1 leader_uuid: "2f0e0ca7f7ab4f20bbbb6df30372ffcf" committed_config { opid_index: -1 OBSOLETE_local: false peers { permanent_uuid: "f3020f297f1a40cd9a1ee0033fcaa777" member_type: VOTER last_known_addr { host: "127.21.216.254" port: 36701 } } peers { permanent_uuid: "2f0e0ca7f7ab4f20bbbb6df30372ffcf" member_type: VOTER last_known_addr { host: "127.21.216.253" port: 41329 } } peers { permanent_uuid: "d23181b9c74d495183862d41303d98c5" member_type: VOTER last_known_addr { host: "127.21.216.252" port: 39971 } } }
I20260601 13:31:06.168968 22629 sys_catalog.cc:458] T 00000000000000000000000000000000 P 2f0e0ca7f7ab4f20bbbb6df30372ffcf [sys.catalog]: This master's current role is: LEADER
I20260601 13:31:06.169270 22652 catalog_manager.cc:1382] Generated new cluster ID: 71c6a3b3a9e247a1ac411eecbf726c7a
I20260601 13:31:06.169323 22652 catalog_manager.cc:1530] Initializing Kudu internal certificate authority...
