I20260601 13:22:25.494467  5627 tablet_service.cc:1917] Received RequestConsensusVote() RPC: tablet_id: "d4a1c6a503ef4bf89df6466835be9e56" candidate_uuid: "eb249bc4434f4fbf9349bf71a916613f" candidate_term: 1 candidate_status { last_received { term: 0 index: 0 } } ignore_live_leader: false dest_uuid: "5f74eadc42c445b294f06a70cd65ac74" is_pre_election: true
I20260601 13:22:25.494700  5627 raft_consensus.cc:2468] T d4a1c6a503ef4bf89df6466835be9e56 P 5f74eadc42c445b294f06a70cd65ac74 [term 0 FOLLOWER]: Leader pre-election vote request: Granting yes vote for candidate eb249bc4434f4fbf9349bf71a916613f in term 0.
I20260601 13:22:25.494704  5702 raft_consensus.cc:2468] T d4a1c6a503ef4bf89df6466835be9e56 P 7d044cdd2bde4fed966f9ce53a5e0834 [term 0 FOLLOWER]: Leader pre-election vote request: Granting yes vote for candidate eb249bc4434f4fbf9349bf71a916613f in term 0.
I20260601 13:22:25.495102  5741 leader_election.cc:304] T d4a1c6a503ef4bf89df6466835be9e56 P eb249bc4434f4fbf9349bf71a916613f [CANDIDATE]: Term 1 pre-election: Election decided. Result: candidate won. Election summary: received 2 responses out of 3 voters: 2 yes votes; 0 no votes. yes voters: 5f74eadc42c445b294f06a70cd65ac74, eb249bc4434f4fbf9349bf71a916613f; no voters: 
I20260601 13:22:25.495388  5832 raft_consensus.cc:2804] T d4a1c6a503ef4bf89df6466835be9e56 P eb249bc4434f4fbf9349bf71a916613f [term 0 FOLLOWER]: Leader pre-election won for term 1
I20260601 13:22:25.495442  5832 raft_consensus.cc:493] T d4a1c6a503ef4bf89df6466835be9e56 P eb249bc4434f4fbf9349bf71a916613f [term 0 FOLLOWER]: Starting leader election (no leader contacted us within the election timeout)
I20260601 13:22:25.495496  5832 raft_consensus.cc:3060] T d4a1c6a503ef4bf89df6466835be9e56 P eb249bc4434f4fbf9349bf71a916613f [term 0 FOLLOWER]: Advancing to term 1
I20260601 13:22:25.496537  5832 raft_consensus.cc:515] T d4a1c6a503ef4bf89df6466835be9e56 P eb249bc4434f4fbf9349bf71a916613f [term 1 FOLLOWER]: Starting leader election with config: opid_index: -1 OBSOLETE_local: false peers { permanent_uuid: "5f74eadc42c445b294f06a70cd65ac74" member_type: VOTER last_known_addr { host: "127.1.213.194" port: 38481 } } peers { permanent_uuid: "eb249bc4434f4fbf9349bf71a916613f" member_type: VOTER last_known_addr { host: "127.1.213.196" port: 43559 } } peers { permanent_uuid: "7d044cdd2bde4fed966f9ce53a5e0834" member_type: VOTER last_known_addr { host: "127.1.213.195" port: 33341 } }
I20260601 13:22:25.496976  5832 leader_election.cc:290] T d4a1c6a503ef4bf89df6466835be9e56 P eb249bc4434f4fbf9349bf71a916613f [CANDIDATE]: Term 1 election: Requested vote from peers 5f74eadc42c445b294f06a70cd65ac74 (127.1.213.194:38481), 7d044cdd2bde4fed966f9ce53a5e0834 (127.1.213.195:33341)
I20260601 13:22:25.497367  5627 tablet_service.cc:1917] Received RequestConsensusVote() RPC: tablet_id: "d4a1c6a503ef4bf89df6466835be9e56" candidate_uuid: "eb249bc4434f4fbf9349bf71a916613f" candidate_term: 1 candidate_status { last_received { term: 0 index: 0 } } ignore_live_leader: false dest_uuid: "5f74eadc42c445b294f06a70cd65ac74"
I20260601 13:22:25.497392  5702 tablet_service.cc:1917] Received RequestConsensusVote() RPC: tablet_id: "d4a1c6a503ef4bf89df6466835be9e56" candidate_uuid: "eb249bc4434f4fbf9349bf71a916613f" candidate_term: 1 candidate_status { last_received { term: 0 index: 0 } } ignore_live_leader: false dest_uuid: "7d044cdd2bde4fed966f9ce53a5e0834"
I20260601 13:22:25.497475  5627 raft_consensus.cc:3060] T d4a1c6a503ef4bf89df6466835be9e56 P 5f74eadc42c445b294f06a70cd65ac74 [term 0 FOLLOWER]: Advancing to term 1
I20260601 13:22:25.497618  5702 raft_consensus.cc:3060] T d4a1c6a503ef4bf89df6466835be9e56 P 7d044cdd2bde4fed966f9ce53a5e0834 [term 0 FOLLOWER]: Advancing to term 1
I20260601 13:22:25.498483  5627 raft_consensus.cc:2468] T d4a1c6a503ef4bf89df6466835be9e56 P 5f74eadc42c445b294f06a70cd65ac74 [term 1 FOLLOWER]: Leader election vote request: Granting yes vote for candidate eb249bc4434f4fbf9349bf71a916613f in term 1.
I20260601 13:22:25.498791  5702 raft_consensus.cc:2468] T d4a1c6a503ef4bf89df6466835be9e56 P 7d044cdd2bde4fed966f9ce53a5e0834 [term 1 FOLLOWER]: Leader election vote request: Granting yes vote for candidate eb249bc4434f4fbf9349bf71a916613f in term 1.
I20260601 13:22:25.498840  5741 leader_election.cc:304] T d4a1c6a503ef4bf89df6466835be9e56 P eb249bc4434f4fbf9349bf71a916613f [CANDIDATE]: Term 1 election: Election decided. Result: candidate won. Election summary: received 2 responses out of 3 voters: 2 yes votes; 0 no votes. yes voters: 5f74eadc42c445b294f06a70cd65ac74, eb249bc4434f4fbf9349bf71a916613f; no voters: 
I20260601 13:22:25.499102  5832 raft_consensus.cc:2804] T d4a1c6a503ef4bf89df6466835be9e56 P eb249bc4434f4fbf9349bf71a916613f [term 1 FOLLOWER]: Leader election won for term 1
I20260601 13:22:25.499425  5832 raft_consensus.cc:697] T d4a1c6a503ef4bf89df6466835be9e56 P eb249bc4434f4fbf9349bf71a916613f [term 1 LEADER]: Becoming Leader. State: Replica: eb249bc4434f4fbf9349bf71a916613f, State: Running, Role: LEADER
I20260601 13:22:25.499614  5832 consensus_queue.cc:237] T d4a1c6a503ef4bf89df6466835be9e56 P eb249bc4434f4fbf9349bf71a916613f [LEADER]: Queue going to LEADER mode. State: All replicated index: 0, Majority replicated index: 0, Committed index: 0, Last appended: 0.0, Last appended by leader: 0, Current term: 1, Majority size: 2, State: 0, Mode: LEADER, active raft config: opid_index: -1 OBSOLETE_local: false peers { permanent_uuid: "5f74eadc42c445b294f06a70cd65ac74" member_type: VOTER last_known_addr { host: "127.1.213.194" port: 38481 } } peers { permanent_uuid: "eb249bc4434f4fbf9349bf71a916613f" member_type: VOTER last_known_addr { host: "127.1.213.196" port: 43559 } } peers { permanent_uuid: "7d044cdd2bde4fed966f9ce53a5e0834" member_type: VOTER last_known_addr { host: "127.1.213.195" port: 33341 } }
I20260601 13:22:25.501387  5448 catalog_manager.cc:5696] T d4a1c6a503ef4bf89df6466835be9e56 P eb249bc4434f4fbf9349bf71a916613f reported cstate change: term changed from 0 to 1, leader changed from <none> to eb249bc4434f4fbf9349bf71a916613f (127.1.213.196). New cstate: current_term: 1 leader_uuid: "eb249bc4434f4fbf9349bf71a916613f" committed_config { opid_index: -1 OBSOLETE_local: false peers { permanent_uuid: "5f74eadc42c445b294f06a70cd65ac74" member_type: VOTER last_known_addr { host: "127.1.213.194" port: 38481 } health_report { overall_health: UNKNOWN } } peers { permanent_uuid: "eb249bc4434f4fbf9349bf71a916613f" member_type: VOTER last_known_addr { host: "127.1.213.196" port: 43559 } health_report { overall_health: HEALTHY } } peers { permanent_uuid: "7d044cdd2bde4fed966f9ce53a5e0834" member_type: VOTER last_known_addr { host: "127.1.213.195" port: 33341 } health_report { overall_health: UNKNOWN } } }
I20260601 13:22:25.883875  5832 consensus_queue.cc:1048] T d4a1c6a503ef4bf89df6466835be9e56 P eb249bc4434f4fbf9349bf71a916613f [LEADER]: Connected to new peer: Peer: permanent_uuid: "5f74eadc42c445b294f06a70cd65ac74" member_type: VOTER last_known_addr { host: "127.1.213.194" port: 38481 }, Status: LMP_MISMATCH, Last received: 0.0, Next index: 1, Last known committed idx: 0, Time since last communication: 0.000s
I20260601 13:22:25.887272  5835 consensus_queue.cc:1048] T d4a1c6a503ef4bf89df6466835be9e56 P eb249bc4434f4fbf9349bf71a916613f [LEADER]: Connected to new peer: Peer: permanent_uuid: "7d044cdd2bde4fed966f9ce53a5e0834" member_type: VOTER last_known_addr { host: "127.1.213.195" port: 33341 }, Status: LMP_MISMATCH, Last received: 0.0, Next index: 1, Last known committed idx: 0, Time since last communication: 0.000s
I20260601 13:22:25.963078  5502 auto_leader_rebalancer.cc:140] leader rebalance for table test-workload
I20260601 13:22:25.963423  5502 auto_leader_rebalancer.cc:388] table: test-workload, leader rebalance finish, leader transfer count: 0
I20260601 13:22:25.963503  5502 auto_leader_rebalancer.cc:451] All tables' leader rebalancing finished this round
I20260601 13:22:27.963831  5502 auto_leader_rebalancer.cc:140] leader rebalance for table test-workload
I20260601 13:22:27.964151  5502 auto_leader_rebalancer.cc:388] table: test-workload, leader rebalance finish, leader transfer count: 0
I20260601 13:22:27.964241  5502 auto_leader_rebalancer.cc:451] All tables' leader rebalancing finished this round
I20260601 13:22:29.964578  5502 auto_leader_rebalancer.cc:140] leader rebalance for table test-workload
I20260601 13:22:29.964958  5502 auto_leader_rebalancer.cc:388] table: test-workload, leader rebalance finish, leader transfer count: 0
I20260601 13:22:29.965054  5502 auto_leader_rebalancer.cc:451] All tables' leader rebalancing finished this round
I20260601 13:22:31.965436  5502 auto_leader_rebalancer.cc:140] leader rebalance for table test-workload
I20260601 13:22:31.965844  5502 auto_leader_rebalancer.cc:388] table: test-workload, leader rebalance finish, leader transfer count: 0
I20260601 13:22:31.965934  5502 auto_leader_rebalancer.cc:451] All tables' leader rebalancing finished this round
I20260601 13:22:33.966274  5502 auto_leader_rebalancer.cc:140] leader rebalance for table test-workload
I20260601 13:22:33.966749  5502 auto_leader_rebalancer.cc:388] table: test-workload, leader rebalance finish, leader transfer count: 0
I20260601 13:22:33.966837  5502 auto_leader_rebalancer.cc:451] All tables' leader rebalancing finished this round
I20260601 13:22:35.967243  5502 auto_leader_rebalancer.cc:140] leader rebalance for table test-workload
I20260601 13:22:35.967680  5502 auto_leader_rebalancer.cc:388] table: test-workload, leader rebalance finish, leader transfer count: 0
I20260601 13:22:35.967783  5502 auto_leader_rebalancer.cc:451] All tables' leader rebalancing finished this round
I20260601 13:22:36.608851  1879 tablet_server.cc:179] TabletServer@127.1.213.193:0 shutting down...
I20260601 13:22:36.613682  1879 ts_tablet_manager.cc:1507] Shutting down tablet manager...
I20260601 13:22:36.626744  1879 tablet_server.cc:196] TabletServer@127.1.213.193:0 shutdown complete.
I20260601 13:22:36.629369  1879 tablet_server.cc:179] TabletServer@127.1.213.194:0 shutting down...
I20260601 13:22:36.633992  1879 ts_tablet_manager.cc:1507] Shutting down tablet manager...
I20260601 13:22:36.634266  1879 tablet_replica.cc:333] T d4a1c6a503ef4bf89df6466835be9e56 P 5f74eadc42c445b294f06a70cd65ac74: stopping tablet replica
I20260601 13:22:36.634406  1879 raft_consensus.cc:2243] T d4a1c6a503ef4bf89df6466835be9e56 P 5f74eadc42c445b294f06a70cd65ac74 [term 1 FOLLOWER]: Raft consensus shutting down.
I20260601 13:22:36.634542  1879 raft_consensus.cc:2272] T d4a1c6a503ef4bf89df6466835be9e56 P 5f74eadc42c445b294f06a70cd65ac74 [term 1 FOLLOWER]: Raft consensus is shut down!
I20260601 13:22:36.647729  1879 tablet_server.cc:196] TabletServer@127.1.213.194:0 shutdown complete.
I20260601 13:22:36.650210  1879 tablet_server.cc:179] TabletServer@127.1.213.195:0 shutting down...
I20260601 13:22:36.654742  1879 ts_tablet_manager.cc:1507] Shutting down tablet manager...
I20260601 13:22:36.655030  1879 tablet_replica.cc:333] T d4a1c6a503ef4bf89df6466835be9e56 P 7d044cdd2bde4fed966f9ce53a5e0834: stopping tablet replica
I20260601 13:22:36.655197  1879 raft_consensus.cc:2243] T d4a1c6a503ef4bf89df6466835be9e56 P 7d044cdd2bde4fed966f9ce53a5e0834 [term 1 FOLLOWER]: Raft consensus shutting down.
I20260601 13:22:36.655323  1879 raft_consensus.cc:2272] T d4a1c6a503ef4bf89df6466835be9e56 P 7d044cdd2bde4fed966f9ce53a5e0834 [term 1 FOLLOWER]: Raft consensus is shut down!
I20260601 13:22:36.668355  1879 tablet_server.cc:196] TabletServer@127.1.213.195:0 shutdown complete.
I20260601 13:22:36.670990  1879 tablet_server.cc:179] TabletServer@127.1.213.196:0 shutting down...
I20260601 13:22:36.675951  1879 ts_tablet_manager.cc:1507] Shutting down tablet manager...
I20260601 13:22:36.676256  1879 tablet_replica.cc:333] T d4a1c6a503ef4bf89df6466835be9e56 P eb249bc4434f4fbf9349bf71a916613f: stopping tablet replica
I20260601 13:22:36.676421  1879 raft_consensus.cc:2243] T d4a1c6a503ef4bf89df6466835be9e56 P eb249bc4434f4fbf9349bf71a916613f [term 1 LEADER]: Raft consensus shutting down.
I20260601 13:22:36.676702  1879 raft_consensus.cc:2272] T d4a1c6a503ef4bf89df6466835be9e56 P eb249bc4434f4fbf9349bf71a916613f [term 1 FOLLOWER]: Raft consensus is shut down!
I20260601 13:22:36.689971  1879 tablet_server.cc:196] TabletServer@127.1.213.196:0 shutdown complete.
I20260601 13:22:36.692858  1879 master.cc:562] Master@127.1.213.254:38787 shutting down...
I20260601 13:22:36.697407  1879 raft_consensus.cc:2243] T 00000000000000000000000000000000 P 00c2d68535fa4ba3997f59c40ffd8792 [term 1 LEADER]: Raft consensus shutting down.
I20260601 13:22:36.697594  1879 raft_consensus.cc:2272] T 00000000000000000000000000000000 P 00c2d68535fa4ba3997f59c40ffd8792 [term 1 FOLLOWER]: Raft consensus is shut down!
I20260601 13:22:36.697651  1879 tablet_replica.cc:333] T 00000000000000000000000000000000 P 00c2d68535fa4ba3997f59c40ffd8792: stopping tablet replica
I20260601 13:22:36.710830  1879 master.cc:584] Master@127.1.213.254:38787 shutdown complete.
[       OK ] AutoRebalancerTest.NoReplicaMovesIfLocationLoadSkewedByOne (12811 ms)
[ RUN      ] AutoRebalancerTest.NoReplicaMovesIfCannotFixPlacementPolicy
I20260601 13:22:36.718322  1879 internal_mini_cluster.cc:156] Creating distributed mini masters. Addrs: 127.1.213.254:43981
I20260601 13:22:36.718765  1879 file_cache.cc:492] Constructed file cache file cache with capacity 419430
W20260601 13:22:36.721249  5851 instance_detector.cc:116] could not retrieve AWS instance metadata: Network error: curl error: HTTP response code said error: The requested URL returned error: 404
W20260601 13:22:36.721249  5852 instance_detector.cc:116] could not retrieve Azure instance metadata: Network error: curl error: HTTP response code said error: The requested URL returned error: 404
W20260601 13:22:36.721282  5854 instance_detector.cc:116] could not retrieve OpenStack instance metadata: Network error: curl error: HTTP response code said error: The requested URL returned error: 404
I20260601 13:22:36.721380  1879 server_base.cc:1061] running on GCE node
I20260601 13:22:36.721800  1879 hybrid_clock.cc:584] initializing the hybrid clock with 'system_unsync' time source
W20260601 13:22:36.721848  1879 system_unsync_time.cc:38] NTP support is disabled. Clock error bounds will not be accurate. This configuration is not suitable for distributed clusters.
I20260601 13:22:36.721864  1879 hybrid_clock.cc:648] HybridClock initialized: now 1780320156721864 us; error 0 us; skew 500 ppm
I20260601 13:22:36.722934  1879 webserver.cc:533] Webserver started at http://127.1.213.254:45161/ using document root <none> and password file <none>
I20260601 13:22:36.723095  1879 fs_manager.cc:362] Metadata directory not provided
I20260601 13:22:36.723146  1879 fs_manager.cc:368] Using write-ahead log directory (fs_wal_dir) as metadata directory
I20260601 13:22:36.723215  1879 server_base.cc:909] This appears to be a new deployment of Kudu; creating new FS layout
I20260601 13:22:36.723639  1879 fs_manager.cc:1068] Generated new instance metadata in path /tmp/dist-test-task3BDPp_/test-tmp/auto_rebalancer-test.0.AutoRebalancerTest.NoReplicaMovesIfCannotFixPlacementPolicy.1780320063810511-1879-0/minicluster-data/master-0-root/instance:
uuid: "21d62255300d40deb342cf56823f2835"
format_stamp: "Formatted at 2026-06-01 13:22:36 on dist-test-slave-02xz"
I20260601 13:22:36.725612  1879 fs_manager.cc:696] Time spent creating directory manager: real 0.002s	user 0.002s	sys 0.000s
I20260601 13:22:36.726915  5859 log_block_manager.cc:4031] Time spent loading block containers with low live blocks: real 0.000s	user 0.000s	sys 0.000s
I20260601 13:22:36.727376  1879 fs_manager.cc:730] Time spent opening block manager: real 0.001s	user 0.001s	sys 0.000s
I20260601 13:22:36.727460  1879 fs_manager.cc:647] Opened local filesystem: /tmp/dist-test-task3BDPp_/test-tmp/auto_rebalancer-test.0.AutoRebalancerTest.NoReplicaMovesIfCannotFixPlacementPolicy.1780320063810511-1879-0/minicluster-data/master-0-root
uuid: "21d62255300d40deb342cf56823f2835"
format_stamp: "Formatted at 2026-06-01 13:22:36 on dist-test-slave-02xz"
I20260601 13:22:36.727579  1879 fs_report.cc:389] FS layout report
--------------------
wal directory: /tmp/dist-test-task3BDPp_/test-tmp/auto_rebalancer-test.0.AutoRebalancerTest.NoReplicaMovesIfCannotFixPlacementPolicy.1780320063810511-1879-0/minicluster-data/master-0-root
metadata directory: /tmp/dist-test-task3BDPp_/test-tmp/auto_rebalancer-test.0.AutoRebalancerTest.NoReplicaMovesIfCannotFixPlacementPolicy.1780320063810511-1879-0/minicluster-data/master-0-root
1 data directories: /tmp/dist-test-task3BDPp_/test-tmp/auto_rebalancer-test.0.AutoRebalancerTest.NoReplicaMovesIfCannotFixPlacementPolicy.1780320063810511-1879-0/minicluster-data/master-0-root/data
Total live blocks: 0
Total live bytes: 0
Total live bytes (after alignment): 0
Total number of LBM containers: 0 (0 full)
Did not check for missing blocks
Did not check for orphaned blocks
Total full LBM containers with extra space: 0 (0 repaired)
Total full LBM container extra space in bytes: 0 (0 repaired)
Total incomplete LBM containers: 0 (0 repaired)
Total LBM partial records: 0 (0 repaired)
Total corrupted LBM metadata records in RocksDB: 0 (0 repaired)
I20260601 13:22:36.736565  1879 rpc_server.cc:225] running with OpenSSL 1.1.1  11 Sep 2018
I20260601 13:22:36.737072  1879 kserver.cc:163] Server-wide thread pool size limit: 3276
I20260601 13:22:36.742170  1879 rpc_server.cc:307] RPC server started. Bound to: 127.1.213.254:43981
I20260601 13:22:36.745594  5911 acceptor_pool.cc:272] collecting diagnostics on the listening RPC socket 127.1.213.254:43981 every 8 connection(s)
I20260601 13:22:36.746127  5912 data_dirs.cc:400] Could only allocate 1 dirs of requested 3 for tablet 00000000000000000000000000000000. 1 dirs total, 0 dirs full, 0 dirs failed
I20260601 13:22:36.748528  5912 tablet_bootstrap.cc:492] T 00000000000000000000000000000000 P 21d62255300d40deb342cf56823f2835: Bootstrap starting.
I20260601 13:22:36.749468  5912 tablet_bootstrap.cc:654] T 00000000000000000000000000000000 P 21d62255300d40deb342cf56823f2835: Neither blocks nor log segments found. Creating new log.
I20260601 13:22:36.750820  5912 tablet_bootstrap.cc:492] T 00000000000000000000000000000000 P 21d62255300d40deb342cf56823f2835: No bootstrap required, opened a new log
I20260601 13:22:36.751230  5912 raft_consensus.cc:359] T 00000000000000000000000000000000 P 21d62255300d40deb342cf56823f2835 [term 0 FOLLOWER]: Replica starting. Triggering 0 pending ops. Active config: opid_index: -1 OBSOLETE_local: true peers { permanent_uuid: "21d62255300d40deb342cf56823f2835" member_type: VOTER }
I20260601 13:22:36.751320  5912 raft_consensus.cc:385] T 00000000000000000000000000000000 P 21d62255300d40deb342cf56823f2835 [term 0 FOLLOWER]: Consensus starting up: Expiring failure detector timer to make a prompt election more likely
I20260601 13:22:36.751343  5912 raft_consensus.cc:740] T 00000000000000000000000000000000 P 21d62255300d40deb342cf56823f2835 [term 0 FOLLOWER]: Becoming Follower/Learner. State: Replica: 21d62255300d40deb342cf56823f2835, State: Initialized, Role: FOLLOWER
I20260601 13:22:36.751543  5912 consensus_queue.cc:260] T 00000000000000000000000000000000 P 21d62255300d40deb342cf56823f2835 [NON_LEADER]: Queue going to NON_LEADER mode. State: All replicated index: 0, Majority replicated index: 0, Committed index: 0, Last appended: 0.0, Last appended by leader: 0, Current term: 0, Majority size: -1, State: 0, Mode: NON_LEADER, active raft config: opid_index: -1 OBSOLETE_local: true peers { permanent_uuid: "21d62255300d40deb342cf56823f2835" member_type: VOTER }
I20260601 13:22:36.751616  5912 raft_consensus.cc:399] T 00000000000000000000000000000000 P 21d62255300d40deb342cf56823f2835 [term 0 FOLLOWER]: Only one voter in the Raft config. Triggering election immediately
I20260601 13:22:36.751641  5912 raft_consensus.cc:493] T 00000000000000000000000000000000 P 21d62255300d40deb342cf56823f2835 [term 0 FOLLOWER]: Starting leader election (initial election of a single-replica configuration)
I20260601 13:22:36.751715  5912 raft_consensus.cc:3060] T 00000000000000000000000000000000 P 21d62255300d40deb342cf56823f2835 [term 0 FOLLOWER]: Advancing to term 1
I20260601 13:22:36.752429  5912 raft_consensus.cc:515] T 00000000000000000000000000000000 P 21d62255300d40deb342cf56823f2835 [term 1 FOLLOWER]: Starting leader election with config: opid_index: -1 OBSOLETE_local: true peers { permanent_uuid: "21d62255300d40deb342cf56823f2835" member_type: VOTER }
I20260601 13:22:36.752570  5912 leader_election.cc:304] T 00000000000000000000000000000000 P 21d62255300d40deb342cf56823f2835 [CANDIDATE]: Term 1 election: Election decided. Result: candidate won. Election summary: received 1 responses out of 1 voters: 1 yes votes; 0 no votes. yes voters: 21d62255300d40deb342cf56823f2835; no voters: 
I20260601 13:22:36.752799  5912 leader_election.cc:290] T 00000000000000000000000000000000 P 21d62255300d40deb342cf56823f2835 [CANDIDATE]: Term 1 election: Requested vote from peers 
I20260601 13:22:36.753026  5915 raft_consensus.cc:2804] T 00000000000000000000000000000000 P 21d62255300d40deb342cf56823f2835 [term 1 FOLLOWER]: Leader election won for term 1
I20260601 13:22:36.753270  5912 sys_catalog.cc:565] T 00000000000000000000000000000000 P 21d62255300d40deb342cf56823f2835 [sys.catalog]: configured and running, proceeding with master startup.
I20260601 13:22:36.753347  5915 raft_consensus.cc:697] T 00000000000000000000000000000000 P 21d62255300d40deb342cf56823f2835 [term 1 LEADER]: Becoming Leader. State: Replica: 21d62255300d40deb342cf56823f2835, State: Running, Role: LEADER
I20260601 13:22:36.753561  5915 consensus_queue.cc:237] T 00000000000000000000000000000000 P 21d62255300d40deb342cf56823f2835 [LEADER]: Queue going to LEADER mode. State: All replicated index: 0, Majority replicated index: 0, Committed index: 0, Last appended: 0.0, Last appended by leader: 0, Current term: 1, Majority size: 1, State: 0, Mode: LEADER, active raft config: opid_index: -1 OBSOLETE_local: true peers { permanent_uuid: "21d62255300d40deb342cf56823f2835" member_type: VOTER }
I20260601 13:22:36.754230  5917 sys_catalog.cc:455] T 00000000000000000000000000000000 P 21d62255300d40deb342cf56823f2835 [sys.catalog]: SysCatalogTable state changed. Reason: New leader 21d62255300d40deb342cf56823f2835. Latest consensus state: current_term: 1 leader_uuid: "21d62255300d40deb342cf56823f2835" committed_config { opid_index: -1 OBSOLETE_local: true peers { permanent_uuid: "21d62255300d40deb342cf56823f2835" member_type: VOTER } }
I20260601 13:22:36.754324  5917 sys_catalog.cc:458] T 00000000000000000000000000000000 P 21d62255300d40deb342cf56823f2835 [sys.catalog]: This master's current role is: LEADER
I20260601 13:22:36.754284  5916 sys_catalog.cc:455] T 00000000000000000000000000000000 P 21d62255300d40deb342cf56823f2835 [sys.catalog]: SysCatalogTable state changed. Reason: RaftConsensus started. Latest consensus state: current_term: 1 leader_uuid: "21d62255300d40deb342cf56823f2835" committed_config { opid_index: -1 OBSOLETE_local: true peers { permanent_uuid: "21d62255300d40deb342cf56823f2835" member_type: VOTER } }
I20260601 13:22:36.754377  5916 sys_catalog.cc:458] T 00000000000000000000000000000000 P 21d62255300d40deb342cf56823f2835 [sys.catalog]: This master's current role is: LEADER
I20260601 13:22:36.754740  5924 catalog_manager.cc:1510] Loading table and tablet metadata into memory...
I20260601 13:22:36.755671  5924 catalog_manager.cc:1519] Initializing Kudu cluster ID...
I20260601 13:22:36.755885  1879 internal_mini_cluster.cc:184] Waiting to initialize catalog manager on master 0
I20260601 13:22:36.758016  5924 catalog_manager.cc:1382] Generated new cluster ID: 3af78fa043934966bad4c745bfb8896a
I20260601 13:22:36.758085  5924 catalog_manager.cc:1530] Initializing Kudu internal certificate authority...
I20260601 13:22:36.764721  5924 catalog_manager.cc:1405] Generated new certificate authority record
I20260601 13:22:36.765399  5924 catalog_manager.cc:1539] Loading token signing keys...
I20260601 13:22:36.774175  5924 catalog_manager.cc:6069] T 00000000000000000000000000000000 P 21d62255300d40deb342cf56823f2835: Generated new TSK 0
I20260601 13:22:36.774432  5924 catalog_manager.cc:1549] Initializing in-progress tserver states...
I20260601 13:22:36.788405  1879 file_cache.cc:492] Constructed file cache file cache with capacity 419430
W20260601 13:22:36.790889  5936 instance_detector.cc:116] could not retrieve OpenStack instance metadata: Network error: curl error: HTTP response code said error: The requested URL returned error: 404
W20260601 13:22:36.790904  5934 instance_detector.cc:116] could not retrieve Azure instance metadata: Network error: curl error: HTTP response code said error: The requested URL returned error: 404
W20260601 13:22:36.790917  5933 instance_detector.cc:116] could not retrieve AWS instance metadata: Network error: curl error: HTTP response code said error: The requested URL returned error: 404
I20260601 13:22:36.791296  1879 server_base.cc:1061] running on GCE node
I20260601 13:22:36.791518  1879 hybrid_clock.cc:584] initializing the hybrid clock with 'system_unsync' time source
W20260601 13:22:36.791561  1879 system_unsync_time.cc:38] NTP support is disabled. Clock error bounds will not be accurate. This configuration is not suitable for distributed clusters.
I20260601 13:22:36.791577  1879 hybrid_clock.cc:648] HybridClock initialized: now 1780320156791577 us; error 0 us; skew 500 ppm
I20260601 13:22:36.792532  1879 webserver.cc:533] Webserver started at http://127.1.213.193:35843/ using document root <none> and password file <none>
I20260601 13:22:36.792725  1879 fs_manager.cc:362] Metadata directory not provided
I20260601 13:22:36.792804  1879 fs_manager.cc:368] Using write-ahead log directory (fs_wal_dir) as metadata directory
I20260601 13:22:36.792892  1879 server_base.cc:909] This appears to be a new deployment of Kudu; creating new FS layout
I20260601 13:22:36.793310  1879 fs_manager.cc:1068] Generated new instance metadata in path /tmp/dist-test-task3BDPp_/test-tmp/auto_rebalancer-test.0.AutoRebalancerTest.NoReplicaMovesIfCannotFixPlacementPolicy.1780320063810511-1879-0/minicluster-data/ts-0-root/instance:
uuid: "3e17edacbc5b430aa20be1ca3cbddd99"
format_stamp: "Formatted at 2026-06-01 13:22:36 on dist-test-slave-02xz"
I20260601 13:22:36.795007  1879 fs_manager.cc:696] Time spent creating directory manager: real 0.001s	user 0.002s	sys 0.001s
I20260601 13:22:36.796172  5941 log_block_manager.cc:4031] Time spent loading block containers with low live blocks: real 0.000s	user 0.000s	sys 0.000s
I20260601 13:22:36.796586  1879 fs_manager.cc:730] Time spent opening block manager: real 0.001s	user 0.001s	sys 0.000s
I20260601 13:22:36.796658  1879 fs_manager.cc:647] Opened local filesystem: /tmp/dist-test-task3BDPp_/test-tmp/auto_rebalancer-test.0.AutoRebalancerTest.NoReplicaMovesIfCannotFixPlacementPolicy.1780320063810511-1879-0/minicluster-data/ts-0-root
uuid: "3e17edacbc5b430aa20be1ca3cbddd99"
format_stamp: "Formatted at 2026-06-01 13:22:36 on dist-test-slave-02xz"
I20260601 13:22:36.796759  1879 fs_report.cc:389] FS layout report
--------------------
wal directory: /tmp/dist-test-task3BDPp_/test-tmp/auto_rebalancer-test.0.AutoRebalancerTest.NoReplicaMovesIfCannotFixPlacementPolicy.1780320063810511-1879-0/minicluster-data/ts-0-root
metadata directory: /tmp/dist-test-task3BDPp_/test-tmp/auto_rebalancer-test.0.AutoRebalancerTest.NoReplicaMovesIfCannotFixPlacementPolicy.1780320063810511-1879-0/minicluster-data/ts-0-root
1 data directories: /tmp/dist-test-task3BDPp_/test-tmp/auto_rebalancer-test.0.AutoRebalancerTest.NoReplicaMovesIfCannotFixPlacementPolicy.1780320063810511-1879-0/minicluster-data/ts-0-root/data
Total live blocks: 0
Total live bytes: 0
Total live bytes (after alignment): 0
Total number of LBM containers: 0 (0 full)
Did not check for missing blocks
Did not check for orphaned blocks
Total full LBM containers with extra space: 0 (0 repaired)
Total full LBM container extra space in bytes: 0 (0 repaired)
Total incomplete LBM containers: 0 (0 repaired)
Total LBM partial records: 0 (0 repaired)
Total corrupted LBM metadata records in RocksDB: 0 (0 repaired)
I20260601 13:22:36.808189  1879 rpc_server.cc:225] running with OpenSSL 1.1.1  11 Sep 2018
I20260601 13:22:36.808694  1879 kserver.cc:163] Server-wide thread pool size limit: 3276
I20260601 13:22:36.809041  1879 txn_system_client.cc:432] TxnSystemClient initialization is disabled...
I20260601 13:22:36.809590  1879 ts_tablet_manager.cc:585] Loaded tablet metadata (0 total tablets, 0 live tablets)
I20260601 13:22:36.809636  1879 ts_tablet_manager.cc:531] Time spent load tablet metadata: real 0.000s	user 0.000s	sys 0.000s
I20260601 13:22:36.809669  1879 ts_tablet_manager.cc:616] Registered 0 tablets
I20260601 13:22:36.809726  1879 ts_tablet_manager.cc:595] Time spent register tablets: real 0.000s	user 0.000s	sys 0.000s
I20260601 13:22:36.814457  1879 rpc_server.cc:307] RPC server started. Bound to: 127.1.213.193:45109
I20260601 13:22:36.814529  6004 acceptor_pool.cc:272] collecting diagnostics on the listening RPC socket 127.1.213.193:45109 every 8 connection(s)
I20260601 13:22:36.815585  1879 file_cache.cc:492] Constructed file cache file cache with capacity 419430
W20260601 13:22:36.817756  6009 instance_detector.cc:116] could not retrieve AWS instance metadata: Network error: curl error: HTTP response code said error: The requested URL returned error: 404
W20260601 13:22:36.817963  6010 instance_detector.cc:116] could not retrieve Azure instance metadata: Network error: curl error: HTTP response code said error: The requested URL returned error: 404
W20260601 13:22:36.817986  6012 instance_detector.cc:116] could not retrieve OpenStack instance metadata: Network error: curl error: HTTP response code said error: The requested URL returned error: 404
I20260601 13:22:36.818176  1879 server_base.cc:1061] running on GCE node
I20260601 13:22:36.818506  1879 hybrid_clock.cc:584] initializing the hybrid clock with 'system_unsync' time source
W20260601 13:22:36.818562  1879 system_unsync_time.cc:38] NTP support is disabled. Clock error bounds will not be accurate. This configuration is not suitable for distributed clusters.
I20260601 13:22:36.818583  1879 hybrid_clock.cc:648] HybridClock initialized: now 1780320156818583 us; error 0 us; skew 500 ppm
I20260601 13:22:36.819828  1879 webserver.cc:533] Webserver started at http://127.1.213.194:34239/ using document root <none> and password file <none>
I20260601 13:22:36.820035  1879 fs_manager.cc:362] Metadata directory not provided
I20260601 13:22:36.820112  1879 fs_manager.cc:368] Using write-ahead log directory (fs_wal_dir) as metadata directory
I20260601 13:22:36.820211  1879 server_base.cc:909] This appears to be a new deployment of Kudu; creating new FS layout
I20260601 13:22:36.820819  1879 fs_manager.cc:1068] Generated new instance metadata in path /tmp/dist-test-task3BDPp_/test-tmp/auto_rebalancer-test.0.AutoRebalancerTest.NoReplicaMovesIfCannotFixPlacementPolicy.1780320063810511-1879-0/minicluster-data/ts-1-root/instance:
uuid: "8d9d801cc7344338b26a50665c291d3b"
format_stamp: "Formatted at 2026-06-01 13:22:36 on dist-test-slave-02xz"
I20260601 13:22:36.821172  6005 heartbeater.cc:344] Connected to a master server at 127.1.213.254:43981
I20260601 13:22:36.821295  6005 heartbeater.cc:461] Registering TS with master...
I20260601 13:22:36.821586  6005 heartbeater.cc:507] Master 127.1.213.254:43981 requested a full tablet report, sending...
I20260601 13:22:36.822225  5876 ts_manager.cc:194] Registered new tserver with Master: 3e17edacbc5b430aa20be1ca3cbddd99 (127.1.213.193:45109)
I20260601 13:22:36.822818  1879 fs_manager.cc:696] Time spent creating directory manager: real 0.002s	user 0.003s	sys 0.000s
I20260601 13:22:36.823134  5876 master_service.cc:502] Signed X509 certificate for tserver {username='slave'} at 127.0.0.1:54404
I20260601 13:22:36.824013  6017 log_block_manager.cc:4031] Time spent loading block containers with low live blocks: real 0.000s	user 0.000s	sys 0.000s
I20260601 13:22:36.824359  1879 fs_manager.cc:730] Time spent opening block manager: real 0.001s	user 0.000s	sys 0.001s
I20260601 13:22:36.824452  1879 fs_manager.cc:647] Opened local filesystem: /tmp/dist-test-task3BDPp_/test-tmp/auto_rebalancer-test.0.AutoRebalancerTest.NoReplicaMovesIfCannotFixPlacementPolicy.1780320063810511-1879-0/minicluster-data/ts-1-root
uuid: "8d9d801cc7344338b26a50665c291d3b"
format_stamp: "Formatted at 2026-06-01 13:22:36 on dist-test-slave-02xz"
I20260601 13:22:36.824553  1879 fs_report.cc:389] FS layout report
--------------------
wal directory: /tmp/dist-test-task3BDPp_/test-tmp/auto_rebalancer-test.0.AutoRebalancerTest.NoReplicaMovesIfCannotFixPlacementPolicy.1780320063810511-1879-0/minicluster-data/ts-1-root
metadata directory: /tmp/dist-test-task3BDPp_/test-tmp/auto_rebalancer-test.0.AutoRebalancerTest.NoReplicaMovesIfCannotFixPlacementPolicy.1780320063810511-1879-0/minicluster-data/ts-1-root
1 data directories: /tmp/dist-test-task3BDPp_/test-tmp/auto_rebalancer-test.0.AutoRebalancerTest.NoReplicaMovesIfCannotFixPlacementPolicy.1780320063810511-1879-0/minicluster-data/ts-1-root/data
Total live blocks: 0
Total live bytes: 0
Total live bytes (after alignment): 0
Total number of LBM containers: 0 (0 full)
Did not check for missing blocks
Did not check for orphaned blocks
Total full LBM containers with extra space: 0 (0 repaired)
Total full LBM container extra space in bytes: 0 (0 repaired)
Total incomplete LBM containers: 0 (0 repaired)
Total LBM partial records: 0 (0 repaired)
Total corrupted LBM metadata records in RocksDB: 0 (0 repaired)
I20260601 13:22:36.845649  1879 rpc_server.cc:225] running with OpenSSL 1.1.1  11 Sep 2018
I20260601 13:22:36.846205  1879 kserver.cc:163] Server-wide thread pool size limit: 3276
I20260601 13:22:36.846580  1879 txn_system_client.cc:432] TxnSystemClient initialization is disabled...
I20260601 13:22:36.847374  1879 ts_tablet_manager.cc:585] Loaded tablet metadata (0 total tablets, 0 live tablets)
I20260601 13:22:36.847457  1879 ts_tablet_manager.cc:531] Time spent load tablet metadata: real 0.000s	user 0.000s	sys 0.000s
I20260601 13:22:36.847535  1879 ts_tablet_manager.cc:616] Registered 0 tablets
I20260601 13:22:36.847579  1879 ts_tablet_manager.cc:595] Time spent register tablets: real 0.000s	user 0.000s	sys 0.000s
I20260601 13:22:36.852877  1879 rpc_server.cc:307] RPC server started. Bound to: 127.1.213.194:46459
I20260601 13:22:36.852924  6080 acceptor_pool.cc:272] collecting diagnostics on the listening RPC socket 127.1.213.194:46459 every 8 connection(s)
I20260601 13:22:36.854244  1879 file_cache.cc:492] Constructed file cache file cache with capacity 419430
W20260601 13:22:36.856755  6084 instance_detector.cc:116] could not retrieve AWS instance metadata: Network error: curl error: HTTP response code said error: The requested URL returned error: 404
W20260601 13:22:36.856801  6085 instance_detector.cc:116] could not retrieve Azure instance metadata: Network error: curl error: HTTP response code said error: The requested URL returned error: 404
W20260601 13:22:36.856755  6087 instance_detector.cc:116] could not retrieve OpenStack instance metadata: Network error: curl error: HTTP response code said error: The requested URL returned error: 404
I20260601 13:22:36.857380  1879 server_base.cc:1061] running on GCE node
I20260601 13:22:36.857687  1879 hybrid_clock.cc:584] initializing the hybrid clock with 'system_unsync' time source
W20260601 13:22:36.857759  1879 system_unsync_time.cc:38] NTP support is disabled. Clock error bounds will not be accurate. This configuration is not suitable for distributed clusters.
I20260601 13:22:36.857815  1879 hybrid_clock.cc:648] HybridClock initialized: now 1780320156857814 us; error 0 us; skew 500 ppm
I20260601 13:22:36.858956  1879 webserver.cc:533] Webserver started at http://127.1.213.195:38957/ using document root <none> and password file <none>
I20260601 13:22:36.859169  1879 fs_manager.cc:362] Metadata directory not provided
I20260601 13:22:36.859272  1879 fs_manager.cc:368] Using write-ahead log directory (fs_wal_dir) as metadata directory
I20260601 13:22:36.859371  1879 server_base.cc:909] This appears to be a new deployment of Kudu; creating new FS layout
I20260601 13:22:36.859476  6081 heartbeater.cc:344] Connected to a master server at 127.1.213.254:43981
I20260601 13:22:36.859628  6081 heartbeater.cc:461] Registering TS with master...
I20260601 13:22:36.859875  6081 heartbeater.cc:507] Master 127.1.213.254:43981 requested a full tablet report, sending...
I20260601 13:22:36.859931  1879 fs_manager.cc:1068] Generated new instance metadata in path /tmp/dist-test-task3BDPp_/test-tmp/auto_rebalancer-test.0.AutoRebalancerTest.NoReplicaMovesIfCannotFixPlacementPolicy.1780320063810511-1879-0/minicluster-data/ts-2-root/instance:
uuid: "dd02da1e44d94b3ba979bd565bc6cfb7"
format_stamp: "Formatted at 2026-06-01 13:22:36 on dist-test-slave-02xz"
I20260601 13:22:36.860646  5876 ts_manager.cc:194] Registered new tserver with Master: 8d9d801cc7344338b26a50665c291d3b (127.1.213.194:46459)
I20260601 13:22:36.861227  5876 master_service.cc:502] Signed X509 certificate for tserver {username='slave'} at 127.0.0.1:54406
I20260601 13:22:36.862370  1879 fs_manager.cc:696] Time spent creating directory manager: real 0.002s	user 0.003s	sys 0.000s
I20260601 13:22:36.863559  6092 log_block_manager.cc:4031] Time spent loading block containers with low live blocks: real 0.000s	user 0.000s	sys 0.000s
I20260601 13:22:36.863862  1879 fs_manager.cc:730] Time spent opening block manager: real 0.001s	user 0.001s	sys 0.000s
I20260601 13:22:36.863965  1879 fs_manager.cc:647] Opened local filesystem: /tmp/dist-test-task3BDPp_/test-tmp/auto_rebalancer-test.0.AutoRebalancerTest.NoReplicaMovesIfCannotFixPlacementPolicy.1780320063810511-1879-0/minicluster-data/ts-2-root
uuid: "dd02da1e44d94b3ba979bd565bc6cfb7"
format_stamp: "Formatted at 2026-06-01 13:22:36 on dist-test-slave-02xz"
I20260601 13:22:36.864068  1879 fs_report.cc:389] FS layout report
--------------------
wal directory: /tmp/dist-test-task3BDPp_/test-tmp/auto_rebalancer-test.0.AutoRebalancerTest.NoReplicaMovesIfCannotFixPlacementPolicy.1780320063810511-1879-0/minicluster-data/ts-2-root
metadata directory: /tmp/dist-test-task3BDPp_/test-tmp/auto_rebalancer-test.0.AutoRebalancerTest.NoReplicaMovesIfCannotFixPlacementPolicy.1780320063810511-1879-0/minicluster-data/ts-2-root
1 data directories: /tmp/dist-test-task3BDPp_/test-tmp/auto_rebalancer-test.0.AutoRebalancerTest.NoReplicaMovesIfCannotFixPlacementPolicy.1780320063810511-1879-0/minicluster-data/ts-2-root/data
Total live blocks: 0
Total live bytes: 0
Total live bytes (after alignment): 0
Total number of LBM containers: 0 (0 full)
Did not check for missing blocks
Did not check for orphaned blocks
Total full LBM containers with extra space: 0 (0 repaired)
Total full LBM container extra space in bytes: 0 (0 repaired)
Total incomplete LBM containers: 0 (0 repaired)
Total LBM partial records: 0 (0 repaired)
Total corrupted LBM metadata records in RocksDB: 0 (0 repaired)
I20260601 13:22:36.877897  1879 rpc_server.cc:225] running with OpenSSL 1.1.1  11 Sep 2018
I20260601 13:22:36.878512  1879 kserver.cc:163] Server-wide thread pool size limit: 3276
I20260601 13:22:36.879000  1879 txn_system_client.cc:432] TxnSystemClient initialization is disabled...
I20260601 13:22:36.879611  1879 ts_tablet_manager.cc:585] Loaded tablet metadata (0 total tablets, 0 live tablets)
I20260601 13:22:36.879676  1879 ts_tablet_manager.cc:531] Time spent load tablet metadata: real 0.000s	user 0.000s	sys 0.000s
I20260601 13:22:36.879735  1879 ts_tablet_manager.cc:616] Registered 0 tablets
I20260601 13:22:36.879787  1879 ts_tablet_manager.cc:595] Time spent register tablets: real 0.000s	user 0.000s	sys 0.000s
I20260601 13:22:36.885803  1879 rpc_server.cc:307] RPC server started. Bound to: 127.1.213.195:44579
I20260601 13:22:36.885926  6155 acceptor_pool.cc:272] collecting diagnostics on the listening RPC socket 127.1.213.195:44579 every 8 connection(s)
I20260601 13:22:36.891085  6156 heartbeater.cc:344] Connected to a master server at 127.1.213.254:43981
I20260601 13:22:36.891209  6156 heartbeater.cc:461] Registering TS with master...
I20260601 13:22:36.891424  6156 heartbeater.cc:507] Master 127.1.213.254:43981 requested a full tablet report, sending...
I20260601 13:22:36.892118  5876 ts_manager.cc:194] Registered new tserver with Master: dd02da1e44d94b3ba979bd565bc6cfb7 (127.1.213.195:44579)
I20260601 13:22:36.892728  5876 master_service.cc:502] Signed X509 certificate for tserver {username='slave'} at 127.0.0.1:54422
I20260601 13:22:36.893170  1879 internal_mini_cluster.cc:371] 3 TS(s) registered with all masters after 0.006799372s
I20260601 13:22:37.824112  6005 heartbeater.cc:499] Master 127.1.213.254:43981 was elected leader, sending a full tablet report...
I20260601 13:22:37.862218  6081 heartbeater.cc:499] Master 127.1.213.254:43981 was elected leader, sending a full tablet report...
I20260601 13:22:37.893904  6156 heartbeater.cc:499] Master 127.1.213.254:43981 was elected leader, sending a full tablet report...
I20260601 13:22:37.934557  5876 catalog_manager.cc:2282] Servicing CreateTable request from {username='slave'} at 127.0.0.1:54452:
name: "test-workload"
schema {
  columns {
    name: "key"
    type: INT32
    is_key: true
    is_nullable: false
    encoding: AUTO_ENCODING
    compression: DEFAULT_COMPRESSION
    cfile_block_size: 0
    immutable: false
  }
  columns {
    name: "int_val"
    type: INT32
    is_key: false
    is_nullable: false
    encoding: AUTO_ENCODING
    compression: DEFAULT_COMPRESSION
    cfile_block_size: 0
    immutable: false
  }
  columns {
    name: "string_val"
    type: STRING
    is_key: false
    is_nullable: true
    encoding: AUTO_ENCODING
    compression: DEFAULT_COMPRESSION
    cfile_block_size: 0
    immutable: false
  }
}
num_replicas: 3
split_rows_range_bounds {
}
partition_schema {
  range_schema {
    columns {
      name: "key"
    }
  }
}
W20260601 13:22:37.935094  5876 catalog_manager.cc:7076] The number of live tablet servers is not enough to re-replicate a tablet replica of the newly created table test-workload in case of a server failure: 4 tablet servers would be needed, 3 are available. Consider bringing up more tablet servers.
I20260601 13:22:37.946605  6045 tablet_service.cc:1511] Processing CreateTablet for tablet 9a511dd5e70249b8ba98065240ed6a61 (DEFAULT_TABLE table=test-workload [id=e39341cb48d14f5b92fa9ac79babd520]), partition=RANGE (key) PARTITION UNBOUNDED
I20260601 13:22:37.946766  6120 tablet_service.cc:1511] Processing CreateTablet for tablet 9a511dd5e70249b8ba98065240ed6a61 (DEFAULT_TABLE table=test-workload [id=e39341cb48d14f5b92fa9ac79babd520]), partition=RANGE (key) PARTITION UNBOUNDED
I20260601 13:22:37.947078  6045 data_dirs.cc:400] Could only allocate 1 dirs of requested 3 for tablet 9a511dd5e70249b8ba98065240ed6a61. 1 dirs total, 0 dirs full, 0 dirs failed
I20260601 13:22:37.947182  6120 data_dirs.cc:400] Could only allocate 1 dirs of requested 3 for tablet 9a511dd5e70249b8ba98065240ed6a61. 1 dirs total, 0 dirs full, 0 dirs failed
I20260601 13:22:37.947249  5969 tablet_service.cc:1511] Processing CreateTablet for tablet 9a511dd5e70249b8ba98065240ed6a61 (DEFAULT_TABLE table=test-workload [id=e39341cb48d14f5b92fa9ac79babd520]), partition=RANGE (key) PARTITION UNBOUNDED
I20260601 13:22:37.947461  5969 data_dirs.cc:400] Could only allocate 1 dirs of requested 3 for tablet 9a511dd5e70249b8ba98065240ed6a61. 1 dirs total, 0 dirs full, 0 dirs failed
I20260601 13:22:37.949429  6177 tablet_bootstrap.cc:492] T 9a511dd5e70249b8ba98065240ed6a61 P 8d9d801cc7344338b26a50665c291d3b: Bootstrap starting.
I20260601 13:22:37.950217  6179 tablet_bootstrap.cc:492] T 9a511dd5e70249b8ba98065240ed6a61 P 3e17edacbc5b430aa20be1ca3cbddd99: Bootstrap starting.
I20260601 13:22:37.950461  6178 tablet_bootstrap.cc:492] T 9a511dd5e70249b8ba98065240ed6a61 P dd02da1e44d94b3ba979bd565bc6cfb7: Bootstrap starting.
I20260601 13:22:37.951084  6177 tablet_bootstrap.cc:654] T 9a511dd5e70249b8ba98065240ed6a61 P 8d9d801cc7344338b26a50665c291d3b: Neither blocks nor log segments found. Creating new log.
I20260601 13:22:37.951481  6179 tablet_bootstrap.cc:654] T 9a511dd5e70249b8ba98065240ed6a61 P 3e17edacbc5b430aa20be1ca3cbddd99: Neither blocks nor log segments found. Creating new log.
I20260601 13:22:37.951690  6178 tablet_bootstrap.cc:654] T 9a511dd5e70249b8ba98065240ed6a61 P dd02da1e44d94b3ba979bd565bc6cfb7: Neither blocks nor log segments found. Creating new log.
I20260601 13:22:37.952435  6177 tablet_bootstrap.cc:492] T 9a511dd5e70249b8ba98065240ed6a61 P 8d9d801cc7344338b26a50665c291d3b: No bootstrap required, opened a new log
I20260601 13:22:37.952540  6177 ts_tablet_manager.cc:1403] T 9a511dd5e70249b8ba98065240ed6a61 P 8d9d801cc7344338b26a50665c291d3b: Time spent bootstrapping tablet: real 0.003s	user 0.002s	sys 0.000s
I20260601 13:22:37.952682  6179 tablet_bootstrap.cc:492] T 9a511dd5e70249b8ba98065240ed6a61 P 3e17edacbc5b430aa20be1ca3cbddd99: No bootstrap required, opened a new log
I20260601 13:22:37.952790  6179 ts_tablet_manager.cc:1403] T 9a511dd5e70249b8ba98065240ed6a61 P 3e17edacbc5b430aa20be1ca3cbddd99: Time spent bootstrapping tablet: real 0.003s	user 0.002s	sys 0.000s
I20260601 13:22:37.952977  6178 tablet_bootstrap.cc:492] T 9a511dd5e70249b8ba98065240ed6a61 P dd02da1e44d94b3ba979bd565bc6cfb7: No bootstrap required, opened a new log
I20260601 13:22:37.953068  6178 ts_tablet_manager.cc:1403] T 9a511dd5e70249b8ba98065240ed6a61 P dd02da1e44d94b3ba979bd565bc6cfb7: Time spent bootstrapping tablet: real 0.003s	user 0.002s	sys 0.000s
I20260601 13:22:37.953162  6177 raft_consensus.cc:359] T 9a511dd5e70249b8ba98065240ed6a61 P 8d9d801cc7344338b26a50665c291d3b [term 0 FOLLOWER]: Replica starting. Triggering 0 pending ops. Active config: opid_index: -1 OBSOLETE_local: false peers { permanent_uuid: "dd02da1e44d94b3ba979bd565bc6cfb7" member_type: VOTER last_known_addr { host: "127.1.213.195" port: 44579 } } peers { permanent_uuid: "8d9d801cc7344338b26a50665c291d3b" member_type: VOTER last_known_addr { host: "127.1.213.194" port: 46459 } } peers { permanent_uuid: "3e17edacbc5b430aa20be1ca3cbddd99" member_type: VOTER last_known_addr { host: "127.1.213.193" port: 45109 } }
I20260601 13:22:37.953312  6177 raft_consensus.cc:385] T 9a511dd5e70249b8ba98065240ed6a61 P 8d9d801cc7344338b26a50665c291d3b [term 0 FOLLOWER]: Consensus starting up: Expiring failure detector timer to make a prompt election more likely
I20260601 13:22:37.953305  6179 raft_consensus.cc:359] T 9a511dd5e70249b8ba98065240ed6a61 P 3e17edacbc5b430aa20be1ca3cbddd99 [term 0 FOLLOWER]: Replica starting. Triggering 0 pending ops. Active config: opid_index: -1 OBSOLETE_local: false peers { permanent_uuid: "dd02da1e44d94b3ba979bd565bc6cfb7" member_type: VOTER last_known_addr { host: "127.1.213.195" port: 44579 } } peers { permanent_uuid: "8d9d801cc7344338b26a50665c291d3b" member_type: VOTER last_known_addr { host: "127.1.213.194" port: 46459 } } peers { permanent_uuid: "3e17edacbc5b430aa20be1ca3cbddd99" member_type: VOTER last_known_addr { host: "127.1.213.193" port: 45109 } }
I20260601 13:22:37.953398  6177 raft_consensus.cc:740] T 9a511dd5e70249b8ba98065240ed6a61 P 8d9d801cc7344338b26a50665c291d3b [term 0 FOLLOWER]: Becoming Follower/Learner. State: Replica: 8d9d801cc7344338b26a50665c291d3b, State: Initialized, Role: FOLLOWER
I20260601 13:22:37.953518  6179 raft_consensus.cc:385] T 9a511dd5e70249b8ba98065240ed6a61 P 3e17edacbc5b430aa20be1ca3cbddd99 [term 0 FOLLOWER]: Consensus starting up: Expiring failure detector timer to make a prompt election more likely
I20260601 13:22:37.953584  6179 raft_consensus.cc:740] T 9a511dd5e70249b8ba98065240ed6a61 P 3e17edacbc5b430aa20be1ca3cbddd99 [term 0 FOLLOWER]: Becoming Follower/Learner. State: Replica: 3e17edacbc5b430aa20be1ca3cbddd99, State: Initialized, Role: FOLLOWER
I20260601 13:22:37.953668  6177 consensus_queue.cc:260] T 9a511dd5e70249b8ba98065240ed6a61 P 8d9d801cc7344338b26a50665c291d3b [NON_LEADER]: Queue going to NON_LEADER mode. State: All replicated index: 0, Majority replicated index: 0, Committed index: 0, Last appended: 0.0, Last appended by leader: 0, Current term: 0, Majority size: -1, State: 0, Mode: NON_LEADER, active raft config: opid_index: -1 OBSOLETE_local: false peers { permanent_uuid: "dd02da1e44d94b3ba979bd565bc6cfb7" member_type: VOTER last_known_addr { host: "127.1.213.195" port: 44579 } } peers { permanent_uuid: "8d9d801cc7344338b26a50665c291d3b" member_type: VOTER last_known_addr { host: "127.1.213.194" port: 46459 } } peers { permanent_uuid: "3e17edacbc5b430aa20be1ca3cbddd99" member_type: VOTER last_known_addr { host: "127.1.213.193" port: 45109 } }
I20260601 13:22:37.953723  6178 raft_consensus.cc:359] T 9a511dd5e70249b8ba98065240ed6a61 P dd02da1e44d94b3ba979bd565bc6cfb7 [term 0 FOLLOWER]: Replica starting. Triggering 0 pending ops. Active config: opid_index: -1 OBSOLETE_local: false peers { permanent_uuid: "dd02da1e44d94b3ba979bd565bc6cfb7" member_type: VOTER last_known_addr { host: "127.1.213.195" port: 44579 } } peers { permanent_uuid: "8d9d801cc7344338b26a50665c291d3b" member_type: VOTER last_known_addr { host: "127.1.213.194" port: 46459 } } peers { permanent_uuid: "3e17edacbc5b430aa20be1ca3cbddd99" member_type: VOTER last_known_addr { host: "127.1.213.193" port: 45109 } }
