I20260601 13:22:17.361083  4942 raft_consensus.cc:3060] T 9401553973334ea2a5f1ee1ac067ec99 P dfc9668cd82a4118b7b0a8ddb692bb26 [term 0 FOLLOWER]: Advancing to term 1
I20260601 13:22:17.361117  5017 tablet_service.cc:1917] Received RequestConsensusVote() RPC: tablet_id: "9401553973334ea2a5f1ee1ac067ec99" candidate_uuid: "2e9b11f6102448f4b706e7185a99a986" candidate_term: 1 candidate_status { last_received { term: 0 index: 0 } } ignore_live_leader: false dest_uuid: "2ddcffb8e946479187e2eb2123bc9f4a"
I20260601 13:22:17.361299  5017 raft_consensus.cc:3060] T 9401553973334ea2a5f1ee1ac067ec99 P 2ddcffb8e946479187e2eb2123bc9f4a [term 0 FOLLOWER]: Advancing to term 1
I20260601 13:22:17.361855  4942 raft_consensus.cc:2468] T 9401553973334ea2a5f1ee1ac067ec99 P dfc9668cd82a4118b7b0a8ddb692bb26 [term 1 FOLLOWER]: Leader election vote request: Granting yes vote for candidate 2e9b11f6102448f4b706e7185a99a986 in term 1.
I20260601 13:22:17.362116  5119 leader_election.cc:304] T 9401553973334ea2a5f1ee1ac067ec99 P 2e9b11f6102448f4b706e7185a99a986 [CANDIDATE]: Term 1 election: Election decided. Result: candidate won. Election summary: received 2 responses out of 3 voters: 2 yes votes; 0 no votes. yes voters: 2e9b11f6102448f4b706e7185a99a986, dfc9668cd82a4118b7b0a8ddb692bb26; no voters: 
I20260601 13:22:17.362275  5201 raft_consensus.cc:2804] T 9401553973334ea2a5f1ee1ac067ec99 P 2e9b11f6102448f4b706e7185a99a986 [term 1 FOLLOWER]: Leader election won for term 1
I20260601 13:22:17.362382  5201 raft_consensus.cc:697] T 9401553973334ea2a5f1ee1ac067ec99 P 2e9b11f6102448f4b706e7185a99a986 [term 1 LEADER]: Becoming Leader. State: Replica: 2e9b11f6102448f4b706e7185a99a986, State: Running, Role: LEADER
I20260601 13:22:17.362404  5017 raft_consensus.cc:2468] T 9401553973334ea2a5f1ee1ac067ec99 P 2ddcffb8e946479187e2eb2123bc9f4a [term 1 FOLLOWER]: Leader election vote request: Granting yes vote for candidate 2e9b11f6102448f4b706e7185a99a986 in term 1.
I20260601 13:22:17.362540  5201 consensus_queue.cc:237] T 9401553973334ea2a5f1ee1ac067ec99 P 2e9b11f6102448f4b706e7185a99a986 [LEADER]: Queue going to LEADER mode. State: All replicated index: 0, Majority replicated index: 0, Committed index: 0, Last appended: 0.0, Last appended by leader: 0, Current term: 1, Majority size: 2, State: 0, Mode: LEADER, active raft config: opid_index: -1 OBSOLETE_local: false peers { permanent_uuid: "2e9b11f6102448f4b706e7185a99a986" member_type: VOTER last_known_addr { host: "127.1.213.196" port: 42111 } } peers { permanent_uuid: "dfc9668cd82a4118b7b0a8ddb692bb26" member_type: VOTER last_known_addr { host: "127.1.213.194" port: 41041 } } peers { permanent_uuid: "2ddcffb8e946479187e2eb2123bc9f4a" member_type: VOTER last_known_addr { host: "127.1.213.195" port: 40577 } }
I20260601 13:22:17.364295  4763 catalog_manager.cc:5696] T 9401553973334ea2a5f1ee1ac067ec99 P 2e9b11f6102448f4b706e7185a99a986 reported cstate change: term changed from 0 to 1, leader changed from <none> to 2e9b11f6102448f4b706e7185a99a986 (127.1.213.196). New cstate: current_term: 1 leader_uuid: "2e9b11f6102448f4b706e7185a99a986" committed_config { opid_index: -1 OBSOLETE_local: false peers { permanent_uuid: "2e9b11f6102448f4b706e7185a99a986" member_type: VOTER last_known_addr { host: "127.1.213.196" port: 42111 } health_report { overall_health: HEALTHY } } peers { permanent_uuid: "dfc9668cd82a4118b7b0a8ddb692bb26" member_type: VOTER last_known_addr { host: "127.1.213.194" port: 41041 } health_report { overall_health: UNKNOWN } } peers { permanent_uuid: "2ddcffb8e946479187e2eb2123bc9f4a" member_type: VOTER last_known_addr { host: "127.1.213.195" port: 40577 } health_report { overall_health: UNKNOWN } } }
I20260601 13:22:17.378531  5075 consensus_queue.cc:1048] T f587b96c3dea4c75a7bd8b0df6e762a3 P b189a783ba444dadb45268947da6510f [LEADER]: Connected to new peer: Peer: permanent_uuid: "dfc9668cd82a4118b7b0a8ddb692bb26" member_type: VOTER last_known_addr { host: "127.1.213.194" port: 41041 }, Status: LMP_MISMATCH, Last received: 0.0, Next index: 1, Last known committed idx: 0, Time since last communication: 0.000s
I20260601 13:22:17.381917  5079 consensus_queue.cc:1048] T f587b96c3dea4c75a7bd8b0df6e762a3 P b189a783ba444dadb45268947da6510f [LEADER]: Connected to new peer: Peer: permanent_uuid: "2ddcffb8e946479187e2eb2123bc9f4a" member_type: VOTER last_known_addr { host: "127.1.213.195" port: 40577 }, Status: LMP_MISMATCH, Last received: 0.0, Next index: 1, Last known committed idx: 0, Time since last communication: 0.000s
I20260601 13:22:17.392494  5079 consensus_queue.cc:1048] T 46b4ff7a3c53420b8ba388862964c43d P b189a783ba444dadb45268947da6510f [LEADER]: Connected to new peer: Peer: permanent_uuid: "dfc9668cd82a4118b7b0a8ddb692bb26" member_type: VOTER last_known_addr { host: "127.1.213.194" port: 41041 }, Status: LMP_MISMATCH, Last received: 0.0, Next index: 1, Last known committed idx: 0, Time since last communication: 0.000s
I20260601 13:22:17.395877  5237 consensus_queue.cc:1048] T 46b4ff7a3c53420b8ba388862964c43d P b189a783ba444dadb45268947da6510f [LEADER]: Connected to new peer: Peer: permanent_uuid: "2ddcffb8e946479187e2eb2123bc9f4a" member_type: VOTER last_known_addr { host: "127.1.213.195" port: 40577 }, Status: LMP_MISMATCH, Last received: 0.0, Next index: 1, Last known committed idx: 0, Time since last communication: 0.000s
I20260601 13:22:17.396078  5075 consensus_queue.cc:1048] T ffed7b3c082b4268bbb2a0d1c9341412 P b189a783ba444dadb45268947da6510f [LEADER]: Connected to new peer: Peer: permanent_uuid: "dfc9668cd82a4118b7b0a8ddb692bb26" member_type: VOTER last_known_addr { host: "127.1.213.194" port: 41041 }, Status: LMP_MISMATCH, Last received: 0.0, Next index: 1, Last known committed idx: 0, Time since last communication: 0.000s
I20260601 13:22:17.399117  5075 consensus_queue.cc:1048] T ffed7b3c082b4268bbb2a0d1c9341412 P b189a783ba444dadb45268947da6510f [LEADER]: Connected to new peer: Peer: permanent_uuid: "2ddcffb8e946479187e2eb2123bc9f4a" member_type: VOTER last_known_addr { host: "127.1.213.195" port: 40577 }, Status: LMP_MISMATCH, Last received: 0.0, Next index: 1, Last known committed idx: 0, Time since last communication: 0.000s
I20260601 13:22:17.418228  5079 consensus_queue.cc:1048] T 0648dc374e0749cd9fcd25037068bbe2 P b189a783ba444dadb45268947da6510f [LEADER]: Connected to new peer: Peer: permanent_uuid: "2ddcffb8e946479187e2eb2123bc9f4a" member_type: VOTER last_known_addr { host: "127.1.213.195" port: 40577 }, Status: LMP_MISMATCH, Last received: 0.0, Next index: 1, Last known committed idx: 0, Time since last communication: 0.000s
I20260601 13:22:17.422488  5237 consensus_queue.cc:1048] T 0648dc374e0749cd9fcd25037068bbe2 P b189a783ba444dadb45268947da6510f [LEADER]: Connected to new peer: Peer: permanent_uuid: "dfc9668cd82a4118b7b0a8ddb692bb26" member_type: VOTER last_known_addr { host: "127.1.213.194" port: 41041 }, Status: LMP_MISMATCH, Last received: 0.0, Next index: 1, Last known committed idx: 0, Time since last communication: 0.000s
I20260601 13:22:17.485257  4815 auto_leader_rebalancer.cc:140] leader rebalance for table range_aware_rebalance_new_range
W20260601 13:22:17.486389  4815 auto_leader_rebalancer.cc:459] the master instance isn't leader: Service unavailable: Tablet not running
W20260601 13:22:17.487138  4810 auto_rebalancer.cc:259] Could not retrieve cluster info: Service unavailable: Tablet not running
I20260601 13:22:17.498222  5070 raft_consensus.cc:493] T daace550287145cc8976c5ebc087f0c0 P 2ddcffb8e946479187e2eb2123bc9f4a [term 0 FOLLOWER]: Starting pre-election (no leader contacted us within the election timeout)
I20260601 13:22:17.498471  5070 raft_consensus.cc:515] T daace550287145cc8976c5ebc087f0c0 P 2ddcffb8e946479187e2eb2123bc9f4a [term 0 FOLLOWER]: Starting pre-election with config: opid_index: -1 OBSOLETE_local: false peers { permanent_uuid: "2e9b11f6102448f4b706e7185a99a986" member_type: VOTER last_known_addr { host: "127.1.213.196" port: 42111 } } peers { permanent_uuid: "2ddcffb8e946479187e2eb2123bc9f4a" member_type: VOTER last_known_addr { host: "127.1.213.195" port: 40577 } } peers { permanent_uuid: "b189a783ba444dadb45268947da6510f" member_type: VOTER last_known_addr { host: "127.1.213.193" port: 35295 } }
I20260601 13:22:17.499181  5070 leader_election.cc:290] T daace550287145cc8976c5ebc087f0c0 P 2ddcffb8e946479187e2eb2123bc9f4a [CANDIDATE]: Term 1 pre-election: Requested pre-vote from peers 2e9b11f6102448f4b706e7185a99a986 (127.1.213.196:42111), b189a783ba444dadb45268947da6510f (127.1.213.193:35295)
I20260601 13:22:17.499779  4865 tablet_service.cc:1917] Received RequestConsensusVote() RPC: tablet_id: "daace550287145cc8976c5ebc087f0c0" candidate_uuid: "2ddcffb8e946479187e2eb2123bc9f4a" candidate_term: 1 candidate_status { last_received { term: 0 index: 0 } } ignore_live_leader: false dest_uuid: "b189a783ba444dadb45268947da6510f" is_pre_election: true
I20260601 13:22:17.500023  4865 raft_consensus.cc:2468] T daace550287145cc8976c5ebc087f0c0 P b189a783ba444dadb45268947da6510f [term 0 FOLLOWER]: Leader pre-election vote request: Granting yes vote for candidate 2ddcffb8e946479187e2eb2123bc9f4a in term 0.
I20260601 13:22:17.500396  4981 leader_election.cc:304] T daace550287145cc8976c5ebc087f0c0 P 2ddcffb8e946479187e2eb2123bc9f4a [CANDIDATE]: Term 1 pre-election: Election decided. Result: candidate won. Election summary: received 2 responses out of 3 voters: 2 yes votes; 0 no votes. yes voters: 2ddcffb8e946479187e2eb2123bc9f4a, b189a783ba444dadb45268947da6510f; no voters: 
I20260601 13:22:17.500603  5070 raft_consensus.cc:2804] T daace550287145cc8976c5ebc087f0c0 P 2ddcffb8e946479187e2eb2123bc9f4a [term 0 FOLLOWER]: Leader pre-election won for term 1
I20260601 13:22:17.500672  5070 raft_consensus.cc:493] T daace550287145cc8976c5ebc087f0c0 P 2ddcffb8e946479187e2eb2123bc9f4a [term 0 FOLLOWER]: Starting leader election (no leader contacted us within the election timeout)
I20260601 13:22:17.500701  5070 raft_consensus.cc:3060] T daace550287145cc8976c5ebc087f0c0 P 2ddcffb8e946479187e2eb2123bc9f4a [term 0 FOLLOWER]: Advancing to term 1
I20260601 13:22:17.501776  5070 raft_consensus.cc:515] T daace550287145cc8976c5ebc087f0c0 P 2ddcffb8e946479187e2eb2123bc9f4a [term 1 FOLLOWER]: Starting leader election with config: opid_index: -1 OBSOLETE_local: false peers { permanent_uuid: "2e9b11f6102448f4b706e7185a99a986" member_type: VOTER last_known_addr { host: "127.1.213.196" port: 42111 } } peers { permanent_uuid: "2ddcffb8e946479187e2eb2123bc9f4a" member_type: VOTER last_known_addr { host: "127.1.213.195" port: 40577 } } peers { permanent_uuid: "b189a783ba444dadb45268947da6510f" member_type: VOTER last_known_addr { host: "127.1.213.193" port: 35295 } }
I20260601 13:22:17.502249  5070 leader_election.cc:290] T daace550287145cc8976c5ebc087f0c0 P 2ddcffb8e946479187e2eb2123bc9f4a [CANDIDATE]: Term 1 election: Requested vote from peers 2e9b11f6102448f4b706e7185a99a986 (127.1.213.196:42111), b189a783ba444dadb45268947da6510f (127.1.213.193:35295)
I20260601 13:22:17.502740  4865 tablet_service.cc:1917] Received RequestConsensusVote() RPC: tablet_id: "daace550287145cc8976c5ebc087f0c0" candidate_uuid: "2ddcffb8e946479187e2eb2123bc9f4a" candidate_term: 1 candidate_status { last_received { term: 0 index: 0 } } ignore_live_leader: false dest_uuid: "b189a783ba444dadb45268947da6510f"
I20260601 13:22:17.502882  4865 raft_consensus.cc:3060] T daace550287145cc8976c5ebc087f0c0 P b189a783ba444dadb45268947da6510f [term 0 FOLLOWER]: Advancing to term 1
I20260601 13:22:17.503676  5155 tablet_service.cc:1917] Received RequestConsensusVote() RPC: tablet_id: "daace550287145cc8976c5ebc087f0c0" candidate_uuid: "2ddcffb8e946479187e2eb2123bc9f4a" candidate_term: 1 candidate_status { last_received { term: 0 index: 0 } } ignore_live_leader: false dest_uuid: "2e9b11f6102448f4b706e7185a99a986" is_pre_election: true
I20260601 13:22:17.503814  5155 raft_consensus.cc:2468] T daace550287145cc8976c5ebc087f0c0 P 2e9b11f6102448f4b706e7185a99a986 [term 0 FOLLOWER]: Leader pre-election vote request: Granting yes vote for candidate 2ddcffb8e946479187e2eb2123bc9f4a in term 0.
I20260601 13:22:17.503793  5156 tablet_service.cc:1917] Received RequestConsensusVote() RPC: tablet_id: "daace550287145cc8976c5ebc087f0c0" candidate_uuid: "2ddcffb8e946479187e2eb2123bc9f4a" candidate_term: 1 candidate_status { last_received { term: 0 index: 0 } } ignore_live_leader: false dest_uuid: "2e9b11f6102448f4b706e7185a99a986"
I20260601 13:22:17.504014  5156 raft_consensus.cc:3060] T daace550287145cc8976c5ebc087f0c0 P 2e9b11f6102448f4b706e7185a99a986 [term 0 FOLLOWER]: Advancing to term 1
I20260601 13:22:17.504187  4865 raft_consensus.cc:2468] T daace550287145cc8976c5ebc087f0c0 P b189a783ba444dadb45268947da6510f [term 1 FOLLOWER]: Leader election vote request: Granting yes vote for candidate 2ddcffb8e946479187e2eb2123bc9f4a in term 1.
I20260601 13:22:17.504503  4981 leader_election.cc:304] T daace550287145cc8976c5ebc087f0c0 P 2ddcffb8e946479187e2eb2123bc9f4a [CANDIDATE]: Term 1 election: Election decided. Result: candidate won. Election summary: received 2 responses out of 3 voters: 2 yes votes; 0 no votes. yes voters: 2ddcffb8e946479187e2eb2123bc9f4a, b189a783ba444dadb45268947da6510f; no voters: 
I20260601 13:22:17.504693  5070 raft_consensus.cc:2804] T daace550287145cc8976c5ebc087f0c0 P 2ddcffb8e946479187e2eb2123bc9f4a [term 1 FOLLOWER]: Leader election won for term 1
I20260601 13:22:17.504807  5070 raft_consensus.cc:697] T daace550287145cc8976c5ebc087f0c0 P 2ddcffb8e946479187e2eb2123bc9f4a [term 1 LEADER]: Becoming Leader. State: Replica: 2ddcffb8e946479187e2eb2123bc9f4a, State: Running, Role: LEADER
I20260601 13:22:17.505000  5070 consensus_queue.cc:237] T daace550287145cc8976c5ebc087f0c0 P 2ddcffb8e946479187e2eb2123bc9f4a [LEADER]: Queue going to LEADER mode. State: All replicated index: 0, Majority replicated index: 0, Committed index: 0, Last appended: 0.0, Last appended by leader: 0, Current term: 1, Majority size: 2, State: 0, Mode: LEADER, active raft config: opid_index: -1 OBSOLETE_local: false peers { permanent_uuid: "2e9b11f6102448f4b706e7185a99a986" member_type: VOTER last_known_addr { host: "127.1.213.196" port: 42111 } } peers { permanent_uuid: "2ddcffb8e946479187e2eb2123bc9f4a" member_type: VOTER last_known_addr { host: "127.1.213.195" port: 40577 } } peers { permanent_uuid: "b189a783ba444dadb45268947da6510f" member_type: VOTER last_known_addr { host: "127.1.213.193" port: 35295 } }
I20260601 13:22:17.505349  5156 raft_consensus.cc:2468] T daace550287145cc8976c5ebc087f0c0 P 2e9b11f6102448f4b706e7185a99a986 [term 1 FOLLOWER]: Leader election vote request: Granting yes vote for candidate 2ddcffb8e946479187e2eb2123bc9f4a in term 1.
I20260601 13:22:17.507064  4761 catalog_manager.cc:5696] T daace550287145cc8976c5ebc087f0c0 P 2ddcffb8e946479187e2eb2123bc9f4a reported cstate change: term changed from 0 to 1, leader changed from <none> to 2ddcffb8e946479187e2eb2123bc9f4a (127.1.213.195). New cstate: current_term: 1 leader_uuid: "2ddcffb8e946479187e2eb2123bc9f4a" committed_config { opid_index: -1 OBSOLETE_local: false peers { permanent_uuid: "2e9b11f6102448f4b706e7185a99a986" member_type: VOTER last_known_addr { host: "127.1.213.196" port: 42111 } health_report { overall_health: UNKNOWN } } peers { permanent_uuid: "2ddcffb8e946479187e2eb2123bc9f4a" member_type: VOTER last_known_addr { host: "127.1.213.195" port: 40577 } health_report { overall_health: HEALTHY } } peers { permanent_uuid: "b189a783ba444dadb45268947da6510f" member_type: VOTER last_known_addr { host: "127.1.213.193" port: 35295 } health_report { overall_health: UNKNOWN } } }
I20260601 13:22:17.585539  5201 consensus_queue.cc:1048] T 41c84033b3d847d2b6545897e657de16 P 2e9b11f6102448f4b706e7185a99a986 [LEADER]: Connected to new peer: Peer: permanent_uuid: "b189a783ba444dadb45268947da6510f" member_type: VOTER last_known_addr { host: "127.1.213.193" port: 35295 }, Status: LMP_MISMATCH, Last received: 0.0, Next index: 1, Last known committed idx: 0, Time since last communication: 0.000s
I20260601 13:22:17.589426  5247 consensus_queue.cc:1048] T 41c84033b3d847d2b6545897e657de16 P 2e9b11f6102448f4b706e7185a99a986 [LEADER]: Connected to new peer: Peer: permanent_uuid: "dfc9668cd82a4118b7b0a8ddb692bb26" member_type: VOTER last_known_addr { host: "127.1.213.194" port: 41041 }, Status: LMP_MISMATCH, Last received: 0.0, Next index: 1, Last known committed idx: 0, Time since last communication: 0.000s
I20260601 13:22:17.613886  5247 raft_consensus.cc:493] T 71d804912fe74e4a9e77972c138cedf0 P 2e9b11f6102448f4b706e7185a99a986 [term 0 FOLLOWER]: Starting pre-election (no leader contacted us within the election timeout)
I20260601 13:22:17.614157  5247 raft_consensus.cc:515] T 71d804912fe74e4a9e77972c138cedf0 P 2e9b11f6102448f4b706e7185a99a986 [term 0 FOLLOWER]: Starting pre-election with config: opid_index: -1 OBSOLETE_local: false peers { permanent_uuid: "2e9b11f6102448f4b706e7185a99a986" member_type: VOTER last_known_addr { host: "127.1.213.196" port: 42111 } } peers { permanent_uuid: "dfc9668cd82a4118b7b0a8ddb692bb26" member_type: VOTER last_known_addr { host: "127.1.213.194" port: 41041 } } peers { permanent_uuid: "b189a783ba444dadb45268947da6510f" member_type: VOTER last_known_addr { host: "127.1.213.193" port: 35295 } }
I20260601 13:22:17.614885  5247 leader_election.cc:290] T 71d804912fe74e4a9e77972c138cedf0 P 2e9b11f6102448f4b706e7185a99a986 [CANDIDATE]: Term 1 pre-election: Requested pre-vote from peers dfc9668cd82a4118b7b0a8ddb692bb26 (127.1.213.194:41041), b189a783ba444dadb45268947da6510f (127.1.213.193:35295)
I20260601 13:22:17.615450  4942 tablet_service.cc:1917] Received RequestConsensusVote() RPC: tablet_id: "71d804912fe74e4a9e77972c138cedf0" candidate_uuid: "2e9b11f6102448f4b706e7185a99a986" candidate_term: 1 candidate_status { last_received { term: 0 index: 0 } } ignore_live_leader: false dest_uuid: "dfc9668cd82a4118b7b0a8ddb692bb26" is_pre_election: true
I20260601 13:22:17.615466  4865 tablet_service.cc:1917] Received RequestConsensusVote() RPC: tablet_id: "71d804912fe74e4a9e77972c138cedf0" candidate_uuid: "2e9b11f6102448f4b706e7185a99a986" candidate_term: 1 candidate_status { last_received { term: 0 index: 0 } } ignore_live_leader: false dest_uuid: "b189a783ba444dadb45268947da6510f" is_pre_election: true
I20260601 13:22:17.615698  4942 raft_consensus.cc:2393] T 71d804912fe74e4a9e77972c138cedf0 P dfc9668cd82a4118b7b0a8ddb692bb26 [term 1 FOLLOWER]: Leader pre-election vote request: Denying vote to candidate 2e9b11f6102448f4b706e7185a99a986 in current term 1: Already voted for candidate b189a783ba444dadb45268947da6510f in this term.
I20260601 13:22:17.616120  5119 leader_election.cc:304] T 71d804912fe74e4a9e77972c138cedf0 P 2e9b11f6102448f4b706e7185a99a986 [CANDIDATE]: Term 1 pre-election: Election decided. Result: candidate lost. Election summary: received 3 responses out of 3 voters: 1 yes votes; 2 no votes. yes voters: 2e9b11f6102448f4b706e7185a99a986; no voters: b189a783ba444dadb45268947da6510f, dfc9668cd82a4118b7b0a8ddb692bb26
I20260601 13:22:17.616339  5247 raft_consensus.cc:3060] T 71d804912fe74e4a9e77972c138cedf0 P 2e9b11f6102448f4b706e7185a99a986 [term 0 FOLLOWER]: Advancing to term 1
I20260601 13:22:17.617442  5247 raft_consensus.cc:2749] T 71d804912fe74e4a9e77972c138cedf0 P 2e9b11f6102448f4b706e7185a99a986 [term 1 FOLLOWER]: Leader pre-election lost for term 1. Reason: could not achieve majority
I20260601 13:22:17.671178  5017 raft_consensus.cc:3060] T e8a49f85013245a298262d443c234d01 P 2ddcffb8e946479187e2eb2123bc9f4a [term 0 FOLLOWER]: Advancing to term 1
I20260601 13:22:17.672874  5247 consensus_queue.cc:1048] T e8a49f85013245a298262d443c234d01 P 2e9b11f6102448f4b706e7185a99a986 [LEADER]: Connected to new peer: Peer: permanent_uuid: "2ddcffb8e946479187e2eb2123bc9f4a" member_type: VOTER last_known_addr { host: "127.1.213.195" port: 40577 }, Status: LMP_MISMATCH, Last received: 0.0, Next index: 1, Last known committed idx: 0, Time since last communication: 0.000s
I20260601 13:22:17.676398  5247 consensus_queue.cc:1048] T e8a49f85013245a298262d443c234d01 P 2e9b11f6102448f4b706e7185a99a986 [LEADER]: Connected to new peer: Peer: permanent_uuid: "dfc9668cd82a4118b7b0a8ddb692bb26" member_type: VOTER last_known_addr { host: "127.1.213.194" port: 41041 }, Status: LMP_MISMATCH, Last received: 0.0, Next index: 1, Last known committed idx: 0, Time since last communication: 0.000s
I20260601 13:22:17.700476  5237 consensus_queue.cc:1048] T 7583b9b4be084d90b5fcebe3be8d596d P b189a783ba444dadb45268947da6510f [LEADER]: Connected to new peer: Peer: permanent_uuid: "2e9b11f6102448f4b706e7185a99a986" member_type: VOTER last_known_addr { host: "127.1.213.196" port: 42111 }, Status: LMP_MISMATCH, Last received: 0.0, Next index: 1, Last known committed idx: 0, Time since last communication: 0.000s
I20260601 13:22:17.704519  5075 consensus_queue.cc:1048] T 7583b9b4be084d90b5fcebe3be8d596d P b189a783ba444dadb45268947da6510f [LEADER]: Connected to new peer: Peer: permanent_uuid: "2ddcffb8e946479187e2eb2123bc9f4a" member_type: VOTER last_known_addr { host: "127.1.213.195" port: 40577 }, Status: LMP_MISMATCH, Last received: 0.0, Next index: 1, Last known committed idx: 0, Time since last communication: 0.000s
I20260601 13:22:17.723915  5075 consensus_queue.cc:1048] T 71d804912fe74e4a9e77972c138cedf0 P b189a783ba444dadb45268947da6510f [LEADER]: Connected to new peer: Peer: permanent_uuid: "2e9b11f6102448f4b706e7185a99a986" member_type: VOTER last_known_addr { host: "127.1.213.196" port: 42111 }, Status: LMP_MISMATCH, Last received: 0.0, Next index: 1, Last known committed idx: 0, Time since last communication: 0.000s
I20260601 13:22:17.727332  5237 consensus_queue.cc:1048] T 71d804912fe74e4a9e77972c138cedf0 P b189a783ba444dadb45268947da6510f [LEADER]: Connected to new peer: Peer: permanent_uuid: "dfc9668cd82a4118b7b0a8ddb692bb26" member_type: VOTER last_known_addr { host: "127.1.213.194" port: 41041 }, Status: LMP_MISMATCH, Last received: 0.0, Next index: 1, Last known committed idx: 0, Time since last communication: 0.000s
I20260601 13:22:17.735566  5237 consensus_queue.cc:1048] T 91e2c9aa54e24bc38bcf42dba94318d2 P b189a783ba444dadb45268947da6510f [LEADER]: Connected to new peer: Peer: permanent_uuid: "2ddcffb8e946479187e2eb2123bc9f4a" member_type: VOTER last_known_addr { host: "127.1.213.195" port: 40577 }, Status: LMP_MISMATCH, Last received: 0.0, Next index: 1, Last known committed idx: 0, Time since last communication: 0.000s
I20260601 13:22:17.739143  5079 consensus_queue.cc:1048] T 91e2c9aa54e24bc38bcf42dba94318d2 P b189a783ba444dadb45268947da6510f [LEADER]: Connected to new peer: Peer: permanent_uuid: "2e9b11f6102448f4b706e7185a99a986" member_type: VOTER last_known_addr { host: "127.1.213.196" port: 42111 }, Status: LMP_MISMATCH, Last received: 0.0, Next index: 1, Last known committed idx: 0, Time since last communication: 0.000s
I20260601 13:22:17.759951  5067 consensus_queue.cc:1048] T 1d31a9a18df84e3cba27bb23e6f7bfc8 P dfc9668cd82a4118b7b0a8ddb692bb26 [LEADER]: Connected to new peer: Peer: permanent_uuid: "b189a783ba444dadb45268947da6510f" member_type: VOTER last_known_addr { host: "127.1.213.193" port: 35295 }, Status: LMP_MISMATCH, Last received: 0.0, Next index: 1, Last known committed idx: 0, Time since last communication: 0.000s
I20260601 13:22:17.763799  5156 raft_consensus.cc:3060] T 1d31a9a18df84e3cba27bb23e6f7bfc8 P 2e9b11f6102448f4b706e7185a99a986 [term 0 FOLLOWER]: Advancing to term 1
I20260601 13:22:17.765497  5231 consensus_queue.cc:1048] T 1d31a9a18df84e3cba27bb23e6f7bfc8 P dfc9668cd82a4118b7b0a8ddb692bb26 [LEADER]: Connected to new peer: Peer: permanent_uuid: "2e9b11f6102448f4b706e7185a99a986" member_type: VOTER last_known_addr { host: "127.1.213.196" port: 42111 }, Status: LMP_MISMATCH, Last received: 0.0, Next index: 1, Last known committed idx: 0, Time since last communication: 0.000s
I20260601 13:22:17.773705  5247 consensus_queue.cc:1048] T 9401553973334ea2a5f1ee1ac067ec99 P 2e9b11f6102448f4b706e7185a99a986 [LEADER]: Connected to new peer: Peer: permanent_uuid: "2ddcffb8e946479187e2eb2123bc9f4a" member_type: VOTER last_known_addr { host: "127.1.213.195" port: 40577 }, Status: LMP_MISMATCH, Last received: 0.0, Next index: 1, Last known committed idx: 0, Time since last communication: 0.000s
I20260601 13:22:17.777328  5205 consensus_queue.cc:1048] T 9401553973334ea2a5f1ee1ac067ec99 P 2e9b11f6102448f4b706e7185a99a986 [LEADER]: Connected to new peer: Peer: permanent_uuid: "dfc9668cd82a4118b7b0a8ddb692bb26" member_type: VOTER last_known_addr { host: "127.1.213.194" port: 41041 }, Status: LMP_MISMATCH, Last received: 0.0, Next index: 1, Last known committed idx: 0, Time since last communication: 0.000s
I20260601 13:22:17.964489  5096 consensus_queue.cc:1048] T daace550287145cc8976c5ebc087f0c0 P 2ddcffb8e946479187e2eb2123bc9f4a [LEADER]: Connected to new peer: Peer: permanent_uuid: "2e9b11f6102448f4b706e7185a99a986" member_type: VOTER last_known_addr { host: "127.1.213.196" port: 42111 }, Status: LMP_MISMATCH, Last received: 0.0, Next index: 1, Last known committed idx: 0, Time since last communication: 0.000s
I20260601 13:22:17.967995  5249 consensus_queue.cc:1048] T daace550287145cc8976c5ebc087f0c0 P 2ddcffb8e946479187e2eb2123bc9f4a [LEADER]: Connected to new peer: Peer: permanent_uuid: "b189a783ba444dadb45268947da6510f" member_type: VOTER last_known_addr { host: "127.1.213.193" port: 35295 }, Status: LMP_MISMATCH, Last received: 0.0, Next index: 1, Last known committed idx: 0, Time since last communication: 0.000s
I20260601 13:22:18.496217  4942 consensus_queue.cc:237] T 7d97c8570a78415db87fd8cf53280542 P dfc9668cd82a4118b7b0a8ddb692bb26 [LEADER]: Queue going to LEADER mode. State: All replicated index: 0, Majority replicated index: 1, Committed index: 1, Last appended: 1.1, Last appended by leader: 0, Current term: 1, Majority size: 2, State: 0, Mode: LEADER, active raft config: opid_index: 2 OBSOLETE_local: false peers { permanent_uuid: "b189a783ba444dadb45268947da6510f" member_type: VOTER last_known_addr { host: "127.1.213.193" port: 35295 } attrs { replace: true } } peers { permanent_uuid: "dfc9668cd82a4118b7b0a8ddb692bb26" member_type: VOTER last_known_addr { host: "127.1.213.194" port: 41041 } } peers { permanent_uuid: "2ddcffb8e946479187e2eb2123bc9f4a" member_type: VOTER last_known_addr { host: "127.1.213.195" port: 40577 } } peers { permanent_uuid: "2e9b11f6102448f4b706e7185a99a986" member_type: NON_VOTER last_known_addr { host: "127.1.213.196" port: 42111 } attrs { promote: true } }
I20260601 13:22:18.497673  4865 raft_consensus.cc:1275] T 7d97c8570a78415db87fd8cf53280542 P b189a783ba444dadb45268947da6510f [term 1 FOLLOWER]: Refusing update from remote peer dfc9668cd82a4118b7b0a8ddb692bb26: Log matching property violated. Preceding OpId in replica: term: 1 index: 1. Preceding OpId from leader: term: 1 index: 2. (index mismatch)
I20260601 13:22:18.497824  5016 raft_consensus.cc:1275] T 7d97c8570a78415db87fd8cf53280542 P 2ddcffb8e946479187e2eb2123bc9f4a [term 1 FOLLOWER]: Refusing update from remote peer dfc9668cd82a4118b7b0a8ddb692bb26: Log matching property violated. Preceding OpId in replica: term: 1 index: 1. Preceding OpId from leader: term: 1 index: 2. (index mismatch)
W20260601 13:22:18.497936  4907 consensus_peers.cc:597] T 7d97c8570a78415db87fd8cf53280542 P dfc9668cd82a4118b7b0a8ddb692bb26 -> Peer 2e9b11f6102448f4b706e7185a99a986 (127.1.213.196:42111): Couldn't send request to peer 2e9b11f6102448f4b706e7185a99a986. Error code: TABLET_NOT_FOUND (6). Status: Not found: Tablet not found: 7d97c8570a78415db87fd8cf53280542. This is attempt 1: this message will repeat every 5th retry.
I20260601 13:22:18.498092  5231 consensus_queue.cc:1048] T 7d97c8570a78415db87fd8cf53280542 P dfc9668cd82a4118b7b0a8ddb692bb26 [LEADER]: Connected to new peer: Peer: permanent_uuid: "b189a783ba444dadb45268947da6510f" member_type: VOTER last_known_addr { host: "127.1.213.193" port: 35295 } attrs { replace: true }, Status: LMP_MISMATCH, Last received: 0.0, Next index: 2, Last known committed idx: 1, Time since last communication: 0.000s
I20260601 13:22:18.498288  5104 consensus_queue.cc:1048] T 7d97c8570a78415db87fd8cf53280542 P dfc9668cd82a4118b7b0a8ddb692bb26 [LEADER]: Connected to new peer: Peer: permanent_uuid: "2ddcffb8e946479187e2eb2123bc9f4a" member_type: VOTER last_known_addr { host: "127.1.213.195" port: 40577 }, Status: LMP_MISMATCH, Last received: 0.0, Next index: 2, Last known committed idx: 1, Time since last communication: 0.000s
I20260601 13:22:18.500341  5067 raft_consensus.cc:2955] T 7d97c8570a78415db87fd8cf53280542 P dfc9668cd82a4118b7b0a8ddb692bb26 [term 1 LEADER]: Committing config change with OpId 1.2: config changed from index -1 to 2, NON_VOTER 2e9b11f6102448f4b706e7185a99a986 (127.1.213.196) added. New config: { opid_index: 2 OBSOLETE_local: false peers { permanent_uuid: "b189a783ba444dadb45268947da6510f" member_type: VOTER last_known_addr { host: "127.1.213.193" port: 35295 } attrs { replace: true } } peers { permanent_uuid: "dfc9668cd82a4118b7b0a8ddb692bb26" member_type: VOTER last_known_addr { host: "127.1.213.194" port: 41041 } } peers { permanent_uuid: "2ddcffb8e946479187e2eb2123bc9f4a" member_type: VOTER last_known_addr { host: "127.1.213.195" port: 40577 } } peers { permanent_uuid: "2e9b11f6102448f4b706e7185a99a986" member_type: NON_VOTER last_known_addr { host: "127.1.213.196" port: 42111 } attrs { promote: true } } }
I20260601 13:22:18.500816  4865 raft_consensus.cc:2955] T 7d97c8570a78415db87fd8cf53280542 P b189a783ba444dadb45268947da6510f [term 1 FOLLOWER]: Committing config change with OpId 1.2: config changed from index -1 to 2, NON_VOTER 2e9b11f6102448f4b706e7185a99a986 (127.1.213.196) added. New config: { opid_index: 2 OBSOLETE_local: false peers { permanent_uuid: "b189a783ba444dadb45268947da6510f" member_type: VOTER last_known_addr { host: "127.1.213.193" port: 35295 } attrs { replace: true } } peers { permanent_uuid: "dfc9668cd82a4118b7b0a8ddb692bb26" member_type: VOTER last_known_addr { host: "127.1.213.194" port: 41041 } } peers { permanent_uuid: "2ddcffb8e946479187e2eb2123bc9f4a" member_type: VOTER last_known_addr { host: "127.1.213.195" port: 40577 } } peers { permanent_uuid: "2e9b11f6102448f4b706e7185a99a986" member_type: NON_VOTER last_known_addr { host: "127.1.213.196" port: 42111 } attrs { promote: true } } }
I20260601 13:22:18.502089  5016 raft_consensus.cc:2955] T 7d97c8570a78415db87fd8cf53280542 P 2ddcffb8e946479187e2eb2123bc9f4a [term 1 FOLLOWER]: Committing config change with OpId 1.2: config changed from index -1 to 2, NON_VOTER 2e9b11f6102448f4b706e7185a99a986 (127.1.213.196) added. New config: { opid_index: 2 OBSOLETE_local: false peers { permanent_uuid: "b189a783ba444dadb45268947da6510f" member_type: VOTER last_known_addr { host: "127.1.213.193" port: 35295 } attrs { replace: true } } peers { permanent_uuid: "dfc9668cd82a4118b7b0a8ddb692bb26" member_type: VOTER last_known_addr { host: "127.1.213.194" port: 41041 } } peers { permanent_uuid: "2ddcffb8e946479187e2eb2123bc9f4a" member_type: VOTER last_known_addr { host: "127.1.213.195" port: 40577 } } peers { permanent_uuid: "2e9b11f6102448f4b706e7185a99a986" member_type: NON_VOTER last_known_addr { host: "127.1.213.196" port: 42111 } attrs { promote: true } } }
I20260601 13:22:18.503207  4763 catalog_manager.cc:5696] T 7d97c8570a78415db87fd8cf53280542 P b189a783ba444dadb45268947da6510f reported cstate change: config changed from index -1 to 2, NON_VOTER 2e9b11f6102448f4b706e7185a99a986 (127.1.213.196) added. New cstate: current_term: 1 leader_uuid: "dfc9668cd82a4118b7b0a8ddb692bb26" committed_config { opid_index: 2 OBSOLETE_local: false peers { permanent_uuid: "b189a783ba444dadb45268947da6510f" member_type: VOTER last_known_addr { host: "127.1.213.193" port: 35295 } attrs { replace: true } } peers { permanent_uuid: "dfc9668cd82a4118b7b0a8ddb692bb26" member_type: VOTER last_known_addr { host: "127.1.213.194" port: 41041 } } peers { permanent_uuid: "2ddcffb8e946479187e2eb2123bc9f4a" member_type: VOTER last_known_addr { host: "127.1.213.195" port: 40577 } } peers { permanent_uuid: "2e9b11f6102448f4b706e7185a99a986" member_type: NON_VOTER last_known_addr { host: "127.1.213.196" port: 42111 } attrs { promote: true } } }
I20260601 13:22:18.509285  4865 consensus_queue.cc:237] T ffed7b3c082b4268bbb2a0d1c9341412 P b189a783ba444dadb45268947da6510f [LEADER]: Queue going to LEADER mode. State: All replicated index: 0, Majority replicated index: 1, Committed index: 1, Last appended: 1.1, Last appended by leader: 0, Current term: 1, Majority size: 2, State: 0, Mode: LEADER, active raft config: opid_index: 2 OBSOLETE_local: false peers { permanent_uuid: "2ddcffb8e946479187e2eb2123bc9f4a" member_type: VOTER last_known_addr { host: "127.1.213.195" port: 40577 } } peers { permanent_uuid: "dfc9668cd82a4118b7b0a8ddb692bb26" member_type: VOTER last_known_addr { host: "127.1.213.194" port: 41041 } attrs { replace: true } } peers { permanent_uuid: "b189a783ba444dadb45268947da6510f" member_type: VOTER last_known_addr { host: "127.1.213.193" port: 35295 } } peers { permanent_uuid: "2e9b11f6102448f4b706e7185a99a986" member_type: NON_VOTER last_known_addr { host: "127.1.213.196" port: 42111 } attrs { promote: true } }
I20260601 13:22:18.511015  5016 raft_consensus.cc:1275] T ffed7b3c082b4268bbb2a0d1c9341412 P 2ddcffb8e946479187e2eb2123bc9f4a [term 1 FOLLOWER]: Refusing update from remote peer b189a783ba444dadb45268947da6510f: Log matching property violated. Preceding OpId in replica: term: 1 index: 1. Preceding OpId from leader: term: 1 index: 2. (index mismatch)
I20260601 13:22:18.511071  4942 raft_consensus.cc:1275] T ffed7b3c082b4268bbb2a0d1c9341412 P dfc9668cd82a4118b7b0a8ddb692bb26 [term 1 FOLLOWER]: Refusing update from remote peer b189a783ba444dadb45268947da6510f: Log matching property violated. Preceding OpId in replica: term: 1 index: 1. Preceding OpId from leader: term: 1 index: 2. (index mismatch)
W20260601 13:22:18.511168  4831 consensus_peers.cc:597] T ffed7b3c082b4268bbb2a0d1c9341412 P b189a783ba444dadb45268947da6510f -> Peer 2e9b11f6102448f4b706e7185a99a986 (127.1.213.196:42111): Couldn't send request to peer 2e9b11f6102448f4b706e7185a99a986. Error code: TABLET_NOT_FOUND (6). Status: Not found: Tablet not found: ffed7b3c082b4268bbb2a0d1c9341412. This is attempt 1: this message will repeat every 5th retry.
I20260601 13:22:18.511448  5237 consensus_queue.cc:1048] T ffed7b3c082b4268bbb2a0d1c9341412 P b189a783ba444dadb45268947da6510f [LEADER]: Connected to new peer: Peer: permanent_uuid: "2ddcffb8e946479187e2eb2123bc9f4a" member_type: VOTER last_known_addr { host: "127.1.213.195" port: 40577 }, Status: LMP_MISMATCH, Last received: 0.0, Next index: 2, Last known committed idx: 1, Time since last communication: 0.000s
I20260601 13:22:18.511670  5075 consensus_queue.cc:1048] T ffed7b3c082b4268bbb2a0d1c9341412 P b189a783ba444dadb45268947da6510f [LEADER]: Connected to new peer: Peer: permanent_uuid: "dfc9668cd82a4118b7b0a8ddb692bb26" member_type: VOTER last_known_addr { host: "127.1.213.194" port: 41041 } attrs { replace: true }, Status: LMP_MISMATCH, Last received: 0.0, Next index: 2, Last known committed idx: 1, Time since last communication: 0.000s
I20260601 13:22:18.513541  5079 raft_consensus.cc:2955] T ffed7b3c082b4268bbb2a0d1c9341412 P b189a783ba444dadb45268947da6510f [term 1 LEADER]: Committing config change with OpId 1.2: config changed from index -1 to 2, NON_VOTER 2e9b11f6102448f4b706e7185a99a986 (127.1.213.196) added. New config: { opid_index: 2 OBSOLETE_local: false peers { permanent_uuid: "2ddcffb8e946479187e2eb2123bc9f4a" member_type: VOTER last_known_addr { host: "127.1.213.195" port: 40577 } } peers { permanent_uuid: "dfc9668cd82a4118b7b0a8ddb692bb26" member_type: VOTER last_known_addr { host: "127.1.213.194" port: 41041 } attrs { replace: true } } peers { permanent_uuid: "b189a783ba444dadb45268947da6510f" member_type: VOTER last_known_addr { host: "127.1.213.193" port: 35295 } } peers { permanent_uuid: "2e9b11f6102448f4b706e7185a99a986" member_type: NON_VOTER last_known_addr { host: "127.1.213.196" port: 42111 } attrs { promote: true } } }
I20260601 13:22:18.513981  5016 raft_consensus.cc:2955] T ffed7b3c082b4268bbb2a0d1c9341412 P 2ddcffb8e946479187e2eb2123bc9f4a [term 1 FOLLOWER]: Committing config change with OpId 1.2: config changed from index -1 to 2, NON_VOTER 2e9b11f6102448f4b706e7185a99a986 (127.1.213.196) added. New config: { opid_index: 2 OBSOLETE_local: false peers { permanent_uuid: "2ddcffb8e946479187e2eb2123bc9f4a" member_type: VOTER last_known_addr { host: "127.1.213.195" port: 40577 } } peers { permanent_uuid: "dfc9668cd82a4118b7b0a8ddb692bb26" member_type: VOTER last_known_addr { host: "127.1.213.194" port: 41041 } attrs { replace: true } } peers { permanent_uuid: "b189a783ba444dadb45268947da6510f" member_type: VOTER last_known_addr { host: "127.1.213.193" port: 35295 } } peers { permanent_uuid: "2e9b11f6102448f4b706e7185a99a986" member_type: NON_VOTER last_known_addr { host: "127.1.213.196" port: 42111 } attrs { promote: true } } }
I20260601 13:22:18.516201  4942 raft_consensus.cc:2955] T ffed7b3c082b4268bbb2a0d1c9341412 P dfc9668cd82a4118b7b0a8ddb692bb26 [term 1 FOLLOWER]: Committing config change with OpId 1.2: config changed from index -1 to 2, NON_VOTER 2e9b11f6102448f4b706e7185a99a986 (127.1.213.196) added. New config: { opid_index: 2 OBSOLETE_local: false peers { permanent_uuid: "2ddcffb8e946479187e2eb2123bc9f4a" member_type: VOTER last_known_addr { host: "127.1.213.195" port: 40577 } } peers { permanent_uuid: "dfc9668cd82a4118b7b0a8ddb692bb26" member_type: VOTER last_known_addr { host: "127.1.213.194" port: 41041 } attrs { replace: true } } peers { permanent_uuid: "b189a783ba444dadb45268947da6510f" member_type: VOTER last_known_addr { host: "127.1.213.193" port: 35295 } } peers { permanent_uuid: "2e9b11f6102448f4b706e7185a99a986" member_type: NON_VOTER last_known_addr { host: "127.1.213.196" port: 42111 } attrs { promote: true } } }
I20260601 13:22:18.516451  4762 catalog_manager.cc:5696] T ffed7b3c082b4268bbb2a0d1c9341412 P b189a783ba444dadb45268947da6510f reported cstate change: config changed from index -1 to 2, NON_VOTER 2e9b11f6102448f4b706e7185a99a986 (127.1.213.196) added. New cstate: current_term: 1 leader_uuid: "b189a783ba444dadb45268947da6510f" committed_config { opid_index: 2 OBSOLETE_local: false peers { permanent_uuid: "2ddcffb8e946479187e2eb2123bc9f4a" member_type: VOTER last_known_addr { host: "127.1.213.195" port: 40577 } health_report { overall_health: HEALTHY } } peers { permanent_uuid: "dfc9668cd82a4118b7b0a8ddb692bb26" member_type: VOTER last_known_addr { host: "127.1.213.194" port: 41041 } attrs { replace: true } health_report { overall_health: HEALTHY } } peers { permanent_uuid: "b189a783ba444dadb45268947da6510f" member_type: VOTER last_known_addr { host: "127.1.213.193" port: 35295 } health_report { overall_health: HEALTHY } } peers { permanent_uuid: "2e9b11f6102448f4b706e7185a99a986" member_type: NON_VOTER last_known_addr { host: "127.1.213.196" port: 42111 } attrs { promote: true } health_report { overall_health: UNKNOWN } } }
I20260601 13:22:18.516459  4865 consensus_queue.cc:237] T 46b4ff7a3c53420b8ba388862964c43d P b189a783ba444dadb45268947da6510f [LEADER]: Queue going to LEADER mode. State: All replicated index: 0, Majority replicated index: 1, Committed index: 1, Last appended: 1.1, Last appended by leader: 0, Current term: 1, Majority size: 2, State: 0, Mode: LEADER, active raft config: opid_index: 2 OBSOLETE_local: false peers { permanent_uuid: "dfc9668cd82a4118b7b0a8ddb692bb26" member_type: VOTER last_known_addr { host: "127.1.213.194" port: 41041 } } peers { permanent_uuid: "b189a783ba444dadb45268947da6510f" member_type: VOTER last_known_addr { host: "127.1.213.193" port: 35295 } } peers { permanent_uuid: "2ddcffb8e946479187e2eb2123bc9f4a" member_type: VOTER last_known_addr { host: "127.1.213.195" port: 40577 } attrs { replace: true } } peers { permanent_uuid: "2e9b11f6102448f4b706e7185a99a986" member_type: NON_VOTER last_known_addr { host: "127.1.213.196" port: 42111 } attrs { promote: true } }
W20260601 13:22:18.518683  4831 consensus_peers.cc:597] T 46b4ff7a3c53420b8ba388862964c43d P b189a783ba444dadb45268947da6510f -> Peer 2e9b11f6102448f4b706e7185a99a986 (127.1.213.196:42111): Couldn't send request to peer 2e9b11f6102448f4b706e7185a99a986. Error code: TABLET_NOT_FOUND (6). Status: Not found: Tablet not found: 46b4ff7a3c53420b8ba388862964c43d. This is attempt 1: this message will repeat every 5th retry.
I20260601 13:22:18.519156  4942 raft_consensus.cc:1275] T 46b4ff7a3c53420b8ba388862964c43d P dfc9668cd82a4118b7b0a8ddb692bb26 [term 1 FOLLOWER]: Refusing update from remote peer b189a783ba444dadb45268947da6510f: Log matching property violated. Preceding OpId in replica: term: 1 index: 1. Preceding OpId from leader: term: 1 index: 2. (index mismatch)
I20260601 13:22:18.519533  5278 consensus_queue.cc:1048] T 46b4ff7a3c53420b8ba388862964c43d P b189a783ba444dadb45268947da6510f [LEADER]: Connected to new peer: Peer: permanent_uuid: "dfc9668cd82a4118b7b0a8ddb692bb26" member_type: VOTER last_known_addr { host: "127.1.213.194" port: 41041 }, Status: LMP_MISMATCH, Last received: 0.0, Next index: 2, Last known committed idx: 1, Time since last communication: 0.000s
I20260601 13:22:18.519646  5016 raft_consensus.cc:1275] T 46b4ff7a3c53420b8ba388862964c43d P 2ddcffb8e946479187e2eb2123bc9f4a [term 1 FOLLOWER]: Refusing update from remote peer b189a783ba444dadb45268947da6510f: Log matching property violated. Preceding OpId in replica: term: 1 index: 1. Preceding OpId from leader: term: 1 index: 2. (index mismatch)
I20260601 13:22:18.520177  5278 consensus_queue.cc:1048] T 46b4ff7a3c53420b8ba388862964c43d P b189a783ba444dadb45268947da6510f [LEADER]: Connected to new peer: Peer: permanent_uuid: "2ddcffb8e946479187e2eb2123bc9f4a" member_type: VOTER last_known_addr { host: "127.1.213.195" port: 40577 } attrs { replace: true }, Status: LMP_MISMATCH, Last received: 0.0, Next index: 2, Last known committed idx: 1, Time since last communication: 0.000s
I20260601 13:22:18.521314  5237 raft_consensus.cc:2955] T 46b4ff7a3c53420b8ba388862964c43d P b189a783ba444dadb45268947da6510f [term 1 LEADER]: Committing config change with OpId 1.2: config changed from index -1 to 2, NON_VOTER 2e9b11f6102448f4b706e7185a99a986 (127.1.213.196) added. New config: { opid_index: 2 OBSOLETE_local: false peers { permanent_uuid: "dfc9668cd82a4118b7b0a8ddb692bb26" member_type: VOTER last_known_addr { host: "127.1.213.194" port: 41041 } } peers { permanent_uuid: "b189a783ba444dadb45268947da6510f" member_type: VOTER last_known_addr { host: "127.1.213.193" port: 35295 } } peers { permanent_uuid: "2ddcffb8e946479187e2eb2123bc9f4a" member_type: VOTER last_known_addr { host: "127.1.213.195" port: 40577 } attrs { replace: true } } peers { permanent_uuid: "2e9b11f6102448f4b706e7185a99a986" member_type: NON_VOTER last_known_addr { host: "127.1.213.196" port: 42111 } attrs { promote: true } } }
I20260601 13:22:18.521747  4942 raft_consensus.cc:2955] T 46b4ff7a3c53420b8ba388862964c43d P dfc9668cd82a4118b7b0a8ddb692bb26 [term 1 FOLLOWER]: Committing config change with OpId 1.2: config changed from index -1 to 2, NON_VOTER 2e9b11f6102448f4b706e7185a99a986 (127.1.213.196) added. New config: { opid_index: 2 OBSOLETE_local: false peers { permanent_uuid: "dfc9668cd82a4118b7b0a8ddb692bb26" member_type: VOTER last_known_addr { host: "127.1.213.194" port: 41041 } } peers { permanent_uuid: "b189a783ba444dadb45268947da6510f" member_type: VOTER last_known_addr { host: "127.1.213.193" port: 35295 } } peers { permanent_uuid: "2ddcffb8e946479187e2eb2123bc9f4a" member_type: VOTER last_known_addr { host: "127.1.213.195" port: 40577 } attrs { replace: true } } peers { permanent_uuid: "2e9b11f6102448f4b706e7185a99a986" member_type: NON_VOTER last_known_addr { host: "127.1.213.196" port: 42111 } attrs { promote: true } } }
I20260601 13:22:18.523640  5016 raft_consensus.cc:2955] T 46b4ff7a3c53420b8ba388862964c43d P 2ddcffb8e946479187e2eb2123bc9f4a [term 1 FOLLOWER]: Committing config change with OpId 1.2: config changed from index -1 to 2, NON_VOTER 2e9b11f6102448f4b706e7185a99a986 (127.1.213.196) added. New config: { opid_index: 2 OBSOLETE_local: false peers { permanent_uuid: "dfc9668cd82a4118b7b0a8ddb692bb26" member_type: VOTER last_known_addr { host: "127.1.213.194" port: 41041 } } peers { permanent_uuid: "b189a783ba444dadb45268947da6510f" member_type: VOTER last_known_addr { host: "127.1.213.193" port: 35295 } } peers { permanent_uuid: "2ddcffb8e946479187e2eb2123bc9f4a" member_type: VOTER last_known_addr { host: "127.1.213.195" port: 40577 } attrs { replace: true } } peers { permanent_uuid: "2e9b11f6102448f4b706e7185a99a986" member_type: NON_VOTER last_known_addr { host: "127.1.213.196" port: 42111 } attrs { promote: true } } }
I20260601 13:22:18.523874  4763 catalog_manager.cc:5696] T 46b4ff7a3c53420b8ba388862964c43d P dfc9668cd82a4118b7b0a8ddb692bb26 reported cstate change: config changed from index -1 to 2, NON_VOTER 2e9b11f6102448f4b706e7185a99a986 (127.1.213.196) added. New cstate: current_term: 1 leader_uuid: "b189a783ba444dadb45268947da6510f" committed_config { opid_index: 2 OBSOLETE_local: false peers { permanent_uuid: "dfc9668cd82a4118b7b0a8ddb692bb26" member_type: VOTER last_known_addr { host: "127.1.213.194" port: 41041 } } peers { permanent_uuid: "b189a783ba444dadb45268947da6510f" member_type: VOTER last_known_addr { host: "127.1.213.193" port: 35295 } } peers { permanent_uuid: "2ddcffb8e946479187e2eb2123bc9f4a" member_type: VOTER last_known_addr { host: "127.1.213.195" port: 40577 } attrs { replace: true } } peers { permanent_uuid: "2e9b11f6102448f4b706e7185a99a986" member_type: NON_VOTER last_known_addr { host: "127.1.213.196" port: 42111 } attrs { promote: true } } }
I20260601 13:22:18.524441  4942 consensus_queue.cc:237] T 5c114310de784d9db0cd2a660ab5ae73 P dfc9668cd82a4118b7b0a8ddb692bb26 [LEADER]: Queue going to LEADER mode. State: All replicated index: 0, Majority replicated index: 1, Committed index: 1, Last appended: 1.1, Last appended by leader: 0, Current term: 1, Majority size: 2, State: 0, Mode: LEADER, active raft config: opid_index: 2 OBSOLETE_local: false peers { permanent_uuid: "b189a783ba444dadb45268947da6510f" member_type: VOTER last_known_addr { host: "127.1.213.193" port: 35295 } attrs { replace: true } } peers { permanent_uuid: "dfc9668cd82a4118b7b0a8ddb692bb26" member_type: VOTER last_known_addr { host: "127.1.213.194" port: 41041 } } peers { permanent_uuid: "2ddcffb8e946479187e2eb2123bc9f4a" member_type: VOTER last_known_addr { host: "127.1.213.195" port: 40577 } } peers { permanent_uuid: "2e9b11f6102448f4b706e7185a99a986" member_type: NON_VOTER last_known_addr { host: "127.1.213.196" port: 42111 } attrs { promote: true } }
I20260601 13:22:18.526219  4865 raft_consensus.cc:1275] T 5c114310de784d9db0cd2a660ab5ae73 P b189a783ba444dadb45268947da6510f [term 1 FOLLOWER]: Refusing update from remote peer dfc9668cd82a4118b7b0a8ddb692bb26: Log matching property violated. Preceding OpId in replica: term: 1 index: 1. Preceding OpId from leader: term: 1 index: 2. (index mismatch)
W20260601 13:22:18.526238  4907 consensus_peers.cc:597] T 5c114310de784d9db0cd2a660ab5ae73 P dfc9668cd82a4118b7b0a8ddb692bb26 -> Peer 2e9b11f6102448f4b706e7185a99a986 (127.1.213.196:42111): Couldn't send request to peer 2e9b11f6102448f4b706e7185a99a986. Error code: TABLET_NOT_FOUND (6). Status: Not found: Tablet not found: 5c114310de784d9db0cd2a660ab5ae73. This is attempt 1: this message will repeat every 5th retry.
I20260601 13:22:18.526753  5231 consensus_queue.cc:1048] T 5c114310de784d9db0cd2a660ab5ae73 P dfc9668cd82a4118b7b0a8ddb692bb26 [LEADER]: Connected to new peer: Peer: permanent_uuid: "b189a783ba444dadb45268947da6510f" member_type: VOTER last_known_addr { host: "127.1.213.193" port: 35295 } attrs { replace: true }, Status: LMP_MISMATCH, Last received: 0.0, Next index: 2, Last known committed idx: 1, Time since last communication: 0.000s
I20260601 13:22:18.527494  5016 raft_consensus.cc:1275] T 5c114310de784d9db0cd2a660ab5ae73 P 2ddcffb8e946479187e2eb2123bc9f4a [term 1 FOLLOWER]: Refusing update from remote peer dfc9668cd82a4118b7b0a8ddb692bb26: Log matching property violated. Preceding OpId in replica: term: 1 index: 1. Preceding OpId from leader: term: 1 index: 2. (index mismatch)
I20260601 13:22:18.527844  5231 consensus_queue.cc:1048] T 5c114310de784d9db0cd2a660ab5ae73 P dfc9668cd82a4118b7b0a8ddb692bb26 [LEADER]: Connected to new peer: Peer: permanent_uuid: "2ddcffb8e946479187e2eb2123bc9f4a" member_type: VOTER last_known_addr { host: "127.1.213.195" port: 40577 }, Status: LMP_MISMATCH, Last received: 0.0, Next index: 2, Last known committed idx: 1, Time since last communication: 0.000s
I20260601 13:22:18.528698  5104 raft_consensus.cc:2955] T 5c114310de784d9db0cd2a660ab5ae73 P dfc9668cd82a4118b7b0a8ddb692bb26 [term 1 LEADER]: Committing config change with OpId 1.2: config changed from index -1 to 2, NON_VOTER 2e9b11f6102448f4b706e7185a99a986 (127.1.213.196) added. New config: { opid_index: 2 OBSOLETE_local: false peers { permanent_uuid: "b189a783ba444dadb45268947da6510f" member_type: VOTER last_known_addr { host: "127.1.213.193" port: 35295 } attrs { replace: true } } peers { permanent_uuid: "dfc9668cd82a4118b7b0a8ddb692bb26" member_type: VOTER last_known_addr { host: "127.1.213.194" port: 41041 } } peers { permanent_uuid: "2ddcffb8e946479187e2eb2123bc9f4a" member_type: VOTER last_known_addr { host: "127.1.213.195" port: 40577 } } peers { permanent_uuid: "2e9b11f6102448f4b706e7185a99a986" member_type: NON_VOTER last_known_addr { host: "127.1.213.196" port: 42111 } attrs { promote: true } } }
