Total LBM partial records: 0 (0 repaired)
Total corrupted LBM metadata records in RocksDB: 0 (0 repaired)
I20260601 13:31:07.793497 24447 rpc_server.cc:225] running with OpenSSL 1.1.1  11 Sep 2018
I20260601 13:31:07.793943 24447 kserver.cc:163] Server-wide thread pool size limit: 3276
I20260601 13:31:07.798221 24447 rpc_server.cc:307] RPC server started. Bound to: 127.23.223.254:41793
I20260601 13:31:07.802098 25051 acceptor_pool.cc:272] collecting diagnostics on the listening RPC socket 127.23.223.254:41793 every 8 connection(s)
I20260601 13:31:07.802670 25052 data_dirs.cc:400] Could only allocate 1 dirs of requested 3 for tablet 00000000000000000000000000000000. 1 dirs total, 0 dirs full, 0 dirs failed
I20260601 13:31:07.804498 25052 tablet_bootstrap.cc:492] T 00000000000000000000000000000000 P 51d46242f5ce40c5890a4ae3aac871b7: Bootstrap starting.
I20260601 13:31:07.805323 25052 tablet_bootstrap.cc:654] T 00000000000000000000000000000000 P 51d46242f5ce40c5890a4ae3aac871b7: Neither blocks nor log segments found. Creating new log.
I20260601 13:31:07.806500 25052 tablet_bootstrap.cc:492] T 00000000000000000000000000000000 P 51d46242f5ce40c5890a4ae3aac871b7: No bootstrap required, opened a new log
I20260601 13:31:07.806912 25052 raft_consensus.cc:359] T 00000000000000000000000000000000 P 51d46242f5ce40c5890a4ae3aac871b7 [term 0 FOLLOWER]: Replica starting. Triggering 0 pending ops. Active config: opid_index: -1 OBSOLETE_local: true peers { permanent_uuid: "51d46242f5ce40c5890a4ae3aac871b7" member_type: VOTER }
I20260601 13:31:07.807019 25052 raft_consensus.cc:385] T 00000000000000000000000000000000 P 51d46242f5ce40c5890a4ae3aac871b7 [term 0 FOLLOWER]: Consensus starting up: Expiring failure detector timer to make a prompt election more likely
I20260601 13:31:07.807081 25052 raft_consensus.cc:740] T 00000000000000000000000000000000 P 51d46242f5ce40c5890a4ae3aac871b7 [term 0 FOLLOWER]: Becoming Follower/Learner. State: Replica: 51d46242f5ce40c5890a4ae3aac871b7, State: Initialized, Role: FOLLOWER
I20260601 13:31:07.807242 25052 consensus_queue.cc:260] T 00000000000000000000000000000000 P 51d46242f5ce40c5890a4ae3aac871b7 [NON_LEADER]: Queue going to NON_LEADER mode. State: All replicated index: 0, Majority replicated index: 0, Committed index: 0, Last appended: 0.0, Last appended by leader: 0, Current term: 0, Majority size: -1, State: 0, Mode: NON_LEADER, active raft config: opid_index: -1 OBSOLETE_local: true peers { permanent_uuid: "51d46242f5ce40c5890a4ae3aac871b7" member_type: VOTER }
I20260601 13:31:07.807330 25052 raft_consensus.cc:399] T 00000000000000000000000000000000 P 51d46242f5ce40c5890a4ae3aac871b7 [term 0 FOLLOWER]: Only one voter in the Raft config. Triggering election immediately
I20260601 13:31:07.807374 25052 raft_consensus.cc:493] T 00000000000000000000000000000000 P 51d46242f5ce40c5890a4ae3aac871b7 [term 0 FOLLOWER]: Starting leader election (initial election of a single-replica configuration)
I20260601 13:31:07.807425 25052 raft_consensus.cc:3060] T 00000000000000000000000000000000 P 51d46242f5ce40c5890a4ae3aac871b7 [term 0 FOLLOWER]: Advancing to term 1
I20260601 13:31:07.808128 25052 raft_consensus.cc:515] T 00000000000000000000000000000000 P 51d46242f5ce40c5890a4ae3aac871b7 [term 1 FOLLOWER]: Starting leader election with config: opid_index: -1 OBSOLETE_local: true peers { permanent_uuid: "51d46242f5ce40c5890a4ae3aac871b7" member_type: VOTER }
I20260601 13:31:07.808279 25052 leader_election.cc:304] T 00000000000000000000000000000000 P 51d46242f5ce40c5890a4ae3aac871b7 [CANDIDATE]: Term 1 election: Election decided. Result: candidate won. Election summary: received 1 responses out of 1 voters: 1 yes votes; 0 no votes. yes voters: 51d46242f5ce40c5890a4ae3aac871b7; no voters: 
I20260601 13:31:07.808476 25052 leader_election.cc:290] T 00000000000000000000000000000000 P 51d46242f5ce40c5890a4ae3aac871b7 [CANDIDATE]: Term 1 election: Requested vote from peers 
I20260601 13:31:07.808648 25055 raft_consensus.cc:2804] T 00000000000000000000000000000000 P 51d46242f5ce40c5890a4ae3aac871b7 [term 1 FOLLOWER]: Leader election won for term 1
I20260601 13:31:07.808894 25055 raft_consensus.cc:697] T 00000000000000000000000000000000 P 51d46242f5ce40c5890a4ae3aac871b7 [term 1 LEADER]: Becoming Leader. State: Replica: 51d46242f5ce40c5890a4ae3aac871b7, State: Running, Role: LEADER
I20260601 13:31:07.809028 25052 sys_catalog.cc:565] T 00000000000000000000000000000000 P 51d46242f5ce40c5890a4ae3aac871b7 [sys.catalog]: configured and running, proceeding with master startup.
I20260601 13:31:07.809023 25055 consensus_queue.cc:237] T 00000000000000000000000000000000 P 51d46242f5ce40c5890a4ae3aac871b7 [LEADER]: Queue going to LEADER mode. State: All replicated index: 0, Majority replicated index: 0, Committed index: 0, Last appended: 0.0, Last appended by leader: 0, Current term: 1, Majority size: 1, State: 0, Mode: LEADER, active raft config: opid_index: -1 OBSOLETE_local: true peers { permanent_uuid: "51d46242f5ce40c5890a4ae3aac871b7" member_type: VOTER }
I20260601 13:31:07.809530 25057 sys_catalog.cc:455] T 00000000000000000000000000000000 P 51d46242f5ce40c5890a4ae3aac871b7 [sys.catalog]: SysCatalogTable state changed. Reason: New leader 51d46242f5ce40c5890a4ae3aac871b7. Latest consensus state: current_term: 1 leader_uuid: "51d46242f5ce40c5890a4ae3aac871b7" committed_config { opid_index: -1 OBSOLETE_local: true peers { permanent_uuid: "51d46242f5ce40c5890a4ae3aac871b7" member_type: VOTER } }
I20260601 13:31:07.809619 25057 sys_catalog.cc:458] T 00000000000000000000000000000000 P 51d46242f5ce40c5890a4ae3aac871b7 [sys.catalog]: This master's current role is: LEADER
I20260601 13:31:07.809513 25056 sys_catalog.cc:455] T 00000000000000000000000000000000 P 51d46242f5ce40c5890a4ae3aac871b7 [sys.catalog]: SysCatalogTable state changed. Reason: RaftConsensus started. Latest consensus state: current_term: 1 leader_uuid: "51d46242f5ce40c5890a4ae3aac871b7" committed_config { opid_index: -1 OBSOLETE_local: true peers { permanent_uuid: "51d46242f5ce40c5890a4ae3aac871b7" member_type: VOTER } }
I20260601 13:31:07.809751 25056 sys_catalog.cc:458] T 00000000000000000000000000000000 P 51d46242f5ce40c5890a4ae3aac871b7 [sys.catalog]: This master's current role is: LEADER
I20260601 13:31:07.809949 25060 catalog_manager.cc:1510] Loading table and tablet metadata into memory...
I20260601 13:31:07.810776 25060 catalog_manager.cc:1519] Initializing Kudu cluster ID...
I20260601 13:31:07.811106 24447 internal_mini_cluster.cc:184] Waiting to initialize catalog manager on master 0
I20260601 13:31:07.812621 25060 catalog_manager.cc:1382] Generated new cluster ID: 6979958a7d2840eaa149719b0fdceb88
I20260601 13:31:07.812700 25060 catalog_manager.cc:1530] Initializing Kudu internal certificate authority...
I20260601 13:31:07.828449 25060 catalog_manager.cc:1405] Generated new certificate authority record
I20260601 13:31:07.829052 25060 catalog_manager.cc:1539] Loading token signing keys...
I20260601 13:31:07.833449 25060 catalog_manager.cc:6069] T 00000000000000000000000000000000 P 51d46242f5ce40c5890a4ae3aac871b7: Generated new TSK 0
I20260601 13:31:07.833657 25060 catalog_manager.cc:1549] Initializing in-progress tserver states...
I20260601 13:31:07.843500 24447 file_cache.cc:492] Constructed file cache file cache with capacity 419430
W20260601 13:31:07.845835 25074 instance_detector.cc:116] could not retrieve Azure instance metadata: Network error: curl error: HTTP response code said error: The requested URL returned error: 404
W20260601 13:31:07.845880 25076 instance_detector.cc:116] could not retrieve OpenStack instance metadata: Network error: curl error: HTTP response code said error: The requested URL returned error: 404
I20260601 13:31:07.845921 24447 server_base.cc:1061] running on GCE node
W20260601 13:31:07.845885 25073 instance_detector.cc:116] could not retrieve AWS instance metadata: Network error: curl error: HTTP response code said error: The requested URL returned error: 404
I20260601 13:31:07.846328 24447 hybrid_clock.cc:584] initializing the hybrid clock with 'system_unsync' time source
W20260601 13:31:07.846400 24447 system_unsync_time.cc:38] NTP support is disabled. Clock error bounds will not be accurate. This configuration is not suitable for distributed clusters.
I20260601 13:31:07.846436 24447 hybrid_clock.cc:648] HybridClock initialized: now 1780320667846435 us; error 0 us; skew 500 ppm
I20260601 13:31:07.847353 24447 webserver.cc:533] Webserver started at http://127.23.223.193:46109/ using document root <none> and password file <none>
I20260601 13:31:07.847540 24447 fs_manager.cc:362] Metadata directory not provided
I20260601 13:31:07.847609 24447 fs_manager.cc:368] Using write-ahead log directory (fs_wal_dir) as metadata directory
I20260601 13:31:07.847702 24447 server_base.cc:909] This appears to be a new deployment of Kudu; creating new FS layout
I20260601 13:31:07.848140 24447 fs_manager.cc:1068] Generated new instance metadata in path /tmp/dist-test-taskRkfhUV/test-tmp/auto_rebalancer-test.0.AutoRebalancerTest.AutoRebalancingTurnOffAndOn.1780320664969371-24447-0/minicluster-data/ts-0-root/instance:
uuid: "9a14ae5b1f73444e86cd7e0cfff8806d"
format_stamp: "Formatted at 2026-06-01 13:31:07 on dist-test-slave-k5t4"
I20260601 13:31:07.849825 24447 fs_manager.cc:696] Time spent creating directory manager: real 0.001s	user 0.002s	sys 0.000s
I20260601 13:31:07.850813 25081 log_block_manager.cc:4031] Time spent loading block containers with low live blocks: real 0.000s	user 0.000s	sys 0.000s
I20260601 13:31:07.851064 24447 fs_manager.cc:730] Time spent opening block manager: real 0.001s	user 0.000s	sys 0.000s
I20260601 13:31:07.851151 24447 fs_manager.cc:647] Opened local filesystem: /tmp/dist-test-taskRkfhUV/test-tmp/auto_rebalancer-test.0.AutoRebalancerTest.AutoRebalancingTurnOffAndOn.1780320664969371-24447-0/minicluster-data/ts-0-root
uuid: "9a14ae5b1f73444e86cd7e0cfff8806d"
format_stamp: "Formatted at 2026-06-01 13:31:07 on dist-test-slave-k5t4"
I20260601 13:31:07.851233 24447 fs_report.cc:389] FS layout report
--------------------
wal directory: /tmp/dist-test-taskRkfhUV/test-tmp/auto_rebalancer-test.0.AutoRebalancerTest.AutoRebalancingTurnOffAndOn.1780320664969371-24447-0/minicluster-data/ts-0-root
metadata directory: /tmp/dist-test-taskRkfhUV/test-tmp/auto_rebalancer-test.0.AutoRebalancerTest.AutoRebalancingTurnOffAndOn.1780320664969371-24447-0/minicluster-data/ts-0-root
1 data directories: /tmp/dist-test-taskRkfhUV/test-tmp/auto_rebalancer-test.0.AutoRebalancerTest.AutoRebalancingTurnOffAndOn.1780320664969371-24447-0/minicluster-data/ts-0-root/data
Total live blocks: 0
Total live bytes: 0
Total live bytes (after alignment): 0
Total number of LBM containers: 0 (0 full)
Did not check for missing blocks
Did not check for orphaned blocks
Total full LBM containers with extra space: 0 (0 repaired)
Total full LBM container extra space in bytes: 0 (0 repaired)
Total incomplete LBM containers: 0 (0 repaired)
Total LBM partial records: 0 (0 repaired)
Total corrupted LBM metadata records in RocksDB: 0 (0 repaired)
I20260601 13:31:07.864395 24447 rpc_server.cc:225] running with OpenSSL 1.1.1  11 Sep 2018
I20260601 13:31:07.864847 24447 kserver.cc:163] Server-wide thread pool size limit: 3276
I20260601 13:31:07.865165 24447 txn_system_client.cc:432] TxnSystemClient initialization is disabled...
I20260601 13:31:07.865660 24447 ts_tablet_manager.cc:585] Loaded tablet metadata (0 total tablets, 0 live tablets)
I20260601 13:31:07.865718 24447 ts_tablet_manager.cc:531] Time spent load tablet metadata: real 0.000s	user 0.000s	sys 0.000s
I20260601 13:31:07.865793 24447 ts_tablet_manager.cc:616] Registered 0 tablets
I20260601 13:31:07.865839 24447 ts_tablet_manager.cc:595] Time spent register tablets: real 0.000s	user 0.000s	sys 0.000s
I20260601 13:31:07.869916 24447 rpc_server.cc:307] RPC server started. Bound to: 127.23.223.193:42587
I20260601 13:31:07.869948 25144 acceptor_pool.cc:272] collecting diagnostics on the listening RPC socket 127.23.223.193:42587 every 8 connection(s)
I20260601 13:31:07.870700 24447 file_cache.cc:492] Constructed file cache file cache with capacity 419430
W20260601 13:31:07.872618 25149 instance_detector.cc:116] could not retrieve AWS instance metadata: Network error: curl error: HTTP response code said error: The requested URL returned error: 404
W20260601 13:31:07.872761 25152 instance_detector.cc:116] could not retrieve OpenStack instance metadata: Network error: curl error: HTTP response code said error: The requested URL returned error: 404
W20260601 13:31:07.872915 25150 instance_detector.cc:116] could not retrieve Azure instance metadata: Network error: curl error: HTTP response code said error: The requested URL returned error: 404
I20260601 13:31:07.873136 24447 server_base.cc:1061] running on GCE node
I20260601 13:31:07.873313 24447 hybrid_clock.cc:584] initializing the hybrid clock with 'system_unsync' time source
W20260601 13:31:07.873364 24447 system_unsync_time.cc:38] NTP support is disabled. Clock error bounds will not be accurate. This configuration is not suitable for distributed clusters.
I20260601 13:31:07.873402 24447 hybrid_clock.cc:648] HybridClock initialized: now 1780320667873401 us; error 0 us; skew 500 ppm
I20260601 13:31:07.874338 24447 webserver.cc:533] Webserver started at http://127.23.223.194:42451/ using document root <none> and password file <none>
I20260601 13:31:07.874514 24447 fs_manager.cc:362] Metadata directory not provided
I20260601 13:31:07.874577 24447 fs_manager.cc:368] Using write-ahead log directory (fs_wal_dir) as metadata directory
I20260601 13:31:07.874657 24447 server_base.cc:909] This appears to be a new deployment of Kudu; creating new FS layout
I20260601 13:31:07.875201 24447 fs_manager.cc:1068] Generated new instance metadata in path /tmp/dist-test-taskRkfhUV/test-tmp/auto_rebalancer-test.0.AutoRebalancerTest.AutoRebalancingTurnOffAndOn.1780320664969371-24447-0/minicluster-data/ts-1-root/instance:
uuid: "b666262c1f8740fca7fc1beecd6b9064"
format_stamp: "Formatted at 2026-06-01 13:31:07 on dist-test-slave-k5t4"
I20260601 13:31:07.875594 25145 heartbeater.cc:344] Connected to a master server at 127.23.223.254:41793
I20260601 13:31:07.875772 25145 heartbeater.cc:461] Registering TS with master...
I20260601 13:31:07.876010 25145 heartbeater.cc:507] Master 127.23.223.254:41793 requested a full tablet report, sending...
I20260601 13:31:07.876791 25016 ts_manager.cc:194] Registered new tserver with Master: 9a14ae5b1f73444e86cd7e0cfff8806d (127.23.223.193:42587)
I20260601 13:31:07.877125 24447 fs_manager.cc:696] Time spent creating directory manager: real 0.002s	user 0.000s	sys 0.003s
I20260601 13:31:07.877588 25016 master_service.cc:502] Signed X509 certificate for tserver {username='slave'} at 127.0.0.1:39868
I20260601 13:31:07.878149 25157 log_block_manager.cc:4031] Time spent loading block containers with low live blocks: real 0.000s	user 0.000s	sys 0.000s
I20260601 13:31:07.878443 24447 fs_manager.cc:730] Time spent opening block manager: real 0.001s	user 0.000s	sys 0.001s
I20260601 13:31:07.878509 24447 fs_manager.cc:647] Opened local filesystem: /tmp/dist-test-taskRkfhUV/test-tmp/auto_rebalancer-test.0.AutoRebalancerTest.AutoRebalancingTurnOffAndOn.1780320664969371-24447-0/minicluster-data/ts-1-root
uuid: "b666262c1f8740fca7fc1beecd6b9064"
format_stamp: "Formatted at 2026-06-01 13:31:07 on dist-test-slave-k5t4"
I20260601 13:31:07.878600 24447 fs_report.cc:389] FS layout report
--------------------
wal directory: /tmp/dist-test-taskRkfhUV/test-tmp/auto_rebalancer-test.0.AutoRebalancerTest.AutoRebalancingTurnOffAndOn.1780320664969371-24447-0/minicluster-data/ts-1-root
metadata directory: /tmp/dist-test-taskRkfhUV/test-tmp/auto_rebalancer-test.0.AutoRebalancerTest.AutoRebalancingTurnOffAndOn.1780320664969371-24447-0/minicluster-data/ts-1-root
1 data directories: /tmp/dist-test-taskRkfhUV/test-tmp/auto_rebalancer-test.0.AutoRebalancerTest.AutoRebalancingTurnOffAndOn.1780320664969371-24447-0/minicluster-data/ts-1-root/data
Total live blocks: 0
Total live bytes: 0
Total live bytes (after alignment): 0
Total number of LBM containers: 0 (0 full)
Did not check for missing blocks
Did not check for orphaned blocks
Total full LBM containers with extra space: 0 (0 repaired)
Total full LBM container extra space in bytes: 0 (0 repaired)
Total incomplete LBM containers: 0 (0 repaired)
Total LBM partial records: 0 (0 repaired)
Total corrupted LBM metadata records in RocksDB: 0 (0 repaired)
I20260601 13:31:07.895475 24447 rpc_server.cc:225] running with OpenSSL 1.1.1  11 Sep 2018
I20260601 13:31:07.895987 24447 kserver.cc:163] Server-wide thread pool size limit: 3276
I20260601 13:31:07.896369 24447 txn_system_client.cc:432] TxnSystemClient initialization is disabled...
I20260601 13:31:07.896917 24447 ts_tablet_manager.cc:585] Loaded tablet metadata (0 total tablets, 0 live tablets)
I20260601 13:31:07.896960 24447 ts_tablet_manager.cc:531] Time spent load tablet metadata: real 0.000s	user 0.000s	sys 0.000s
I20260601 13:31:07.896996 24447 ts_tablet_manager.cc:616] Registered 0 tablets
I20260601 13:31:07.897054 24447 ts_tablet_manager.cc:595] Time spent register tablets: real 0.000s	user 0.000s	sys 0.000s
I20260601 13:31:07.901647 24447 rpc_server.cc:307] RPC server started. Bound to: 127.23.223.194:38083
I20260601 13:31:07.901690 25220 acceptor_pool.cc:272] collecting diagnostics on the listening RPC socket 127.23.223.194:38083 every 8 connection(s)
I20260601 13:31:07.902632 24447 file_cache.cc:492] Constructed file cache file cache with capacity 419430
W20260601 13:31:07.904675 25224 instance_detector.cc:116] could not retrieve AWS instance metadata: Network error: curl error: HTTP response code said error: The requested URL returned error: 404
W20260601 13:31:07.904814 25225 instance_detector.cc:116] could not retrieve Azure instance metadata: Network error: curl error: HTTP response code said error: The requested URL returned error: 404
W20260601 13:31:07.904736 25227 instance_detector.cc:116] could not retrieve OpenStack instance metadata: Network error: curl error: HTTP response code said error: The requested URL returned error: 404
I20260601 13:31:07.905134 24447 server_base.cc:1061] running on GCE node
I20260601 13:31:07.905336 24447 hybrid_clock.cc:584] initializing the hybrid clock with 'system_unsync' time source
W20260601 13:31:07.905422 24447 system_unsync_time.cc:38] NTP support is disabled. Clock error bounds will not be accurate. This configuration is not suitable for distributed clusters.
I20260601 13:31:07.905447 24447 hybrid_clock.cc:648] HybridClock initialized: now 1780320667905447 us; error 0 us; skew 500 ppm
I20260601 13:31:07.906563 24447 webserver.cc:533] Webserver started at http://127.23.223.195:38785/ using document root <none> and password file <none>
I20260601 13:31:07.906741 24447 fs_manager.cc:362] Metadata directory not provided
I20260601 13:31:07.906811 24447 fs_manager.cc:368] Using write-ahead log directory (fs_wal_dir) as metadata directory
I20260601 13:31:07.906905 24447 server_base.cc:909] This appears to be a new deployment of Kudu; creating new FS layout
I20260601 13:31:07.907027 25221 heartbeater.cc:344] Connected to a master server at 127.23.223.254:41793
I20260601 13:31:07.907143 25221 heartbeater.cc:461] Registering TS with master...
I20260601 13:31:07.907349 25221 heartbeater.cc:507] Master 127.23.223.254:41793 requested a full tablet report, sending...
I20260601 13:31:07.907423 24447 fs_manager.cc:1068] Generated new instance metadata in path /tmp/dist-test-taskRkfhUV/test-tmp/auto_rebalancer-test.0.AutoRebalancerTest.AutoRebalancingTurnOffAndOn.1780320664969371-24447-0/minicluster-data/ts-2-root/instance:
uuid: "b2682fcd396942c98ed62b28def43263"
format_stamp: "Formatted at 2026-06-01 13:31:07 on dist-test-slave-k5t4"
I20260601 13:31:07.907999 25016 ts_manager.cc:194] Registered new tserver with Master: b666262c1f8740fca7fc1beecd6b9064 (127.23.223.194:38083)
I20260601 13:31:07.908494 25016 master_service.cc:502] Signed X509 certificate for tserver {username='slave'} at 127.0.0.1:39884
I20260601 13:31:07.909341 24447 fs_manager.cc:696] Time spent creating directory manager: real 0.002s	user 0.003s	sys 0.000s
I20260601 13:31:07.910370 25232 log_block_manager.cc:4031] Time spent loading block containers with low live blocks: real 0.000s	user 0.000s	sys 0.000s
I20260601 13:31:07.910622 24447 fs_manager.cc:730] Time spent opening block manager: real 0.001s	user 0.001s	sys 0.000s
I20260601 13:31:07.910705 24447 fs_manager.cc:647] Opened local filesystem: /tmp/dist-test-taskRkfhUV/test-tmp/auto_rebalancer-test.0.AutoRebalancerTest.AutoRebalancingTurnOffAndOn.1780320664969371-24447-0/minicluster-data/ts-2-root
uuid: "b2682fcd396942c98ed62b28def43263"
format_stamp: "Formatted at 2026-06-01 13:31:07 on dist-test-slave-k5t4"
I20260601 13:31:07.910799 24447 fs_report.cc:389] FS layout report
--------------------
wal directory: /tmp/dist-test-taskRkfhUV/test-tmp/auto_rebalancer-test.0.AutoRebalancerTest.AutoRebalancingTurnOffAndOn.1780320664969371-24447-0/minicluster-data/ts-2-root
metadata directory: /tmp/dist-test-taskRkfhUV/test-tmp/auto_rebalancer-test.0.AutoRebalancerTest.AutoRebalancingTurnOffAndOn.1780320664969371-24447-0/minicluster-data/ts-2-root
1 data directories: /tmp/dist-test-taskRkfhUV/test-tmp/auto_rebalancer-test.0.AutoRebalancerTest.AutoRebalancingTurnOffAndOn.1780320664969371-24447-0/minicluster-data/ts-2-root/data
Total live blocks: 0
Total live bytes: 0
Total live bytes (after alignment): 0
Total number of LBM containers: 0 (0 full)
Did not check for missing blocks
Did not check for orphaned blocks
Total full LBM containers with extra space: 0 (0 repaired)
Total full LBM container extra space in bytes: 0 (0 repaired)
Total incomplete LBM containers: 0 (0 repaired)
Total LBM partial records: 0 (0 repaired)
Total corrupted LBM metadata records in RocksDB: 0 (0 repaired)
I20260601 13:31:07.919931 24447 rpc_server.cc:225] running with OpenSSL 1.1.1  11 Sep 2018
I20260601 13:31:07.920398 24447 kserver.cc:163] Server-wide thread pool size limit: 3276
I20260601 13:31:07.920746 24447 txn_system_client.cc:432] TxnSystemClient initialization is disabled...
I20260601 13:31:07.921289 24447 ts_tablet_manager.cc:585] Loaded tablet metadata (0 total tablets, 0 live tablets)
I20260601 13:31:07.921360 24447 ts_tablet_manager.cc:531] Time spent load tablet metadata: real 0.000s	user 0.000s	sys 0.000s
I20260601 13:31:07.921420 24447 ts_tablet_manager.cc:616] Registered 0 tablets
I20260601 13:31:07.921473 24447 ts_tablet_manager.cc:595] Time spent register tablets: real 0.000s	user 0.000s	sys 0.000s
I20260601 13:31:07.926882 24447 rpc_server.cc:307] RPC server started. Bound to: 127.23.223.195:33277
I20260601 13:31:07.926903 25295 acceptor_pool.cc:272] collecting diagnostics on the listening RPC socket 127.23.223.195:33277 every 8 connection(s)
I20260601 13:31:07.931733 25296 heartbeater.cc:344] Connected to a master server at 127.23.223.254:41793
I20260601 13:31:07.931859 25296 heartbeater.cc:461] Registering TS with master...
I20260601 13:31:07.932072 25296 heartbeater.cc:507] Master 127.23.223.254:41793 requested a full tablet report, sending...
I20260601 13:31:07.932740 25016 ts_manager.cc:194] Registered new tserver with Master: b2682fcd396942c98ed62b28def43263 (127.23.223.195:33277)
I20260601 13:31:07.933034 24447 internal_mini_cluster.cc:371] 3 TS(s) registered with all masters after 0.005684316s
I20260601 13:31:07.933333 25016 master_service.cc:502] Signed X509 certificate for tserver {username='slave'} at 127.0.0.1:39888
I20260601 13:31:08.878706 25145 heartbeater.cc:499] Master 127.23.223.254:41793 was elected leader, sending a full tablet report...
I20260601 13:31:08.909345 25221 heartbeater.cc:499] Master 127.23.223.254:41793 was elected leader, sending a full tablet report...
I20260601 13:31:08.934290 25296 heartbeater.cc:499] Master 127.23.223.254:41793 was elected leader, sending a full tablet report...
I20260601 13:31:08.968569 25016 catalog_manager.cc:2282] Servicing CreateTable request from {username='slave'} at 127.0.0.1:39894:
name: "test-workload"
schema {
  columns {
    name: "key"
    type: INT32
    is_key: true
    is_nullable: false
    encoding: AUTO_ENCODING
    compression: DEFAULT_COMPRESSION
    cfile_block_size: 0
    immutable: false
  }
  columns {
    name: "int_val"
    type: INT32
    is_key: false
    is_nullable: false
    encoding: AUTO_ENCODING
    compression: DEFAULT_COMPRESSION
    cfile_block_size: 0
    immutable: false
  }
  columns {
    name: "string_val"
    type: STRING
    is_key: false
    is_nullable: true
    encoding: AUTO_ENCODING
    compression: DEFAULT_COMPRESSION
    cfile_block_size: 0
    immutable: false
  }
}
num_replicas: 3
split_rows_range_bounds {
  rows: "\004\001\000\377\377\377\017\004\001\000\376\377\377\037\004\001\000\375\377\377/\004\001\000\374\377\377?\004\001\000\373\377\377O\004\001\000\372\377\377_\004\001\000\371\377\377o""\004\001\000\377\377\377\017\004\001\000\376\377\377\037\004\001\000\375\377\377/\004\001\000\374\377\377?\004\001\000\373\377\377O\004\001\000\372\377\377_\004\001\000\371\377\377o"
  indirect_data: """"
}
partition_schema {
  range_schema {
    columns {
      name: "key"
    }
  }
}
W20260601 13:31:08.969099 25016 catalog_manager.cc:7076] The number of live tablet servers is not enough to re-replicate a tablet replica of the newly created table test-workload in case of a server failure: 4 tablet servers would be needed, 3 are available. Consider bringing up more tablet servers.
I20260601 13:31:08.983183 25108 tablet_service.cc:1511] Processing CreateTablet for tablet 5bc2e2ebdeef43a9ac04effcfaad12dc (DEFAULT_TABLE table=test-workload [id=01ee4d140dda40efb5137b2c48f1da65]), partition=RANGE (key) PARTITION 268435455 <= VALUES < 536870910
I20260601 13:31:08.983282 25109 tablet_service.cc:1511] Processing CreateTablet for tablet aab4475f6ba94cee94bb36bd8951fe78 (DEFAULT_TABLE table=test-workload [id=01ee4d140dda40efb5137b2c48f1da65]), partition=RANGE (key) PARTITION VALUES < 268435455
I20260601 13:31:08.983593 25108 data_dirs.cc:400] Could only allocate 1 dirs of requested 3 for tablet 5bc2e2ebdeef43a9ac04effcfaad12dc. 1 dirs total, 0 dirs full, 0 dirs failed
I20260601 13:31:08.983793 25109 data_dirs.cc:400] Could only allocate 1 dirs of requested 3 for tablet aab4475f6ba94cee94bb36bd8951fe78. 1 dirs total, 0 dirs full, 0 dirs failed
I20260601 13:31:08.985441 25184 tablet_service.cc:1511] Processing CreateTablet for tablet 5bc2e2ebdeef43a9ac04effcfaad12dc (DEFAULT_TABLE table=test-workload [id=01ee4d140dda40efb5137b2c48f1da65]), partition=RANGE (key) PARTITION 268435455 <= VALUES < 536870910
I20260601 13:31:08.985579 25185 tablet_service.cc:1511] Processing CreateTablet for tablet aab4475f6ba94cee94bb36bd8951fe78 (DEFAULT_TABLE table=test-workload [id=01ee4d140dda40efb5137b2c48f1da65]), partition=RANGE (key) PARTITION VALUES < 268435455
I20260601 13:31:08.985730 25184 data_dirs.cc:400] Could only allocate 1 dirs of requested 3 for tablet 5bc2e2ebdeef43a9ac04effcfaad12dc. 1 dirs total, 0 dirs full, 0 dirs failed
I20260601 13:31:08.986006 25183 tablet_service.cc:1511] Processing CreateTablet for tablet c7aacdc304cd4fca9e8abcd4d9d48fb3 (DEFAULT_TABLE table=test-workload [id=01ee4d140dda40efb5137b2c48f1da65]), partition=RANGE (key) PARTITION 536870910 <= VALUES < 805306365
I20260601 13:31:08.986249 25183 data_dirs.cc:400] Could only allocate 1 dirs of requested 3 for tablet c7aacdc304cd4fca9e8abcd4d9d48fb3. 1 dirs total, 0 dirs full, 0 dirs failed
I20260601 13:31:08.986436 25107 tablet_service.cc:1511] Processing CreateTablet for tablet c7aacdc304cd4fca9e8abcd4d9d48fb3 (DEFAULT_TABLE table=test-workload [id=01ee4d140dda40efb5137b2c48f1da65]), partition=RANGE (key) PARTITION 536870910 <= VALUES < 805306365
I20260601 13:31:08.986698 25107 data_dirs.cc:400] Could only allocate 1 dirs of requested 3 for tablet c7aacdc304cd4fca9e8abcd4d9d48fb3. 1 dirs total, 0 dirs full, 0 dirs failed
I20260601 13:31:08.988154 25182 tablet_service.cc:1511] Processing CreateTablet for tablet 8c1523c994d148cdb550151ed71c05cb (DEFAULT_TABLE table=test-workload [id=01ee4d140dda40efb5137b2c48f1da65]), partition=RANGE (key) PARTITION 805306365 <= VALUES < 1073741820
I20260601 13:31:08.988370 25182 data_dirs.cc:400] Could only allocate 1 dirs of requested 3 for tablet 8c1523c994d148cdb550151ed71c05cb. 1 dirs total, 0 dirs full, 0 dirs failed
I20260601 13:31:08.988919 25106 tablet_service.cc:1511] Processing CreateTablet for tablet 8c1523c994d148cdb550151ed71c05cb (DEFAULT_TABLE table=test-workload [id=01ee4d140dda40efb5137b2c48f1da65]), partition=RANGE (key) PARTITION 805306365 <= VALUES < 1073741820
I20260601 13:31:08.989135 25106 data_dirs.cc:400] Could only allocate 1 dirs of requested 3 for tablet 8c1523c994d148cdb550151ed71c05cb. 1 dirs total, 0 dirs full, 0 dirs failed
I20260601 13:31:08.989732 25256 tablet_service.cc:1511] Processing CreateTablet for tablet 3d0e91662ca5453f889afa649233ec2d (DEFAULT_TABLE table=test-workload [id=01ee4d140dda40efb5137b2c48f1da65]), partition=RANGE (key) PARTITION 1073741820 <= VALUES < 1342177275
I20260601 13:31:08.989985 25256 data_dirs.cc:400] Could only allocate 1 dirs of requested 3 for tablet 3d0e91662ca5453f889afa649233ec2d. 1 dirs total, 0 dirs full, 0 dirs failed
I20260601 13:31:08.990713 25105 tablet_service.cc:1511] Processing CreateTablet for tablet 3d0e91662ca5453f889afa649233ec2d (DEFAULT_TABLE table=test-workload [id=01ee4d140dda40efb5137b2c48f1da65]), partition=RANGE (key) PARTITION 1073741820 <= VALUES < 1342177275
I20260601 13:31:08.990991 25105 data_dirs.cc:400] Could only allocate 1 dirs of requested 3 for tablet 3d0e91662ca5453f889afa649233ec2d. 1 dirs total, 0 dirs full, 0 dirs failed
I20260601 13:31:08.992054 25318 tablet_bootstrap.cc:492] T 3d0e91662ca5453f889afa649233ec2d P b2682fcd396942c98ed62b28def43263: Bootstrap starting.
I20260601 13:31:08.992233 25257 tablet_service.cc:1511] Processing CreateTablet for tablet 8c1523c994d148cdb550151ed71c05cb (DEFAULT_TABLE table=test-workload [id=01ee4d140dda40efb5137b2c48f1da65]), partition=RANGE (key) PARTITION 805306365 <= VALUES < 1073741820
I20260601 13:31:08.992515 25257 data_dirs.cc:400] Could only allocate 1 dirs of requested 3 for tablet 8c1523c994d148cdb550151ed71c05cb. 1 dirs total, 0 dirs full, 0 dirs failed
I20260601 13:31:08.993422 25318 tablet_bootstrap.cc:654] T 3d0e91662ca5453f889afa649233ec2d P b2682fcd396942c98ed62b28def43263: Neither blocks nor log segments found. Creating new log.
I20260601 13:31:08.994510 25258 tablet_service.cc:1511] Processing CreateTablet for tablet c7aacdc304cd4fca9e8abcd4d9d48fb3 (DEFAULT_TABLE table=test-workload [id=01ee4d140dda40efb5137b2c48f1da65]), partition=RANGE (key) PARTITION 536870910 <= VALUES < 805306365
I20260601 13:31:08.994760 25318 tablet_bootstrap.cc:492] T 3d0e91662ca5453f889afa649233ec2d P b2682fcd396942c98ed62b28def43263: No bootstrap required, opened a new log
I20260601 13:31:08.994822 25258 data_dirs.cc:400] Could only allocate 1 dirs of requested 3 for tablet c7aacdc304cd4fca9e8abcd4d9d48fb3. 1 dirs total, 0 dirs full, 0 dirs failed
I20260601 13:31:08.994850 25318 ts_tablet_manager.cc:1403] T 3d0e91662ca5453f889afa649233ec2d P b2682fcd396942c98ed62b28def43263: Time spent bootstrapping tablet: real 0.003s	user 0.002s	sys 0.000s
I20260601 13:31:08.995224 25106 tablet_service.cc:1511] Processing CreateTablet for tablet 861edc8c276749639c1b84703bb7c769 (DEFAULT_TABLE table=test-workload [id=01ee4d140dda40efb5137b2c48f1da65]), partition=RANGE (key) PARTITION 1610612730 <= VALUES < 1879048185
I20260601 13:31:08.995344 25318 raft_consensus.cc:359] T 3d0e91662ca5453f889afa649233ec2d P b2682fcd396942c98ed62b28def43263 [term 0 FOLLOWER]: Replica starting. Triggering 0 pending ops. Active config: opid_index: -1 OBSOLETE_local: false peers { permanent_uuid: "9a14ae5b1f73444e86cd7e0cfff8806d" member_type: VOTER last_known_addr { host: "127.23.223.193" port: 42587 } } peers { permanent_uuid: "b666262c1f8740fca7fc1beecd6b9064" member_type: VOTER last_known_addr { host: "127.23.223.194" port: 38083 } } peers { permanent_uuid: "b2682fcd396942c98ed62b28def43263" member_type: VOTER last_known_addr { host: "127.23.223.195" port: 33277 } }
I20260601 13:31:08.995455 25318 raft_consensus.cc:385] T 3d0e91662ca5453f889afa649233ec2d P b2682fcd396942c98ed62b28def43263 [term 0 FOLLOWER]: Consensus starting up: Expiring failure detector timer to make a prompt election more likely
I20260601 13:31:08.995468 25106 data_dirs.cc:400] Could only allocate 1 dirs of requested 3 for tablet 861edc8c276749639c1b84703bb7c769. 1 dirs total, 0 dirs full, 0 dirs failed
I20260601 13:31:08.995491 25318 raft_consensus.cc:740] T 3d0e91662ca5453f889afa649233ec2d P b2682fcd396942c98ed62b28def43263 [term 0 FOLLOWER]: Becoming Follower/Learner. State: Replica: b2682fcd396942c98ed62b28def43263, State: Initialized, Role: FOLLOWER
I20260601 13:31:08.995622 25318 consensus_queue.cc:260] T 3d0e91662ca5453f889afa649233ec2d P b2682fcd396942c98ed62b28def43263 [NON_LEADER]: Queue going to NON_LEADER mode. State: All replicated index: 0, Majority replicated index: 0, Committed index: 0, Last appended: 0.0, Last appended by leader: 0, Current term: 0, Majority size: -1, State: 0, Mode: NON_LEADER, active raft config: opid_index: -1 OBSOLETE_local: false peers { permanent_uuid: "9a14ae5b1f73444e86cd7e0cfff8806d" member_type: VOTER last_known_addr { host: "127.23.223.193" port: 42587 } } peers { permanent_uuid: "b666262c1f8740fca7fc1beecd6b9064" member_type: VOTER last_known_addr { host: "127.23.223.194" port: 38083 } } peers { permanent_uuid: "b2682fcd396942c98ed62b28def43263" member_type: VOTER last_known_addr { host: "127.23.223.195" port: 33277 } }
I20260601 13:31:08.995985 25318 ts_tablet_manager.cc:1434] T 3d0e91662ca5453f889afa649233ec2d P b2682fcd396942c98ed62b28def43263: Time spent starting tablet: real 0.001s	user 0.001s	sys 0.000s
I20260601 13:31:08.996244 25259 tablet_service.cc:1511] Processing CreateTablet for tablet 5bc2e2ebdeef43a9ac04effcfaad12dc (DEFAULT_TABLE table=test-workload [id=01ee4d140dda40efb5137b2c48f1da65]), partition=RANGE (key) PARTITION 268435455 <= VALUES < 536870910
I20260601 13:31:08.996538 25259 data_dirs.cc:400] Could only allocate 1 dirs of requested 3 for tablet 5bc2e2ebdeef43a9ac04effcfaad12dc. 1 dirs total, 0 dirs full, 0 dirs failed
I20260601 13:31:08.997996 25260 tablet_service.cc:1511] Processing CreateTablet for tablet aab4475f6ba94cee94bb36bd8951fe78 (DEFAULT_TABLE table=test-workload [id=01ee4d140dda40efb5137b2c48f1da65]), partition=RANGE (key) PARTITION VALUES < 268435455
I20260601 13:31:08.998303 25260 data_dirs.cc:400] Could only allocate 1 dirs of requested 3 for tablet aab4475f6ba94cee94bb36bd8951fe78. 1 dirs total, 0 dirs full, 0 dirs failed
I20260601 13:31:08.998416 25185 data_dirs.cc:400] Could only allocate 1 dirs of requested 3 for tablet aab4475f6ba94cee94bb36bd8951fe78. 1 dirs total, 0 dirs full, 0 dirs failed
I20260601 13:31:08.998392 25181 tablet_service.cc:1511] Processing CreateTablet for tablet 3d0e91662ca5453f889afa649233ec2d (DEFAULT_TABLE table=test-workload [id=01ee4d140dda40efb5137b2c48f1da65]), partition=RANGE (key) PARTITION 1073741820 <= VALUES < 1342177275
I20260601 13:31:08.998504 25255 tablet_service.cc:1511] Processing CreateTablet for tablet 861edc8c276749639c1b84703bb7c769 (DEFAULT_TABLE table=test-workload [id=01ee4d140dda40efb5137b2c48f1da65]), partition=RANGE (key) PARTITION 1610612730 <= VALUES < 1879048185
I20260601 13:31:08.998657 25181 data_dirs.cc:400] Could only allocate 1 dirs of requested 3 for tablet 3d0e91662ca5453f889afa649233ec2d. 1 dirs total, 0 dirs full, 0 dirs failed
I20260601 13:31:08.998764 25255 data_dirs.cc:400] Could only allocate 1 dirs of requested 3 for tablet 861edc8c276749639c1b84703bb7c769. 1 dirs total, 0 dirs full, 0 dirs failed
I20260601 13:31:09.000276 25254 tablet_service.cc:1511] Processing CreateTablet for tablet abd7e907457f423bac64c0865f79b70a (DEFAULT_TABLE table=test-workload [id=01ee4d140dda40efb5137b2c48f1da65]), partition=RANGE (key) PARTITION 1879048185 <= VALUES
I20260601 13:31:09.000612 25254 data_dirs.cc:400] Could only allocate 1 dirs of requested 3 for tablet abd7e907457f423bac64c0865f79b70a. 1 dirs total, 0 dirs full, 0 dirs failed
I20260601 13:31:09.001745 25318 tablet_bootstrap.cc:492] T 8c1523c994d148cdb550151ed71c05cb P b2682fcd396942c98ed62b28def43263: Bootstrap starting.
I20260601 13:31:09.001827 25183 tablet_service.cc:1511] Processing CreateTablet for tablet abd7e907457f423bac64c0865f79b70a (DEFAULT_TABLE table=test-workload [id=01ee4d140dda40efb5137b2c48f1da65]), partition=RANGE (key) PARTITION 1879048185 <= VALUES
I20260601 13:31:09.002064 25183 data_dirs.cc:400] Could only allocate 1 dirs of requested 3 for tablet abd7e907457f423bac64c0865f79b70a. 1 dirs total, 0 dirs full, 0 dirs failed
I20260601 13:31:09.002578 25184 tablet_service.cc:1511] Processing CreateTablet for tablet 861edc8c276749639c1b84703bb7c769 (DEFAULT_TABLE table=test-workload [id=01ee4d140dda40efb5137b2c48f1da65]), partition=RANGE (key) PARTITION 1610612730 <= VALUES < 1879048185
I20260601 13:31:09.002835 25184 data_dirs.cc:400] Could only allocate 1 dirs of requested 3 for tablet 861edc8c276749639c1b84703bb7c769. 1 dirs total, 0 dirs full, 0 dirs failed
I20260601 13:31:09.002938 25318 tablet_bootstrap.cc:654] T 8c1523c994d148cdb550151ed71c05cb P b2682fcd396942c98ed62b28def43263: Neither blocks nor log segments found. Creating new log.
I20260601 13:31:09.003756 25316 tablet_bootstrap.cc:492] T aab4475f6ba94cee94bb36bd8951fe78 P 9a14ae5b1f73444e86cd7e0cfff8806d: Bootstrap starting.
I20260601 13:31:09.004768 25316 tablet_bootstrap.cc:654] T aab4475f6ba94cee94bb36bd8951fe78 P 9a14ae5b1f73444e86cd7e0cfff8806d: Neither blocks nor log segments found. Creating new log.
I20260601 13:31:09.005224 25317 tablet_bootstrap.cc:492] T 5bc2e2ebdeef43a9ac04effcfaad12dc P b666262c1f8740fca7fc1beecd6b9064: Bootstrap starting.
I20260601 13:31:09.005926 25106 tablet_service.cc:1511] Processing CreateTablet for tablet abd7e907457f423bac64c0865f79b70a (DEFAULT_TABLE table=test-workload [id=01ee4d140dda40efb5137b2c48f1da65]), partition=RANGE (key) PARTITION 1879048185 <= VALUES
I20260601 13:31:09.006227 25106 data_dirs.cc:400] Could only allocate 1 dirs of requested 3 for tablet abd7e907457f423bac64c0865f79b70a. 1 dirs total, 0 dirs full, 0 dirs failed
I20260601 13:31:09.006382 25317 tablet_bootstrap.cc:654] T 5bc2e2ebdeef43a9ac04effcfaad12dc P b666262c1f8740fca7fc1beecd6b9064: Neither blocks nor log segments found. Creating new log.
I20260601 13:31:09.006623 25256 tablet_service.cc:1511] Processing CreateTablet for tablet b5ba996a79d9431895b98e09e3c17974 (DEFAULT_TABLE table=test-workload [id=01ee4d140dda40efb5137b2c48f1da65]), partition=RANGE (key) PARTITION 1342177275 <= VALUES < 1610612730
I20260601 13:31:09.006906 25256 data_dirs.cc:400] Could only allocate 1 dirs of requested 3 for tablet b5ba996a79d9431895b98e09e3c17974. 1 dirs total, 0 dirs full, 0 dirs failed
I20260601 13:31:09.007444 25316 tablet_bootstrap.cc:492] T aab4475f6ba94cee94bb36bd8951fe78 P 9a14ae5b1f73444e86cd7e0cfff8806d: No bootstrap required, opened a new log
I20260601 13:31:08.994510 25105 tablet_service.cc:1511] Processing CreateTablet for tablet b5ba996a79d9431895b98e09e3c17974 (DEFAULT_TABLE table=test-workload [id=01ee4d140dda40efb5137b2c48f1da65]), partition=RANGE (key) PARTITION 1342177275 <= VALUES < 1610612730
I20260601 13:31:09.007682 25182 tablet_service.cc:1511] Processing CreateTablet for tablet b5ba996a79d9431895b98e09e3c17974 (DEFAULT_TABLE table=test-workload [id=01ee4d140dda40efb5137b2c48f1da65]), partition=RANGE (key) PARTITION 1342177275 <= VALUES < 1610612730
I20260601 13:31:09.007732 25105 data_dirs.cc:400] Could only allocate 1 dirs of requested 3 for tablet b5ba996a79d9431895b98e09e3c17974. 1 dirs total, 0 dirs full, 0 dirs failed
I20260601 13:31:09.007937 25182 data_dirs.cc:400] Could only allocate 1 dirs of requested 3 for tablet b5ba996a79d9431895b98e09e3c17974. 1 dirs total, 0 dirs full, 0 dirs failed
I20260601 13:31:09.009519 25318 tablet_bootstrap.cc:492] T 8c1523c994d148cdb550151ed71c05cb P b2682fcd396942c98ed62b28def43263: No bootstrap required, opened a new log
I20260601 13:31:09.009531 25316 ts_tablet_manager.cc:1403] T aab4475f6ba94cee94bb36bd8951fe78 P 9a14ae5b1f73444e86cd7e0cfff8806d: Time spent bootstrapping tablet: real 0.006s	user 0.002s	sys 0.000s
I20260601 13:31:09.009619 25318 ts_tablet_manager.cc:1403] T 8c1523c994d148cdb550151ed71c05cb P b2682fcd396942c98ed62b28def43263: Time spent bootstrapping tablet: real 0.008s	user 0.000s	sys 0.002s
I20260601 13:31:09.010144 25316 raft_consensus.cc:359] T aab4475f6ba94cee94bb36bd8951fe78 P 9a14ae5b1f73444e86cd7e0cfff8806d [term 0 FOLLOWER]: Replica starting. Triggering 0 pending ops. Active config: opid_index: -1 OBSOLETE_local: false peers { permanent_uuid: "9a14ae5b1f73444e86cd7e0cfff8806d" member_type: VOTER last_known_addr { host: "127.23.223.193" port: 42587 } } peers { permanent_uuid: "b2682fcd396942c98ed62b28def43263" member_type: VOTER last_known_addr { host: "127.23.223.195" port: 33277 } } peers { permanent_uuid: "b666262c1f8740fca7fc1beecd6b9064" member_type: VOTER last_known_addr { host: "127.23.223.194" port: 38083 } }
I20260601 13:31:09.010293 25316 raft_consensus.cc:385] T aab4475f6ba94cee94bb36bd8951fe78 P 9a14ae5b1f73444e86cd7e0cfff8806d [term 0 FOLLOWER]: Consensus starting up: Expiring failure detector timer to make a prompt election more likely
I20260601 13:31:09.010241 25318 raft_consensus.cc:359] T 8c1523c994d148cdb550151ed71c05cb P b2682fcd396942c98ed62b28def43263 [term 0 FOLLOWER]: Replica starting. Triggering 0 pending ops. Active config: opid_index: -1 OBSOLETE_local: false peers { permanent_uuid: "9a14ae5b1f73444e86cd7e0cfff8806d" member_type: VOTER last_known_addr { host: "127.23.223.193" port: 42587 } } peers { permanent_uuid: "b666262c1f8740fca7fc1beecd6b9064" member_type: VOTER last_known_addr { host: "127.23.223.194" port: 38083 } } peers { permanent_uuid: "b2682fcd396942c98ed62b28def43263" member_type: VOTER last_known_addr { host: "127.23.223.195" port: 33277 } }
I20260601 13:31:09.010421 25318 raft_consensus.cc:385] T 8c1523c994d148cdb550151ed71c05cb P b2682fcd396942c98ed62b28def43263 [term 0 FOLLOWER]: Consensus starting up: Expiring failure detector timer to make a prompt election more likely
I20260601 13:31:09.010367 25316 raft_consensus.cc:740] T aab4475f6ba94cee94bb36bd8951fe78 P 9a14ae5b1f73444e86cd7e0cfff8806d [term 0 FOLLOWER]: Becoming Follower/Learner. State: Replica: 9a14ae5b1f73444e86cd7e0cfff8806d, State: Initialized, Role: FOLLOWER
I20260601 13:31:09.010457 25318 raft_consensus.cc:740] T 8c1523c994d148cdb550151ed71c05cb P b2682fcd396942c98ed62b28def43263 [term 0 FOLLOWER]: Becoming Follower/Learner. State: Replica: b2682fcd396942c98ed62b28def43263, State: Initialized, Role: FOLLOWER
I20260601 13:31:09.010569 25316 consensus_queue.cc:260] T aab4475f6ba94cee94bb36bd8951fe78 P 9a14ae5b1f73444e86cd7e0cfff8806d [NON_LEADER]: Queue going to NON_LEADER mode. State: All replicated index: 0, Majority replicated index: 0, Committed index: 0, Last appended: 0.0, Last appended by leader: 0, Current term: 0, Majority size: -1, State: 0, Mode: NON_LEADER, active raft config: opid_index: -1 OBSOLETE_local: false peers { permanent_uuid: "9a14ae5b1f73444e86cd7e0cfff8806d" member_type: VOTER last_known_addr { host: "127.23.223.193" port: 42587 } } peers { permanent_uuid: "b2682fcd396942c98ed62b28def43263" member_type: VOTER last_known_addr { host: "127.23.223.195" port: 33277 } } peers { permanent_uuid: "b666262c1f8740fca7fc1beecd6b9064" member_type: VOTER last_known_addr { host: "127.23.223.194" port: 38083 } }
I20260601 13:31:09.010712 25317 tablet_bootstrap.cc:492] T 5bc2e2ebdeef43a9ac04effcfaad12dc P b666262c1f8740fca7fc1beecd6b9064: No bootstrap required, opened a new log
I20260601 13:31:09.010576 25318 consensus_queue.cc:260] T 8c1523c994d148cdb550151ed71c05cb P b2682fcd396942c98ed62b28def43263 [NON_LEADER]: Queue going to NON_LEADER mode. State: All replicated index: 0, Majority replicated index: 0, Committed index: 0, Last appended: 0.0, Last appended by leader: 0, Current term: 0, Majority size: -1, State: 0, Mode: NON_LEADER, active raft config: opid_index: -1 OBSOLETE_local: false peers { permanent_uuid: "9a14ae5b1f73444e86cd7e0cfff8806d" member_type: VOTER last_known_addr { host: "127.23.223.193" port: 42587 } } peers { permanent_uuid: "b666262c1f8740fca7fc1beecd6b9064" member_type: VOTER last_known_addr { host: "127.23.223.194" port: 38083 } } peers { permanent_uuid: "b2682fcd396942c98ed62b28def43263" member_type: VOTER last_known_addr { host: "127.23.223.195" port: 33277 } }
I20260601 13:31:09.010780 25317 ts_tablet_manager.cc:1403] T 5bc2e2ebdeef43a9ac04effcfaad12dc P b666262c1f8740fca7fc1beecd6b9064: Time spent bootstrapping tablet: real 0.006s	user 0.000s	sys 0.002s
I20260601 13:31:09.010959 25318 ts_tablet_manager.cc:1434] T 8c1523c994d148cdb550151ed71c05cb P b2682fcd396942c98ed62b28def43263: Time spent starting tablet: real 0.001s	user 0.000s	sys 0.001s
I20260601 13:31:09.011060 25316 ts_tablet_manager.cc:1434] T aab4475f6ba94cee94bb36bd8951fe78 P 9a14ae5b1f73444e86cd7e0cfff8806d: Time spent starting tablet: real 0.001s	user 0.001s	sys 0.000s
I20260601 13:31:09.011118 25318 tablet_bootstrap.cc:492] T 861edc8c276749639c1b84703bb7c769 P b2682fcd396942c98ed62b28def43263: Bootstrap starting.
I20260601 13:31:09.011197 25317 raft_consensus.cc:359] T 5bc2e2ebdeef43a9ac04effcfaad12dc P b666262c1f8740fca7fc1beecd6b9064 [term 0 FOLLOWER]: Replica starting. Triggering 0 pending ops. Active config: opid_index: -1 OBSOLETE_local: false peers { permanent_uuid: "9a14ae5b1f73444e86cd7e0cfff8806d" member_type: VOTER last_known_addr { host: "127.23.223.193" port: 42587 } } peers { permanent_uuid: "b666262c1f8740fca7fc1beecd6b9064" member_type: VOTER last_known_addr { host: "127.23.223.194" port: 38083 } } peers { permanent_uuid: "b2682fcd396942c98ed62b28def43263" member_type: VOTER last_known_addr { host: "127.23.223.195" port: 33277 } }
I20260601 13:31:09.011273 25317 raft_consensus.cc:385] T 5bc2e2ebdeef43a9ac04effcfaad12dc P b666262c1f8740fca7fc1beecd6b9064 [term 0 FOLLOWER]: Consensus starting up: Expiring failure detector timer to make a prompt election more likely
I20260601 13:31:09.011304 25317 raft_consensus.cc:740] T 5bc2e2ebdeef43a9ac04effcfaad12dc P b666262c1f8740fca7fc1beecd6b9064 [term 0 FOLLOWER]: Becoming Follower/Learner. State: Replica: b666262c1f8740fca7fc1beecd6b9064, State: Initialized, Role: FOLLOWER
I20260601 13:31:09.011407 25317 consensus_queue.cc:260] T 5bc2e2ebdeef43a9ac04effcfaad12dc P b666262c1f8740fca7fc1beecd6b9064 [NON_LEADER]: Queue going to NON_LEADER mode. State: All replicated index: 0, Majority replicated index: 0, Committed index: 0, Last appended: 0.0, Last appended by leader: 0, Current term: 0, Majority size: -1, State: 0, Mode: NON_LEADER, active raft config: opid_index: -1 OBSOLETE_local: false peers { permanent_uuid: "9a14ae5b1f73444e86cd7e0cfff8806d" member_type: VOTER last_known_addr { host: "127.23.223.193" port: 42587 } } peers { permanent_uuid: "b666262c1f8740fca7fc1beecd6b9064" member_type: VOTER last_known_addr { host: "127.23.223.194" port: 38083 } } peers { permanent_uuid: "b2682fcd396942c98ed62b28def43263" member_type: VOTER last_known_addr { host: "127.23.223.195" port: 33277 } }
I20260601 13:31:09.011704 25316 tablet_bootstrap.cc:492] T 5bc2e2ebdeef43a9ac04effcfaad12dc P 9a14ae5b1f73444e86cd7e0cfff8806d: Bootstrap starting.
I20260601 13:31:09.011816 25317 ts_tablet_manager.cc:1434] T 5bc2e2ebdeef43a9ac04effcfaad12dc P b666262c1f8740fca7fc1beecd6b9064: Time spent starting tablet: real 0.001s	user 0.000s	sys 0.001s
I20260601 13:31:09.011997 25317 tablet_bootstrap.cc:492] T c7aacdc304cd4fca9e8abcd4d9d48fb3 P b666262c1f8740fca7fc1beecd6b9064: Bootstrap starting.
I20260601 13:31:09.012288 25318 tablet_bootstrap.cc:654] T 861edc8c276749639c1b84703bb7c769 P b2682fcd396942c98ed62b28def43263: Neither blocks nor log segments found. Creating new log.
I20260601 13:31:09.012938 25316 tablet_bootstrap.cc:654] T 5bc2e2ebdeef43a9ac04effcfaad12dc P 9a14ae5b1f73444e86cd7e0cfff8806d: Neither blocks nor log segments found. Creating new log.
I20260601 13:31:09.012984 25317 tablet_bootstrap.cc:654] T c7aacdc304cd4fca9e8abcd4d9d48fb3 P b666262c1f8740fca7fc1beecd6b9064: Neither blocks nor log segments found. Creating new log.
I20260601 13:31:09.013989 25318 tablet_bootstrap.cc:492] T 861edc8c276749639c1b84703bb7c769 P b2682fcd396942c98ed62b28def43263: No bootstrap required, opened a new log
I20260601 13:31:09.014073 25318 ts_tablet_manager.cc:1403] T 861edc8c276749639c1b84703bb7c769 P b2682fcd396942c98ed62b28def43263: Time spent bootstrapping tablet: real 0.003s	user 0.001s	sys 0.001s
I20260601 13:31:09.014228 25317 tablet_bootstrap.cc:492] T c7aacdc304cd4fca9e8abcd4d9d48fb3 P b666262c1f8740fca7fc1beecd6b9064: No bootstrap required, opened a new log
I20260601 13:31:09.014314 25317 ts_tablet_manager.cc:1403] T c7aacdc304cd4fca9e8abcd4d9d48fb3 P b666262c1f8740fca7fc1beecd6b9064: Time spent bootstrapping tablet: real 0.002s	user 0.000s	sys 0.002s
I20260601 13:31:09.014523 25318 raft_consensus.cc:359] T 861edc8c276749639c1b84703bb7c769 P b2682fcd396942c98ed62b28def43263 [term 0 FOLLOWER]: Replica starting. Triggering 0 pending ops. Active config: opid_index: -1 OBSOLETE_local: false peers { permanent_uuid: "9a14ae5b1f73444e86cd7e0cfff8806d" member_type: VOTER last_known_addr { host: "127.23.223.193" port: 42587 } } peers { permanent_uuid: "b666262c1f8740fca7fc1beecd6b9064" member_type: VOTER last_known_addr { host: "127.23.223.194" port: 38083 } } peers { permanent_uuid: "b2682fcd396942c98ed62b28def43263" member_type: VOTER last_known_addr { host: "127.23.223.195" port: 33277 } }
