I20260601 13:31:09.529556 14653 raft_consensus.cc:2243] T 00000000000000000000000000000000 P ee989b0f71504c20925d1a671c2893e3 [term 3 LEADER]: Raft consensus shutting down.
I20260601 13:31:09.529892 14653 raft_consensus.cc:2272] T 00000000000000000000000000000000 P ee989b0f71504c20925d1a671c2893e3 [term 3 FOLLOWER]: Raft consensus is shut down!
I20260601 13:31:09.530090 14653 tablet_replica.cc:333] T 00000000000000000000000000000000 P ee989b0f71504c20925d1a671c2893e3: stopping tablet replica
I20260601 13:31:09.543839 14653 master.cc:584] Master@127.14.79.126:41273 shutdown complete.
I20260601 13:31:09.546566 14653 master.cc:562] Master@127.14.79.125:40213 shutting down...
I20260601 13:31:09.550690 14653 raft_consensus.cc:2243] T 00000000000000000000000000000000 P aae5f00c598744feabaa1713ad6ad74c [term 3 FOLLOWER]: Raft consensus shutting down.
I20260601 13:31:09.550943 14653 raft_consensus.cc:2272] T 00000000000000000000000000000000 P aae5f00c598744feabaa1713ad6ad74c [term 3 FOLLOWER]: Raft consensus is shut down!
I20260601 13:31:09.551040 14653 tablet_replica.cc:333] T 00000000000000000000000000000000 P aae5f00c598744feabaa1713ad6ad74c: stopping tablet replica
I20260601 13:31:09.564430 14653 master.cc:584] Master@127.14.79.125:40213 shutdown complete.
[       OK ] AutoRebalancerTest.NextLeaderResumesAutoRebalancing (6325 ms)
[ RUN      ] AutoRebalancerTest.MovesScheduledIfAddTserver
I20260601 13:31:09.573433 14653 internal_mini_cluster.cc:156] Creating distributed mini masters. Addrs: 127.14.79.126:44451
I20260601 13:31:09.573872 14653 file_cache.cc:492] Constructed file cache file cache with capacity 419430
W20260601 13:31:09.576360 16275 instance_detector.cc:116] could not retrieve AWS instance metadata: Network error: curl error: HTTP response code said error: The requested URL returned error: 404
W20260601 13:31:09.576426 16276 instance_detector.cc:116] could not retrieve Azure instance metadata: Network error: curl error: HTTP response code said error: The requested URL returned error: 404
W20260601 13:31:09.576368 16278 instance_detector.cc:116] could not retrieve OpenStack instance metadata: Network error: curl error: HTTP response code said error: The requested URL returned error: 404
I20260601 13:31:09.576452 14653 server_base.cc:1061] running on GCE node
I20260601 13:31:09.576953 14653 hybrid_clock.cc:584] initializing the hybrid clock with 'system_unsync' time source
W20260601 13:31:09.577001 14653 system_unsync_time.cc:38] NTP support is disabled. Clock error bounds will not be accurate. This configuration is not suitable for distributed clusters.
I20260601 13:31:09.577018 14653 hybrid_clock.cc:648] HybridClock initialized: now 1780320669577018 us; error 0 us; skew 500 ppm
I20260601 13:31:09.578095 14653 webserver.cc:533] Webserver started at http://127.14.79.126:39333/ using document root <none> and password file <none>
I20260601 13:31:09.578290 14653 fs_manager.cc:362] Metadata directory not provided
I20260601 13:31:09.578362 14653 fs_manager.cc:368] Using write-ahead log directory (fs_wal_dir) as metadata directory
I20260601 13:31:09.578469 14653 server_base.cc:909] This appears to be a new deployment of Kudu; creating new FS layout
I20260601 13:31:09.578940 14653 fs_manager.cc:1068] Generated new instance metadata in path /tmp/dist-test-taskm8tU4D/test-tmp/auto_rebalancer-test.0.AutoRebalancerTest.MovesScheduledIfAddTserver.1780320653360774-14653-0/minicluster-data/master-0-root/instance:
uuid: "3e177b3f4e8a4e9784394e541fb8ecbf"
format_stamp: "Formatted at 2026-06-01 13:31:09 on dist-test-slave-sm5t"
I20260601 13:31:09.580650 14653 fs_manager.cc:696] Time spent creating directory manager: real 0.001s	user 0.002s	sys 0.000s
I20260601 13:31:09.581689 16283 log_block_manager.cc:4031] Time spent loading block containers with low live blocks: real 0.000s	user 0.000s	sys 0.000s
I20260601 13:31:09.581990 14653 fs_manager.cc:730] Time spent opening block manager: real 0.001s	user 0.001s	sys 0.000s
I20260601 13:31:09.582060 14653 fs_manager.cc:647] Opened local filesystem: /tmp/dist-test-taskm8tU4D/test-tmp/auto_rebalancer-test.0.AutoRebalancerTest.MovesScheduledIfAddTserver.1780320653360774-14653-0/minicluster-data/master-0-root
uuid: "3e177b3f4e8a4e9784394e541fb8ecbf"
format_stamp: "Formatted at 2026-06-01 13:31:09 on dist-test-slave-sm5t"
I20260601 13:31:09.582159 14653 fs_report.cc:389] FS layout report
--------------------
wal directory: /tmp/dist-test-taskm8tU4D/test-tmp/auto_rebalancer-test.0.AutoRebalancerTest.MovesScheduledIfAddTserver.1780320653360774-14653-0/minicluster-data/master-0-root
metadata directory: /tmp/dist-test-taskm8tU4D/test-tmp/auto_rebalancer-test.0.AutoRebalancerTest.MovesScheduledIfAddTserver.1780320653360774-14653-0/minicluster-data/master-0-root
1 data directories: /tmp/dist-test-taskm8tU4D/test-tmp/auto_rebalancer-test.0.AutoRebalancerTest.MovesScheduledIfAddTserver.1780320653360774-14653-0/minicluster-data/master-0-root/data
Total live blocks: 0
Total live bytes: 0
Total live bytes (after alignment): 0
Total number of LBM containers: 0 (0 full)
Did not check for missing blocks
Did not check for orphaned blocks
Total full LBM containers with extra space: 0 (0 repaired)
Total full LBM container extra space in bytes: 0 (0 repaired)
Total incomplete LBM containers: 0 (0 repaired)
Total LBM partial records: 0 (0 repaired)
Total corrupted LBM metadata records in RocksDB: 0 (0 repaired)
I20260601 13:31:09.604449 14653 rpc_server.cc:225] running with OpenSSL 1.1.1  11 Sep 2018
I20260601 13:31:09.604910 14653 kserver.cc:163] Server-wide thread pool size limit: 3276
I20260601 13:31:09.609321 14653 rpc_server.cc:307] RPC server started. Bound to: 127.14.79.126:44451
I20260601 13:31:09.612741 16335 acceptor_pool.cc:272] collecting diagnostics on the listening RPC socket 127.14.79.126:44451 every 8 connection(s)
I20260601 13:31:09.613322 16336 data_dirs.cc:400] Could only allocate 1 dirs of requested 3 for tablet 00000000000000000000000000000000. 1 dirs total, 0 dirs full, 0 dirs failed
I20260601 13:31:09.615262 16336 tablet_bootstrap.cc:492] T 00000000000000000000000000000000 P 3e177b3f4e8a4e9784394e541fb8ecbf: Bootstrap starting.
I20260601 13:31:09.616252 16336 tablet_bootstrap.cc:654] T 00000000000000000000000000000000 P 3e177b3f4e8a4e9784394e541fb8ecbf: Neither blocks nor log segments found. Creating new log.
I20260601 13:31:09.617493 16336 tablet_bootstrap.cc:492] T 00000000000000000000000000000000 P 3e177b3f4e8a4e9784394e541fb8ecbf: No bootstrap required, opened a new log
I20260601 13:31:09.617977 16336 raft_consensus.cc:359] T 00000000000000000000000000000000 P 3e177b3f4e8a4e9784394e541fb8ecbf [term 0 FOLLOWER]: Replica starting. Triggering 0 pending ops. Active config: opid_index: -1 OBSOLETE_local: true peers { permanent_uuid: "3e177b3f4e8a4e9784394e541fb8ecbf" member_type: VOTER }
I20260601 13:31:09.618106 16336 raft_consensus.cc:385] T 00000000000000000000000000000000 P 3e177b3f4e8a4e9784394e541fb8ecbf [term 0 FOLLOWER]: Consensus starting up: Expiring failure detector timer to make a prompt election more likely
I20260601 13:31:09.618182 16336 raft_consensus.cc:740] T 00000000000000000000000000000000 P 3e177b3f4e8a4e9784394e541fb8ecbf [term 0 FOLLOWER]: Becoming Follower/Learner. State: Replica: 3e177b3f4e8a4e9784394e541fb8ecbf, State: Initialized, Role: FOLLOWER
I20260601 13:31:09.618386 16336 consensus_queue.cc:260] T 00000000000000000000000000000000 P 3e177b3f4e8a4e9784394e541fb8ecbf [NON_LEADER]: Queue going to NON_LEADER mode. State: All replicated index: 0, Majority replicated index: 0, Committed index: 0, Last appended: 0.0, Last appended by leader: 0, Current term: 0, Majority size: -1, State: 0, Mode: NON_LEADER, active raft config: opid_index: -1 OBSOLETE_local: true peers { permanent_uuid: "3e177b3f4e8a4e9784394e541fb8ecbf" member_type: VOTER }
I20260601 13:31:09.618515 16336 raft_consensus.cc:399] T 00000000000000000000000000000000 P 3e177b3f4e8a4e9784394e541fb8ecbf [term 0 FOLLOWER]: Only one voter in the Raft config. Triggering election immediately
I20260601 13:31:09.618564 16336 raft_consensus.cc:493] T 00000000000000000000000000000000 P 3e177b3f4e8a4e9784394e541fb8ecbf [term 0 FOLLOWER]: Starting leader election (initial election of a single-replica configuration)
I20260601 13:31:09.618620 16336 raft_consensus.cc:3060] T 00000000000000000000000000000000 P 3e177b3f4e8a4e9784394e541fb8ecbf [term 0 FOLLOWER]: Advancing to term 1
I20260601 13:31:09.619421 16336 raft_consensus.cc:515] T 00000000000000000000000000000000 P 3e177b3f4e8a4e9784394e541fb8ecbf [term 1 FOLLOWER]: Starting leader election with config: opid_index: -1 OBSOLETE_local: true peers { permanent_uuid: "3e177b3f4e8a4e9784394e541fb8ecbf" member_type: VOTER }
I20260601 13:31:09.619621 16336 leader_election.cc:304] T 00000000000000000000000000000000 P 3e177b3f4e8a4e9784394e541fb8ecbf [CANDIDATE]: Term 1 election: Election decided. Result: candidate won. Election summary: received 1 responses out of 1 voters: 1 yes votes; 0 no votes. yes voters: 3e177b3f4e8a4e9784394e541fb8ecbf; no voters: 
I20260601 13:31:09.619879 16336 leader_election.cc:290] T 00000000000000000000000000000000 P 3e177b3f4e8a4e9784394e541fb8ecbf [CANDIDATE]: Term 1 election: Requested vote from peers 
I20260601 13:31:09.620098 16339 raft_consensus.cc:2804] T 00000000000000000000000000000000 P 3e177b3f4e8a4e9784394e541fb8ecbf [term 1 FOLLOWER]: Leader election won for term 1
I20260601 13:31:09.620344 16339 raft_consensus.cc:697] T 00000000000000000000000000000000 P 3e177b3f4e8a4e9784394e541fb8ecbf [term 1 LEADER]: Becoming Leader. State: Replica: 3e177b3f4e8a4e9784394e541fb8ecbf, State: Running, Role: LEADER
I20260601 13:31:09.620510 16339 consensus_queue.cc:237] T 00000000000000000000000000000000 P 3e177b3f4e8a4e9784394e541fb8ecbf [LEADER]: Queue going to LEADER mode. State: All replicated index: 0, Majority replicated index: 0, Committed index: 0, Last appended: 0.0, Last appended by leader: 0, Current term: 1, Majority size: 1, State: 0, Mode: LEADER, active raft config: opid_index: -1 OBSOLETE_local: true peers { permanent_uuid: "3e177b3f4e8a4e9784394e541fb8ecbf" member_type: VOTER }
I20260601 13:31:09.620560 16336 sys_catalog.cc:565] T 00000000000000000000000000000000 P 3e177b3f4e8a4e9784394e541fb8ecbf [sys.catalog]: configured and running, proceeding with master startup.
I20260601 13:31:09.621028 16340 sys_catalog.cc:455] T 00000000000000000000000000000000 P 3e177b3f4e8a4e9784394e541fb8ecbf [sys.catalog]: SysCatalogTable state changed. Reason: RaftConsensus started. Latest consensus state: current_term: 1 leader_uuid: "3e177b3f4e8a4e9784394e541fb8ecbf" committed_config { opid_index: -1 OBSOLETE_local: true peers { permanent_uuid: "3e177b3f4e8a4e9784394e541fb8ecbf" member_type: VOTER } }
I20260601 13:31:09.621130 16340 sys_catalog.cc:458] T 00000000000000000000000000000000 P 3e177b3f4e8a4e9784394e541fb8ecbf [sys.catalog]: This master's current role is: LEADER
I20260601 13:31:09.621083 16341 sys_catalog.cc:455] T 00000000000000000000000000000000 P 3e177b3f4e8a4e9784394e541fb8ecbf [sys.catalog]: SysCatalogTable state changed. Reason: New leader 3e177b3f4e8a4e9784394e541fb8ecbf. Latest consensus state: current_term: 1 leader_uuid: "3e177b3f4e8a4e9784394e541fb8ecbf" committed_config { opid_index: -1 OBSOLETE_local: true peers { permanent_uuid: "3e177b3f4e8a4e9784394e541fb8ecbf" member_type: VOTER } }
I20260601 13:31:09.621208 16341 sys_catalog.cc:458] T 00000000000000000000000000000000 P 3e177b3f4e8a4e9784394e541fb8ecbf [sys.catalog]: This master's current role is: LEADER
I20260601 13:31:09.621423 16343 catalog_manager.cc:1510] Loading table and tablet metadata into memory...
I20260601 13:31:09.622414 16343 catalog_manager.cc:1519] Initializing Kudu cluster ID...
I20260601 13:31:09.622874 14653 internal_mini_cluster.cc:184] Waiting to initialize catalog manager on master 0
I20260601 13:31:09.624764 16343 catalog_manager.cc:1382] Generated new cluster ID: 51eac247c2fd4bf1ad97b23500c43486
I20260601 13:31:09.624826 16343 catalog_manager.cc:1530] Initializing Kudu internal certificate authority...
I20260601 13:31:09.635571 16343 catalog_manager.cc:1405] Generated new certificate authority record
I20260601 13:31:09.636229 16343 catalog_manager.cc:1539] Loading token signing keys...
I20260601 13:31:09.647030 16343 catalog_manager.cc:6069] T 00000000000000000000000000000000 P 3e177b3f4e8a4e9784394e541fb8ecbf: Generated new TSK 0
I20260601 13:31:09.647228 16343 catalog_manager.cc:1549] Initializing in-progress tserver states...
I20260601 13:31:09.655543 14653 file_cache.cc:492] Constructed file cache file cache with capacity 419430
W20260601 13:31:09.657771 16358 instance_detector.cc:116] could not retrieve Azure instance metadata: Network error: curl error: HTTP response code said error: The requested URL returned error: 404
W20260601 13:31:09.657809 16360 instance_detector.cc:116] could not retrieve OpenStack instance metadata: Network error: curl error: HTTP response code said error: The requested URL returned error: 404
W20260601 13:31:09.657809 16357 instance_detector.cc:116] could not retrieve AWS instance metadata: Network error: curl error: HTTP response code said error: The requested URL returned error: 404
I20260601 13:31:09.657816 14653 server_base.cc:1061] running on GCE node
I20260601 13:31:09.658172 14653 hybrid_clock.cc:584] initializing the hybrid clock with 'system_unsync' time source
W20260601 13:31:09.658209 14653 system_unsync_time.cc:38] NTP support is disabled. Clock error bounds will not be accurate. This configuration is not suitable for distributed clusters.
I20260601 13:31:09.658226 14653 hybrid_clock.cc:648] HybridClock initialized: now 1780320669658226 us; error 0 us; skew 500 ppm
I20260601 13:31:09.659082 14653 webserver.cc:533] Webserver started at http://127.14.79.65:33377/ using document root <none> and password file <none>
I20260601 13:31:09.659276 14653 fs_manager.cc:362] Metadata directory not provided
I20260601 13:31:09.659327 14653 fs_manager.cc:368] Using write-ahead log directory (fs_wal_dir) as metadata directory
I20260601 13:31:09.659380 14653 server_base.cc:909] This appears to be a new deployment of Kudu; creating new FS layout
I20260601 13:31:09.659840 14653 fs_manager.cc:1068] Generated new instance metadata in path /tmp/dist-test-taskm8tU4D/test-tmp/auto_rebalancer-test.0.AutoRebalancerTest.MovesScheduledIfAddTserver.1780320653360774-14653-0/minicluster-data/ts-0-root/instance:
uuid: "c8de6540771949a9b3ea7584a5fd3ca8"
format_stamp: "Formatted at 2026-06-01 13:31:09 on dist-test-slave-sm5t"
I20260601 13:31:09.661391 14653 fs_manager.cc:696] Time spent creating directory manager: real 0.001s	user 0.002s	sys 0.000s
I20260601 13:31:09.662544 16365 log_block_manager.cc:4031] Time spent loading block containers with low live blocks: real 0.000s	user 0.000s	sys 0.000s
I20260601 13:31:09.662909 14653 fs_manager.cc:730] Time spent opening block manager: real 0.001s	user 0.001s	sys 0.000s
I20260601 13:31:09.663013 14653 fs_manager.cc:647] Opened local filesystem: /tmp/dist-test-taskm8tU4D/test-tmp/auto_rebalancer-test.0.AutoRebalancerTest.MovesScheduledIfAddTserver.1780320653360774-14653-0/minicluster-data/ts-0-root
uuid: "c8de6540771949a9b3ea7584a5fd3ca8"
format_stamp: "Formatted at 2026-06-01 13:31:09 on dist-test-slave-sm5t"
I20260601 13:31:09.663110 14653 fs_report.cc:389] FS layout report
--------------------
wal directory: /tmp/dist-test-taskm8tU4D/test-tmp/auto_rebalancer-test.0.AutoRebalancerTest.MovesScheduledIfAddTserver.1780320653360774-14653-0/minicluster-data/ts-0-root
metadata directory: /tmp/dist-test-taskm8tU4D/test-tmp/auto_rebalancer-test.0.AutoRebalancerTest.MovesScheduledIfAddTserver.1780320653360774-14653-0/minicluster-data/ts-0-root
1 data directories: /tmp/dist-test-taskm8tU4D/test-tmp/auto_rebalancer-test.0.AutoRebalancerTest.MovesScheduledIfAddTserver.1780320653360774-14653-0/minicluster-data/ts-0-root/data
Total live blocks: 0
Total live bytes: 0
Total live bytes (after alignment): 0
Total number of LBM containers: 0 (0 full)
Did not check for missing blocks
Did not check for orphaned blocks
Total full LBM containers with extra space: 0 (0 repaired)
Total full LBM container extra space in bytes: 0 (0 repaired)
Total incomplete LBM containers: 0 (0 repaired)
Total LBM partial records: 0 (0 repaired)
Total corrupted LBM metadata records in RocksDB: 0 (0 repaired)
I20260601 13:31:09.673496 14653 rpc_server.cc:225] running with OpenSSL 1.1.1  11 Sep 2018
I20260601 13:31:09.673928 14653 kserver.cc:163] Server-wide thread pool size limit: 3276
I20260601 13:31:09.674263 14653 txn_system_client.cc:432] TxnSystemClient initialization is disabled...
I20260601 13:31:09.674762 14653 ts_tablet_manager.cc:585] Loaded tablet metadata (0 total tablets, 0 live tablets)
I20260601 13:31:09.674831 14653 ts_tablet_manager.cc:531] Time spent load tablet metadata: real 0.000s	user 0.000s	sys 0.000s
I20260601 13:31:09.674888 14653 ts_tablet_manager.cc:616] Registered 0 tablets
I20260601 13:31:09.674923 14653 ts_tablet_manager.cc:595] Time spent register tablets: real 0.000s	user 0.000s	sys 0.000s
I20260601 13:31:09.679399 14653 rpc_server.cc:307] RPC server started. Bound to: 127.14.79.65:42449
I20260601 13:31:09.679427 16428 acceptor_pool.cc:272] collecting diagnostics on the listening RPC socket 127.14.79.65:42449 every 8 connection(s)
I20260601 13:31:09.680348 14653 file_cache.cc:492] Constructed file cache file cache with capacity 419430
W20260601 13:31:09.682400 16434 instance_detector.cc:116] could not retrieve Azure instance metadata: Network error: curl error: HTTP response code said error: The requested URL returned error: 404
W20260601 13:31:09.682411 16433 instance_detector.cc:116] could not retrieve AWS instance metadata: Network error: curl error: HTTP response code said error: The requested URL returned error: 404
W20260601 13:31:09.682567 16436 instance_detector.cc:116] could not retrieve OpenStack instance metadata: Network error: curl error: HTTP response code said error: The requested URL returned error: 404
I20260601 13:31:09.683058 14653 server_base.cc:1061] running on GCE node
I20260601 13:31:09.683241 14653 hybrid_clock.cc:584] initializing the hybrid clock with 'system_unsync' time source
W20260601 13:31:09.683300 14653 system_unsync_time.cc:38] NTP support is disabled. Clock error bounds will not be accurate. This configuration is not suitable for distributed clusters.
I20260601 13:31:09.683333 14653 hybrid_clock.cc:648] HybridClock initialized: now 1780320669683331 us; error 0 us; skew 500 ppm
I20260601 13:31:09.684451 14653 webserver.cc:533] Webserver started at http://127.14.79.66:45817/ using document root <none> and password file <none>
I20260601 13:31:09.684635 14653 fs_manager.cc:362] Metadata directory not provided
I20260601 13:31:09.684706 14653 fs_manager.cc:368] Using write-ahead log directory (fs_wal_dir) as metadata directory
I20260601 13:31:09.684785 14653 server_base.cc:909] This appears to be a new deployment of Kudu; creating new FS layout
I20260601 13:31:09.685222 14653 fs_manager.cc:1068] Generated new instance metadata in path /tmp/dist-test-taskm8tU4D/test-tmp/auto_rebalancer-test.0.AutoRebalancerTest.MovesScheduledIfAddTserver.1780320653360774-14653-0/minicluster-data/ts-1-root/instance:
uuid: "2267776ac25848dab0f80370984a4904"
format_stamp: "Formatted at 2026-06-01 13:31:09 on dist-test-slave-sm5t"
I20260601 13:31:09.686719 14653 fs_manager.cc:696] Time spent creating directory manager: real 0.001s	user 0.002s	sys 0.000s
I20260601 13:31:09.687927 16441 log_block_manager.cc:4031] Time spent loading block containers with low live blocks: real 0.000s	user 0.000s	sys 0.000s
I20260601 13:31:09.688205 14653 fs_manager.cc:730] Time spent opening block manager: real 0.001s	user 0.001s	sys 0.000s
I20260601 13:31:09.688290 14653 fs_manager.cc:647] Opened local filesystem: /tmp/dist-test-taskm8tU4D/test-tmp/auto_rebalancer-test.0.AutoRebalancerTest.MovesScheduledIfAddTserver.1780320653360774-14653-0/minicluster-data/ts-1-root
uuid: "2267776ac25848dab0f80370984a4904"
format_stamp: "Formatted at 2026-06-01 13:31:09 on dist-test-slave-sm5t"
I20260601 13:31:09.688426 14653 fs_report.cc:389] FS layout report
--------------------
wal directory: /tmp/dist-test-taskm8tU4D/test-tmp/auto_rebalancer-test.0.AutoRebalancerTest.MovesScheduledIfAddTserver.1780320653360774-14653-0/minicluster-data/ts-1-root
metadata directory: /tmp/dist-test-taskm8tU4D/test-tmp/auto_rebalancer-test.0.AutoRebalancerTest.MovesScheduledIfAddTserver.1780320653360774-14653-0/minicluster-data/ts-1-root
1 data directories: /tmp/dist-test-taskm8tU4D/test-tmp/auto_rebalancer-test.0.AutoRebalancerTest.MovesScheduledIfAddTserver.1780320653360774-14653-0/minicluster-data/ts-1-root/data
Total live blocks: 0
Total live bytes: 0
Total live bytes (after alignment): 0
Total number of LBM containers: 0 (0 full)
Did not check for missing blocks
Did not check for orphaned blocks
Total full LBM containers with extra space: 0 (0 repaired)
Total full LBM container extra space in bytes: 0 (0 repaired)
Total incomplete LBM containers: 0 (0 repaired)
Total LBM partial records: 0 (0 repaired)
Total corrupted LBM metadata records in RocksDB: 0 (0 repaired)
I20260601 13:31:09.689845 16429 heartbeater.cc:344] Connected to a master server at 127.14.79.126:44451
I20260601 13:31:09.689946 16429 heartbeater.cc:461] Registering TS with master...
I20260601 13:31:09.690183 16429 heartbeater.cc:507] Master 127.14.79.126:44451 requested a full tablet report, sending...
I20260601 13:31:09.690814 16300 ts_manager.cc:194] Registered new tserver with Master: c8de6540771949a9b3ea7584a5fd3ca8 (127.14.79.65:42449)
I20260601 13:31:09.691653 16300 master_service.cc:502] Signed X509 certificate for tserver {username='slave'} at 127.0.0.1:33138
I20260601 13:31:09.696350 14653 rpc_server.cc:225] running with OpenSSL 1.1.1  11 Sep 2018
I20260601 13:31:09.696763 14653 kserver.cc:163] Server-wide thread pool size limit: 3276
I20260601 13:31:09.697091 14653 txn_system_client.cc:432] TxnSystemClient initialization is disabled...
I20260601 13:31:09.697570 14653 ts_tablet_manager.cc:585] Loaded tablet metadata (0 total tablets, 0 live tablets)
I20260601 13:31:09.697631 14653 ts_tablet_manager.cc:531] Time spent load tablet metadata: real 0.000s	user 0.000s	sys 0.000s
I20260601 13:31:09.697690 14653 ts_tablet_manager.cc:616] Registered 0 tablets
I20260601 13:31:09.697722 14653 ts_tablet_manager.cc:595] Time spent register tablets: real 0.000s	user 0.000s	sys 0.000s
I20260601 13:31:09.702093 14653 rpc_server.cc:307] RPC server started. Bound to: 127.14.79.66:39477
I20260601 13:31:09.702124 16504 acceptor_pool.cc:272] collecting diagnostics on the listening RPC socket 127.14.79.66:39477 every 8 connection(s)
I20260601 13:31:09.702979 14653 file_cache.cc:492] Constructed file cache file cache with capacity 419430
W20260601 13:31:09.705001 16509 instance_detector.cc:116] could not retrieve Azure instance metadata: Network error: curl error: HTTP response code said error: The requested URL returned error: 404
W20260601 13:31:09.705029 16511 instance_detector.cc:116] could not retrieve OpenStack instance metadata: Network error: curl error: HTTP response code said error: The requested URL returned error: 404
W20260601 13:31:09.705011 16508 instance_detector.cc:116] could not retrieve AWS instance metadata: Network error: curl error: HTTP response code said error: The requested URL returned error: 404
I20260601 13:31:09.706221 14653 server_base.cc:1061] running on GCE node
I20260601 13:31:09.706418 14653 hybrid_clock.cc:584] initializing the hybrid clock with 'system_unsync' time source
W20260601 13:31:09.706475 14653 system_unsync_time.cc:38] NTP support is disabled. Clock error bounds will not be accurate. This configuration is not suitable for distributed clusters.
I20260601 13:31:09.706498 14653 hybrid_clock.cc:648] HybridClock initialized: now 1780320669706498 us; error 0 us; skew 500 ppm
I20260601 13:31:09.707525 14653 webserver.cc:533] Webserver started at http://127.14.79.67:42921/ using document root <none> and password file <none>
I20260601 13:31:09.707687 16505 heartbeater.cc:344] Connected to a master server at 127.14.79.126:44451
I20260601 13:31:09.707715 14653 fs_manager.cc:362] Metadata directory not provided
I20260601 13:31:09.707783 16505 heartbeater.cc:461] Registering TS with master...
I20260601 13:31:09.707798 14653 fs_manager.cc:368] Using write-ahead log directory (fs_wal_dir) as metadata directory
I20260601 13:31:09.707921 14653 server_base.cc:909] This appears to be a new deployment of Kudu; creating new FS layout
I20260601 13:31:09.708083 16505 heartbeater.cc:507] Master 127.14.79.126:44451 requested a full tablet report, sending...
I20260601 13:31:09.708410 14653 fs_manager.cc:1068] Generated new instance metadata in path /tmp/dist-test-taskm8tU4D/test-tmp/auto_rebalancer-test.0.AutoRebalancerTest.MovesScheduledIfAddTserver.1780320653360774-14653-0/minicluster-data/ts-2-root/instance:
uuid: "b35b8b1f603d430ea2b51cb160769456"
format_stamp: "Formatted at 2026-06-01 13:31:09 on dist-test-slave-sm5t"
I20260601 13:31:09.708765 16300 ts_manager.cc:194] Registered new tserver with Master: 2267776ac25848dab0f80370984a4904 (127.14.79.66:39477)
I20260601 13:31:09.709540 16300 master_service.cc:502] Signed X509 certificate for tserver {username='slave'} at 127.0.0.1:33154
I20260601 13:31:09.710419 14653 fs_manager.cc:696] Time spent creating directory manager: real 0.002s	user 0.001s	sys 0.001s
I20260601 13:31:09.711700 16516 log_block_manager.cc:4031] Time spent loading block containers with low live blocks: real 0.000s	user 0.000s	sys 0.000s
I20260601 13:31:09.712015 14653 fs_manager.cc:730] Time spent opening block manager: real 0.001s	user 0.001s	sys 0.001s
I20260601 13:31:09.712101 14653 fs_manager.cc:647] Opened local filesystem: /tmp/dist-test-taskm8tU4D/test-tmp/auto_rebalancer-test.0.AutoRebalancerTest.MovesScheduledIfAddTserver.1780320653360774-14653-0/minicluster-data/ts-2-root
uuid: "b35b8b1f603d430ea2b51cb160769456"
format_stamp: "Formatted at 2026-06-01 13:31:09 on dist-test-slave-sm5t"
I20260601 13:31:09.712240 14653 fs_report.cc:389] FS layout report
--------------------
wal directory: /tmp/dist-test-taskm8tU4D/test-tmp/auto_rebalancer-test.0.AutoRebalancerTest.MovesScheduledIfAddTserver.1780320653360774-14653-0/minicluster-data/ts-2-root
metadata directory: /tmp/dist-test-taskm8tU4D/test-tmp/auto_rebalancer-test.0.AutoRebalancerTest.MovesScheduledIfAddTserver.1780320653360774-14653-0/minicluster-data/ts-2-root
1 data directories: /tmp/dist-test-taskm8tU4D/test-tmp/auto_rebalancer-test.0.AutoRebalancerTest.MovesScheduledIfAddTserver.1780320653360774-14653-0/minicluster-data/ts-2-root/data
Total live blocks: 0
Total live bytes: 0
Total live bytes (after alignment): 0
Total number of LBM containers: 0 (0 full)
Did not check for missing blocks
Did not check for orphaned blocks
Total full LBM containers with extra space: 0 (0 repaired)
Total full LBM container extra space in bytes: 0 (0 repaired)
Total incomplete LBM containers: 0 (0 repaired)
Total LBM partial records: 0 (0 repaired)
Total corrupted LBM metadata records in RocksDB: 0 (0 repaired)
I20260601 13:31:09.722319 14653 rpc_server.cc:225] running with OpenSSL 1.1.1  11 Sep 2018
I20260601 13:31:09.722823 14653 kserver.cc:163] Server-wide thread pool size limit: 3276
I20260601 13:31:09.723162 14653 txn_system_client.cc:432] TxnSystemClient initialization is disabled...
I20260601 13:31:09.723752 14653 ts_tablet_manager.cc:585] Loaded tablet metadata (0 total tablets, 0 live tablets)
I20260601 13:31:09.723794 14653 ts_tablet_manager.cc:531] Time spent load tablet metadata: real 0.000s	user 0.000s	sys 0.000s
I20260601 13:31:09.723827 14653 ts_tablet_manager.cc:616] Registered 0 tablets
I20260601 13:31:09.723841 14653 ts_tablet_manager.cc:595] Time spent register tablets: real 0.000s	user 0.000s	sys 0.000s
I20260601 13:31:09.728708 14653 rpc_server.cc:307] RPC server started. Bound to: 127.14.79.67:46249
I20260601 13:31:09.728763 16579 acceptor_pool.cc:272] collecting diagnostics on the listening RPC socket 127.14.79.67:46249 every 8 connection(s)
I20260601 13:31:09.734220 16580 heartbeater.cc:344] Connected to a master server at 127.14.79.126:44451
I20260601 13:31:09.734354 16580 heartbeater.cc:461] Registering TS with master...
I20260601 13:31:09.734769 16580 heartbeater.cc:507] Master 127.14.79.126:44451 requested a full tablet report, sending...
I20260601 13:31:09.735641 16300 ts_manager.cc:194] Registered new tserver with Master: b35b8b1f603d430ea2b51cb160769456 (127.14.79.67:46249)
I20260601 13:31:09.736253 14653 internal_mini_cluster.cc:371] 3 TS(s) registered with all masters after 0.007038232s
I20260601 13:31:09.736320 16300 master_service.cc:502] Signed X509 certificate for tserver {username='slave'} at 127.0.0.1:33158
I20260601 13:31:10.692606 16429 heartbeater.cc:499] Master 127.14.79.126:44451 was elected leader, sending a full tablet report...
I20260601 13:31:10.710703 16505 heartbeater.cc:499] Master 127.14.79.126:44451 was elected leader, sending a full tablet report...
I20260601 13:31:10.737447 16580 heartbeater.cc:499] Master 127.14.79.126:44451 was elected leader, sending a full tablet report...
I20260601 13:31:10.773152 16300 catalog_manager.cc:2282] Servicing CreateTable request from {username='slave'} at 127.0.0.1:33170:
name: "test-workload"
schema {
  columns {
    name: "key"
    type: INT32
    is_key: true
    is_nullable: false
    encoding: AUTO_ENCODING
    compression: DEFAULT_COMPRESSION
    cfile_block_size: 0
    immutable: false
  }
  columns {
    name: "int_val"
    type: INT32
    is_key: false
    is_nullable: false
    encoding: AUTO_ENCODING
    compression: DEFAULT_COMPRESSION
    cfile_block_size: 0
    immutable: false
  }
  columns {
    name: "string_val"
    type: STRING
    is_key: false
    is_nullable: true
    encoding: AUTO_ENCODING
    compression: DEFAULT_COMPRESSION
    cfile_block_size: 0
    immutable: false
  }
}
num_replicas: 3
split_rows_range_bounds {
  rows: "\004\001\000\377\377\377?""\004\001\000\377\377\377?"
  indirect_data: """"
}
partition_schema {
  range_schema {
    columns {
      name: "key"
    }
  }
}
W20260601 13:31:10.773821 16300 catalog_manager.cc:7076] The number of live tablet servers is not enough to re-replicate a tablet replica of the newly created table test-workload in case of a server failure: 4 tablet servers would be needed, 3 are available. Consider bringing up more tablet servers.
I20260601 13:31:10.786746 16469 tablet_service.cc:1511] Processing CreateTablet for tablet 2f36b125898643b9829b5130b35bc761 (DEFAULT_TABLE table=test-workload [id=a133ad00e539413783fd580bcc42683e]), partition=RANGE (key) PARTITION VALUES < 1073741823
I20260601 13:31:10.786911 16392 tablet_service.cc:1511] Processing CreateTablet for tablet 86e972f6f6a24ea195abc6cf4585391f (DEFAULT_TABLE table=test-workload [id=a133ad00e539413783fd580bcc42683e]), partition=RANGE (key) PARTITION 1073741823 <= VALUES
I20260601 13:31:10.787155 16469 data_dirs.cc:400] Could only allocate 1 dirs of requested 3 for tablet 2f36b125898643b9829b5130b35bc761. 1 dirs total, 0 dirs full, 0 dirs failed
I20260601 13:31:10.787228 16392 data_dirs.cc:400] Could only allocate 1 dirs of requested 3 for tablet 86e972f6f6a24ea195abc6cf4585391f. 1 dirs total, 0 dirs full, 0 dirs failed
I20260601 13:31:10.787946 16544 tablet_service.cc:1511] Processing CreateTablet for tablet 2f36b125898643b9829b5130b35bc761 (DEFAULT_TABLE table=test-workload [id=a133ad00e539413783fd580bcc42683e]), partition=RANGE (key) PARTITION VALUES < 1073741823
I20260601 13:31:10.788218 16544 data_dirs.cc:400] Could only allocate 1 dirs of requested 3 for tablet 2f36b125898643b9829b5130b35bc761. 1 dirs total, 0 dirs full, 0 dirs failed
I20260601 13:31:10.789736 16543 tablet_service.cc:1511] Processing CreateTablet for tablet 86e972f6f6a24ea195abc6cf4585391f (DEFAULT_TABLE table=test-workload [id=a133ad00e539413783fd580bcc42683e]), partition=RANGE (key) PARTITION 1073741823 <= VALUES
I20260601 13:31:10.790041 16543 data_dirs.cc:400] Could only allocate 1 dirs of requested 3 for tablet 86e972f6f6a24ea195abc6cf4585391f. 1 dirs total, 0 dirs full, 0 dirs failed
I20260601 13:31:10.790093 16601 tablet_bootstrap.cc:492] T 86e972f6f6a24ea195abc6cf4585391f P c8de6540771949a9b3ea7584a5fd3ca8: Bootstrap starting.
I20260601 13:31:10.790560 16602 tablet_bootstrap.cc:492] T 2f36b125898643b9829b5130b35bc761 P b35b8b1f603d430ea2b51cb160769456: Bootstrap starting.
I20260601 13:31:10.791267 16601 tablet_bootstrap.cc:654] T 86e972f6f6a24ea195abc6cf4585391f P c8de6540771949a9b3ea7584a5fd3ca8: Neither blocks nor log segments found. Creating new log.
I20260601 13:31:10.791611 16602 tablet_bootstrap.cc:654] T 2f36b125898643b9829b5130b35bc761 P b35b8b1f603d430ea2b51cb160769456: Neither blocks nor log segments found. Creating new log.
I20260601 13:31:10.786736 16468 tablet_service.cc:1511] Processing CreateTablet for tablet 86e972f6f6a24ea195abc6cf4585391f (DEFAULT_TABLE table=test-workload [id=a133ad00e539413783fd580bcc42683e]), partition=RANGE (key) PARTITION 1073741823 <= VALUES
I20260601 13:31:10.792825 16602 tablet_bootstrap.cc:492] T 2f36b125898643b9829b5130b35bc761 P b35b8b1f603d430ea2b51cb160769456: No bootstrap required, opened a new log
I20260601 13:31:10.792825 16468 data_dirs.cc:400] Could only allocate 1 dirs of requested 3 for tablet 86e972f6f6a24ea195abc6cf4585391f. 1 dirs total, 0 dirs full, 0 dirs failed
I20260601 13:31:10.786736 16393 tablet_service.cc:1511] Processing CreateTablet for tablet 2f36b125898643b9829b5130b35bc761 (DEFAULT_TABLE table=test-workload [id=a133ad00e539413783fd580bcc42683e]), partition=RANGE (key) PARTITION VALUES < 1073741823
I20260601 13:31:10.793056 16600 tablet_bootstrap.cc:492] T 2f36b125898643b9829b5130b35bc761 P 2267776ac25848dab0f80370984a4904: Bootstrap starting.
I20260601 13:31:10.793069 16602 ts_tablet_manager.cc:1403] T 2f36b125898643b9829b5130b35bc761 P b35b8b1f603d430ea2b51cb160769456: Time spent bootstrapping tablet: real 0.003s	user 0.000s	sys 0.002s
I20260601 13:31:10.793164 16393 data_dirs.cc:400] Could only allocate 1 dirs of requested 3 for tablet 2f36b125898643b9829b5130b35bc761. 1 dirs total, 0 dirs full, 0 dirs failed
I20260601 13:31:10.793596 16602 raft_consensus.cc:359] T 2f36b125898643b9829b5130b35bc761 P b35b8b1f603d430ea2b51cb160769456 [term 0 FOLLOWER]: Replica starting. Triggering 0 pending ops. Active config: opid_index: -1 OBSOLETE_local: false peers { permanent_uuid: "b35b8b1f603d430ea2b51cb160769456" member_type: VOTER last_known_addr { host: "127.14.79.67" port: 46249 } } peers { permanent_uuid: "2267776ac25848dab0f80370984a4904" member_type: VOTER last_known_addr { host: "127.14.79.66" port: 39477 } } peers { permanent_uuid: "c8de6540771949a9b3ea7584a5fd3ca8" member_type: VOTER last_known_addr { host: "127.14.79.65" port: 42449 } }
I20260601 13:31:10.793725 16602 raft_consensus.cc:385] T 2f36b125898643b9829b5130b35bc761 P b35b8b1f603d430ea2b51cb160769456 [term 0 FOLLOWER]: Consensus starting up: Expiring failure detector timer to make a prompt election more likely
I20260601 13:31:10.793761 16602 raft_consensus.cc:740] T 2f36b125898643b9829b5130b35bc761 P b35b8b1f603d430ea2b51cb160769456 [term 0 FOLLOWER]: Becoming Follower/Learner. State: Replica: b35b8b1f603d430ea2b51cb160769456, State: Initialized, Role: FOLLOWER
I20260601 13:31:10.793932 16602 consensus_queue.cc:260] T 2f36b125898643b9829b5130b35bc761 P b35b8b1f603d430ea2b51cb160769456 [NON_LEADER]: Queue going to NON_LEADER mode. State: All replicated index: 0, Majority replicated index: 0, Committed index: 0, Last appended: 0.0, Last appended by leader: 0, Current term: 0, Majority size: -1, State: 0, Mode: NON_LEADER, active raft config: opid_index: -1 OBSOLETE_local: false peers { permanent_uuid: "b35b8b1f603d430ea2b51cb160769456" member_type: VOTER last_known_addr { host: "127.14.79.67" port: 46249 } } peers { permanent_uuid: "2267776ac25848dab0f80370984a4904" member_type: VOTER last_known_addr { host: "127.14.79.66" port: 39477 } } peers { permanent_uuid: "c8de6540771949a9b3ea7584a5fd3ca8" member_type: VOTER last_known_addr { host: "127.14.79.65" port: 42449 } }
I20260601 13:31:10.794152 16600 tablet_bootstrap.cc:654] T 2f36b125898643b9829b5130b35bc761 P 2267776ac25848dab0f80370984a4904: Neither blocks nor log segments found. Creating new log.
I20260601 13:31:10.794375 16602 ts_tablet_manager.cc:1434] T 2f36b125898643b9829b5130b35bc761 P b35b8b1f603d430ea2b51cb160769456: Time spent starting tablet: real 0.001s	user 0.000s	sys 0.001s
I20260601 13:31:10.792810 16601 tablet_bootstrap.cc:492] T 86e972f6f6a24ea195abc6cf4585391f P c8de6540771949a9b3ea7584a5fd3ca8: No bootstrap required, opened a new log
I20260601 13:31:10.795254 16601 ts_tablet_manager.cc:1403] T 86e972f6f6a24ea195abc6cf4585391f P c8de6540771949a9b3ea7584a5fd3ca8: Time spent bootstrapping tablet: real 0.005s	user 0.003s	sys 0.000s
I20260601 13:31:10.795586 16600 tablet_bootstrap.cc:492] T 2f36b125898643b9829b5130b35bc761 P 2267776ac25848dab0f80370984a4904: No bootstrap required, opened a new log
I20260601 13:31:10.795683 16600 ts_tablet_manager.cc:1403] T 2f36b125898643b9829b5130b35bc761 P 2267776ac25848dab0f80370984a4904: Time spent bootstrapping tablet: real 0.003s	user 0.002s	sys 0.000s
I20260601 13:31:10.795879 16601 raft_consensus.cc:359] T 86e972f6f6a24ea195abc6cf4585391f P c8de6540771949a9b3ea7584a5fd3ca8 [term 0 FOLLOWER]: Replica starting. Triggering 0 pending ops. Active config: opid_index: -1 OBSOLETE_local: false peers { permanent_uuid: "c8de6540771949a9b3ea7584a5fd3ca8" member_type: VOTER last_known_addr { host: "127.14.79.65" port: 42449 } } peers { permanent_uuid: "2267776ac25848dab0f80370984a4904" member_type: VOTER last_known_addr { host: "127.14.79.66" port: 39477 } } peers { permanent_uuid: "b35b8b1f603d430ea2b51cb160769456" member_type: VOTER last_known_addr { host: "127.14.79.67" port: 46249 } }
I20260601 13:31:10.795996 16601 raft_consensus.cc:385] T 86e972f6f6a24ea195abc6cf4585391f P c8de6540771949a9b3ea7584a5fd3ca8 [term 0 FOLLOWER]: Consensus starting up: Expiring failure detector timer to make a prompt election more likely
I20260601 13:31:10.796048 16601 raft_consensus.cc:740] T 86e972f6f6a24ea195abc6cf4585391f P c8de6540771949a9b3ea7584a5fd3ca8 [term 0 FOLLOWER]: Becoming Follower/Learner. State: Replica: c8de6540771949a9b3ea7584a5fd3ca8, State: Initialized, Role: FOLLOWER
I20260601 13:31:10.796180 16600 raft_consensus.cc:359] T 2f36b125898643b9829b5130b35bc761 P 2267776ac25848dab0f80370984a4904 [term 0 FOLLOWER]: Replica starting. Triggering 0 pending ops. Active config: opid_index: -1 OBSOLETE_local: false peers { permanent_uuid: "b35b8b1f603d430ea2b51cb160769456" member_type: VOTER last_known_addr { host: "127.14.79.67" port: 46249 } } peers { permanent_uuid: "2267776ac25848dab0f80370984a4904" member_type: VOTER last_known_addr { host: "127.14.79.66" port: 39477 } } peers { permanent_uuid: "c8de6540771949a9b3ea7584a5fd3ca8" member_type: VOTER last_known_addr { host: "127.14.79.65" port: 42449 } }
I20260601 13:31:10.796303 16600 raft_consensus.cc:385] T 2f36b125898643b9829b5130b35bc761 P 2267776ac25848dab0f80370984a4904 [term 0 FOLLOWER]: Consensus starting up: Expiring failure detector timer to make a prompt election more likely
I20260601 13:31:10.796342 16600 raft_consensus.cc:740] T 2f36b125898643b9829b5130b35bc761 P 2267776ac25848dab0f80370984a4904 [term 0 FOLLOWER]: Becoming Follower/Learner. State: Replica: 2267776ac25848dab0f80370984a4904, State: Initialized, Role: FOLLOWER
I20260601 13:31:10.796371 16602 tablet_bootstrap.cc:492] T 86e972f6f6a24ea195abc6cf4585391f P b35b8b1f603d430ea2b51cb160769456: Bootstrap starting.
I20260601 13:31:10.796466 16600 consensus_queue.cc:260] T 2f36b125898643b9829b5130b35bc761 P 2267776ac25848dab0f80370984a4904 [NON_LEADER]: Queue going to NON_LEADER mode. State: All replicated index: 0, Majority replicated index: 0, Committed index: 0, Last appended: 0.0, Last appended by leader: 0, Current term: 0, Majority size: -1, State: 0, Mode: NON_LEADER, active raft config: opid_index: -1 OBSOLETE_local: false peers { permanent_uuid: "b35b8b1f603d430ea2b51cb160769456" member_type: VOTER last_known_addr { host: "127.14.79.67" port: 46249 } } peers { permanent_uuid: "2267776ac25848dab0f80370984a4904" member_type: VOTER last_known_addr { host: "127.14.79.66" port: 39477 } } peers { permanent_uuid: "c8de6540771949a9b3ea7584a5fd3ca8" member_type: VOTER last_known_addr { host: "127.14.79.65" port: 42449 } }
I20260601 13:31:10.796866 16600 ts_tablet_manager.cc:1434] T 2f36b125898643b9829b5130b35bc761 P 2267776ac25848dab0f80370984a4904: Time spent starting tablet: real 0.001s	user 0.001s	sys 0.000s
I20260601 13:31:10.797066 16600 tablet_bootstrap.cc:492] T 86e972f6f6a24ea195abc6cf4585391f P 2267776ac25848dab0f80370984a4904: Bootstrap starting.
I20260601 13:31:10.798260 16600 tablet_bootstrap.cc:654] T 86e972f6f6a24ea195abc6cf4585391f P 2267776ac25848dab0f80370984a4904: Neither blocks nor log segments found. Creating new log.
I20260601 13:31:10.798811 16602 tablet_bootstrap.cc:654] T 86e972f6f6a24ea195abc6cf4585391f P b35b8b1f603d430ea2b51cb160769456: Neither blocks nor log segments found. Creating new log.
I20260601 13:31:10.796196 16601 consensus_queue.cc:260] T 86e972f6f6a24ea195abc6cf4585391f P c8de6540771949a9b3ea7584a5fd3ca8 [NON_LEADER]: Queue going to NON_LEADER mode. State: All replicated index: 0, Majority replicated index: 0, Committed index: 0, Last appended: 0.0, Last appended by leader: 0, Current term: 0, Majority size: -1, State: 0, Mode: NON_LEADER, active raft config: opid_index: -1 OBSOLETE_local: false peers { permanent_uuid: "c8de6540771949a9b3ea7584a5fd3ca8" member_type: VOTER last_known_addr { host: "127.14.79.65" port: 42449 } } peers { permanent_uuid: "2267776ac25848dab0f80370984a4904" member_type: VOTER last_known_addr { host: "127.14.79.66" port: 39477 } } peers { permanent_uuid: "b35b8b1f603d430ea2b51cb160769456" member_type: VOTER last_known_addr { host: "127.14.79.67" port: 46249 } }
I20260601 13:31:10.799422 16601 ts_tablet_manager.cc:1434] T 86e972f6f6a24ea195abc6cf4585391f P c8de6540771949a9b3ea7584a5fd3ca8: Time spent starting tablet: real 0.004s	user 0.000s	sys 0.001s
I20260601 13:31:10.799589 16600 tablet_bootstrap.cc:492] T 86e972f6f6a24ea195abc6cf4585391f P 2267776ac25848dab0f80370984a4904: No bootstrap required, opened a new log
I20260601 13:31:10.799677 16601 tablet_bootstrap.cc:492] T 2f36b125898643b9829b5130b35bc761 P c8de6540771949a9b3ea7584a5fd3ca8: Bootstrap starting.
I20260601 13:31:10.799685 16600 ts_tablet_manager.cc:1403] T 86e972f6f6a24ea195abc6cf4585391f P 2267776ac25848dab0f80370984a4904: Time spent bootstrapping tablet: real 0.003s	user 0.002s	sys 0.000s
I20260601 13:31:10.800333 16600 raft_consensus.cc:359] T 86e972f6f6a24ea195abc6cf4585391f P 2267776ac25848dab0f80370984a4904 [term 0 FOLLOWER]: Replica starting. Triggering 0 pending ops. Active config: opid_index: -1 OBSOLETE_local: false peers { permanent_uuid: "c8de6540771949a9b3ea7584a5fd3ca8" member_type: VOTER last_known_addr { host: "127.14.79.65" port: 42449 } } peers { permanent_uuid: "2267776ac25848dab0f80370984a4904" member_type: VOTER last_known_addr { host: "127.14.79.66" port: 39477 } } peers { permanent_uuid: "b35b8b1f603d430ea2b51cb160769456" member_type: VOTER last_known_addr { host: "127.14.79.67" port: 46249 } }
I20260601 13:31:10.800452 16600 raft_consensus.cc:385] T 86e972f6f6a24ea195abc6cf4585391f P 2267776ac25848dab0f80370984a4904 [term 0 FOLLOWER]: Consensus starting up: Expiring failure detector timer to make a prompt election more likely
I20260601 13:31:10.800518 16600 raft_consensus.cc:740] T 86e972f6f6a24ea195abc6cf4585391f P 2267776ac25848dab0f80370984a4904 [term 0 FOLLOWER]: Becoming Follower/Learner. State: Replica: 2267776ac25848dab0f80370984a4904, State: Initialized, Role: FOLLOWER
I20260601 13:31:10.800671 16600 consensus_queue.cc:260] T 86e972f6f6a24ea195abc6cf4585391f P 2267776ac25848dab0f80370984a4904 [NON_LEADER]: Queue going to NON_LEADER mode. State: All replicated index: 0, Majority replicated index: 0, Committed index: 0, Last appended: 0.0, Last appended by leader: 0, Current term: 0, Majority size: -1, State: 0, Mode: NON_LEADER, active raft config: opid_index: -1 OBSOLETE_local: false peers { permanent_uuid: "c8de6540771949a9b3ea7584a5fd3ca8" member_type: VOTER last_known_addr { host: "127.14.79.65" port: 42449 } } peers { permanent_uuid: "2267776ac25848dab0f80370984a4904" member_type: VOTER last_known_addr { host: "127.14.79.66" port: 39477 } } peers { permanent_uuid: "b35b8b1f603d430ea2b51cb160769456" member_type: VOTER last_known_addr { host: "127.14.79.67" port: 46249 } }
I20260601 13:31:10.800905 16601 tablet_bootstrap.cc:654] T 2f36b125898643b9829b5130b35bc761 P c8de6540771949a9b3ea7584a5fd3ca8: Neither blocks nor log segments found. Creating new log.
I20260601 13:31:10.800999 16600 ts_tablet_manager.cc:1434] T 86e972f6f6a24ea195abc6cf4585391f P 2267776ac25848dab0f80370984a4904: Time spent starting tablet: real 0.001s	user 0.001s	sys 0.000s
I20260601 13:31:10.801403 16602 tablet_bootstrap.cc:492] T 86e972f6f6a24ea195abc6cf4585391f P b35b8b1f603d430ea2b51cb160769456: No bootstrap required, opened a new log
I20260601 13:31:10.801498 16602 ts_tablet_manager.cc:1403] T 86e972f6f6a24ea195abc6cf4585391f P b35b8b1f603d430ea2b51cb160769456: Time spent bootstrapping tablet: real 0.005s	user 0.000s	sys 0.002s
I20260601 13:31:10.802392 16601 tablet_bootstrap.cc:492] T 2f36b125898643b9829b5130b35bc761 P c8de6540771949a9b3ea7584a5fd3ca8: No bootstrap required, opened a new log
I20260601 13:31:10.802488 16601 ts_tablet_manager.cc:1403] T 2f36b125898643b9829b5130b35bc761 P c8de6540771949a9b3ea7584a5fd3ca8: Time spent bootstrapping tablet: real 0.003s	user 0.002s	sys 0.001s
I20260601 13:31:10.802845 16602 raft_consensus.cc:359] T 86e972f6f6a24ea195abc6cf4585391f P b35b8b1f603d430ea2b51cb160769456 [term 0 FOLLOWER]: Replica starting. Triggering 0 pending ops. Active config: opid_index: -1 OBSOLETE_local: false peers { permanent_uuid: "c8de6540771949a9b3ea7584a5fd3ca8" member_type: VOTER last_known_addr { host: "127.14.79.65" port: 42449 } } peers { permanent_uuid: "2267776ac25848dab0f80370984a4904" member_type: VOTER last_known_addr { host: "127.14.79.66" port: 39477 } } peers { permanent_uuid: "b35b8b1f603d430ea2b51cb160769456" member_type: VOTER last_known_addr { host: "127.14.79.67" port: 46249 } }
I20260601 13:31:10.802963 16602 raft_consensus.cc:385] T 86e972f6f6a24ea195abc6cf4585391f P b35b8b1f603d430ea2b51cb160769456 [term 0 FOLLOWER]: Consensus starting up: Expiring failure detector timer to make a prompt election more likely
I20260601 13:31:10.802925 16601 raft_consensus.cc:359] T 2f36b125898643b9829b5130b35bc761 P c8de6540771949a9b3ea7584a5fd3ca8 [term 0 FOLLOWER]: Replica starting. Triggering 0 pending ops. Active config: opid_index: -1 OBSOLETE_local: false peers { permanent_uuid: "b35b8b1f603d430ea2b51cb160769456" member_type: VOTER last_known_addr { host: "127.14.79.67" port: 46249 } } peers { permanent_uuid: "2267776ac25848dab0f80370984a4904" member_type: VOTER last_known_addr { host: "127.14.79.66" port: 39477 } } peers { permanent_uuid: "c8de6540771949a9b3ea7584a5fd3ca8" member_type: VOTER last_known_addr { host: "127.14.79.65" port: 42449 } }
I20260601 13:31:10.802999 16602 raft_consensus.cc:740] T 86e972f6f6a24ea195abc6cf4585391f P b35b8b1f603d430ea2b51cb160769456 [term 0 FOLLOWER]: Becoming Follower/Learner. State: Replica: b35b8b1f603d430ea2b51cb160769456, State: Initialized, Role: FOLLOWER
I20260601 13:31:10.803011 16601 raft_consensus.cc:385] T 2f36b125898643b9829b5130b35bc761 P c8de6540771949a9b3ea7584a5fd3ca8 [term 0 FOLLOWER]: Consensus starting up: Expiring failure detector timer to make a prompt election more likely
I20260601 13:31:10.803048 16601 raft_consensus.cc:740] T 2f36b125898643b9829b5130b35bc761 P c8de6540771949a9b3ea7584a5fd3ca8 [term 0 FOLLOWER]: Becoming Follower/Learner. State: Replica: c8de6540771949a9b3ea7584a5fd3ca8, State: Initialized, Role: FOLLOWER
I20260601 13:31:10.803155 16601 consensus_queue.cc:260] T 2f36b125898643b9829b5130b35bc761 P c8de6540771949a9b3ea7584a5fd3ca8 [NON_LEADER]: Queue going to NON_LEADER mode. State: All replicated index: 0, Majority replicated index: 0, Committed index: 0, Last appended: 0.0, Last appended by leader: 0, Current term: 0, Majority size: -1, State: 0, Mode: NON_LEADER, active raft config: opid_index: -1 OBSOLETE_local: false peers { permanent_uuid: "b35b8b1f603d430ea2b51cb160769456" member_type: VOTER last_known_addr { host: "127.14.79.67" port: 46249 } } peers { permanent_uuid: "2267776ac25848dab0f80370984a4904" member_type: VOTER last_known_addr { host: "127.14.79.66" port: 39477 } } peers { permanent_uuid: "c8de6540771949a9b3ea7584a5fd3ca8" member_type: VOTER last_known_addr { host: "127.14.79.65" port: 42449 } }
I20260601 13:31:10.803464 16601 ts_tablet_manager.cc:1434] T 2f36b125898643b9829b5130b35bc761 P c8de6540771949a9b3ea7584a5fd3ca8: Time spent starting tablet: real 0.001s	user 0.000s	sys 0.000s
