I20260601 13:31:01.012588 26191 data_dirs.cc:400] Could only allocate 1 dirs of requested 3 for tablet 00000000000000000000000000000000. 1 dirs total, 0 dirs full, 0 dirs failed
W20260601 13:31:01.014110 26194 instance_detector.cc:116] could not retrieve Azure instance metadata: Network error: curl error: HTTP response code said error: The requested URL returned error: 404
W20260601 13:31:01.014176 26193 instance_detector.cc:116] could not retrieve AWS instance metadata: Network error: curl error: HTTP response code said error: The requested URL returned error: 404
I20260601 13:31:01.014253 26191 sys_catalog.cc:422] member_type: VOTER last_known_addr { host: "127.24.110.126" port: 39597 } has no permanent_uuid. Determining permanent_uuid...
W20260601 13:31:01.014421 26196 instance_detector.cc:116] could not retrieve OpenStack instance metadata: Network error: curl error: HTTP response code said error: The requested URL returned error: 404
I20260601 13:31:01.014539 25017 server_base.cc:1061] running on GCE node
I20260601 13:31:01.014684 25017 hybrid_clock.cc:584] initializing the hybrid clock with 'system_unsync' time source
W20260601 13:31:01.014741 25017 system_unsync_time.cc:38] NTP support is disabled. Clock error bounds will not be accurate. This configuration is not suitable for distributed clusters.
I20260601 13:31:01.014799 25017 hybrid_clock.cc:648] HybridClock initialized: now 1780320661014799 us; error 0 us; skew 500 ppm
I20260601 13:31:01.015440 26125 consensus_peers.cc:770] Retrying to get permanent uuid for remote peer: member_type: VOTER last_known_addr { host: "127.24.110.125" port: 36625 } attempt: 1
I20260601 13:31:01.015739 25017 webserver.cc:533] Webserver started at http://127.24.110.124:34471/ using document root <none> and password file <none>
I20260601 13:31:01.015937 25017 fs_manager.cc:362] Metadata directory not provided
I20260601 13:31:01.016036 25017 fs_manager.cc:368] Using write-ahead log directory (fs_wal_dir) as metadata directory
I20260601 13:31:01.016140 25017 server_base.cc:909] This appears to be a new deployment of Kudu; creating new FS layout
I20260601 13:31:01.016563 25017 fs_manager.cc:1068] Generated new instance metadata in path /tmp/dist-test-taskSon71P/test-tmp/auto_rebalancer-test.0.AutoRebalancerTest.NextLeaderResumesAutoRebalancing.1780320651114319-25017-0/minicluster-data/master-2-root/instance:
uuid: "114aa8d171194a59bbc5c3977e266585"
format_stamp: "Formatted at 2026-06-01 13:31:01 on dist-test-slave-3f7g"
I20260601 13:31:01.018352 25017 fs_manager.cc:696] Time spent creating directory manager: real 0.002s	user 0.002s	sys 0.000s
I20260601 13:31:01.019399 26191 sys_catalog.cc:422] member_type: VOTER last_known_addr { host: "127.24.110.125" port: 36625 } has no permanent_uuid. Determining permanent_uuid...
I20260601 13:31:01.019570 26203 log_block_manager.cc:4031] Time spent loading block containers with low live blocks: real 0.000s	user 0.000s	sys 0.000s
I20260601 13:31:01.019860 25017 fs_manager.cc:730] Time spent opening block manager: real 0.001s	user 0.001s	sys 0.000s
I20260601 13:31:01.019960 25017 fs_manager.cc:647] Opened local filesystem: /tmp/dist-test-taskSon71P/test-tmp/auto_rebalancer-test.0.AutoRebalancerTest.NextLeaderResumesAutoRebalancing.1780320651114319-25017-0/minicluster-data/master-2-root
uuid: "114aa8d171194a59bbc5c3977e266585"
format_stamp: "Formatted at 2026-06-01 13:31:01 on dist-test-slave-3f7g"
I20260601 13:31:01.020061 25017 fs_report.cc:389] FS layout report
--------------------
wal directory: /tmp/dist-test-taskSon71P/test-tmp/auto_rebalancer-test.0.AutoRebalancerTest.NextLeaderResumesAutoRebalancing.1780320651114319-25017-0/minicluster-data/master-2-root
metadata directory: /tmp/dist-test-taskSon71P/test-tmp/auto_rebalancer-test.0.AutoRebalancerTest.NextLeaderResumesAutoRebalancing.1780320651114319-25017-0/minicluster-data/master-2-root
1 data directories: /tmp/dist-test-taskSon71P/test-tmp/auto_rebalancer-test.0.AutoRebalancerTest.NextLeaderResumesAutoRebalancing.1780320651114319-25017-0/minicluster-data/master-2-root/data
Total live blocks: 0
Total live bytes: 0
Total live bytes (after alignment): 0
Total number of LBM containers: 0 (0 full)
Did not check for missing blocks
Did not check for orphaned blocks
Total full LBM containers with extra space: 0 (0 repaired)
Total full LBM container extra space in bytes: 0 (0 repaired)
Total incomplete LBM containers: 0 (0 repaired)
Total LBM partial records: 0 (0 repaired)
Total corrupted LBM metadata records in RocksDB: 0 (0 repaired)
I20260601 13:31:01.020457 26125 sys_catalog.cc:422] member_type: VOTER last_known_addr { host: "127.24.110.124" port: 35589 } has no permanent_uuid. Determining permanent_uuid...
W20260601 13:31:01.021574 26125 consensus_peers.cc:760] Error getting permanent uuid from config peer 127.24.110.124:35589: Network error: Client connection negotiation failed: client connection to 127.24.110.124:35589: connect: Connection refused (error 111)
I20260601 13:31:01.023514 26191 sys_catalog.cc:422] member_type: VOTER last_known_addr { host: "127.24.110.124" port: 35589 } has no permanent_uuid. Determining permanent_uuid...
W20260601 13:31:01.024677 26191 consensus_peers.cc:760] Error getting permanent uuid from config peer 127.24.110.124:35589: Network error: Client connection negotiation failed: client connection to 127.24.110.124:35589: connect: Connection refused (error 111)
I20260601 13:31:01.036749 25017 rpc_server.cc:225] running with OpenSSL 1.1.1  11 Sep 2018
I20260601 13:31:01.037119 25017 kserver.cc:163] Server-wide thread pool size limit: 3276
I20260601 13:31:01.041097 25017 rpc_server.cc:307] RPC server started. Bound to: 127.24.110.124:35589
I20260601 13:31:01.041121 26256 acceptor_pool.cc:272] collecting diagnostics on the listening RPC socket 127.24.110.124:35589 every 8 connection(s)
I20260601 13:31:01.041554 25017 internal_mini_cluster.cc:184] Waiting to initialize catalog manager on master 0
I20260601 13:31:01.041944 26257 data_dirs.cc:400] Could only allocate 1 dirs of requested 3 for tablet 00000000000000000000000000000000. 1 dirs total, 0 dirs full, 0 dirs failed
I20260601 13:31:01.042958 26257 sys_catalog.cc:422] member_type: VOTER last_known_addr { host: "127.24.110.126" port: 39597 } has no permanent_uuid. Determining permanent_uuid...
I20260601 13:31:01.046697 26257 sys_catalog.cc:422] member_type: VOTER last_known_addr { host: "127.24.110.125" port: 36625 } has no permanent_uuid. Determining permanent_uuid...
I20260601 13:31:01.050035 26257 sys_catalog.cc:422] member_type: VOTER last_known_addr { host: "127.24.110.124" port: 35589 } has no permanent_uuid. Determining permanent_uuid...
I20260601 13:31:01.056296 26257 tablet_bootstrap.cc:492] T 00000000000000000000000000000000 P 114aa8d171194a59bbc5c3977e266585: Bootstrap starting.
I20260601 13:31:01.057325 26257 tablet_bootstrap.cc:654] T 00000000000000000000000000000000 P 114aa8d171194a59bbc5c3977e266585: Neither blocks nor log segments found. Creating new log.
I20260601 13:31:01.058561 26257 tablet_bootstrap.cc:492] T 00000000000000000000000000000000 P 114aa8d171194a59bbc5c3977e266585: No bootstrap required, opened a new log
I20260601 13:31:01.058960 26257 raft_consensus.cc:359] T 00000000000000000000000000000000 P 114aa8d171194a59bbc5c3977e266585 [term 0 FOLLOWER]: Replica starting. Triggering 0 pending ops. Active config: opid_index: -1 OBSOLETE_local: false peers { permanent_uuid: "46c8f5d1b98e441fb7ace22ca03cf66f" member_type: VOTER last_known_addr { host: "127.24.110.126" port: 39597 } } peers { permanent_uuid: "32da312146374f7692b2274c23f0ab91" member_type: VOTER last_known_addr { host: "127.24.110.125" port: 36625 } } peers { permanent_uuid: "114aa8d171194a59bbc5c3977e266585" member_type: VOTER last_known_addr { host: "127.24.110.124" port: 35589 } }
I20260601 13:31:01.059089 26257 raft_consensus.cc:385] T 00000000000000000000000000000000 P 114aa8d171194a59bbc5c3977e266585 [term 0 FOLLOWER]: Consensus starting up: Expiring failure detector timer to make a prompt election more likely
I20260601 13:31:01.059137 26257 raft_consensus.cc:740] T 00000000000000000000000000000000 P 114aa8d171194a59bbc5c3977e266585 [term 0 FOLLOWER]: Becoming Follower/Learner. State: Replica: 114aa8d171194a59bbc5c3977e266585, State: Initialized, Role: FOLLOWER
I20260601 13:31:01.059275 26257 consensus_queue.cc:260] T 00000000000000000000000000000000 P 114aa8d171194a59bbc5c3977e266585 [NON_LEADER]: Queue going to NON_LEADER mode. State: All replicated index: 0, Majority replicated index: 0, Committed index: 0, Last appended: 0.0, Last appended by leader: 0, Current term: 0, Majority size: -1, State: 0, Mode: NON_LEADER, active raft config: opid_index: -1 OBSOLETE_local: false peers { permanent_uuid: "46c8f5d1b98e441fb7ace22ca03cf66f" member_type: VOTER last_known_addr { host: "127.24.110.126" port: 39597 } } peers { permanent_uuid: "32da312146374f7692b2274c23f0ab91" member_type: VOTER last_known_addr { host: "127.24.110.125" port: 36625 } } peers { permanent_uuid: "114aa8d171194a59bbc5c3977e266585" member_type: VOTER last_known_addr { host: "127.24.110.124" port: 35589 } }
I20260601 13:31:01.059659 26262 sys_catalog.cc:455] T 00000000000000000000000000000000 P 114aa8d171194a59bbc5c3977e266585 [sys.catalog]: SysCatalogTable state changed. Reason: RaftConsensus started. Latest consensus state: current_term: 0 committed_config { opid_index: -1 OBSOLETE_local: false peers { permanent_uuid: "46c8f5d1b98e441fb7ace22ca03cf66f" member_type: VOTER last_known_addr { host: "127.24.110.126" port: 39597 } } peers { permanent_uuid: "32da312146374f7692b2274c23f0ab91" member_type: VOTER last_known_addr { host: "127.24.110.125" port: 36625 } } peers { permanent_uuid: "114aa8d171194a59bbc5c3977e266585" member_type: VOTER last_known_addr { host: "127.24.110.124" port: 35589 } } }
I20260601 13:31:01.059854 26262 sys_catalog.cc:458] T 00000000000000000000000000000000 P 114aa8d171194a59bbc5c3977e266585 [sys.catalog]: This master's current role is: FOLLOWER
I20260601 13:31:01.060035 26257 sys_catalog.cc:565] T 00000000000000000000000000000000 P 114aa8d171194a59bbc5c3977e266585 [sys.catalog]: configured and running, proceeding with master startup.
W20260601 13:31:01.062053 26273 catalog_manager.cc:1593] T 00000000000000000000000000000000 P 114aa8d171194a59bbc5c3977e266585: loading cluster ID for follower catalog manager: Not found: cluster ID entry not found
W20260601 13:31:01.062110 26273 catalog_manager.cc:883] Not found: cluster ID entry not found: failed to prepare follower catalog manager, will retry
I20260601 13:31:01.081893 26191 consensus_peers.cc:770] Retrying to get permanent uuid for remote peer: member_type: VOTER last_known_addr { host: "127.24.110.124" port: 35589 } attempt: 1
I20260601 13:31:01.083750 26125 consensus_peers.cc:770] Retrying to get permanent uuid for remote peer: member_type: VOTER last_known_addr { host: "127.24.110.124" port: 35589 } attempt: 1
I20260601 13:31:01.088089 26191 tablet_bootstrap.cc:492] T 00000000000000000000000000000000 P 32da312146374f7692b2274c23f0ab91: Bootstrap starting.
I20260601 13:31:01.088721 26125 tablet_bootstrap.cc:492] T 00000000000000000000000000000000 P 46c8f5d1b98e441fb7ace22ca03cf66f: Bootstrap starting.
I20260601 13:31:01.089033 26191 tablet_bootstrap.cc:654] T 00000000000000000000000000000000 P 32da312146374f7692b2274c23f0ab91: Neither blocks nor log segments found. Creating new log.
I20260601 13:31:01.089514 26125 tablet_bootstrap.cc:654] T 00000000000000000000000000000000 P 46c8f5d1b98e441fb7ace22ca03cf66f: Neither blocks nor log segments found. Creating new log.
I20260601 13:31:01.090143 26191 tablet_bootstrap.cc:492] T 00000000000000000000000000000000 P 32da312146374f7692b2274c23f0ab91: No bootstrap required, opened a new log
I20260601 13:31:01.090602 26125 tablet_bootstrap.cc:492] T 00000000000000000000000000000000 P 46c8f5d1b98e441fb7ace22ca03cf66f: No bootstrap required, opened a new log
I20260601 13:31:01.090571 26191 raft_consensus.cc:359] T 00000000000000000000000000000000 P 32da312146374f7692b2274c23f0ab91 [term 0 FOLLOWER]: Replica starting. Triggering 0 pending ops. Active config: opid_index: -1 OBSOLETE_local: false peers { permanent_uuid: "46c8f5d1b98e441fb7ace22ca03cf66f" member_type: VOTER last_known_addr { host: "127.24.110.126" port: 39597 } } peers { permanent_uuid: "32da312146374f7692b2274c23f0ab91" member_type: VOTER last_known_addr { host: "127.24.110.125" port: 36625 } } peers { permanent_uuid: "114aa8d171194a59bbc5c3977e266585" member_type: VOTER last_known_addr { host: "127.24.110.124" port: 35589 } }
I20260601 13:31:01.090691 26191 raft_consensus.cc:385] T 00000000000000000000000000000000 P 32da312146374f7692b2274c23f0ab91 [term 0 FOLLOWER]: Consensus starting up: Expiring failure detector timer to make a prompt election more likely
I20260601 13:31:01.090758 26191 raft_consensus.cc:740] T 00000000000000000000000000000000 P 32da312146374f7692b2274c23f0ab91 [term 0 FOLLOWER]: Becoming Follower/Learner. State: Replica: 32da312146374f7692b2274c23f0ab91, State: Initialized, Role: FOLLOWER
I20260601 13:31:01.090924 26191 consensus_queue.cc:260] T 00000000000000000000000000000000 P 32da312146374f7692b2274c23f0ab91 [NON_LEADER]: Queue going to NON_LEADER mode. State: All replicated index: 0, Majority replicated index: 0, Committed index: 0, Last appended: 0.0, Last appended by leader: 0, Current term: 0, Majority size: -1, State: 0, Mode: NON_LEADER, active raft config: opid_index: -1 OBSOLETE_local: false peers { permanent_uuid: "46c8f5d1b98e441fb7ace22ca03cf66f" member_type: VOTER last_known_addr { host: "127.24.110.126" port: 39597 } } peers { permanent_uuid: "32da312146374f7692b2274c23f0ab91" member_type: VOTER last_known_addr { host: "127.24.110.125" port: 36625 } } peers { permanent_uuid: "114aa8d171194a59bbc5c3977e266585" member_type: VOTER last_known_addr { host: "127.24.110.124" port: 35589 } }
I20260601 13:31:01.091099 26125 raft_consensus.cc:359] T 00000000000000000000000000000000 P 46c8f5d1b98e441fb7ace22ca03cf66f [term 0 FOLLOWER]: Replica starting. Triggering 0 pending ops. Active config: opid_index: -1 OBSOLETE_local: false peers { permanent_uuid: "46c8f5d1b98e441fb7ace22ca03cf66f" member_type: VOTER last_known_addr { host: "127.24.110.126" port: 39597 } } peers { permanent_uuid: "32da312146374f7692b2274c23f0ab91" member_type: VOTER last_known_addr { host: "127.24.110.125" port: 36625 } } peers { permanent_uuid: "114aa8d171194a59bbc5c3977e266585" member_type: VOTER last_known_addr { host: "127.24.110.124" port: 35589 } }
I20260601 13:31:01.091218 26125 raft_consensus.cc:385] T 00000000000000000000000000000000 P 46c8f5d1b98e441fb7ace22ca03cf66f [term 0 FOLLOWER]: Consensus starting up: Expiring failure detector timer to make a prompt election more likely
I20260601 13:31:01.091269 26125 raft_consensus.cc:740] T 00000000000000000000000000000000 P 46c8f5d1b98e441fb7ace22ca03cf66f [term 0 FOLLOWER]: Becoming Follower/Learner. State: Replica: 46c8f5d1b98e441fb7ace22ca03cf66f, State: Initialized, Role: FOLLOWER
I20260601 13:31:01.091269 26277 sys_catalog.cc:455] T 00000000000000000000000000000000 P 32da312146374f7692b2274c23f0ab91 [sys.catalog]: SysCatalogTable state changed. Reason: RaftConsensus started. Latest consensus state: current_term: 0 committed_config { opid_index: -1 OBSOLETE_local: false peers { permanent_uuid: "46c8f5d1b98e441fb7ace22ca03cf66f" member_type: VOTER last_known_addr { host: "127.24.110.126" port: 39597 } } peers { permanent_uuid: "32da312146374f7692b2274c23f0ab91" member_type: VOTER last_known_addr { host: "127.24.110.125" port: 36625 } } peers { permanent_uuid: "114aa8d171194a59bbc5c3977e266585" member_type: VOTER last_known_addr { host: "127.24.110.124" port: 35589 } } }
I20260601 13:31:01.091442 26277 sys_catalog.cc:458] T 00000000000000000000000000000000 P 32da312146374f7692b2274c23f0ab91 [sys.catalog]: This master's current role is: FOLLOWER
I20260601 13:31:01.091413 26125 consensus_queue.cc:260] T 00000000000000000000000000000000 P 46c8f5d1b98e441fb7ace22ca03cf66f [NON_LEADER]: Queue going to NON_LEADER mode. State: All replicated index: 0, Majority replicated index: 0, Committed index: 0, Last appended: 0.0, Last appended by leader: 0, Current term: 0, Majority size: -1, State: 0, Mode: NON_LEADER, active raft config: opid_index: -1 OBSOLETE_local: false peers { permanent_uuid: "46c8f5d1b98e441fb7ace22ca03cf66f" member_type: VOTER last_known_addr { host: "127.24.110.126" port: 39597 } } peers { permanent_uuid: "32da312146374f7692b2274c23f0ab91" member_type: VOTER last_known_addr { host: "127.24.110.125" port: 36625 } } peers { permanent_uuid: "114aa8d171194a59bbc5c3977e266585" member_type: VOTER last_known_addr { host: "127.24.110.124" port: 35589 } }
I20260601 13:31:01.091480 26191 sys_catalog.cc:565] T 00000000000000000000000000000000 P 32da312146374f7692b2274c23f0ab91 [sys.catalog]: configured and running, proceeding with master startup.
I20260601 13:31:01.091790 26278 sys_catalog.cc:455] T 00000000000000000000000000000000 P 46c8f5d1b98e441fb7ace22ca03cf66f [sys.catalog]: SysCatalogTable state changed. Reason: RaftConsensus started. Latest consensus state: current_term: 0 committed_config { opid_index: -1 OBSOLETE_local: false peers { permanent_uuid: "46c8f5d1b98e441fb7ace22ca03cf66f" member_type: VOTER last_known_addr { host: "127.24.110.126" port: 39597 } } peers { permanent_uuid: "32da312146374f7692b2274c23f0ab91" member_type: VOTER last_known_addr { host: "127.24.110.125" port: 36625 } } peers { permanent_uuid: "114aa8d171194a59bbc5c3977e266585" member_type: VOTER last_known_addr { host: "127.24.110.124" port: 35589 } } }
I20260601 13:31:01.091885 26278 sys_catalog.cc:458] T 00000000000000000000000000000000 P 46c8f5d1b98e441fb7ace22ca03cf66f [sys.catalog]: This master's current role is: FOLLOWER
I20260601 13:31:01.091979 26125 sys_catalog.cc:565] T 00000000000000000000000000000000 P 46c8f5d1b98e441fb7ace22ca03cf66f [sys.catalog]: configured and running, proceeding with master startup.
I20260601 13:31:01.093799 25017 internal_mini_cluster.cc:184] Waiting to initialize catalog manager on master 1
I20260601 13:31:01.093858 25017 internal_mini_cluster.cc:184] Waiting to initialize catalog manager on master 2
W20260601 13:31:01.094131 26297 catalog_manager.cc:1593] T 00000000000000000000000000000000 P 32da312146374f7692b2274c23f0ab91: loading cluster ID for follower catalog manager: Not found: cluster ID entry not found
W20260601 13:31:01.094202 26297 catalog_manager.cc:883] Not found: cluster ID entry not found: failed to prepare follower catalog manager, will retry
W20260601 13:31:01.094295 26300 catalog_manager.cc:1593] T 00000000000000000000000000000000 P 46c8f5d1b98e441fb7ace22ca03cf66f: loading cluster ID for follower catalog manager: Not found: cluster ID entry not found
I20260601 13:31:01.094327 25017 file_cache.cc:492] Constructed file cache file cache with capacity 419430
W20260601 13:31:01.094393 26300 catalog_manager.cc:883] Not found: cluster ID entry not found: failed to prepare follower catalog manager, will retry
W20260601 13:31:01.096195 26301 instance_detector.cc:116] could not retrieve AWS instance metadata: Network error: curl error: HTTP response code said error: The requested URL returned error: 404
W20260601 13:31:01.096215 26302 instance_detector.cc:116] could not retrieve Azure instance metadata: Network error: curl error: HTTP response code said error: The requested URL returned error: 404
I20260601 13:31:01.096422 25017 server_base.cc:1061] running on GCE node
W20260601 13:31:01.096464 26304 instance_detector.cc:116] could not retrieve OpenStack instance metadata: Network error: curl error: HTTP response code said error: The requested URL returned error: 404
I20260601 13:31:01.096678 25017 hybrid_clock.cc:584] initializing the hybrid clock with 'system_unsync' time source
W20260601 13:31:01.096736 25017 system_unsync_time.cc:38] NTP support is disabled. Clock error bounds will not be accurate. This configuration is not suitable for distributed clusters.
I20260601 13:31:01.096771 25017 hybrid_clock.cc:648] HybridClock initialized: now 1780320661096770 us; error 0 us; skew 500 ppm
I20260601 13:31:01.097705 25017 webserver.cc:533] Webserver started at http://127.24.110.65:33283/ using document root <none> and password file <none>
I20260601 13:31:01.097877 25017 fs_manager.cc:362] Metadata directory not provided
I20260601 13:31:01.097945 25017 fs_manager.cc:368] Using write-ahead log directory (fs_wal_dir) as metadata directory
I20260601 13:31:01.098022 25017 server_base.cc:909] This appears to be a new deployment of Kudu; creating new FS layout
I20260601 13:31:01.098424 25017 fs_manager.cc:1068] Generated new instance metadata in path /tmp/dist-test-taskSon71P/test-tmp/auto_rebalancer-test.0.AutoRebalancerTest.NextLeaderResumesAutoRebalancing.1780320651114319-25017-0/minicluster-data/ts-0-root/instance:
uuid: "26528111b50e4216a524e41604519a2f"
format_stamp: "Formatted at 2026-06-01 13:31:01 on dist-test-slave-3f7g"
I20260601 13:31:01.099900 25017 fs_manager.cc:696] Time spent creating directory manager: real 0.001s	user 0.002s	sys 0.000s
I20260601 13:31:01.100750 26309 log_block_manager.cc:4031] Time spent loading block containers with low live blocks: real 0.000s	user 0.000s	sys 0.000s
I20260601 13:31:01.100993 25017 fs_manager.cc:730] Time spent opening block manager: real 0.001s	user 0.001s	sys 0.000s
I20260601 13:31:01.101074 25017 fs_manager.cc:647] Opened local filesystem: /tmp/dist-test-taskSon71P/test-tmp/auto_rebalancer-test.0.AutoRebalancerTest.NextLeaderResumesAutoRebalancing.1780320651114319-25017-0/minicluster-data/ts-0-root
uuid: "26528111b50e4216a524e41604519a2f"
format_stamp: "Formatted at 2026-06-01 13:31:01 on dist-test-slave-3f7g"
I20260601 13:31:01.101140 25017 fs_report.cc:389] FS layout report
--------------------
wal directory: /tmp/dist-test-taskSon71P/test-tmp/auto_rebalancer-test.0.AutoRebalancerTest.NextLeaderResumesAutoRebalancing.1780320651114319-25017-0/minicluster-data/ts-0-root
metadata directory: /tmp/dist-test-taskSon71P/test-tmp/auto_rebalancer-test.0.AutoRebalancerTest.NextLeaderResumesAutoRebalancing.1780320651114319-25017-0/minicluster-data/ts-0-root
1 data directories: /tmp/dist-test-taskSon71P/test-tmp/auto_rebalancer-test.0.AutoRebalancerTest.NextLeaderResumesAutoRebalancing.1780320651114319-25017-0/minicluster-data/ts-0-root/data
Total live blocks: 0
Total live bytes: 0
Total live bytes (after alignment): 0
Total number of LBM containers: 0 (0 full)
Did not check for missing blocks
Did not check for orphaned blocks
Total full LBM containers with extra space: 0 (0 repaired)
Total full LBM container extra space in bytes: 0 (0 repaired)
Total incomplete LBM containers: 0 (0 repaired)
Total LBM partial records: 0 (0 repaired)
Total corrupted LBM metadata records in RocksDB: 0 (0 repaired)
I20260601 13:31:01.122053 25017 rpc_server.cc:225] running with OpenSSL 1.1.1  11 Sep 2018
I20260601 13:31:01.122534 25017 kserver.cc:163] Server-wide thread pool size limit: 3276
I20260601 13:31:01.122880 25017 txn_system_client.cc:432] TxnSystemClient initialization is disabled...
I20260601 13:31:01.123373 25017 ts_tablet_manager.cc:585] Loaded tablet metadata (0 total tablets, 0 live tablets)
I20260601 13:31:01.123435 25017 ts_tablet_manager.cc:531] Time spent load tablet metadata: real 0.000s	user 0.000s	sys 0.000s
I20260601 13:31:01.123492 25017 ts_tablet_manager.cc:616] Registered 0 tablets
I20260601 13:31:01.123549 25017 ts_tablet_manager.cc:595] Time spent register tablets: real 0.000s	user 0.000s	sys 0.000s
I20260601 13:31:01.128346 25017 rpc_server.cc:307] RPC server started. Bound to: 127.24.110.65:38795
I20260601 13:31:01.128378 26372 acceptor_pool.cc:272] collecting diagnostics on the listening RPC socket 127.24.110.65:38795 every 8 connection(s)
I20260601 13:31:01.129382 25017 file_cache.cc:492] Constructed file cache file cache with capacity 419430
W20260601 13:31:01.131920 26381 instance_detector.cc:116] could not retrieve Azure instance metadata: Network error: curl error: HTTP response code said error: The requested URL returned error: 404
I20260601 13:31:01.132263 25017 server_base.cc:1061] running on GCE node
W20260601 13:31:01.132170 26380 instance_detector.cc:116] could not retrieve AWS instance metadata: Network error: curl error: HTTP response code said error: The requested URL returned error: 404
W20260601 13:31:01.133062 26383 instance_detector.cc:116] could not retrieve OpenStack instance metadata: Network error: curl error: HTTP response code said error: The requested URL returned error: 404
I20260601 13:31:01.133309 25017 hybrid_clock.cc:584] initializing the hybrid clock with 'system_unsync' time source
W20260601 13:31:01.133368 25017 system_unsync_time.cc:38] NTP support is disabled. Clock error bounds will not be accurate. This configuration is not suitable for distributed clusters.
I20260601 13:31:01.133394 25017 hybrid_clock.cc:648] HybridClock initialized: now 1780320661133392 us; error 0 us; skew 500 ppm
I20260601 13:31:01.134367 25017 webserver.cc:533] Webserver started at http://127.24.110.66:38897/ using document root <none> and password file <none>
I20260601 13:31:01.134650 26373 heartbeater.cc:344] Connected to a master server at 127.24.110.124:35589
I20260601 13:31:01.134665 25017 fs_manager.cc:362] Metadata directory not provided
I20260601 13:31:01.134765 25017 fs_manager.cc:368] Using write-ahead log directory (fs_wal_dir) as metadata directory
I20260601 13:31:01.134770 26373 heartbeater.cc:461] Registering TS with master...
I20260601 13:31:01.134915 26375 heartbeater.cc:344] Connected to a master server at 127.24.110.125:36625
I20260601 13:31:01.134812 26374 heartbeater.cc:344] Connected to a master server at 127.24.110.126:39597
I20260601 13:31:01.134876 25017 server_base.cc:909] This appears to be a new deployment of Kudu; creating new FS layout
I20260601 13:31:01.135063 26375 heartbeater.cc:461] Registering TS with master...
I20260601 13:31:01.135083 26374 heartbeater.cc:461] Registering TS with master...
I20260601 13:31:01.135053 26373 heartbeater.cc:507] Master 127.24.110.124:35589 requested a full tablet report, sending...
I20260601 13:31:01.135327 26374 heartbeater.cc:507] Master 127.24.110.126:39597 requested a full tablet report, sending...
I20260601 13:31:01.135325 26375 heartbeater.cc:507] Master 127.24.110.125:36625 requested a full tablet report, sending...
I20260601 13:31:01.135572 25017 fs_manager.cc:1068] Generated new instance metadata in path /tmp/dist-test-taskSon71P/test-tmp/auto_rebalancer-test.0.AutoRebalancerTest.NextLeaderResumesAutoRebalancing.1780320651114319-25017-0/minicluster-data/ts-1-root/instance:
uuid: "709fd67555274b70a4c744c5736ea77d"
format_stamp: "Formatted at 2026-06-01 13:31:01 on dist-test-slave-3f7g"
I20260601 13:31:01.136149 26089 ts_manager.cc:194] Registered new tserver with Master: 26528111b50e4216a524e41604519a2f (127.24.110.65:38795)
I20260601 13:31:01.136178 26155 ts_manager.cc:194] Registered new tserver with Master: 26528111b50e4216a524e41604519a2f (127.24.110.65:38795)
I20260601 13:31:01.136178 26221 ts_manager.cc:194] Registered new tserver with Master: 26528111b50e4216a524e41604519a2f (127.24.110.65:38795)
I20260601 13:31:01.137318 25017 fs_manager.cc:696] Time spent creating directory manager: real 0.001s	user 0.000s	sys 0.001s
I20260601 13:31:01.138243 26388 log_block_manager.cc:4031] Time spent loading block containers with low live blocks: real 0.000s	user 0.000s	sys 0.000s
I20260601 13:31:01.138506 25017 fs_manager.cc:730] Time spent opening block manager: real 0.001s	user 0.000s	sys 0.001s
I20260601 13:31:01.138595 25017 fs_manager.cc:647] Opened local filesystem: /tmp/dist-test-taskSon71P/test-tmp/auto_rebalancer-test.0.AutoRebalancerTest.NextLeaderResumesAutoRebalancing.1780320651114319-25017-0/minicluster-data/ts-1-root
uuid: "709fd67555274b70a4c744c5736ea77d"
format_stamp: "Formatted at 2026-06-01 13:31:01 on dist-test-slave-3f7g"
I20260601 13:31:01.138679 25017 fs_report.cc:389] FS layout report
--------------------
wal directory: /tmp/dist-test-taskSon71P/test-tmp/auto_rebalancer-test.0.AutoRebalancerTest.NextLeaderResumesAutoRebalancing.1780320651114319-25017-0/minicluster-data/ts-1-root
metadata directory: /tmp/dist-test-taskSon71P/test-tmp/auto_rebalancer-test.0.AutoRebalancerTest.NextLeaderResumesAutoRebalancing.1780320651114319-25017-0/minicluster-data/ts-1-root
1 data directories: /tmp/dist-test-taskSon71P/test-tmp/auto_rebalancer-test.0.AutoRebalancerTest.NextLeaderResumesAutoRebalancing.1780320651114319-25017-0/minicluster-data/ts-1-root/data
Total live blocks: 0
Total live bytes: 0
Total live bytes (after alignment): 0
Total number of LBM containers: 0 (0 full)
Did not check for missing blocks
Did not check for orphaned blocks
Total full LBM containers with extra space: 0 (0 repaired)
Total full LBM container extra space in bytes: 0 (0 repaired)
Total incomplete LBM containers: 0 (0 repaired)
Total LBM partial records: 0 (0 repaired)
Total corrupted LBM metadata records in RocksDB: 0 (0 repaired)
I20260601 13:31:01.147894 25017 rpc_server.cc:225] running with OpenSSL 1.1.1  11 Sep 2018
I20260601 13:31:01.148303 25017 kserver.cc:163] Server-wide thread pool size limit: 3276
I20260601 13:31:01.148622 25017 txn_system_client.cc:432] TxnSystemClient initialization is disabled...
I20260601 13:31:01.149089 25017 ts_tablet_manager.cc:585] Loaded tablet metadata (0 total tablets, 0 live tablets)
I20260601 13:31:01.149150 25017 ts_tablet_manager.cc:531] Time spent load tablet metadata: real 0.000s	user 0.000s	sys 0.000s
I20260601 13:31:01.149206 25017 ts_tablet_manager.cc:616] Registered 0 tablets
I20260601 13:31:01.149240 25017 ts_tablet_manager.cc:595] Time spent register tablets: real 0.000s	user 0.000s	sys 0.000s
I20260601 13:31:01.153858 25017 rpc_server.cc:307] RPC server started. Bound to: 127.24.110.66:33727
I20260601 13:31:01.153915 26451 acceptor_pool.cc:272] collecting diagnostics on the listening RPC socket 127.24.110.66:33727 every 8 connection(s)
I20260601 13:31:01.154871 25017 file_cache.cc:492] Constructed file cache file cache with capacity 419430
W20260601 13:31:01.159088 26460 instance_detector.cc:116] could not retrieve Azure instance metadata: Network error: curl error: HTTP response code said error: The requested URL returned error: 404
I20260601 13:31:01.159377 26453 heartbeater.cc:344] Connected to a master server at 127.24.110.126:39597
I20260601 13:31:01.159471 26453 heartbeater.cc:461] Registering TS with master...
I20260601 13:31:01.159579 26454 heartbeater.cc:344] Connected to a master server at 127.24.110.125:36625
I20260601 13:31:01.159654 26454 heartbeater.cc:461] Registering TS with master...
I20260601 13:31:01.159785 26452 heartbeater.cc:344] Connected to a master server at 127.24.110.124:35589
I20260601 13:31:01.159839 26453 heartbeater.cc:507] Master 127.24.110.126:39597 requested a full tablet report, sending...
I20260601 13:31:01.159912 26452 heartbeater.cc:461] Registering TS with master...
I20260601 13:31:01.159981 26454 heartbeater.cc:507] Master 127.24.110.125:36625 requested a full tablet report, sending...
I20260601 13:31:01.160070 26452 heartbeater.cc:507] Master 127.24.110.124:35589 requested a full tablet report, sending...
W20260601 13:31:01.159471 26462 instance_detector.cc:116] could not retrieve OpenStack instance metadata: Network error: curl error: HTTP response code said error: The requested URL returned error: 404
W20260601 13:31:01.160300 26459 instance_detector.cc:116] could not retrieve AWS instance metadata: Network error: curl error: HTTP response code said error: The requested URL returned error: 404
I20260601 13:31:01.160705 26221 ts_manager.cc:194] Registered new tserver with Master: 709fd67555274b70a4c744c5736ea77d (127.24.110.66:33727)
I20260601 13:31:01.160705 26089 ts_manager.cc:194] Registered new tserver with Master: 709fd67555274b70a4c744c5736ea77d (127.24.110.66:33727)
I20260601 13:31:01.160872 26155 ts_manager.cc:194] Registered new tserver with Master: 709fd67555274b70a4c744c5736ea77d (127.24.110.66:33727)
I20260601 13:31:01.161191 25017 server_base.cc:1061] running on GCE node
I20260601 13:31:01.161391 25017 hybrid_clock.cc:584] initializing the hybrid clock with 'system_unsync' time source
W20260601 13:31:01.161458 25017 system_unsync_time.cc:38] NTP support is disabled. Clock error bounds will not be accurate. This configuration is not suitable for distributed clusters.
I20260601 13:31:01.161491 25017 hybrid_clock.cc:648] HybridClock initialized: now 1780320661161490 us; error 0 us; skew 500 ppm
I20260601 13:31:01.162333 25017 webserver.cc:533] Webserver started at http://127.24.110.67:42807/ using document root <none> and password file <none>
I20260601 13:31:01.162456 25017 fs_manager.cc:362] Metadata directory not provided
I20260601 13:31:01.162498 25017 fs_manager.cc:368] Using write-ahead log directory (fs_wal_dir) as metadata directory
I20260601 13:31:01.162578 25017 server_base.cc:909] This appears to be a new deployment of Kudu; creating new FS layout
I20260601 13:31:01.162902 25017 fs_manager.cc:1068] Generated new instance metadata in path /tmp/dist-test-taskSon71P/test-tmp/auto_rebalancer-test.0.AutoRebalancerTest.NextLeaderResumesAutoRebalancing.1780320651114319-25017-0/minicluster-data/ts-2-root/instance:
uuid: "1cacb0a4c48f4cc895702136816a92ad"
format_stamp: "Formatted at 2026-06-01 13:31:01 on dist-test-slave-3f7g"
I20260601 13:31:01.164402 25017 fs_manager.cc:696] Time spent creating directory manager: real 0.001s	user 0.002s	sys 0.000s
I20260601 13:31:01.165422 26467 log_block_manager.cc:4031] Time spent loading block containers with low live blocks: real 0.000s	user 0.000s	sys 0.000s
I20260601 13:31:01.165700 25017 fs_manager.cc:730] Time spent opening block manager: real 0.001s	user 0.001s	sys 0.000s
I20260601 13:31:01.165786 25017 fs_manager.cc:647] Opened local filesystem: /tmp/dist-test-taskSon71P/test-tmp/auto_rebalancer-test.0.AutoRebalancerTest.NextLeaderResumesAutoRebalancing.1780320651114319-25017-0/minicluster-data/ts-2-root
uuid: "1cacb0a4c48f4cc895702136816a92ad"
format_stamp: "Formatted at 2026-06-01 13:31:01 on dist-test-slave-3f7g"
I20260601 13:31:01.165870 25017 fs_report.cc:389] FS layout report
--------------------
wal directory: /tmp/dist-test-taskSon71P/test-tmp/auto_rebalancer-test.0.AutoRebalancerTest.NextLeaderResumesAutoRebalancing.1780320651114319-25017-0/minicluster-data/ts-2-root
metadata directory: /tmp/dist-test-taskSon71P/test-tmp/auto_rebalancer-test.0.AutoRebalancerTest.NextLeaderResumesAutoRebalancing.1780320651114319-25017-0/minicluster-data/ts-2-root
1 data directories: /tmp/dist-test-taskSon71P/test-tmp/auto_rebalancer-test.0.AutoRebalancerTest.NextLeaderResumesAutoRebalancing.1780320651114319-25017-0/minicluster-data/ts-2-root/data
Total live blocks: 0
Total live bytes: 0
Total live bytes (after alignment): 0
Total number of LBM containers: 0 (0 full)
Did not check for missing blocks
Did not check for orphaned blocks
Total full LBM containers with extra space: 0 (0 repaired)
Total full LBM container extra space in bytes: 0 (0 repaired)
Total incomplete LBM containers: 0 (0 repaired)
Total LBM partial records: 0 (0 repaired)
Total corrupted LBM metadata records in RocksDB: 0 (0 repaired)
I20260601 13:31:01.172354 25017 rpc_server.cc:225] running with OpenSSL 1.1.1  11 Sep 2018
I20260601 13:31:01.172706 25017 kserver.cc:163] Server-wide thread pool size limit: 3276
I20260601 13:31:01.172981 25017 txn_system_client.cc:432] TxnSystemClient initialization is disabled...
I20260601 13:31:01.173491 25017 ts_tablet_manager.cc:585] Loaded tablet metadata (0 total tablets, 0 live tablets)
I20260601 13:31:01.173558 25017 ts_tablet_manager.cc:531] Time spent load tablet metadata: real 0.000s	user 0.000s	sys 0.000s
I20260601 13:31:01.173624 25017 ts_tablet_manager.cc:616] Registered 0 tablets
I20260601 13:31:01.173674 25017 ts_tablet_manager.cc:595] Time spent register tablets: real 0.000s	user 0.000s	sys 0.000s
I20260601 13:31:01.178052 25017 rpc_server.cc:307] RPC server started. Bound to: 127.24.110.67:44031
I20260601 13:31:01.178158 26530 acceptor_pool.cc:272] collecting diagnostics on the listening RPC socket 127.24.110.67:44031 every 8 connection(s)
I20260601 13:31:01.183064 26532 heartbeater.cc:344] Connected to a master server at 127.24.110.126:39597
I20260601 13:31:01.183163 26532 heartbeater.cc:461] Registering TS with master...
I20260601 13:31:01.183277 26531 heartbeater.cc:344] Connected to a master server at 127.24.110.124:35589
I20260601 13:31:01.183338 26531 heartbeater.cc:461] Registering TS with master...
I20260601 13:31:01.183418 26532 heartbeater.cc:507] Master 127.24.110.126:39597 requested a full tablet report, sending...
I20260601 13:31:01.183486 26531 heartbeater.cc:507] Master 127.24.110.124:35589 requested a full tablet report, sending...
I20260601 13:31:01.184244 26221 ts_manager.cc:194] Registered new tserver with Master: 1cacb0a4c48f4cc895702136816a92ad (127.24.110.67:44031)
I20260601 13:31:01.184295 26089 ts_manager.cc:194] Registered new tserver with Master: 1cacb0a4c48f4cc895702136816a92ad (127.24.110.67:44031)
I20260601 13:31:01.184307 26533 heartbeater.cc:344] Connected to a master server at 127.24.110.125:36625
I20260601 13:31:01.184432 26533 heartbeater.cc:461] Registering TS with master...
I20260601 13:31:01.184630 26533 heartbeater.cc:507] Master 127.24.110.125:36625 requested a full tablet report, sending...
I20260601 13:31:01.185187 26155 ts_manager.cc:194] Registered new tserver with Master: 1cacb0a4c48f4cc895702136816a92ad (127.24.110.67:44031)
I20260601 13:31:01.185642 25017 internal_mini_cluster.cc:371] 3 TS(s) registered with all masters after 0.00705522s
I20260601 13:31:01.203842 26278 raft_consensus.cc:493] T 00000000000000000000000000000000 P 46c8f5d1b98e441fb7ace22ca03cf66f [term 0 FOLLOWER]: Starting pre-election (no leader contacted us within the election timeout)
I20260601 13:31:01.203999 26278 raft_consensus.cc:515] T 00000000000000000000000000000000 P 46c8f5d1b98e441fb7ace22ca03cf66f [term 0 FOLLOWER]: Starting pre-election with config: opid_index: -1 OBSOLETE_local: false peers { permanent_uuid: "46c8f5d1b98e441fb7ace22ca03cf66f" member_type: VOTER last_known_addr { host: "127.24.110.126" port: 39597 } } peers { permanent_uuid: "32da312146374f7692b2274c23f0ab91" member_type: VOTER last_known_addr { host: "127.24.110.125" port: 36625 } } peers { permanent_uuid: "114aa8d171194a59bbc5c3977e266585" member_type: VOTER last_known_addr { host: "127.24.110.124" port: 35589 } }
I20260601 13:31:01.204528 26278 leader_election.cc:290] T 00000000000000000000000000000000 P 46c8f5d1b98e441fb7ace22ca03cf66f [CANDIDATE]: Term 1 pre-election: Requested pre-vote from peers 32da312146374f7692b2274c23f0ab91 (127.24.110.125:36625), 114aa8d171194a59bbc5c3977e266585 (127.24.110.124:35589)
I20260601 13:31:01.204922 26165 tablet_service.cc:1917] Received RequestConsensusVote() RPC: tablet_id: "00000000000000000000000000000000" candidate_uuid: "46c8f5d1b98e441fb7ace22ca03cf66f" candidate_term: 1 candidate_status { last_received { term: 0 index: 0 } } ignore_live_leader: false dest_uuid: "32da312146374f7692b2274c23f0ab91" is_pre_election: true
I20260601 13:31:01.204941 26231 tablet_service.cc:1917] Received RequestConsensusVote() RPC: tablet_id: "00000000000000000000000000000000" candidate_uuid: "46c8f5d1b98e441fb7ace22ca03cf66f" candidate_term: 1 candidate_status { last_received { term: 0 index: 0 } } ignore_live_leader: false dest_uuid: "114aa8d171194a59bbc5c3977e266585" is_pre_election: true
I20260601 13:31:01.205088 26165 raft_consensus.cc:2468] T 00000000000000000000000000000000 P 32da312146374f7692b2274c23f0ab91 [term 0 FOLLOWER]: Leader pre-election vote request: Granting yes vote for candidate 46c8f5d1b98e441fb7ace22ca03cf66f in term 0.
I20260601 13:31:01.205111 26231 raft_consensus.cc:2468] T 00000000000000000000000000000000 P 114aa8d171194a59bbc5c3977e266585 [term 0 FOLLOWER]: Leader pre-election vote request: Granting yes vote for candidate 46c8f5d1b98e441fb7ace22ca03cf66f in term 0.
I20260601 13:31:01.205410 26075 leader_election.cc:304] T 00000000000000000000000000000000 P 46c8f5d1b98e441fb7ace22ca03cf66f [CANDIDATE]: Term 1 pre-election: Election decided. Result: candidate won. Election summary: received 2 responses out of 3 voters: 2 yes votes; 0 no votes. yes voters: 32da312146374f7692b2274c23f0ab91, 46c8f5d1b98e441fb7ace22ca03cf66f; no voters: 
I20260601 13:31:01.205580 26278 raft_consensus.cc:2804] T 00000000000000000000000000000000 P 46c8f5d1b98e441fb7ace22ca03cf66f [term 0 FOLLOWER]: Leader pre-election won for term 1
I20260601 13:31:01.205637 26278 raft_consensus.cc:493] T 00000000000000000000000000000000 P 46c8f5d1b98e441fb7ace22ca03cf66f [term 0 FOLLOWER]: Starting leader election (no leader contacted us within the election timeout)
I20260601 13:31:01.205685 26278 raft_consensus.cc:3060] T 00000000000000000000000000000000 P 46c8f5d1b98e441fb7ace22ca03cf66f [term 0 FOLLOWER]: Advancing to term 1
I20260601 13:31:01.206483 26278 raft_consensus.cc:515] T 00000000000000000000000000000000 P 46c8f5d1b98e441fb7ace22ca03cf66f [term 1 FOLLOWER]: Starting leader election with config: opid_index: -1 OBSOLETE_local: false peers { permanent_uuid: "46c8f5d1b98e441fb7ace22ca03cf66f" member_type: VOTER last_known_addr { host: "127.24.110.126" port: 39597 } } peers { permanent_uuid: "32da312146374f7692b2274c23f0ab91" member_type: VOTER last_known_addr { host: "127.24.110.125" port: 36625 } } peers { permanent_uuid: "114aa8d171194a59bbc5c3977e266585" member_type: VOTER last_known_addr { host: "127.24.110.124" port: 35589 } }
I20260601 13:31:01.206810 26278 leader_election.cc:290] T 00000000000000000000000000000000 P 46c8f5d1b98e441fb7ace22ca03cf66f [CANDIDATE]: Term 1 election: Requested vote from peers 32da312146374f7692b2274c23f0ab91 (127.24.110.125:36625), 114aa8d171194a59bbc5c3977e266585 (127.24.110.124:35589)
I20260601 13:31:01.207082 26165 tablet_service.cc:1917] Received RequestConsensusVote() RPC: tablet_id: "00000000000000000000000000000000" candidate_uuid: "46c8f5d1b98e441fb7ace22ca03cf66f" candidate_term: 1 candidate_status { last_received { term: 0 index: 0 } } ignore_live_leader: false dest_uuid: "32da312146374f7692b2274c23f0ab91"
I20260601 13:31:01.207125 26231 tablet_service.cc:1917] Received RequestConsensusVote() RPC: tablet_id: "00000000000000000000000000000000" candidate_uuid: "46c8f5d1b98e441fb7ace22ca03cf66f" candidate_term: 1 candidate_status { last_received { term: 0 index: 0 } } ignore_live_leader: false dest_uuid: "114aa8d171194a59bbc5c3977e266585"
I20260601 13:31:01.207191 26165 raft_consensus.cc:3060] T 00000000000000000000000000000000 P 32da312146374f7692b2274c23f0ab91 [term 0 FOLLOWER]: Advancing to term 1
I20260601 13:31:01.207219 26231 raft_consensus.cc:3060] T 00000000000000000000000000000000 P 114aa8d171194a59bbc5c3977e266585 [term 0 FOLLOWER]: Advancing to term 1
I20260601 13:31:01.208168 26231 raft_consensus.cc:2468] T 00000000000000000000000000000000 P 114aa8d171194a59bbc5c3977e266585 [term 1 FOLLOWER]: Leader election vote request: Granting yes vote for candidate 46c8f5d1b98e441fb7ace22ca03cf66f in term 1.
I20260601 13:31:01.208168 26165 raft_consensus.cc:2468] T 00000000000000000000000000000000 P 32da312146374f7692b2274c23f0ab91 [term 1 FOLLOWER]: Leader election vote request: Granting yes vote for candidate 46c8f5d1b98e441fb7ace22ca03cf66f in term 1.
I20260601 13:31:01.208473 26075 leader_election.cc:304] T 00000000000000000000000000000000 P 46c8f5d1b98e441fb7ace22ca03cf66f [CANDIDATE]: Term 1 election: Election decided. Result: candidate won. Election summary: received 2 responses out of 3 voters: 2 yes votes; 0 no votes. yes voters: 32da312146374f7692b2274c23f0ab91, 46c8f5d1b98e441fb7ace22ca03cf66f; no voters: 
I20260601 13:31:01.208676 26278 raft_consensus.cc:2804] T 00000000000000000000000000000000 P 46c8f5d1b98e441fb7ace22ca03cf66f [term 1 FOLLOWER]: Leader election won for term 1
I20260601 13:31:01.208871 26278 raft_consensus.cc:697] T 00000000000000000000000000000000 P 46c8f5d1b98e441fb7ace22ca03cf66f [term 1 LEADER]: Becoming Leader. State: Replica: 46c8f5d1b98e441fb7ace22ca03cf66f, State: Running, Role: LEADER
I20260601 13:31:01.209023 26278 consensus_queue.cc:237] T 00000000000000000000000000000000 P 46c8f5d1b98e441fb7ace22ca03cf66f [LEADER]: Queue going to LEADER mode. State: All replicated index: 0, Majority replicated index: 0, Committed index: 0, Last appended: 0.0, Last appended by leader: 0, Current term: 1, Majority size: 2, State: 0, Mode: LEADER, active raft config: opid_index: -1 OBSOLETE_local: false peers { permanent_uuid: "46c8f5d1b98e441fb7ace22ca03cf66f" member_type: VOTER last_known_addr { host: "127.24.110.126" port: 39597 } } peers { permanent_uuid: "32da312146374f7692b2274c23f0ab91" member_type: VOTER last_known_addr { host: "127.24.110.125" port: 36625 } } peers { permanent_uuid: "114aa8d171194a59bbc5c3977e266585" member_type: VOTER last_known_addr { host: "127.24.110.124" port: 35589 } }
I20260601 13:31:01.209658 26539 sys_catalog.cc:455] T 00000000000000000000000000000000 P 46c8f5d1b98e441fb7ace22ca03cf66f [sys.catalog]: SysCatalogTable state changed. Reason: New leader 46c8f5d1b98e441fb7ace22ca03cf66f. Latest consensus state: current_term: 1 leader_uuid: "46c8f5d1b98e441fb7ace22ca03cf66f" committed_config { opid_index: -1 OBSOLETE_local: false peers { permanent_uuid: "46c8f5d1b98e441fb7ace22ca03cf66f" member_type: VOTER last_known_addr { host: "127.24.110.126" port: 39597 } } peers { permanent_uuid: "32da312146374f7692b2274c23f0ab91" member_type: VOTER last_known_addr { host: "127.24.110.125" port: 36625 } } peers { permanent_uuid: "114aa8d171194a59bbc5c3977e266585" member_type: VOTER last_known_addr { host: "127.24.110.124" port: 35589 } } }
I20260601 13:31:01.209750 26539 sys_catalog.cc:458] T 00000000000000000000000000000000 P 46c8f5d1b98e441fb7ace22ca03cf66f [sys.catalog]: This master's current role is: LEADER
I20260601 13:31:01.210011 26541 catalog_manager.cc:1510] Loading table and tablet metadata into memory...
I20260601 13:31:01.210678 26541 catalog_manager.cc:1519] Initializing Kudu cluster ID...
I20260601 13:31:01.212291 26165 raft_consensus.cc:1275] T 00000000000000000000000000000000 P 32da312146374f7692b2274c23f0ab91 [term 1 FOLLOWER]: Refusing update from remote peer 46c8f5d1b98e441fb7ace22ca03cf66f: Log matching property violated. Preceding OpId in replica: term: 0 index: 0. Preceding OpId from leader: term: 1 index: 2. (index mismatch)
I20260601 13:31:01.212291 26231 raft_consensus.cc:1275] T 00000000000000000000000000000000 P 114aa8d171194a59bbc5c3977e266585 [term 1 FOLLOWER]: Refusing update from remote peer 46c8f5d1b98e441fb7ace22ca03cf66f: Log matching property violated. Preceding OpId in replica: term: 0 index: 0. Preceding OpId from leader: term: 1 index: 2. (index mismatch)
I20260601 13:31:01.212764 26539 consensus_queue.cc:1048] T 00000000000000000000000000000000 P 46c8f5d1b98e441fb7ace22ca03cf66f [LEADER]: Connected to new peer: Peer: permanent_uuid: "114aa8d171194a59bbc5c3977e266585" member_type: VOTER last_known_addr { host: "127.24.110.124" port: 35589 }, Status: LMP_MISMATCH, Last received: 0.0, Next index: 1, Last known committed idx: 0, Time since last communication: 0.000s
I20260601 13:31:01.212901 26278 consensus_queue.cc:1048] T 00000000000000000000000000000000 P 46c8f5d1b98e441fb7ace22ca03cf66f [LEADER]: Connected to new peer: Peer: permanent_uuid: "32da312146374f7692b2274c23f0ab91" member_type: VOTER last_known_addr { host: "127.24.110.125" port: 36625 }, Status: LMP_MISMATCH, Last received: 0.0, Next index: 1, Last known committed idx: 0, Time since last communication: 0.000s
I20260601 13:31:01.214205 26262 sys_catalog.cc:455] T 00000000000000000000000000000000 P 114aa8d171194a59bbc5c3977e266585 [sys.catalog]: SysCatalogTable state changed. Reason: New leader 46c8f5d1b98e441fb7ace22ca03cf66f. Latest consensus state: current_term: 1 leader_uuid: "46c8f5d1b98e441fb7ace22ca03cf66f" committed_config { opid_index: -1 OBSOLETE_local: false peers { permanent_uuid: "46c8f5d1b98e441fb7ace22ca03cf66f" member_type: VOTER last_known_addr { host: "127.24.110.126" port: 39597 } } peers { permanent_uuid: "32da312146374f7692b2274c23f0ab91" member_type: VOTER last_known_addr { host: "127.24.110.125" port: 36625 } } peers { permanent_uuid: "114aa8d171194a59bbc5c3977e266585" member_type: VOTER last_known_addr { host: "127.24.110.124" port: 35589 } } }
I20260601 13:31:01.214205 26277 sys_catalog.cc:455] T 00000000000000000000000000000000 P 32da312146374f7692b2274c23f0ab91 [sys.catalog]: SysCatalogTable state changed. Reason: New leader 46c8f5d1b98e441fb7ace22ca03cf66f. Latest consensus state: current_term: 1 leader_uuid: "46c8f5d1b98e441fb7ace22ca03cf66f" committed_config { opid_index: -1 OBSOLETE_local: false peers { permanent_uuid: "46c8f5d1b98e441fb7ace22ca03cf66f" member_type: VOTER last_known_addr { host: "127.24.110.126" port: 39597 } } peers { permanent_uuid: "32da312146374f7692b2274c23f0ab91" member_type: VOTER last_known_addr { host: "127.24.110.125" port: 36625 } } peers { permanent_uuid: "114aa8d171194a59bbc5c3977e266585" member_type: VOTER last_known_addr { host: "127.24.110.124" port: 35589 } } }
I20260601 13:31:01.214323 26262 sys_catalog.cc:458] T 00000000000000000000000000000000 P 114aa8d171194a59bbc5c3977e266585 [sys.catalog]: This master's current role is: FOLLOWER
I20260601 13:31:01.214356 26277 sys_catalog.cc:458] T 00000000000000000000000000000000 P 32da312146374f7692b2274c23f0ab91 [sys.catalog]: This master's current role is: FOLLOWER
