I20260601 13:31:59.730312 27821 consensus_queue.cc:260] T 99852304525f413292b792263198bee1 P 1dbc50e9ec214a058c2cefc4e392d5c9 [NON_LEADER]: Queue going to NON_LEADER mode. State: All replicated index: 0, Majority replicated index: 0, Committed index: 0, Last appended: 0.0, Last appended by leader: 0, Current term: 0, Majority size: -1, State: 0, Mode: NON_LEADER, active raft config: opid_index: -1 OBSOLETE_local: false peers { permanent_uuid: "86d761fed14447cea92f1309ad3bcda9" member_type: VOTER last_known_addr { host: "127.24.110.67" port: 42383 } } peers { permanent_uuid: "7ff259264c2d4587acab07e8c71c9a85" member_type: VOTER last_known_addr { host: "127.24.110.65" port: 44853 } } peers { permanent_uuid: "1dbc50e9ec214a058c2cefc4e392d5c9" member_type: VOTER last_known_addr { host: "127.24.110.66" port: 40683 } }
I20260601 13:31:59.730420 27820 ts_tablet_manager.cc:1403] T 99852304525f413292b792263198bee1 P 7ff259264c2d4587acab07e8c71c9a85: Time spent bootstrapping tablet: real 0.005s	user 0.002s	sys 0.000s
I20260601 13:31:59.730656 27821 ts_tablet_manager.cc:1434] T 99852304525f413292b792263198bee1 P 1dbc50e9ec214a058c2cefc4e392d5c9: Time spent starting tablet: real 0.001s	user 0.000s	sys 0.001s
I20260601 13:31:59.730758 27819 tablet_bootstrap.cc:654] T 86af080bbba3483fbbae5fe9b331c83c P 86d761fed14447cea92f1309ad3bcda9: Neither blocks nor log segments found. Creating new log.
I20260601 13:31:59.730813 27821 tablet_bootstrap.cc:492] T f4733534302748b9ab4f0801b2210eaf P 1dbc50e9ec214a058c2cefc4e392d5c9: Bootstrap starting.
I20260601 13:31:59.730827 27820 raft_consensus.cc:359] T 99852304525f413292b792263198bee1 P 7ff259264c2d4587acab07e8c71c9a85 [term 0 FOLLOWER]: Replica starting. Triggering 0 pending ops. Active config: opid_index: -1 OBSOLETE_local: false peers { permanent_uuid: "86d761fed14447cea92f1309ad3bcda9" member_type: VOTER last_known_addr { host: "127.24.110.67" port: 42383 } } peers { permanent_uuid: "7ff259264c2d4587acab07e8c71c9a85" member_type: VOTER last_known_addr { host: "127.24.110.65" port: 44853 } } peers { permanent_uuid: "1dbc50e9ec214a058c2cefc4e392d5c9" member_type: VOTER last_known_addr { host: "127.24.110.66" port: 40683 } }
I20260601 13:31:59.730926 27820 raft_consensus.cc:385] T 99852304525f413292b792263198bee1 P 7ff259264c2d4587acab07e8c71c9a85 [term 0 FOLLOWER]: Consensus starting up: Expiring failure detector timer to make a prompt election more likely
I20260601 13:31:59.730957 27820 raft_consensus.cc:740] T 99852304525f413292b792263198bee1 P 7ff259264c2d4587acab07e8c71c9a85 [term 0 FOLLOWER]: Becoming Follower/Learner. State: Replica: 7ff259264c2d4587acab07e8c71c9a85, State: Initialized, Role: FOLLOWER
I20260601 13:31:59.731056 27820 consensus_queue.cc:260] T 99852304525f413292b792263198bee1 P 7ff259264c2d4587acab07e8c71c9a85 [NON_LEADER]: Queue going to NON_LEADER mode. State: All replicated index: 0, Majority replicated index: 0, Committed index: 0, Last appended: 0.0, Last appended by leader: 0, Current term: 0, Majority size: -1, State: 0, Mode: NON_LEADER, active raft config: opid_index: -1 OBSOLETE_local: false peers { permanent_uuid: "86d761fed14447cea92f1309ad3bcda9" member_type: VOTER last_known_addr { host: "127.24.110.67" port: 42383 } } peers { permanent_uuid: "7ff259264c2d4587acab07e8c71c9a85" member_type: VOTER last_known_addr { host: "127.24.110.65" port: 44853 } } peers { permanent_uuid: "1dbc50e9ec214a058c2cefc4e392d5c9" member_type: VOTER last_known_addr { host: "127.24.110.66" port: 40683 } }
I20260601 13:31:59.731385 27820 ts_tablet_manager.cc:1434] T 99852304525f413292b792263198bee1 P 7ff259264c2d4587acab07e8c71c9a85: Time spent starting tablet: real 0.001s	user 0.001s	sys 0.000s
I20260601 13:31:59.731535 27820 tablet_bootstrap.cc:492] T 86af080bbba3483fbbae5fe9b331c83c P 7ff259264c2d4587acab07e8c71c9a85: Bootstrap starting.
I20260601 13:31:59.731770 27821 tablet_bootstrap.cc:654] T f4733534302748b9ab4f0801b2210eaf P 1dbc50e9ec214a058c2cefc4e392d5c9: Neither blocks nor log segments found. Creating new log.
I20260601 13:31:59.732537 27820 tablet_bootstrap.cc:654] T 86af080bbba3483fbbae5fe9b331c83c P 7ff259264c2d4587acab07e8c71c9a85: Neither blocks nor log segments found. Creating new log.
I20260601 13:31:59.732795 27821 tablet_bootstrap.cc:492] T f4733534302748b9ab4f0801b2210eaf P 1dbc50e9ec214a058c2cefc4e392d5c9: No bootstrap required, opened a new log
I20260601 13:31:59.732905 27821 ts_tablet_manager.cc:1403] T f4733534302748b9ab4f0801b2210eaf P 1dbc50e9ec214a058c2cefc4e392d5c9: Time spent bootstrapping tablet: real 0.002s	user 0.000s	sys 0.002s
I20260601 13:31:59.733426 27821 raft_consensus.cc:359] T f4733534302748b9ab4f0801b2210eaf P 1dbc50e9ec214a058c2cefc4e392d5c9 [term 0 FOLLOWER]: Replica starting. Triggering 0 pending ops. Active config: opid_index: -1 OBSOLETE_local: false peers { permanent_uuid: "7ff259264c2d4587acab07e8c71c9a85" member_type: VOTER last_known_addr { host: "127.24.110.65" port: 44853 } } peers { permanent_uuid: "1dbc50e9ec214a058c2cefc4e392d5c9" member_type: VOTER last_known_addr { host: "127.24.110.66" port: 40683 } } peers { permanent_uuid: "86d761fed14447cea92f1309ad3bcda9" member_type: VOTER last_known_addr { host: "127.24.110.67" port: 42383 } }
I20260601 13:31:59.733547 27821 raft_consensus.cc:385] T f4733534302748b9ab4f0801b2210eaf P 1dbc50e9ec214a058c2cefc4e392d5c9 [term 0 FOLLOWER]: Consensus starting up: Expiring failure detector timer to make a prompt election more likely
I20260601 13:31:59.733589 27821 raft_consensus.cc:740] T f4733534302748b9ab4f0801b2210eaf P 1dbc50e9ec214a058c2cefc4e392d5c9 [term 0 FOLLOWER]: Becoming Follower/Learner. State: Replica: 1dbc50e9ec214a058c2cefc4e392d5c9, State: Initialized, Role: FOLLOWER
I20260601 13:31:59.733711 27821 consensus_queue.cc:260] T f4733534302748b9ab4f0801b2210eaf P 1dbc50e9ec214a058c2cefc4e392d5c9 [NON_LEADER]: Queue going to NON_LEADER mode. State: All replicated index: 0, Majority replicated index: 0, Committed index: 0, Last appended: 0.0, Last appended by leader: 0, Current term: 0, Majority size: -1, State: 0, Mode: NON_LEADER, active raft config: opid_index: -1 OBSOLETE_local: false peers { permanent_uuid: "7ff259264c2d4587acab07e8c71c9a85" member_type: VOTER last_known_addr { host: "127.24.110.65" port: 44853 } } peers { permanent_uuid: "1dbc50e9ec214a058c2cefc4e392d5c9" member_type: VOTER last_known_addr { host: "127.24.110.66" port: 40683 } } peers { permanent_uuid: "86d761fed14447cea92f1309ad3bcda9" member_type: VOTER last_known_addr { host: "127.24.110.67" port: 42383 } }
I20260601 13:31:59.733906 27819 tablet_bootstrap.cc:492] T 86af080bbba3483fbbae5fe9b331c83c P 86d761fed14447cea92f1309ad3bcda9: No bootstrap required, opened a new log
I20260601 13:31:59.733975 27821 ts_tablet_manager.cc:1434] T f4733534302748b9ab4f0801b2210eaf P 1dbc50e9ec214a058c2cefc4e392d5c9: Time spent starting tablet: real 0.001s	user 0.000s	sys 0.001s
I20260601 13:31:59.734160 27821 tablet_bootstrap.cc:492] T 86af080bbba3483fbbae5fe9b331c83c P 1dbc50e9ec214a058c2cefc4e392d5c9: Bootstrap starting.
I20260601 13:31:59.735013 27821 tablet_bootstrap.cc:654] T 86af080bbba3483fbbae5fe9b331c83c P 1dbc50e9ec214a058c2cefc4e392d5c9: Neither blocks nor log segments found. Creating new log.
I20260601 13:31:59.735353 27820 tablet_bootstrap.cc:492] T 86af080bbba3483fbbae5fe9b331c83c P 7ff259264c2d4587acab07e8c71c9a85: No bootstrap required, opened a new log
I20260601 13:31:59.735425 27820 ts_tablet_manager.cc:1403] T 86af080bbba3483fbbae5fe9b331c83c P 7ff259264c2d4587acab07e8c71c9a85: Time spent bootstrapping tablet: real 0.004s	user 0.002s	sys 0.000s
I20260601 13:31:59.733975 27819 ts_tablet_manager.cc:1403] T 86af080bbba3483fbbae5fe9b331c83c P 86d761fed14447cea92f1309ad3bcda9: Time spent bootstrapping tablet: real 0.004s	user 0.002s	sys 0.000s
I20260601 13:31:59.735886 27820 raft_consensus.cc:359] T 86af080bbba3483fbbae5fe9b331c83c P 7ff259264c2d4587acab07e8c71c9a85 [term 0 FOLLOWER]: Replica starting. Triggering 0 pending ops. Active config: opid_index: -1 OBSOLETE_local: false peers { permanent_uuid: "7ff259264c2d4587acab07e8c71c9a85" member_type: VOTER last_known_addr { host: "127.24.110.65" port: 44853 } } peers { permanent_uuid: "1dbc50e9ec214a058c2cefc4e392d5c9" member_type: VOTER last_known_addr { host: "127.24.110.66" port: 40683 } } peers { permanent_uuid: "86d761fed14447cea92f1309ad3bcda9" member_type: VOTER last_known_addr { host: "127.24.110.67" port: 42383 } }
I20260601 13:31:59.735975 27820 raft_consensus.cc:385] T 86af080bbba3483fbbae5fe9b331c83c P 7ff259264c2d4587acab07e8c71c9a85 [term 0 FOLLOWER]: Consensus starting up: Expiring failure detector timer to make a prompt election more likely
I20260601 13:31:59.736006 27820 raft_consensus.cc:740] T 86af080bbba3483fbbae5fe9b331c83c P 7ff259264c2d4587acab07e8c71c9a85 [term 0 FOLLOWER]: Becoming Follower/Learner. State: Replica: 7ff259264c2d4587acab07e8c71c9a85, State: Initialized, Role: FOLLOWER
I20260601 13:31:59.736135 27820 consensus_queue.cc:260] T 86af080bbba3483fbbae5fe9b331c83c P 7ff259264c2d4587acab07e8c71c9a85 [NON_LEADER]: Queue going to NON_LEADER mode. State: All replicated index: 0, Majority replicated index: 0, Committed index: 0, Last appended: 0.0, Last appended by leader: 0, Current term: 0, Majority size: -1, State: 0, Mode: NON_LEADER, active raft config: opid_index: -1 OBSOLETE_local: false peers { permanent_uuid: "7ff259264c2d4587acab07e8c71c9a85" member_type: VOTER last_known_addr { host: "127.24.110.65" port: 44853 } } peers { permanent_uuid: "1dbc50e9ec214a058c2cefc4e392d5c9" member_type: VOTER last_known_addr { host: "127.24.110.66" port: 40683 } } peers { permanent_uuid: "86d761fed14447cea92f1309ad3bcda9" member_type: VOTER last_known_addr { host: "127.24.110.67" port: 42383 } }
I20260601 13:31:59.736162 27819 raft_consensus.cc:359] T 86af080bbba3483fbbae5fe9b331c83c P 86d761fed14447cea92f1309ad3bcda9 [term 0 FOLLOWER]: Replica starting. Triggering 0 pending ops. Active config: opid_index: -1 OBSOLETE_local: false peers { permanent_uuid: "7ff259264c2d4587acab07e8c71c9a85" member_type: VOTER last_known_addr { host: "127.24.110.65" port: 44853 } } peers { permanent_uuid: "1dbc50e9ec214a058c2cefc4e392d5c9" member_type: VOTER last_known_addr { host: "127.24.110.66" port: 40683 } } peers { permanent_uuid: "86d761fed14447cea92f1309ad3bcda9" member_type: VOTER last_known_addr { host: "127.24.110.67" port: 42383 } }
I20260601 13:31:59.736279 27819 raft_consensus.cc:385] T 86af080bbba3483fbbae5fe9b331c83c P 86d761fed14447cea92f1309ad3bcda9 [term 0 FOLLOWER]: Consensus starting up: Expiring failure detector timer to make a prompt election more likely
I20260601 13:31:59.736315 27819 raft_consensus.cc:740] T 86af080bbba3483fbbae5fe9b331c83c P 86d761fed14447cea92f1309ad3bcda9 [term 0 FOLLOWER]: Becoming Follower/Learner. State: Replica: 86d761fed14447cea92f1309ad3bcda9, State: Initialized, Role: FOLLOWER
I20260601 13:31:59.736423 27820 ts_tablet_manager.cc:1434] T 86af080bbba3483fbbae5fe9b331c83c P 7ff259264c2d4587acab07e8c71c9a85: Time spent starting tablet: real 0.001s	user 0.001s	sys 0.000s
I20260601 13:31:59.736457 27819 consensus_queue.cc:260] T 86af080bbba3483fbbae5fe9b331c83c P 86d761fed14447cea92f1309ad3bcda9 [NON_LEADER]: Queue going to NON_LEADER mode. State: All replicated index: 0, Majority replicated index: 0, Committed index: 0, Last appended: 0.0, Last appended by leader: 0, Current term: 0, Majority size: -1, State: 0, Mode: NON_LEADER, active raft config: opid_index: -1 OBSOLETE_local: false peers { permanent_uuid: "7ff259264c2d4587acab07e8c71c9a85" member_type: VOTER last_known_addr { host: "127.24.110.65" port: 44853 } } peers { permanent_uuid: "1dbc50e9ec214a058c2cefc4e392d5c9" member_type: VOTER last_known_addr { host: "127.24.110.66" port: 40683 } } peers { permanent_uuid: "86d761fed14447cea92f1309ad3bcda9" member_type: VOTER last_known_addr { host: "127.24.110.67" port: 42383 } }
I20260601 13:31:59.736580 27820 tablet_bootstrap.cc:492] T 9fe610c5c9e743049f2ffa8c0f1faa52 P 7ff259264c2d4587acab07e8c71c9a85: Bootstrap starting.
I20260601 13:31:59.736716 27819 ts_tablet_manager.cc:1434] T 86af080bbba3483fbbae5fe9b331c83c P 86d761fed14447cea92f1309ad3bcda9: Time spent starting tablet: real 0.001s	user 0.001s	sys 0.000s
I20260601 13:31:59.736905 27819 tablet_bootstrap.cc:492] T 9fe610c5c9e743049f2ffa8c0f1faa52 P 86d761fed14447cea92f1309ad3bcda9: Bootstrap starting.
I20260601 13:31:59.737500 27820 tablet_bootstrap.cc:654] T 9fe610c5c9e743049f2ffa8c0f1faa52 P 7ff259264c2d4587acab07e8c71c9a85: Neither blocks nor log segments found. Creating new log.
I20260601 13:31:59.738150 27819 tablet_bootstrap.cc:654] T 9fe610c5c9e743049f2ffa8c0f1faa52 P 86d761fed14447cea92f1309ad3bcda9: Neither blocks nor log segments found. Creating new log.
I20260601 13:31:59.739217 27821 tablet_bootstrap.cc:492] T 86af080bbba3483fbbae5fe9b331c83c P 1dbc50e9ec214a058c2cefc4e392d5c9: No bootstrap required, opened a new log
I20260601 13:31:59.739367 27821 ts_tablet_manager.cc:1403] T 86af080bbba3483fbbae5fe9b331c83c P 1dbc50e9ec214a058c2cefc4e392d5c9: Time spent bootstrapping tablet: real 0.005s	user 0.000s	sys 0.002s
I20260601 13:31:59.739543 27820 tablet_bootstrap.cc:492] T 9fe610c5c9e743049f2ffa8c0f1faa52 P 7ff259264c2d4587acab07e8c71c9a85: No bootstrap required, opened a new log
I20260601 13:31:59.739646 27820 ts_tablet_manager.cc:1403] T 9fe610c5c9e743049f2ffa8c0f1faa52 P 7ff259264c2d4587acab07e8c71c9a85: Time spent bootstrapping tablet: real 0.003s	user 0.001s	sys 0.000s
I20260601 13:31:59.739929 27821 raft_consensus.cc:359] T 86af080bbba3483fbbae5fe9b331c83c P 1dbc50e9ec214a058c2cefc4e392d5c9 [term 0 FOLLOWER]: Replica starting. Triggering 0 pending ops. Active config: opid_index: -1 OBSOLETE_local: false peers { permanent_uuid: "7ff259264c2d4587acab07e8c71c9a85" member_type: VOTER last_known_addr { host: "127.24.110.65" port: 44853 } } peers { permanent_uuid: "1dbc50e9ec214a058c2cefc4e392d5c9" member_type: VOTER last_known_addr { host: "127.24.110.66" port: 40683 } } peers { permanent_uuid: "86d761fed14447cea92f1309ad3bcda9" member_type: VOTER last_known_addr { host: "127.24.110.67" port: 42383 } }
I20260601 13:31:59.740036 27821 raft_consensus.cc:385] T 86af080bbba3483fbbae5fe9b331c83c P 1dbc50e9ec214a058c2cefc4e392d5c9 [term 0 FOLLOWER]: Consensus starting up: Expiring failure detector timer to make a prompt election more likely
I20260601 13:31:59.740075 27821 raft_consensus.cc:740] T 86af080bbba3483fbbae5fe9b331c83c P 1dbc50e9ec214a058c2cefc4e392d5c9 [term 0 FOLLOWER]: Becoming Follower/Learner. State: Replica: 1dbc50e9ec214a058c2cefc4e392d5c9, State: Initialized, Role: FOLLOWER
I20260601 13:31:59.740090 27820 raft_consensus.cc:359] T 9fe610c5c9e743049f2ffa8c0f1faa52 P 7ff259264c2d4587acab07e8c71c9a85 [term 0 FOLLOWER]: Replica starting. Triggering 0 pending ops. Active config: opid_index: -1 OBSOLETE_local: false peers { permanent_uuid: "7ff259264c2d4587acab07e8c71c9a85" member_type: VOTER last_known_addr { host: "127.24.110.65" port: 44853 } } peers { permanent_uuid: "1dbc50e9ec214a058c2cefc4e392d5c9" member_type: VOTER last_known_addr { host: "127.24.110.66" port: 40683 } } peers { permanent_uuid: "86d761fed14447cea92f1309ad3bcda9" member_type: VOTER last_known_addr { host: "127.24.110.67" port: 42383 } }
I20260601 13:31:59.740173 27820 raft_consensus.cc:385] T 9fe610c5c9e743049f2ffa8c0f1faa52 P 7ff259264c2d4587acab07e8c71c9a85 [term 0 FOLLOWER]: Consensus starting up: Expiring failure detector timer to make a prompt election more likely
I20260601 13:31:59.739378 27819 tablet_bootstrap.cc:492] T 9fe610c5c9e743049f2ffa8c0f1faa52 P 86d761fed14447cea92f1309ad3bcda9: No bootstrap required, opened a new log
I20260601 13:31:59.740221 27820 raft_consensus.cc:740] T 9fe610c5c9e743049f2ffa8c0f1faa52 P 7ff259264c2d4587acab07e8c71c9a85 [term 0 FOLLOWER]: Becoming Follower/Learner. State: Replica: 7ff259264c2d4587acab07e8c71c9a85, State: Initialized, Role: FOLLOWER
I20260601 13:31:59.740298 27819 ts_tablet_manager.cc:1403] T 9fe610c5c9e743049f2ffa8c0f1faa52 P 86d761fed14447cea92f1309ad3bcda9: Time spent bootstrapping tablet: real 0.003s	user 0.002s	sys 0.000s
I20260601 13:31:59.740350 27820 consensus_queue.cc:260] T 9fe610c5c9e743049f2ffa8c0f1faa52 P 7ff259264c2d4587acab07e8c71c9a85 [NON_LEADER]: Queue going to NON_LEADER mode. State: All replicated index: 0, Majority replicated index: 0, Committed index: 0, Last appended: 0.0, Last appended by leader: 0, Current term: 0, Majority size: -1, State: 0, Mode: NON_LEADER, active raft config: opid_index: -1 OBSOLETE_local: false peers { permanent_uuid: "7ff259264c2d4587acab07e8c71c9a85" member_type: VOTER last_known_addr { host: "127.24.110.65" port: 44853 } } peers { permanent_uuid: "1dbc50e9ec214a058c2cefc4e392d5c9" member_type: VOTER last_known_addr { host: "127.24.110.66" port: 40683 } } peers { permanent_uuid: "86d761fed14447cea92f1309ad3bcda9" member_type: VOTER last_known_addr { host: "127.24.110.67" port: 42383 } }
I20260601 13:31:59.740623 27820 ts_tablet_manager.cc:1434] T 9fe610c5c9e743049f2ffa8c0f1faa52 P 7ff259264c2d4587acab07e8c71c9a85: Time spent starting tablet: real 0.001s	user 0.001s	sys 0.000s
I20260601 13:31:59.740731 27819 raft_consensus.cc:359] T 9fe610c5c9e743049f2ffa8c0f1faa52 P 86d761fed14447cea92f1309ad3bcda9 [term 0 FOLLOWER]: Replica starting. Triggering 0 pending ops. Active config: opid_index: -1 OBSOLETE_local: false peers { permanent_uuid: "7ff259264c2d4587acab07e8c71c9a85" member_type: VOTER last_known_addr { host: "127.24.110.65" port: 44853 } } peers { permanent_uuid: "1dbc50e9ec214a058c2cefc4e392d5c9" member_type: VOTER last_known_addr { host: "127.24.110.66" port: 40683 } } peers { permanent_uuid: "86d761fed14447cea92f1309ad3bcda9" member_type: VOTER last_known_addr { host: "127.24.110.67" port: 42383 } }
I20260601 13:31:59.740833 27820 tablet_bootstrap.cc:492] T f4733534302748b9ab4f0801b2210eaf P 7ff259264c2d4587acab07e8c71c9a85: Bootstrap starting.
I20260601 13:31:59.740902 27821 consensus_queue.cc:260] T 86af080bbba3483fbbae5fe9b331c83c P 1dbc50e9ec214a058c2cefc4e392d5c9 [NON_LEADER]: Queue going to NON_LEADER mode. State: All replicated index: 0, Majority replicated index: 0, Committed index: 0, Last appended: 0.0, Last appended by leader: 0, Current term: 0, Majority size: -1, State: 0, Mode: NON_LEADER, active raft config: opid_index: -1 OBSOLETE_local: false peers { permanent_uuid: "7ff259264c2d4587acab07e8c71c9a85" member_type: VOTER last_known_addr { host: "127.24.110.65" port: 44853 } } peers { permanent_uuid: "1dbc50e9ec214a058c2cefc4e392d5c9" member_type: VOTER last_known_addr { host: "127.24.110.66" port: 40683 } } peers { permanent_uuid: "86d761fed14447cea92f1309ad3bcda9" member_type: VOTER last_known_addr { host: "127.24.110.67" port: 42383 } }
I20260601 13:31:59.741458 27821 ts_tablet_manager.cc:1434] T 86af080bbba3483fbbae5fe9b331c83c P 1dbc50e9ec214a058c2cefc4e392d5c9: Time spent starting tablet: real 0.002s	user 0.001s	sys 0.000s
I20260601 13:31:59.741750 27821 tablet_bootstrap.cc:492] T 9fe610c5c9e743049f2ffa8c0f1faa52 P 1dbc50e9ec214a058c2cefc4e392d5c9: Bootstrap starting.
I20260601 13:31:59.742123 27820 tablet_bootstrap.cc:654] T f4733534302748b9ab4f0801b2210eaf P 7ff259264c2d4587acab07e8c71c9a85: Neither blocks nor log segments found. Creating new log.
I20260601 13:31:59.741112 27819 raft_consensus.cc:385] T 9fe610c5c9e743049f2ffa8c0f1faa52 P 86d761fed14447cea92f1309ad3bcda9 [term 0 FOLLOWER]: Consensus starting up: Expiring failure detector timer to make a prompt election more likely
I20260601 13:31:59.742282 27819 raft_consensus.cc:740] T 9fe610c5c9e743049f2ffa8c0f1faa52 P 86d761fed14447cea92f1309ad3bcda9 [term 0 FOLLOWER]: Becoming Follower/Learner. State: Replica: 86d761fed14447cea92f1309ad3bcda9, State: Initialized, Role: FOLLOWER
I20260601 13:31:59.742513 27819 consensus_queue.cc:260] T 9fe610c5c9e743049f2ffa8c0f1faa52 P 86d761fed14447cea92f1309ad3bcda9 [NON_LEADER]: Queue going to NON_LEADER mode. State: All replicated index: 0, Majority replicated index: 0, Committed index: 0, Last appended: 0.0, Last appended by leader: 0, Current term: 0, Majority size: -1, State: 0, Mode: NON_LEADER, active raft config: opid_index: -1 OBSOLETE_local: false peers { permanent_uuid: "7ff259264c2d4587acab07e8c71c9a85" member_type: VOTER last_known_addr { host: "127.24.110.65" port: 44853 } } peers { permanent_uuid: "1dbc50e9ec214a058c2cefc4e392d5c9" member_type: VOTER last_known_addr { host: "127.24.110.66" port: 40683 } } peers { permanent_uuid: "86d761fed14447cea92f1309ad3bcda9" member_type: VOTER last_known_addr { host: "127.24.110.67" port: 42383 } }
I20260601 13:31:59.742856 27819 ts_tablet_manager.cc:1434] T 9fe610c5c9e743049f2ffa8c0f1faa52 P 86d761fed14447cea92f1309ad3bcda9: Time spent starting tablet: real 0.003s	user 0.001s	sys 0.000s
I20260601 13:31:59.743083 27819 tablet_bootstrap.cc:492] T f4733534302748b9ab4f0801b2210eaf P 86d761fed14447cea92f1309ad3bcda9: Bootstrap starting.
I20260601 13:31:59.743847 27827 raft_consensus.cc:493] T 9fe610c5c9e743049f2ffa8c0f1faa52 P 7ff259264c2d4587acab07e8c71c9a85 [term 0 FOLLOWER]: Starting pre-election (no leader contacted us within the election timeout)
I20260601 13:31:59.743988 27827 raft_consensus.cc:515] T 9fe610c5c9e743049f2ffa8c0f1faa52 P 7ff259264c2d4587acab07e8c71c9a85 [term 0 FOLLOWER]: Starting pre-election with config: opid_index: -1 OBSOLETE_local: false peers { permanent_uuid: "7ff259264c2d4587acab07e8c71c9a85" member_type: VOTER last_known_addr { host: "127.24.110.65" port: 44853 } } peers { permanent_uuid: "1dbc50e9ec214a058c2cefc4e392d5c9" member_type: VOTER last_known_addr { host: "127.24.110.66" port: 40683 } } peers { permanent_uuid: "86d761fed14447cea92f1309ad3bcda9" member_type: VOTER last_known_addr { host: "127.24.110.67" port: 42383 } }
I20260601 13:31:59.744789 27819 tablet_bootstrap.cc:654] T f4733534302748b9ab4f0801b2210eaf P 86d761fed14447cea92f1309ad3bcda9: Neither blocks nor log segments found. Creating new log.
I20260601 13:31:59.745322 27821 tablet_bootstrap.cc:654] T 9fe610c5c9e743049f2ffa8c0f1faa52 P 1dbc50e9ec214a058c2cefc4e392d5c9: Neither blocks nor log segments found. Creating new log.
I20260601 13:31:59.745572 27827 leader_election.cc:290] T 9fe610c5c9e743049f2ffa8c0f1faa52 P 7ff259264c2d4587acab07e8c71c9a85 [CANDIDATE]: Term 1 pre-election: Requested pre-vote from peers 1dbc50e9ec214a058c2cefc4e392d5c9 (127.24.110.66:40683), 86d761fed14447cea92f1309ad3bcda9 (127.24.110.67:42383)
I20260601 13:31:59.746438 27820 tablet_bootstrap.cc:492] T f4733534302748b9ab4f0801b2210eaf P 7ff259264c2d4587acab07e8c71c9a85: No bootstrap required, opened a new log
I20260601 13:31:59.746459 27819 tablet_bootstrap.cc:492] T f4733534302748b9ab4f0801b2210eaf P 86d761fed14447cea92f1309ad3bcda9: No bootstrap required, opened a new log
I20260601 13:31:59.746562 27820 ts_tablet_manager.cc:1403] T f4733534302748b9ab4f0801b2210eaf P 7ff259264c2d4587acab07e8c71c9a85: Time spent bootstrapping tablet: real 0.006s	user 0.002s	sys 0.000s
I20260601 13:31:59.746569 27819 ts_tablet_manager.cc:1403] T f4733534302748b9ab4f0801b2210eaf P 86d761fed14447cea92f1309ad3bcda9: Time spent bootstrapping tablet: real 0.004s	user 0.002s	sys 0.000s
I20260601 13:31:59.746969 27821 tablet_bootstrap.cc:492] T 9fe610c5c9e743049f2ffa8c0f1faa52 P 1dbc50e9ec214a058c2cefc4e392d5c9: No bootstrap required, opened a new log
I20260601 13:31:59.747040 27821 ts_tablet_manager.cc:1403] T 9fe610c5c9e743049f2ffa8c0f1faa52 P 1dbc50e9ec214a058c2cefc4e392d5c9: Time spent bootstrapping tablet: real 0.005s	user 0.002s	sys 0.000s
I20260601 13:31:59.747074 27819 raft_consensus.cc:359] T f4733534302748b9ab4f0801b2210eaf P 86d761fed14447cea92f1309ad3bcda9 [term 0 FOLLOWER]: Replica starting. Triggering 0 pending ops. Active config: opid_index: -1 OBSOLETE_local: false peers { permanent_uuid: "7ff259264c2d4587acab07e8c71c9a85" member_type: VOTER last_known_addr { host: "127.24.110.65" port: 44853 } } peers { permanent_uuid: "1dbc50e9ec214a058c2cefc4e392d5c9" member_type: VOTER last_known_addr { host: "127.24.110.66" port: 40683 } } peers { permanent_uuid: "86d761fed14447cea92f1309ad3bcda9" member_type: VOTER last_known_addr { host: "127.24.110.67" port: 42383 } }
I20260601 13:31:59.747156 27819 raft_consensus.cc:385] T f4733534302748b9ab4f0801b2210eaf P 86d761fed14447cea92f1309ad3bcda9 [term 0 FOLLOWER]: Consensus starting up: Expiring failure detector timer to make a prompt election more likely
I20260601 13:31:59.747219 27819 raft_consensus.cc:740] T f4733534302748b9ab4f0801b2210eaf P 86d761fed14447cea92f1309ad3bcda9 [term 0 FOLLOWER]: Becoming Follower/Learner. State: Replica: 86d761fed14447cea92f1309ad3bcda9, State: Initialized, Role: FOLLOWER
I20260601 13:31:59.747336 27819 consensus_queue.cc:260] T f4733534302748b9ab4f0801b2210eaf P 86d761fed14447cea92f1309ad3bcda9 [NON_LEADER]: Queue going to NON_LEADER mode. State: All replicated index: 0, Majority replicated index: 0, Committed index: 0, Last appended: 0.0, Last appended by leader: 0, Current term: 0, Majority size: -1, State: 0, Mode: NON_LEADER, active raft config: opid_index: -1 OBSOLETE_local: false peers { permanent_uuid: "7ff259264c2d4587acab07e8c71c9a85" member_type: VOTER last_known_addr { host: "127.24.110.65" port: 44853 } } peers { permanent_uuid: "1dbc50e9ec214a058c2cefc4e392d5c9" member_type: VOTER last_known_addr { host: "127.24.110.66" port: 40683 } } peers { permanent_uuid: "86d761fed14447cea92f1309ad3bcda9" member_type: VOTER last_known_addr { host: "127.24.110.67" port: 42383 } }
I20260601 13:31:59.747437 27821 raft_consensus.cc:359] T 9fe610c5c9e743049f2ffa8c0f1faa52 P 1dbc50e9ec214a058c2cefc4e392d5c9 [term 0 FOLLOWER]: Replica starting. Triggering 0 pending ops. Active config: opid_index: -1 OBSOLETE_local: false peers { permanent_uuid: "7ff259264c2d4587acab07e8c71c9a85" member_type: VOTER last_known_addr { host: "127.24.110.65" port: 44853 } } peers { permanent_uuid: "1dbc50e9ec214a058c2cefc4e392d5c9" member_type: VOTER last_known_addr { host: "127.24.110.66" port: 40683 } } peers { permanent_uuid: "86d761fed14447cea92f1309ad3bcda9" member_type: VOTER last_known_addr { host: "127.24.110.67" port: 42383 } }
I20260601 13:31:59.747521 27821 raft_consensus.cc:385] T 9fe610c5c9e743049f2ffa8c0f1faa52 P 1dbc50e9ec214a058c2cefc4e392d5c9 [term 0 FOLLOWER]: Consensus starting up: Expiring failure detector timer to make a prompt election more likely
I20260601 13:31:59.747552 27821 raft_consensus.cc:740] T 9fe610c5c9e743049f2ffa8c0f1faa52 P 1dbc50e9ec214a058c2cefc4e392d5c9 [term 0 FOLLOWER]: Becoming Follower/Learner. State: Replica: 1dbc50e9ec214a058c2cefc4e392d5c9, State: Initialized, Role: FOLLOWER
I20260601 13:31:59.747605 27819 ts_tablet_manager.cc:1434] T f4733534302748b9ab4f0801b2210eaf P 86d761fed14447cea92f1309ad3bcda9: Time spent starting tablet: real 0.001s	user 0.001s	sys 0.000s
I20260601 13:31:59.748230 27820 raft_consensus.cc:359] T f4733534302748b9ab4f0801b2210eaf P 7ff259264c2d4587acab07e8c71c9a85 [term 0 FOLLOWER]: Replica starting. Triggering 0 pending ops. Active config: opid_index: -1 OBSOLETE_local: false peers { permanent_uuid: "7ff259264c2d4587acab07e8c71c9a85" member_type: VOTER last_known_addr { host: "127.24.110.65" port: 44853 } } peers { permanent_uuid: "1dbc50e9ec214a058c2cefc4e392d5c9" member_type: VOTER last_known_addr { host: "127.24.110.66" port: 40683 } } peers { permanent_uuid: "86d761fed14447cea92f1309ad3bcda9" member_type: VOTER last_known_addr { host: "127.24.110.67" port: 42383 } }
I20260601 13:31:59.748399 27820 raft_consensus.cc:385] T f4733534302748b9ab4f0801b2210eaf P 7ff259264c2d4587acab07e8c71c9a85 [term 0 FOLLOWER]: Consensus starting up: Expiring failure detector timer to make a prompt election more likely
I20260601 13:31:59.748483 27820 raft_consensus.cc:740] T f4733534302748b9ab4f0801b2210eaf P 7ff259264c2d4587acab07e8c71c9a85 [term 0 FOLLOWER]: Becoming Follower/Learner. State: Replica: 7ff259264c2d4587acab07e8c71c9a85, State: Initialized, Role: FOLLOWER
I20260601 13:31:59.748660 27820 consensus_queue.cc:260] T f4733534302748b9ab4f0801b2210eaf P 7ff259264c2d4587acab07e8c71c9a85 [NON_LEADER]: Queue going to NON_LEADER mode. State: All replicated index: 0, Majority replicated index: 0, Committed index: 0, Last appended: 0.0, Last appended by leader: 0, Current term: 0, Majority size: -1, State: 0, Mode: NON_LEADER, active raft config: opid_index: -1 OBSOLETE_local: false peers { permanent_uuid: "7ff259264c2d4587acab07e8c71c9a85" member_type: VOTER last_known_addr { host: "127.24.110.65" port: 44853 } } peers { permanent_uuid: "1dbc50e9ec214a058c2cefc4e392d5c9" member_type: VOTER last_known_addr { host: "127.24.110.66" port: 40683 } } peers { permanent_uuid: "86d761fed14447cea92f1309ad3bcda9" member_type: VOTER last_known_addr { host: "127.24.110.67" port: 42383 } }
I20260601 13:31:59.748994 27820 ts_tablet_manager.cc:1434] T f4733534302748b9ab4f0801b2210eaf P 7ff259264c2d4587acab07e8c71c9a85: Time spent starting tablet: real 0.001s	user 0.001s	sys 0.000s
I20260601 13:31:59.748961 27821 consensus_queue.cc:260] T 9fe610c5c9e743049f2ffa8c0f1faa52 P 1dbc50e9ec214a058c2cefc4e392d5c9 [NON_LEADER]: Queue going to NON_LEADER mode. State: All replicated index: 0, Majority replicated index: 0, Committed index: 0, Last appended: 0.0, Last appended by leader: 0, Current term: 0, Majority size: -1, State: 0, Mode: NON_LEADER, active raft config: opid_index: -1 OBSOLETE_local: false peers { permanent_uuid: "7ff259264c2d4587acab07e8c71c9a85" member_type: VOTER last_known_addr { host: "127.24.110.65" port: 44853 } } peers { permanent_uuid: "1dbc50e9ec214a058c2cefc4e392d5c9" member_type: VOTER last_known_addr { host: "127.24.110.66" port: 40683 } } peers { permanent_uuid: "86d761fed14447cea92f1309ad3bcda9" member_type: VOTER last_known_addr { host: "127.24.110.67" port: 42383 } }
I20260601 13:31:59.749353 27821 ts_tablet_manager.cc:1434] T 9fe610c5c9e743049f2ffa8c0f1faa52 P 1dbc50e9ec214a058c2cefc4e392d5c9: Time spent starting tablet: real 0.002s	user 0.001s	sys 0.000s
I20260601 13:31:59.751919 27773 tablet_service.cc:1917] Received RequestConsensusVote() RPC: tablet_id: "9fe610c5c9e743049f2ffa8c0f1faa52" candidate_uuid: "7ff259264c2d4587acab07e8c71c9a85" candidate_term: 1 candidate_status { last_received { term: 0 index: 0 } } ignore_live_leader: false dest_uuid: "86d761fed14447cea92f1309ad3bcda9" is_pre_election: true
I20260601 13:31:59.752055 27773 raft_consensus.cc:2468] T 9fe610c5c9e743049f2ffa8c0f1faa52 P 86d761fed14447cea92f1309ad3bcda9 [term 0 FOLLOWER]: Leader pre-election vote request: Granting yes vote for candidate 7ff259264c2d4587acab07e8c71c9a85 in term 0.
I20260601 13:31:59.752210 27698 tablet_service.cc:1917] Received RequestConsensusVote() RPC: tablet_id: "9fe610c5c9e743049f2ffa8c0f1faa52" candidate_uuid: "7ff259264c2d4587acab07e8c71c9a85" candidate_term: 1 candidate_status { last_received { term: 0 index: 0 } } ignore_live_leader: false dest_uuid: "1dbc50e9ec214a058c2cefc4e392d5c9" is_pre_election: true
I20260601 13:31:59.752311 27698 raft_consensus.cc:2468] T 9fe610c5c9e743049f2ffa8c0f1faa52 P 1dbc50e9ec214a058c2cefc4e392d5c9 [term 0 FOLLOWER]: Leader pre-election vote request: Granting yes vote for candidate 7ff259264c2d4587acab07e8c71c9a85 in term 0.
I20260601 13:31:59.752501 27585 leader_election.cc:304] T 9fe610c5c9e743049f2ffa8c0f1faa52 P 7ff259264c2d4587acab07e8c71c9a85 [CANDIDATE]: Term 1 pre-election: Election decided. Result: candidate won. Election summary: received 2 responses out of 3 voters: 2 yes votes; 0 no votes. yes voters: 7ff259264c2d4587acab07e8c71c9a85, 86d761fed14447cea92f1309ad3bcda9; no voters: 
I20260601 13:31:59.752636 27827 raft_consensus.cc:2804] T 9fe610c5c9e743049f2ffa8c0f1faa52 P 7ff259264c2d4587acab07e8c71c9a85 [term 0 FOLLOWER]: Leader pre-election won for term 1
I20260601 13:31:59.752698 27827 raft_consensus.cc:493] T 9fe610c5c9e743049f2ffa8c0f1faa52 P 7ff259264c2d4587acab07e8c71c9a85 [term 0 FOLLOWER]: Starting leader election (no leader contacted us within the election timeout)
I20260601 13:31:59.752753 27827 raft_consensus.cc:3060] T 9fe610c5c9e743049f2ffa8c0f1faa52 P 7ff259264c2d4587acab07e8c71c9a85 [term 0 FOLLOWER]: Advancing to term 1
I20260601 13:31:59.753484 27827 raft_consensus.cc:515] T 9fe610c5c9e743049f2ffa8c0f1faa52 P 7ff259264c2d4587acab07e8c71c9a85 [term 1 FOLLOWER]: Starting leader election with config: opid_index: -1 OBSOLETE_local: false peers { permanent_uuid: "7ff259264c2d4587acab07e8c71c9a85" member_type: VOTER last_known_addr { host: "127.24.110.65" port: 44853 } } peers { permanent_uuid: "1dbc50e9ec214a058c2cefc4e392d5c9" member_type: VOTER last_known_addr { host: "127.24.110.66" port: 40683 } } peers { permanent_uuid: "86d761fed14447cea92f1309ad3bcda9" member_type: VOTER last_known_addr { host: "127.24.110.67" port: 42383 } }
I20260601 13:31:59.753832 27827 leader_election.cc:290] T 9fe610c5c9e743049f2ffa8c0f1faa52 P 7ff259264c2d4587acab07e8c71c9a85 [CANDIDATE]: Term 1 election: Requested vote from peers 1dbc50e9ec214a058c2cefc4e392d5c9 (127.24.110.66:40683), 86d761fed14447cea92f1309ad3bcda9 (127.24.110.67:42383)
I20260601 13:31:59.754093 27698 tablet_service.cc:1917] Received RequestConsensusVote() RPC: tablet_id: "9fe610c5c9e743049f2ffa8c0f1faa52" candidate_uuid: "7ff259264c2d4587acab07e8c71c9a85" candidate_term: 1 candidate_status { last_received { term: 0 index: 0 } } ignore_live_leader: false dest_uuid: "1dbc50e9ec214a058c2cefc4e392d5c9"
I20260601 13:31:59.754144 27773 tablet_service.cc:1917] Received RequestConsensusVote() RPC: tablet_id: "9fe610c5c9e743049f2ffa8c0f1faa52" candidate_uuid: "7ff259264c2d4587acab07e8c71c9a85" candidate_term: 1 candidate_status { last_received { term: 0 index: 0 } } ignore_live_leader: false dest_uuid: "86d761fed14447cea92f1309ad3bcda9"
I20260601 13:31:59.754191 27698 raft_consensus.cc:3060] T 9fe610c5c9e743049f2ffa8c0f1faa52 P 1dbc50e9ec214a058c2cefc4e392d5c9 [term 0 FOLLOWER]: Advancing to term 1
I20260601 13:31:59.754277 27773 raft_consensus.cc:3060] T 9fe610c5c9e743049f2ffa8c0f1faa52 P 86d761fed14447cea92f1309ad3bcda9 [term 0 FOLLOWER]: Advancing to term 1
I20260601 13:31:59.754998 27698 raft_consensus.cc:2468] T 9fe610c5c9e743049f2ffa8c0f1faa52 P 1dbc50e9ec214a058c2cefc4e392d5c9 [term 1 FOLLOWER]: Leader election vote request: Granting yes vote for candidate 7ff259264c2d4587acab07e8c71c9a85 in term 1.
I20260601 13:31:59.755120 27773 raft_consensus.cc:2468] T 9fe610c5c9e743049f2ffa8c0f1faa52 P 86d761fed14447cea92f1309ad3bcda9 [term 1 FOLLOWER]: Leader election vote request: Granting yes vote for candidate 7ff259264c2d4587acab07e8c71c9a85 in term 1.
I20260601 13:31:59.755263 27587 leader_election.cc:304] T 9fe610c5c9e743049f2ffa8c0f1faa52 P 7ff259264c2d4587acab07e8c71c9a85 [CANDIDATE]: Term 1 election: Election decided. Result: candidate won. Election summary: received 2 responses out of 3 voters: 2 yes votes; 0 no votes. yes voters: 1dbc50e9ec214a058c2cefc4e392d5c9, 7ff259264c2d4587acab07e8c71c9a85; no voters: 
I20260601 13:31:59.755494 27827 raft_consensus.cc:2804] T 9fe610c5c9e743049f2ffa8c0f1faa52 P 7ff259264c2d4587acab07e8c71c9a85 [term 1 FOLLOWER]: Leader election won for term 1
I20260601 13:31:59.755685 27827 raft_consensus.cc:697] T 9fe610c5c9e743049f2ffa8c0f1faa52 P 7ff259264c2d4587acab07e8c71c9a85 [term 1 LEADER]: Becoming Leader. State: Replica: 7ff259264c2d4587acab07e8c71c9a85, State: Running, Role: LEADER
I20260601 13:31:59.755854 27827 consensus_queue.cc:237] T 9fe610c5c9e743049f2ffa8c0f1faa52 P 7ff259264c2d4587acab07e8c71c9a85 [LEADER]: Queue going to LEADER mode. State: All replicated index: 0, Majority replicated index: 0, Committed index: 0, Last appended: 0.0, Last appended by leader: 0, Current term: 1, Majority size: 2, State: 0, Mode: LEADER, active raft config: opid_index: -1 OBSOLETE_local: false peers { permanent_uuid: "7ff259264c2d4587acab07e8c71c9a85" member_type: VOTER last_known_addr { host: "127.24.110.65" port: 44853 } } peers { permanent_uuid: "1dbc50e9ec214a058c2cefc4e392d5c9" member_type: VOTER last_known_addr { host: "127.24.110.66" port: 40683 } } peers { permanent_uuid: "86d761fed14447cea92f1309ad3bcda9" member_type: VOTER last_known_addr { host: "127.24.110.67" port: 42383 } }
I20260601 13:31:59.757196 27518 catalog_manager.cc:5696] T 9fe610c5c9e743049f2ffa8c0f1faa52 P 7ff259264c2d4587acab07e8c71c9a85 reported cstate change: term changed from 0 to 1, leader changed from <none> to 7ff259264c2d4587acab07e8c71c9a85 (127.24.110.65). New cstate: current_term: 1 leader_uuid: "7ff259264c2d4587acab07e8c71c9a85" committed_config { opid_index: -1 OBSOLETE_local: false peers { permanent_uuid: "7ff259264c2d4587acab07e8c71c9a85" member_type: VOTER last_known_addr { host: "127.24.110.65" port: 44853 } health_report { overall_health: HEALTHY } } peers { permanent_uuid: "1dbc50e9ec214a058c2cefc4e392d5c9" member_type: VOTER last_known_addr { host: "127.24.110.66" port: 40683 } health_report { overall_health: UNKNOWN } } peers { permanent_uuid: "86d761fed14447cea92f1309ad3bcda9" member_type: VOTER last_known_addr { host: "127.24.110.67" port: 42383 } health_report { overall_health: UNKNOWN } } }
I20260601 13:31:59.782586 27824 raft_consensus.cc:493] T 86af080bbba3483fbbae5fe9b331c83c P 86d761fed14447cea92f1309ad3bcda9 [term 0 FOLLOWER]: Starting pre-election (no leader contacted us within the election timeout)
I20260601 13:31:59.782696 27824 raft_consensus.cc:515] T 86af080bbba3483fbbae5fe9b331c83c P 86d761fed14447cea92f1309ad3bcda9 [term 0 FOLLOWER]: Starting pre-election with config: opid_index: -1 OBSOLETE_local: false peers { permanent_uuid: "7ff259264c2d4587acab07e8c71c9a85" member_type: VOTER last_known_addr { host: "127.24.110.65" port: 44853 } } peers { permanent_uuid: "1dbc50e9ec214a058c2cefc4e392d5c9" member_type: VOTER last_known_addr { host: "127.24.110.66" port: 40683 } } peers { permanent_uuid: "86d761fed14447cea92f1309ad3bcda9" member_type: VOTER last_known_addr { host: "127.24.110.67" port: 42383 } }
I20260601 13:31:59.783190 27824 leader_election.cc:290] T 86af080bbba3483fbbae5fe9b331c83c P 86d761fed14447cea92f1309ad3bcda9 [CANDIDATE]: Term 1 pre-election: Requested pre-vote from peers 7ff259264c2d4587acab07e8c71c9a85 (127.24.110.65:44853), 1dbc50e9ec214a058c2cefc4e392d5c9 (127.24.110.66:40683)
I20260601 13:31:59.786834 27622 tablet_service.cc:1917] Received RequestConsensusVote() RPC: tablet_id: "86af080bbba3483fbbae5fe9b331c83c" candidate_uuid: "86d761fed14447cea92f1309ad3bcda9" candidate_term: 1 candidate_status { last_received { term: 0 index: 0 } } ignore_live_leader: false dest_uuid: "7ff259264c2d4587acab07e8c71c9a85" is_pre_election: true
I20260601 13:31:59.786979 27622 raft_consensus.cc:2468] T 86af080bbba3483fbbae5fe9b331c83c P 7ff259264c2d4587acab07e8c71c9a85 [term 0 FOLLOWER]: Leader pre-election vote request: Granting yes vote for candidate 86d761fed14447cea92f1309ad3bcda9 in term 0.
I20260601 13:31:59.787024 27698 tablet_service.cc:1917] Received RequestConsensusVote() RPC: tablet_id: "86af080bbba3483fbbae5fe9b331c83c" candidate_uuid: "86d761fed14447cea92f1309ad3bcda9" candidate_term: 1 candidate_status { last_received { term: 0 index: 0 } } ignore_live_leader: false dest_uuid: "1dbc50e9ec214a058c2cefc4e392d5c9" is_pre_election: true
I20260601 13:31:59.787160 27698 raft_consensus.cc:2468] T 86af080bbba3483fbbae5fe9b331c83c P 1dbc50e9ec214a058c2cefc4e392d5c9 [term 0 FOLLOWER]: Leader pre-election vote request: Granting yes vote for candidate 86d761fed14447cea92f1309ad3bcda9 in term 0.
I20260601 13:31:59.787315 27738 leader_election.cc:304] T 86af080bbba3483fbbae5fe9b331c83c P 86d761fed14447cea92f1309ad3bcda9 [CANDIDATE]: Term 1 pre-election: Election decided. Result: candidate won. Election summary: received 2 responses out of 3 voters: 2 yes votes; 0 no votes. yes voters: 7ff259264c2d4587acab07e8c71c9a85, 86d761fed14447cea92f1309ad3bcda9; no voters: 
I20260601 13:31:59.787484 27824 raft_consensus.cc:2804] T 86af080bbba3483fbbae5fe9b331c83c P 86d761fed14447cea92f1309ad3bcda9 [term 0 FOLLOWER]: Leader pre-election won for term 1
I20260601 13:31:59.787544 27824 raft_consensus.cc:493] T 86af080bbba3483fbbae5fe9b331c83c P 86d761fed14447cea92f1309ad3bcda9 [term 0 FOLLOWER]: Starting leader election (no leader contacted us within the election timeout)
I20260601 13:31:59.787571 27824 raft_consensus.cc:3060] T 86af080bbba3483fbbae5fe9b331c83c P 86d761fed14447cea92f1309ad3bcda9 [term 0 FOLLOWER]: Advancing to term 1
I20260601 13:31:59.788344 27824 raft_consensus.cc:515] T 86af080bbba3483fbbae5fe9b331c83c P 86d761fed14447cea92f1309ad3bcda9 [term 1 FOLLOWER]: Starting leader election with config: opid_index: -1 OBSOLETE_local: false peers { permanent_uuid: "7ff259264c2d4587acab07e8c71c9a85" member_type: VOTER last_known_addr { host: "127.24.110.65" port: 44853 } } peers { permanent_uuid: "1dbc50e9ec214a058c2cefc4e392d5c9" member_type: VOTER last_known_addr { host: "127.24.110.66" port: 40683 } } peers { permanent_uuid: "86d761fed14447cea92f1309ad3bcda9" member_type: VOTER last_known_addr { host: "127.24.110.67" port: 42383 } }
I20260601 13:31:59.788645 27824 leader_election.cc:290] T 86af080bbba3483fbbae5fe9b331c83c P 86d761fed14447cea92f1309ad3bcda9 [CANDIDATE]: Term 1 election: Requested vote from peers 7ff259264c2d4587acab07e8c71c9a85 (127.24.110.65:44853), 1dbc50e9ec214a058c2cefc4e392d5c9 (127.24.110.66:40683)
I20260601 13:31:59.788977 27698 tablet_service.cc:1917] Received RequestConsensusVote() RPC: tablet_id: "86af080bbba3483fbbae5fe9b331c83c" candidate_uuid: "86d761fed14447cea92f1309ad3bcda9" candidate_term: 1 candidate_status { last_received { term: 0 index: 0 } } ignore_live_leader: false dest_uuid: "1dbc50e9ec214a058c2cefc4e392d5c9"
I20260601 13:31:59.788977 27622 tablet_service.cc:1917] Received RequestConsensusVote() RPC: tablet_id: "86af080bbba3483fbbae5fe9b331c83c" candidate_uuid: "86d761fed14447cea92f1309ad3bcda9" candidate_term: 1 candidate_status { last_received { term: 0 index: 0 } } ignore_live_leader: false dest_uuid: "7ff259264c2d4587acab07e8c71c9a85"
I20260601 13:31:59.789121 27622 raft_consensus.cc:3060] T 86af080bbba3483fbbae5fe9b331c83c P 7ff259264c2d4587acab07e8c71c9a85 [term 0 FOLLOWER]: Advancing to term 1
I20260601 13:31:59.789121 27698 raft_consensus.cc:3060] T 86af080bbba3483fbbae5fe9b331c83c P 1dbc50e9ec214a058c2cefc4e392d5c9 [term 0 FOLLOWER]: Advancing to term 1
I20260601 13:31:59.790009 27698 raft_consensus.cc:2468] T 86af080bbba3483fbbae5fe9b331c83c P 1dbc50e9ec214a058c2cefc4e392d5c9 [term 1 FOLLOWER]: Leader election vote request: Granting yes vote for candidate 86d761fed14447cea92f1309ad3bcda9 in term 1.
I20260601 13:31:59.790009 27622 raft_consensus.cc:2468] T 86af080bbba3483fbbae5fe9b331c83c P 7ff259264c2d4587acab07e8c71c9a85 [term 1 FOLLOWER]: Leader election vote request: Granting yes vote for candidate 86d761fed14447cea92f1309ad3bcda9 in term 1.
I20260601 13:31:59.790314 27738 leader_election.cc:304] T 86af080bbba3483fbbae5fe9b331c83c P 86d761fed14447cea92f1309ad3bcda9 [CANDIDATE]: Term 1 election: Election decided. Result: candidate won. Election summary: received 2 responses out of 3 voters: 2 yes votes; 0 no votes. yes voters: 1dbc50e9ec214a058c2cefc4e392d5c9, 86d761fed14447cea92f1309ad3bcda9; no voters: 
I20260601 13:31:59.790482 27824 raft_consensus.cc:2804] T 86af080bbba3483fbbae5fe9b331c83c P 86d761fed14447cea92f1309ad3bcda9 [term 1 FOLLOWER]: Leader election won for term 1
I20260601 13:31:59.790678 27824 raft_consensus.cc:697] T 86af080bbba3483fbbae5fe9b331c83c P 86d761fed14447cea92f1309ad3bcda9 [term 1 LEADER]: Becoming Leader. State: Replica: 86d761fed14447cea92f1309ad3bcda9, State: Running, Role: LEADER
I20260601 13:31:59.790833 27824 consensus_queue.cc:237] T 86af080bbba3483fbbae5fe9b331c83c P 86d761fed14447cea92f1309ad3bcda9 [LEADER]: Queue going to LEADER mode. State: All replicated index: 0, Majority replicated index: 0, Committed index: 0, Last appended: 0.0, Last appended by leader: 0, Current term: 1, Majority size: 2, State: 0, Mode: LEADER, active raft config: opid_index: -1 OBSOLETE_local: false peers { permanent_uuid: "7ff259264c2d4587acab07e8c71c9a85" member_type: VOTER last_known_addr { host: "127.24.110.65" port: 44853 } } peers { permanent_uuid: "1dbc50e9ec214a058c2cefc4e392d5c9" member_type: VOTER last_known_addr { host: "127.24.110.66" port: 40683 } } peers { permanent_uuid: "86d761fed14447cea92f1309ad3bcda9" member_type: VOTER last_known_addr { host: "127.24.110.67" port: 42383 } }
I20260601 13:31:59.792165 27518 catalog_manager.cc:5696] T 86af080bbba3483fbbae5fe9b331c83c P 86d761fed14447cea92f1309ad3bcda9 reported cstate change: term changed from 0 to 1, leader changed from <none> to 86d761fed14447cea92f1309ad3bcda9 (127.24.110.67). New cstate: current_term: 1 leader_uuid: "86d761fed14447cea92f1309ad3bcda9" committed_config { opid_index: -1 OBSOLETE_local: false peers { permanent_uuid: "7ff259264c2d4587acab07e8c71c9a85" member_type: VOTER last_known_addr { host: "127.24.110.65" port: 44853 } health_report { overall_health: UNKNOWN } } peers { permanent_uuid: "1dbc50e9ec214a058c2cefc4e392d5c9" member_type: VOTER last_known_addr { host: "127.24.110.66" port: 40683 } health_report { overall_health: UNKNOWN } } peers { permanent_uuid: "86d761fed14447cea92f1309ad3bcda9" member_type: VOTER last_known_addr { host: "127.24.110.67" port: 42383 } health_report { overall_health: HEALTHY } } }
I20260601 13:31:59.823539 27827 raft_consensus.cc:493] T f4733534302748b9ab4f0801b2210eaf P 7ff259264c2d4587acab07e8c71c9a85 [term 0 FOLLOWER]: Starting pre-election (no leader contacted us within the election timeout)
I20260601 13:31:59.823647 27827 raft_consensus.cc:515] T f4733534302748b9ab4f0801b2210eaf P 7ff259264c2d4587acab07e8c71c9a85 [term 0 FOLLOWER]: Starting pre-election with config: opid_index: -1 OBSOLETE_local: false peers { permanent_uuid: "7ff259264c2d4587acab07e8c71c9a85" member_type: VOTER last_known_addr { host: "127.24.110.65" port: 44853 } } peers { permanent_uuid: "1dbc50e9ec214a058c2cefc4e392d5c9" member_type: VOTER last_known_addr { host: "127.24.110.66" port: 40683 } } peers { permanent_uuid: "86d761fed14447cea92f1309ad3bcda9" member_type: VOTER last_known_addr { host: "127.24.110.67" port: 42383 } }
I20260601 13:31:59.824005 27827 leader_election.cc:290] T f4733534302748b9ab4f0801b2210eaf P 7ff259264c2d4587acab07e8c71c9a85 [CANDIDATE]: Term 1 pre-election: Requested pre-vote from peers 1dbc50e9ec214a058c2cefc4e392d5c9 (127.24.110.66:40683), 86d761fed14447cea92f1309ad3bcda9 (127.24.110.67:42383)
I20260601 13:31:59.824347 27698 tablet_service.cc:1917] Received RequestConsensusVote() RPC: tablet_id: "f4733534302748b9ab4f0801b2210eaf" candidate_uuid: "7ff259264c2d4587acab07e8c71c9a85" candidate_term: 1 candidate_status { last_received { term: 0 index: 0 } } ignore_live_leader: false dest_uuid: "1dbc50e9ec214a058c2cefc4e392d5c9" is_pre_election: true
I20260601 13:31:59.824363 27773 tablet_service.cc:1917] Received RequestConsensusVote() RPC: tablet_id: "f4733534302748b9ab4f0801b2210eaf" candidate_uuid: "7ff259264c2d4587acab07e8c71c9a85" candidate_term: 1 candidate_status { last_received { term: 0 index: 0 } } ignore_live_leader: false dest_uuid: "86d761fed14447cea92f1309ad3bcda9" is_pre_election: true
I20260601 13:31:59.824455 27698 raft_consensus.cc:2468] T f4733534302748b9ab4f0801b2210eaf P 1dbc50e9ec214a058c2cefc4e392d5c9 [term 0 FOLLOWER]: Leader pre-election vote request: Granting yes vote for candidate 7ff259264c2d4587acab07e8c71c9a85 in term 0.
I20260601 13:31:59.824522 27773 raft_consensus.cc:2468] T f4733534302748b9ab4f0801b2210eaf P 86d761fed14447cea92f1309ad3bcda9 [term 0 FOLLOWER]: Leader pre-election vote request: Granting yes vote for candidate 7ff259264c2d4587acab07e8c71c9a85 in term 0.
I20260601 13:31:59.824777 27587 leader_election.cc:304] T f4733534302748b9ab4f0801b2210eaf P 7ff259264c2d4587acab07e8c71c9a85 [CANDIDATE]: Term 1 pre-election: Election decided. Result: candidate won. Election summary: received 2 responses out of 3 voters: 2 yes votes; 0 no votes. yes voters: 1dbc50e9ec214a058c2cefc4e392d5c9, 7ff259264c2d4587acab07e8c71c9a85; no voters: 
I20260601 13:31:59.824936 27827 raft_consensus.cc:2804] T f4733534302748b9ab4f0801b2210eaf P 7ff259264c2d4587acab07e8c71c9a85 [term 0 FOLLOWER]: Leader pre-election won for term 1
I20260601 13:31:59.824995 27827 raft_consensus.cc:493] T f4733534302748b9ab4f0801b2210eaf P 7ff259264c2d4587acab07e8c71c9a85 [term 0 FOLLOWER]: Starting leader election (no leader contacted us within the election timeout)
I20260601 13:31:59.825031 27827 raft_consensus.cc:3060] T f4733534302748b9ab4f0801b2210eaf P 7ff259264c2d4587acab07e8c71c9a85 [term 0 FOLLOWER]: Advancing to term 1
I20260601 13:31:59.825760 27827 raft_consensus.cc:515] T f4733534302748b9ab4f0801b2210eaf P 7ff259264c2d4587acab07e8c71c9a85 [term 1 FOLLOWER]: Starting leader election with config: opid_index: -1 OBSOLETE_local: false peers { permanent_uuid: "7ff259264c2d4587acab07e8c71c9a85" member_type: VOTER last_known_addr { host: "127.24.110.65" port: 44853 } } peers { permanent_uuid: "1dbc50e9ec214a058c2cefc4e392d5c9" member_type: VOTER last_known_addr { host: "127.24.110.66" port: 40683 } } peers { permanent_uuid: "86d761fed14447cea92f1309ad3bcda9" member_type: VOTER last_known_addr { host: "127.24.110.67" port: 42383 } }
I20260601 13:31:59.826089 27827 leader_election.cc:290] T f4733534302748b9ab4f0801b2210eaf P 7ff259264c2d4587acab07e8c71c9a85 [CANDIDATE]: Term 1 election: Requested vote from peers 1dbc50e9ec214a058c2cefc4e392d5c9 (127.24.110.66:40683), 86d761fed14447cea92f1309ad3bcda9 (127.24.110.67:42383)
I20260601 13:31:59.826341 27698 tablet_service.cc:1917] Received RequestConsensusVote() RPC: tablet_id: "f4733534302748b9ab4f0801b2210eaf" candidate_uuid: "7ff259264c2d4587acab07e8c71c9a85" candidate_term: 1 candidate_status { last_received { term: 0 index: 0 } } ignore_live_leader: false dest_uuid: "1dbc50e9ec214a058c2cefc4e392d5c9"
