I20260601 13:22:12.297669 18216 consensus_queue.cc:1048] T d5ca133d1cba4dd88b7b3ff9cc238005 P 511169a10e82417f841ec5c62e2c6649 [LEADER]: Connected to new peer: Peer: permanent_uuid: "6a56b529c8304b329bff51eb86796fc4" member_type: VOTER last_known_addr { host: "127.14.180.196" port: 33941 }, Status: LMP_MISMATCH, Last received: 0.0, Next index: 1, Last known committed idx: 0, Time since last communication: 0.000s
I20260601 13:22:12.301993 18251 consensus_queue.cc:1048] T d5ca133d1cba4dd88b7b3ff9cc238005 P 511169a10e82417f841ec5c62e2c6649 [LEADER]: Connected to new peer: Peer: permanent_uuid: "122113e72846407d82cf418c13079bab" member_type: VOTER last_known_addr { host: "127.14.180.193" port: 32791 }, Status: LMP_MISMATCH, Last received: 0.0, Next index: 1, Last known committed idx: 0, Time since last communication: 0.000s
I20260601 13:22:12.387200 18251 raft_consensus.cc:993] T 8c6317f09f794d6e83c27a1624c8d63a P 511169a10e82417f841ec5c62e2c6649: : Instructing follower 122113e72846407d82cf418c13079bab to start an election
I20260601 13:22:12.387336 18251 raft_consensus.cc:1081] T 8c6317f09f794d6e83c27a1624c8d63a P 511169a10e82417f841ec5c62e2c6649 [term 1 LEADER]: Signalling peer 122113e72846407d82cf418c13079bab to start an election
I20260601 13:22:12.387809 18013 tablet_service.cc:2044] Received Run Leader Election RPC: tablet_id: "8c6317f09f794d6e83c27a1624c8d63a"
dest_uuid: "122113e72846407d82cf418c13079bab"
 from {username='slave'} at 127.0.0.1:41874
I20260601 13:22:12.387986 18013 raft_consensus.cc:493] T 8c6317f09f794d6e83c27a1624c8d63a P 122113e72846407d82cf418c13079bab [term 1 FOLLOWER]: Starting forced leader election (received explicit request)
I20260601 13:22:12.388067 18013 raft_consensus.cc:3060] T 8c6317f09f794d6e83c27a1624c8d63a P 122113e72846407d82cf418c13079bab [term 1 FOLLOWER]: Advancing to term 2
I20260601 13:22:12.389040 18013 raft_consensus.cc:515] T 8c6317f09f794d6e83c27a1624c8d63a P 122113e72846407d82cf418c13079bab [term 2 FOLLOWER]: Starting forced leader election with config: opid_index: -1 OBSOLETE_local: false peers { permanent_uuid: "7756398e91984f51afbecef367bb4a75" member_type: VOTER last_known_addr { host: "127.14.180.194" port: 39715 } } peers { permanent_uuid: "122113e72846407d82cf418c13079bab" member_type: VOTER last_known_addr { host: "127.14.180.193" port: 32791 } } peers { permanent_uuid: "511169a10e82417f841ec5c62e2c6649" member_type: VOTER last_known_addr { host: "127.14.180.195" port: 36869 } }
I20260601 13:22:12.389451 18013 leader_election.cc:290] T 8c6317f09f794d6e83c27a1624c8d63a P 122113e72846407d82cf418c13079bab [CANDIDATE]: Term 2 election: Requested vote from peers 7756398e91984f51afbecef367bb4a75 (127.14.180.194:39715), 511169a10e82417f841ec5c62e2c6649 (127.14.180.195:36869)
I20260601 13:22:12.389683 18090 tablet_service.cc:1917] Received RequestConsensusVote() RPC: tablet_id: "8c6317f09f794d6e83c27a1624c8d63a" candidate_uuid: "122113e72846407d82cf418c13079bab" candidate_term: 2 candidate_status { last_received { term: 1 index: 1 } } ignore_live_leader: true dest_uuid: "7756398e91984f51afbecef367bb4a75"
I20260601 13:22:12.389792 18090 raft_consensus.cc:3060] T 8c6317f09f794d6e83c27a1624c8d63a P 7756398e91984f51afbecef367bb4a75 [term 1 FOLLOWER]: Advancing to term 2
I20260601 13:22:12.390532 18090 raft_consensus.cc:2468] T 8c6317f09f794d6e83c27a1624c8d63a P 7756398e91984f51afbecef367bb4a75 [term 2 FOLLOWER]: Leader election vote request: Granting yes vote for candidate 122113e72846407d82cf418c13079bab in term 2.
I20260601 13:22:12.390815 18165 tablet_service.cc:1917] Received RequestConsensusVote() RPC: tablet_id: "8c6317f09f794d6e83c27a1624c8d63a" candidate_uuid: "122113e72846407d82cf418c13079bab" candidate_term: 2 candidate_status { last_received { term: 1 index: 1 } } ignore_live_leader: true dest_uuid: "511169a10e82417f841ec5c62e2c6649"
I20260601 13:22:12.390890 17980 leader_election.cc:304] T 8c6317f09f794d6e83c27a1624c8d63a P 122113e72846407d82cf418c13079bab [CANDIDATE]: Term 2 election: Election decided. Result: candidate won. Election summary: received 2 responses out of 3 voters: 2 yes votes; 0 no votes. yes voters: 122113e72846407d82cf418c13079bab, 7756398e91984f51afbecef367bb4a75; no voters: 
I20260601 13:22:12.390918 18165 raft_consensus.cc:3055] T 8c6317f09f794d6e83c27a1624c8d63a P 511169a10e82417f841ec5c62e2c6649 [term 1 LEADER]: Stepping down as leader of term 1
I20260601 13:22:12.390981 18165 raft_consensus.cc:740] T 8c6317f09f794d6e83c27a1624c8d63a P 511169a10e82417f841ec5c62e2c6649 [term 1 LEADER]: Becoming Follower/Learner. State: Replica: 511169a10e82417f841ec5c62e2c6649, State: Running, Role: LEADER
I20260601 13:22:12.391078 18237 raft_consensus.cc:2804] T 8c6317f09f794d6e83c27a1624c8d63a P 122113e72846407d82cf418c13079bab [term 2 FOLLOWER]: Leader election won for term 2
I20260601 13:22:12.391148 18237 raft_consensus.cc:697] T 8c6317f09f794d6e83c27a1624c8d63a P 122113e72846407d82cf418c13079bab [term 2 LEADER]: Becoming Leader. State: Replica: 122113e72846407d82cf418c13079bab, State: Running, Role: LEADER
I20260601 13:22:12.391165 18165 consensus_queue.cc:260] T 8c6317f09f794d6e83c27a1624c8d63a P 511169a10e82417f841ec5c62e2c6649 [NON_LEADER]: Queue going to NON_LEADER mode. State: All replicated index: 0, Majority replicated index: 1, Committed index: 1, Last appended: 1.1, Last appended by leader: 1, Current term: 1, Majority size: -1, State: 0, Mode: NON_LEADER, active raft config: opid_index: -1 OBSOLETE_local: false peers { permanent_uuid: "7756398e91984f51afbecef367bb4a75" member_type: VOTER last_known_addr { host: "127.14.180.194" port: 39715 } } peers { permanent_uuid: "122113e72846407d82cf418c13079bab" member_type: VOTER last_known_addr { host: "127.14.180.193" port: 32791 } } peers { permanent_uuid: "511169a10e82417f841ec5c62e2c6649" member_type: VOTER last_known_addr { host: "127.14.180.195" port: 36869 } }
I20260601 13:22:12.391264 18237 consensus_queue.cc:237] T 8c6317f09f794d6e83c27a1624c8d63a P 122113e72846407d82cf418c13079bab [LEADER]: Queue going to LEADER mode. State: All replicated index: 0, Majority replicated index: 1, Committed index: 1, Last appended: 1.1, Last appended by leader: 1, Current term: 2, Majority size: 2, State: 0, Mode: LEADER, active raft config: opid_index: -1 OBSOLETE_local: false peers { permanent_uuid: "7756398e91984f51afbecef367bb4a75" member_type: VOTER last_known_addr { host: "127.14.180.194" port: 39715 } } peers { permanent_uuid: "122113e72846407d82cf418c13079bab" member_type: VOTER last_known_addr { host: "127.14.180.193" port: 32791 } } peers { permanent_uuid: "511169a10e82417f841ec5c62e2c6649" member_type: VOTER last_known_addr { host: "127.14.180.195" port: 36869 } }
I20260601 13:22:12.391345 18165 raft_consensus.cc:3060] T 8c6317f09f794d6e83c27a1624c8d63a P 511169a10e82417f841ec5c62e2c6649 [term 1 FOLLOWER]: Advancing to term 2
I20260601 13:22:12.392194 18165 raft_consensus.cc:2468] T 8c6317f09f794d6e83c27a1624c8d63a P 511169a10e82417f841ec5c62e2c6649 [term 2 FOLLOWER]: Leader election vote request: Granting yes vote for candidate 122113e72846407d82cf418c13079bab in term 2.
I20260601 13:22:12.393090 17911 catalog_manager.cc:5696] T 8c6317f09f794d6e83c27a1624c8d63a P 122113e72846407d82cf418c13079bab reported cstate change: term changed from 1 to 2, leader changed from 511169a10e82417f841ec5c62e2c6649 (127.14.180.195) to 122113e72846407d82cf418c13079bab (127.14.180.193). New cstate: current_term: 2 leader_uuid: "122113e72846407d82cf418c13079bab" committed_config { opid_index: -1 OBSOLETE_local: false peers { permanent_uuid: "7756398e91984f51afbecef367bb4a75" member_type: VOTER last_known_addr { host: "127.14.180.194" port: 39715 } health_report { overall_health: UNKNOWN } } peers { permanent_uuid: "122113e72846407d82cf418c13079bab" member_type: VOTER last_known_addr { host: "127.14.180.193" port: 32791 } health_report { overall_health: HEALTHY } } peers { permanent_uuid: "511169a10e82417f841ec5c62e2c6649" member_type: VOTER last_known_addr { host: "127.14.180.195" port: 36869 } health_report { overall_health: UNKNOWN } } }
I20260601 13:22:12.395977 18415 ts_tablet_manager.cc:933] T ca1b9dbbde2647df9cbb020f190d7158 P 6a56b529c8304b329bff51eb86796fc4: Initiating tablet copy from peer 511169a10e82417f841ec5c62e2c6649 (127.14.180.195:36869)
I20260601 13:22:12.396346 18415 tablet_copy_client.cc:323] T ca1b9dbbde2647df9cbb020f190d7158 P 6a56b529c8304b329bff51eb86796fc4: tablet copy: Beginning tablet copy session from remote peer at address 127.14.180.195:36869
I20260601 13:22:12.396857 18175 tablet_copy_service.cc:140] P 511169a10e82417f841ec5c62e2c6649: Received BeginTabletCopySession request for tablet ca1b9dbbde2647df9cbb020f190d7158 from peer 6a56b529c8304b329bff51eb86796fc4 ({username='slave'} at 127.0.0.1:58266)
I20260601 13:22:12.396986 18175 tablet_copy_service.cc:161] P 511169a10e82417f841ec5c62e2c6649: Beginning new tablet copy session on tablet ca1b9dbbde2647df9cbb020f190d7158 from peer 6a56b529c8304b329bff51eb86796fc4 at {username='slave'} at 127.0.0.1:58266: session id = 6a56b529c8304b329bff51eb86796fc4-ca1b9dbbde2647df9cbb020f190d7158
I20260601 13:22:12.397711 18175 tablet_copy_source_session.cc:215] T ca1b9dbbde2647df9cbb020f190d7158 P 511169a10e82417f841ec5c62e2c6649: Tablet Copy: opened 0 blocks and 1 log segments
I20260601 13:22:12.398499 18415 data_dirs.cc:400] Could only allocate 1 dirs of requested 3 for tablet ca1b9dbbde2647df9cbb020f190d7158. 1 dirs total, 0 dirs full, 0 dirs failed
I20260601 13:22:12.400120 18415 tablet_copy_client.cc:806] T ca1b9dbbde2647df9cbb020f190d7158 P 6a56b529c8304b329bff51eb86796fc4: tablet copy: Starting download of 0 data blocks...
I20260601 13:22:12.400295 18415 tablet_copy_client.cc:670] T ca1b9dbbde2647df9cbb020f190d7158 P 6a56b529c8304b329bff51eb86796fc4: tablet copy: Starting download of 1 WAL segments...
I20260601 13:22:12.401369 18415 tablet_copy_client.cc:538] T ca1b9dbbde2647df9cbb020f190d7158 P 6a56b529c8304b329bff51eb86796fc4: tablet copy: Tablet Copy complete. Replacing tablet superblock.
I20260601 13:22:12.402360 18415 tablet_bootstrap.cc:492] T ca1b9dbbde2647df9cbb020f190d7158 P 6a56b529c8304b329bff51eb86796fc4: Bootstrap starting.
I20260601 13:22:12.405339 18415 tablet_bootstrap.cc:492] T ca1b9dbbde2647df9cbb020f190d7158 P 6a56b529c8304b329bff51eb86796fc4: Bootstrap replayed 1/1 log segments. Stats: ops{read=2 overwritten=0 applied=2 ignored=0} inserts{seen=0 ignored=0} mutations{seen=0 ignored=0} orphaned_commits=0. Pending: 0 replicates
I20260601 13:22:12.405573 18415 tablet_bootstrap.cc:492] T ca1b9dbbde2647df9cbb020f190d7158 P 6a56b529c8304b329bff51eb86796fc4: Bootstrap complete.
I20260601 13:22:12.405750 18415 ts_tablet_manager.cc:1403] T ca1b9dbbde2647df9cbb020f190d7158 P 6a56b529c8304b329bff51eb86796fc4: Time spent bootstrapping tablet: real 0.003s	user 0.003s	sys 0.001s
I20260601 13:22:12.406152 18415 raft_consensus.cc:359] T ca1b9dbbde2647df9cbb020f190d7158 P 6a56b529c8304b329bff51eb86796fc4 [term 1 LEARNER]: Replica starting. Triggering 0 pending ops. Active config: opid_index: 2 OBSOLETE_local: false peers { permanent_uuid: "122113e72846407d82cf418c13079bab" member_type: VOTER last_known_addr { host: "127.14.180.193" port: 32791 } attrs { replace: true } } peers { permanent_uuid: "7756398e91984f51afbecef367bb4a75" member_type: VOTER last_known_addr { host: "127.14.180.194" port: 39715 } } peers { permanent_uuid: "511169a10e82417f841ec5c62e2c6649" member_type: VOTER last_known_addr { host: "127.14.180.195" port: 36869 } } peers { permanent_uuid: "6a56b529c8304b329bff51eb86796fc4" member_type: NON_VOTER last_known_addr { host: "127.14.180.196" port: 33941 } attrs { promote: true } }
I20260601 13:22:12.406281 18415 raft_consensus.cc:740] T ca1b9dbbde2647df9cbb020f190d7158 P 6a56b529c8304b329bff51eb86796fc4 [term 1 LEARNER]: Becoming Follower/Learner. State: Replica: 6a56b529c8304b329bff51eb86796fc4, State: Initialized, Role: LEARNER
I20260601 13:22:12.406414 18415 consensus_queue.cc:260] T ca1b9dbbde2647df9cbb020f190d7158 P 6a56b529c8304b329bff51eb86796fc4 [NON_LEADER]: Queue going to NON_LEADER mode. State: All replicated index: 0, Majority replicated index: 0, Committed index: 2, Last appended: 1.2, Last appended by leader: 2, Current term: 0, Majority size: -1, State: 0, Mode: NON_LEADER, active raft config: opid_index: 2 OBSOLETE_local: false peers { permanent_uuid: "122113e72846407d82cf418c13079bab" member_type: VOTER last_known_addr { host: "127.14.180.193" port: 32791 } attrs { replace: true } } peers { permanent_uuid: "7756398e91984f51afbecef367bb4a75" member_type: VOTER last_known_addr { host: "127.14.180.194" port: 39715 } } peers { permanent_uuid: "511169a10e82417f841ec5c62e2c6649" member_type: VOTER last_known_addr { host: "127.14.180.195" port: 36869 } } peers { permanent_uuid: "6a56b529c8304b329bff51eb86796fc4" member_type: NON_VOTER last_known_addr { host: "127.14.180.196" port: 33941 } attrs { promote: true } }
I20260601 13:22:12.406723 18415 ts_tablet_manager.cc:1434] T ca1b9dbbde2647df9cbb020f190d7158 P 6a56b529c8304b329bff51eb86796fc4: Time spent starting tablet: real 0.001s	user 0.000s	sys 0.000s
I20260601 13:22:12.407248 18175 tablet_copy_service.cc:342] P 511169a10e82417f841ec5c62e2c6649: Request end of tablet copy session 6a56b529c8304b329bff51eb86796fc4-ca1b9dbbde2647df9cbb020f190d7158 received from {username='slave'} at 127.0.0.1:58266
I20260601 13:22:12.407346 18175 tablet_copy_service.cc:434] P 511169a10e82417f841ec5c62e2c6649: ending tablet copy session 6a56b529c8304b329bff51eb86796fc4-ca1b9dbbde2647df9cbb020f190d7158 on tablet ca1b9dbbde2647df9cbb020f190d7158 with peer 6a56b529c8304b329bff51eb86796fc4
I20260601 13:22:12.462476 18415 ts_tablet_manager.cc:933] T fa6ba925cf1f4cb1bc640ccaa855ea99 P 6a56b529c8304b329bff51eb86796fc4: Initiating tablet copy from peer 511169a10e82417f841ec5c62e2c6649 (127.14.180.195:36869)
I20260601 13:22:12.462929 18415 tablet_copy_client.cc:323] T fa6ba925cf1f4cb1bc640ccaa855ea99 P 6a56b529c8304b329bff51eb86796fc4: tablet copy: Beginning tablet copy session from remote peer at address 127.14.180.195:36869
I20260601 13:22:12.463455 18175 tablet_copy_service.cc:140] P 511169a10e82417f841ec5c62e2c6649: Received BeginTabletCopySession request for tablet fa6ba925cf1f4cb1bc640ccaa855ea99 from peer 6a56b529c8304b329bff51eb86796fc4 ({username='slave'} at 127.0.0.1:58266)
I20260601 13:22:12.463585 18175 tablet_copy_service.cc:161] P 511169a10e82417f841ec5c62e2c6649: Beginning new tablet copy session on tablet fa6ba925cf1f4cb1bc640ccaa855ea99 from peer 6a56b529c8304b329bff51eb86796fc4 at {username='slave'} at 127.0.0.1:58266: session id = 6a56b529c8304b329bff51eb86796fc4-fa6ba925cf1f4cb1bc640ccaa855ea99
I20260601 13:22:12.464632 18175 tablet_copy_source_session.cc:215] T fa6ba925cf1f4cb1bc640ccaa855ea99 P 511169a10e82417f841ec5c62e2c6649: Tablet Copy: opened 0 blocks and 1 log segments
I20260601 13:22:12.465802 18415 data_dirs.cc:400] Could only allocate 1 dirs of requested 3 for tablet fa6ba925cf1f4cb1bc640ccaa855ea99. 1 dirs total, 0 dirs full, 0 dirs failed
I20260601 13:22:12.468111 18415 tablet_copy_client.cc:806] T fa6ba925cf1f4cb1bc640ccaa855ea99 P 6a56b529c8304b329bff51eb86796fc4: tablet copy: Starting download of 0 data blocks...
I20260601 13:22:12.468288 18415 tablet_copy_client.cc:670] T fa6ba925cf1f4cb1bc640ccaa855ea99 P 6a56b529c8304b329bff51eb86796fc4: tablet copy: Starting download of 1 WAL segments...
I20260601 13:22:12.469468 18415 tablet_copy_client.cc:538] T fa6ba925cf1f4cb1bc640ccaa855ea99 P 6a56b529c8304b329bff51eb86796fc4: tablet copy: Tablet Copy complete. Replacing tablet superblock.
I20260601 13:22:12.470525 18415 tablet_bootstrap.cc:492] T fa6ba925cf1f4cb1bc640ccaa855ea99 P 6a56b529c8304b329bff51eb86796fc4: Bootstrap starting.
I20260601 13:22:12.473659 18415 tablet_bootstrap.cc:492] T fa6ba925cf1f4cb1bc640ccaa855ea99 P 6a56b529c8304b329bff51eb86796fc4: Bootstrap replayed 1/1 log segments. Stats: ops{read=2 overwritten=0 applied=2 ignored=0} inserts{seen=0 ignored=0} mutations{seen=0 ignored=0} orphaned_commits=0. Pending: 0 replicates
I20260601 13:22:12.473913 18415 tablet_bootstrap.cc:492] T fa6ba925cf1f4cb1bc640ccaa855ea99 P 6a56b529c8304b329bff51eb86796fc4: Bootstrap complete.
I20260601 13:22:12.474145 18415 ts_tablet_manager.cc:1403] T fa6ba925cf1f4cb1bc640ccaa855ea99 P 6a56b529c8304b329bff51eb86796fc4: Time spent bootstrapping tablet: real 0.004s	user 0.000s	sys 0.003s
I20260601 13:22:12.474722 18415 raft_consensus.cc:359] T fa6ba925cf1f4cb1bc640ccaa855ea99 P 6a56b529c8304b329bff51eb86796fc4 [term 1 LEARNER]: Replica starting. Triggering 0 pending ops. Active config: opid_index: 2 OBSOLETE_local: false peers { permanent_uuid: "7756398e91984f51afbecef367bb4a75" member_type: VOTER last_known_addr { host: "127.14.180.194" port: 39715 } attrs { replace: true } } peers { permanent_uuid: "122113e72846407d82cf418c13079bab" member_type: VOTER last_known_addr { host: "127.14.180.193" port: 32791 } } peers { permanent_uuid: "511169a10e82417f841ec5c62e2c6649" member_type: VOTER last_known_addr { host: "127.14.180.195" port: 36869 } } peers { permanent_uuid: "6a56b529c8304b329bff51eb86796fc4" member_type: NON_VOTER last_known_addr { host: "127.14.180.196" port: 33941 } attrs { promote: true } }
I20260601 13:22:12.474861 18415 raft_consensus.cc:740] T fa6ba925cf1f4cb1bc640ccaa855ea99 P 6a56b529c8304b329bff51eb86796fc4 [term 1 LEARNER]: Becoming Follower/Learner. State: Replica: 6a56b529c8304b329bff51eb86796fc4, State: Initialized, Role: LEARNER
I20260601 13:22:12.474996 18415 consensus_queue.cc:260] T fa6ba925cf1f4cb1bc640ccaa855ea99 P 6a56b529c8304b329bff51eb86796fc4 [NON_LEADER]: Queue going to NON_LEADER mode. State: All replicated index: 0, Majority replicated index: 0, Committed index: 2, Last appended: 1.2, Last appended by leader: 2, Current term: 0, Majority size: -1, State: 0, Mode: NON_LEADER, active raft config: opid_index: 2 OBSOLETE_local: false peers { permanent_uuid: "7756398e91984f51afbecef367bb4a75" member_type: VOTER last_known_addr { host: "127.14.180.194" port: 39715 } attrs { replace: true } } peers { permanent_uuid: "122113e72846407d82cf418c13079bab" member_type: VOTER last_known_addr { host: "127.14.180.193" port: 32791 } } peers { permanent_uuid: "511169a10e82417f841ec5c62e2c6649" member_type: VOTER last_known_addr { host: "127.14.180.195" port: 36869 } } peers { permanent_uuid: "6a56b529c8304b329bff51eb86796fc4" member_type: NON_VOTER last_known_addr { host: "127.14.180.196" port: 33941 } attrs { promote: true } }
I20260601 13:22:12.475317 18415 ts_tablet_manager.cc:1434] T fa6ba925cf1f4cb1bc640ccaa855ea99 P 6a56b529c8304b329bff51eb86796fc4: Time spent starting tablet: real 0.001s	user 0.000s	sys 0.000s
I20260601 13:22:12.476023 18175 tablet_copy_service.cc:342] P 511169a10e82417f841ec5c62e2c6649: Request end of tablet copy session 6a56b529c8304b329bff51eb86796fc4-fa6ba925cf1f4cb1bc640ccaa855ea99 received from {username='slave'} at 127.0.0.1:58266
I20260601 13:22:12.476112 18175 tablet_copy_service.cc:434] P 511169a10e82417f841ec5c62e2c6649: ending tablet copy session 6a56b529c8304b329bff51eb86796fc4-fa6ba925cf1f4cb1bc640ccaa855ea99 on tablet fa6ba925cf1f4cb1bc640ccaa855ea99 with peer 6a56b529c8304b329bff51eb86796fc4
I20260601 13:22:12.526247 18165 raft_consensus.cc:1275] T 926d958c74634d64af43f928be9113f0 P 511169a10e82417f841ec5c62e2c6649 [term 2 FOLLOWER]: Refusing update from remote peer 6a56b529c8304b329bff51eb86796fc4: Log matching property violated. Preceding OpId in replica: term: 1 index: 1. Preceding OpId from leader: term: 2 index: 2. (index mismatch)
I20260601 13:22:12.526799 18409 consensus_queue.cc:1048] T 926d958c74634d64af43f928be9113f0 P 6a56b529c8304b329bff51eb86796fc4 [LEADER]: Connected to new peer: Peer: permanent_uuid: "511169a10e82417f841ec5c62e2c6649" member_type: VOTER last_known_addr { host: "127.14.180.195" port: 36869 }, Status: LMP_MISMATCH, Last received: 0.0, Next index: 2, Last known committed idx: 1, Time since last communication: 0.000s
I20260601 13:22:12.529484 18089 raft_consensus.cc:1275] T 926d958c74634d64af43f928be9113f0 P 7756398e91984f51afbecef367bb4a75 [term 2 FOLLOWER]: Refusing update from remote peer 6a56b529c8304b329bff51eb86796fc4: Log matching property violated. Preceding OpId in replica: term: 1 index: 1. Preceding OpId from leader: term: 2 index: 2. (index mismatch)
I20260601 13:22:12.529950 18420 consensus_queue.cc:1048] T 926d958c74634d64af43f928be9113f0 P 6a56b529c8304b329bff51eb86796fc4 [LEADER]: Connected to new peer: Peer: permanent_uuid: "7756398e91984f51afbecef367bb4a75" member_type: VOTER last_known_addr { host: "127.14.180.194" port: 39715 }, Status: LMP_MISMATCH, Last received: 0.0, Next index: 2, Last known committed idx: 1, Time since last communication: 0.000s
I20260601 13:22:12.552094 18415 ts_tablet_manager.cc:933] T f5f1daf7dd90405084f3352b5e829ef4 P 6a56b529c8304b329bff51eb86796fc4: Initiating tablet copy from peer 7756398e91984f51afbecef367bb4a75 (127.14.180.194:39715)
I20260601 13:22:12.552505 18415 tablet_copy_client.cc:323] T f5f1daf7dd90405084f3352b5e829ef4 P 6a56b529c8304b329bff51eb86796fc4: tablet copy: Beginning tablet copy session from remote peer at address 127.14.180.194:39715
I20260601 13:22:12.553139 18098 tablet_copy_service.cc:140] P 7756398e91984f51afbecef367bb4a75: Received BeginTabletCopySession request for tablet f5f1daf7dd90405084f3352b5e829ef4 from peer 6a56b529c8304b329bff51eb86796fc4 ({username='slave'} at 127.0.0.1:49334)
I20260601 13:22:12.553249 18098 tablet_copy_service.cc:161] P 7756398e91984f51afbecef367bb4a75: Beginning new tablet copy session on tablet f5f1daf7dd90405084f3352b5e829ef4 from peer 6a56b529c8304b329bff51eb86796fc4 at {username='slave'} at 127.0.0.1:49334: session id = 6a56b529c8304b329bff51eb86796fc4-f5f1daf7dd90405084f3352b5e829ef4
I20260601 13:22:12.554076 18098 tablet_copy_source_session.cc:215] T f5f1daf7dd90405084f3352b5e829ef4 P 7756398e91984f51afbecef367bb4a75: Tablet Copy: opened 0 blocks and 1 log segments
I20260601 13:22:12.554999 18415 data_dirs.cc:400] Could only allocate 1 dirs of requested 3 for tablet f5f1daf7dd90405084f3352b5e829ef4. 1 dirs total, 0 dirs full, 0 dirs failed
I20260601 13:22:12.556927 18415 tablet_copy_client.cc:806] T f5f1daf7dd90405084f3352b5e829ef4 P 6a56b529c8304b329bff51eb86796fc4: tablet copy: Starting download of 0 data blocks...
I20260601 13:22:12.557114 18415 tablet_copy_client.cc:670] T f5f1daf7dd90405084f3352b5e829ef4 P 6a56b529c8304b329bff51eb86796fc4: tablet copy: Starting download of 1 WAL segments...
I20260601 13:22:12.558254 18415 tablet_copy_client.cc:538] T f5f1daf7dd90405084f3352b5e829ef4 P 6a56b529c8304b329bff51eb86796fc4: tablet copy: Tablet Copy complete. Replacing tablet superblock.
I20260601 13:22:12.559294 18415 tablet_bootstrap.cc:492] T f5f1daf7dd90405084f3352b5e829ef4 P 6a56b529c8304b329bff51eb86796fc4: Bootstrap starting.
I20260601 13:22:12.562351 18415 tablet_bootstrap.cc:492] T f5f1daf7dd90405084f3352b5e829ef4 P 6a56b529c8304b329bff51eb86796fc4: Bootstrap replayed 1/1 log segments. Stats: ops{read=2 overwritten=0 applied=2 ignored=0} inserts{seen=0 ignored=0} mutations{seen=0 ignored=0} orphaned_commits=0. Pending: 0 replicates
I20260601 13:22:12.562605 18415 tablet_bootstrap.cc:492] T f5f1daf7dd90405084f3352b5e829ef4 P 6a56b529c8304b329bff51eb86796fc4: Bootstrap complete.
I20260601 13:22:12.562805 18415 ts_tablet_manager.cc:1403] T f5f1daf7dd90405084f3352b5e829ef4 P 6a56b529c8304b329bff51eb86796fc4: Time spent bootstrapping tablet: real 0.004s	user 0.000s	sys 0.003s
I20260601 13:22:12.563239 18415 raft_consensus.cc:359] T f5f1daf7dd90405084f3352b5e829ef4 P 6a56b529c8304b329bff51eb86796fc4 [term 1 LEARNER]: Replica starting. Triggering 0 pending ops. Active config: opid_index: 2 OBSOLETE_local: false peers { permanent_uuid: "7756398e91984f51afbecef367bb4a75" member_type: VOTER last_known_addr { host: "127.14.180.194" port: 39715 } } peers { permanent_uuid: "122113e72846407d82cf418c13079bab" member_type: VOTER last_known_addr { host: "127.14.180.193" port: 32791 } } peers { permanent_uuid: "511169a10e82417f841ec5c62e2c6649" member_type: VOTER last_known_addr { host: "127.14.180.195" port: 36869 } attrs { replace: true } } peers { permanent_uuid: "6a56b529c8304b329bff51eb86796fc4" member_type: NON_VOTER last_known_addr { host: "127.14.180.196" port: 33941 } attrs { promote: true } }
I20260601 13:22:12.563369 18415 raft_consensus.cc:740] T f5f1daf7dd90405084f3352b5e829ef4 P 6a56b529c8304b329bff51eb86796fc4 [term 1 LEARNER]: Becoming Follower/Learner. State: Replica: 6a56b529c8304b329bff51eb86796fc4, State: Initialized, Role: LEARNER
I20260601 13:22:12.563483 18415 consensus_queue.cc:260] T f5f1daf7dd90405084f3352b5e829ef4 P 6a56b529c8304b329bff51eb86796fc4 [NON_LEADER]: Queue going to NON_LEADER mode. State: All replicated index: 0, Majority replicated index: 0, Committed index: 2, Last appended: 1.2, Last appended by leader: 2, Current term: 0, Majority size: -1, State: 0, Mode: NON_LEADER, active raft config: opid_index: 2 OBSOLETE_local: false peers { permanent_uuid: "7756398e91984f51afbecef367bb4a75" member_type: VOTER last_known_addr { host: "127.14.180.194" port: 39715 } } peers { permanent_uuid: "122113e72846407d82cf418c13079bab" member_type: VOTER last_known_addr { host: "127.14.180.193" port: 32791 } } peers { permanent_uuid: "511169a10e82417f841ec5c62e2c6649" member_type: VOTER last_known_addr { host: "127.14.180.195" port: 36869 } attrs { replace: true } } peers { permanent_uuid: "6a56b529c8304b329bff51eb86796fc4" member_type: NON_VOTER last_known_addr { host: "127.14.180.196" port: 33941 } attrs { promote: true } }
I20260601 13:22:12.563783 18415 ts_tablet_manager.cc:1434] T f5f1daf7dd90405084f3352b5e829ef4 P 6a56b529c8304b329bff51eb86796fc4: Time spent starting tablet: real 0.001s	user 0.000s	sys 0.000s
I20260601 13:22:12.564492 18098 tablet_copy_service.cc:342] P 7756398e91984f51afbecef367bb4a75: Request end of tablet copy session 6a56b529c8304b329bff51eb86796fc4-f5f1daf7dd90405084f3352b5e829ef4 received from {username='slave'} at 127.0.0.1:49334
I20260601 13:22:12.564577 18098 tablet_copy_service.cc:434] P 7756398e91984f51afbecef367bb4a75: ending tablet copy session 6a56b529c8304b329bff51eb86796fc4-f5f1daf7dd90405084f3352b5e829ef4 on tablet f5f1daf7dd90405084f3352b5e829ef4 with peer 6a56b529c8304b329bff51eb86796fc4
I20260601 13:22:12.593178 18415 ts_tablet_manager.cc:933] T ed69dfd8275649f4a89c0e0e20dd64f8 P 6a56b529c8304b329bff51eb86796fc4: Initiating tablet copy from peer 7756398e91984f51afbecef367bb4a75 (127.14.180.194:39715)
I20260601 13:22:12.593617 18415 tablet_copy_client.cc:323] T ed69dfd8275649f4a89c0e0e20dd64f8 P 6a56b529c8304b329bff51eb86796fc4: tablet copy: Beginning tablet copy session from remote peer at address 127.14.180.194:39715
I20260601 13:22:12.594137 18098 tablet_copy_service.cc:140] P 7756398e91984f51afbecef367bb4a75: Received BeginTabletCopySession request for tablet ed69dfd8275649f4a89c0e0e20dd64f8 from peer 6a56b529c8304b329bff51eb86796fc4 ({username='slave'} at 127.0.0.1:49334)
I20260601 13:22:12.594249 18098 tablet_copy_service.cc:161] P 7756398e91984f51afbecef367bb4a75: Beginning new tablet copy session on tablet ed69dfd8275649f4a89c0e0e20dd64f8 from peer 6a56b529c8304b329bff51eb86796fc4 at {username='slave'} at 127.0.0.1:49334: session id = 6a56b529c8304b329bff51eb86796fc4-ed69dfd8275649f4a89c0e0e20dd64f8
I20260601 13:22:12.595225 18098 tablet_copy_source_session.cc:215] T ed69dfd8275649f4a89c0e0e20dd64f8 P 7756398e91984f51afbecef367bb4a75: Tablet Copy: opened 0 blocks and 1 log segments
I20260601 13:22:12.596131 18415 data_dirs.cc:400] Could only allocate 1 dirs of requested 3 for tablet ed69dfd8275649f4a89c0e0e20dd64f8. 1 dirs total, 0 dirs full, 0 dirs failed
I20260601 13:22:12.598008 18415 tablet_copy_client.cc:806] T ed69dfd8275649f4a89c0e0e20dd64f8 P 6a56b529c8304b329bff51eb86796fc4: tablet copy: Starting download of 0 data blocks...
I20260601 13:22:12.598206 18415 tablet_copy_client.cc:670] T ed69dfd8275649f4a89c0e0e20dd64f8 P 6a56b529c8304b329bff51eb86796fc4: tablet copy: Starting download of 1 WAL segments...
I20260601 13:22:12.599519 18415 tablet_copy_client.cc:538] T ed69dfd8275649f4a89c0e0e20dd64f8 P 6a56b529c8304b329bff51eb86796fc4: tablet copy: Tablet Copy complete. Replacing tablet superblock.
I20260601 13:22:12.600700 18415 tablet_bootstrap.cc:492] T ed69dfd8275649f4a89c0e0e20dd64f8 P 6a56b529c8304b329bff51eb86796fc4: Bootstrap starting.
I20260601 13:22:12.604256 18415 tablet_bootstrap.cc:492] T ed69dfd8275649f4a89c0e0e20dd64f8 P 6a56b529c8304b329bff51eb86796fc4: Bootstrap replayed 1/1 log segments. Stats: ops{read=2 overwritten=0 applied=2 ignored=0} inserts{seen=0 ignored=0} mutations{seen=0 ignored=0} orphaned_commits=0. Pending: 0 replicates
I20260601 13:22:12.604535 18415 tablet_bootstrap.cc:492] T ed69dfd8275649f4a89c0e0e20dd64f8 P 6a56b529c8304b329bff51eb86796fc4: Bootstrap complete.
I20260601 13:22:12.604746 18415 ts_tablet_manager.cc:1403] T ed69dfd8275649f4a89c0e0e20dd64f8 P 6a56b529c8304b329bff51eb86796fc4: Time spent bootstrapping tablet: real 0.004s	user 0.005s	sys 0.000s
I20260601 13:22:12.605226 18415 raft_consensus.cc:359] T ed69dfd8275649f4a89c0e0e20dd64f8 P 6a56b529c8304b329bff51eb86796fc4 [term 1 LEARNER]: Replica starting. Triggering 0 pending ops. Active config: opid_index: 2 OBSOLETE_local: false peers { permanent_uuid: "122113e72846407d82cf418c13079bab" member_type: VOTER last_known_addr { host: "127.14.180.193" port: 32791 } attrs { replace: true } } peers { permanent_uuid: "7756398e91984f51afbecef367bb4a75" member_type: VOTER last_known_addr { host: "127.14.180.194" port: 39715 } } peers { permanent_uuid: "511169a10e82417f841ec5c62e2c6649" member_type: VOTER last_known_addr { host: "127.14.180.195" port: 36869 } } peers { permanent_uuid: "6a56b529c8304b329bff51eb86796fc4" member_type: NON_VOTER last_known_addr { host: "127.14.180.196" port: 33941 } attrs { promote: true } }
I20260601 13:22:12.605340 18415 raft_consensus.cc:740] T ed69dfd8275649f4a89c0e0e20dd64f8 P 6a56b529c8304b329bff51eb86796fc4 [term 1 LEARNER]: Becoming Follower/Learner. State: Replica: 6a56b529c8304b329bff51eb86796fc4, State: Initialized, Role: LEARNER
I20260601 13:22:12.605473 18415 consensus_queue.cc:260] T ed69dfd8275649f4a89c0e0e20dd64f8 P 6a56b529c8304b329bff51eb86796fc4 [NON_LEADER]: Queue going to NON_LEADER mode. State: All replicated index: 0, Majority replicated index: 0, Committed index: 2, Last appended: 1.2, Last appended by leader: 2, Current term: 0, Majority size: -1, State: 0, Mode: NON_LEADER, active raft config: opid_index: 2 OBSOLETE_local: false peers { permanent_uuid: "122113e72846407d82cf418c13079bab" member_type: VOTER last_known_addr { host: "127.14.180.193" port: 32791 } attrs { replace: true } } peers { permanent_uuid: "7756398e91984f51afbecef367bb4a75" member_type: VOTER last_known_addr { host: "127.14.180.194" port: 39715 } } peers { permanent_uuid: "511169a10e82417f841ec5c62e2c6649" member_type: VOTER last_known_addr { host: "127.14.180.195" port: 36869 } } peers { permanent_uuid: "6a56b529c8304b329bff51eb86796fc4" member_type: NON_VOTER last_known_addr { host: "127.14.180.196" port: 33941 } attrs { promote: true } }
I20260601 13:22:12.605808 18415 ts_tablet_manager.cc:1434] T ed69dfd8275649f4a89c0e0e20dd64f8 P 6a56b529c8304b329bff51eb86796fc4: Time spent starting tablet: real 0.001s	user 0.000s	sys 0.000s
I20260601 13:22:12.606323 18098 tablet_copy_service.cc:342] P 7756398e91984f51afbecef367bb4a75: Request end of tablet copy session 6a56b529c8304b329bff51eb86796fc4-ed69dfd8275649f4a89c0e0e20dd64f8 received from {username='slave'} at 127.0.0.1:49334
I20260601 13:22:12.606410 18098 tablet_copy_service.cc:434] P 7756398e91984f51afbecef367bb4a75: ending tablet copy session 6a56b529c8304b329bff51eb86796fc4-ed69dfd8275649f4a89c0e0e20dd64f8 on tablet ed69dfd8275649f4a89c0e0e20dd64f8 with peer 6a56b529c8304b329bff51eb86796fc4
I20260601 13:22:12.956725 18305 raft_consensus.cc:1217] T ca1b9dbbde2647df9cbb020f190d7158 P 6a56b529c8304b329bff51eb86796fc4 [term 1 LEARNER]: Deduplicated request from leader. Original: 1.1->[1.2-1.2]   Dedup: 1.2->[]
I20260601 13:22:12.961517 18165 raft_consensus.cc:1275] T 8c6317f09f794d6e83c27a1624c8d63a P 511169a10e82417f841ec5c62e2c6649 [term 2 FOLLOWER]: Refusing update from remote peer 122113e72846407d82cf418c13079bab: Log matching property violated. Preceding OpId in replica: term: 1 index: 1. Preceding OpId from leader: term: 2 index: 2. (index mismatch)
I20260601 13:22:12.961930 18389 consensus_queue.cc:1048] T 8c6317f09f794d6e83c27a1624c8d63a P 122113e72846407d82cf418c13079bab [LEADER]: Connected to new peer: Peer: permanent_uuid: "511169a10e82417f841ec5c62e2c6649" member_type: VOTER last_known_addr { host: "127.14.180.195" port: 36869 }, Status: LMP_MISMATCH, Last received: 0.0, Next index: 2, Last known committed idx: 1, Time since last communication: 0.000s
I20260601 13:22:12.964391 18089 raft_consensus.cc:1275] T 8c6317f09f794d6e83c27a1624c8d63a P 7756398e91984f51afbecef367bb4a75 [term 2 FOLLOWER]: Refusing update from remote peer 122113e72846407d82cf418c13079bab: Log matching property violated. Preceding OpId in replica: term: 1 index: 1. Preceding OpId from leader: term: 2 index: 2. (index mismatch)
I20260601 13:22:12.964834 18220 consensus_queue.cc:1048] T 8c6317f09f794d6e83c27a1624c8d63a P 122113e72846407d82cf418c13079bab [LEADER]: Connected to new peer: Peer: permanent_uuid: "7756398e91984f51afbecef367bb4a75" member_type: VOTER last_known_addr { host: "127.14.180.194" port: 39715 }, Status: LMP_MISMATCH, Last received: 0.0, Next index: 2, Last known committed idx: 1, Time since last communication: 0.000s
I20260601 13:22:12.981482 18305 raft_consensus.cc:1217] T fa6ba925cf1f4cb1bc640ccaa855ea99 P 6a56b529c8304b329bff51eb86796fc4 [term 1 LEARNER]: Deduplicated request from leader. Original: 1.1->[1.2-1.2]   Dedup: 1.2->[]
I20260601 13:22:13.123059 18305 raft_consensus.cc:1217] T f5f1daf7dd90405084f3352b5e829ef4 P 6a56b529c8304b329bff51eb86796fc4 [term 1 LEARNER]: Deduplicated request from leader. Original: 1.1->[1.2-1.2]   Dedup: 1.2->[]
I20260601 13:22:13.205535 18305 raft_consensus.cc:1217] T ed69dfd8275649f4a89c0e0e20dd64f8 P 6a56b529c8304b329bff51eb86796fc4 [term 1 LEARNER]: Deduplicated request from leader. Original: 1.1->[1.2-1.2]   Dedup: 1.2->[]
I20260601 13:22:13.515015 18251 raft_consensus.cc:1064] T fa6ba925cf1f4cb1bc640ccaa855ea99 P 511169a10e82417f841ec5c62e2c6649: attempting to promote NON_VOTER 6a56b529c8304b329bff51eb86796fc4 to VOTER
I20260601 13:22:13.515501 18251 consensus_queue.cc:237] T fa6ba925cf1f4cb1bc640ccaa855ea99 P 511169a10e82417f841ec5c62e2c6649 [LEADER]: Queue going to LEADER mode. State: All replicated index: 0, Majority replicated index: 2, Committed index: 2, Last appended: 1.2, Last appended by leader: 0, Current term: 1, Majority size: 3, State: 0, Mode: LEADER, active raft config: opid_index: 3 OBSOLETE_local: false peers { permanent_uuid: "7756398e91984f51afbecef367bb4a75" member_type: VOTER last_known_addr { host: "127.14.180.194" port: 39715 } attrs { replace: true } } peers { permanent_uuid: "122113e72846407d82cf418c13079bab" member_type: VOTER last_known_addr { host: "127.14.180.193" port: 32791 } } peers { permanent_uuid: "511169a10e82417f841ec5c62e2c6649" member_type: VOTER last_known_addr { host: "127.14.180.195" port: 36869 } } peers { permanent_uuid: "6a56b529c8304b329bff51eb86796fc4" member_type: VOTER last_known_addr { host: "127.14.180.196" port: 33941 } attrs { promote: false } }
I20260601 13:22:13.517016 18305 raft_consensus.cc:1275] T fa6ba925cf1f4cb1bc640ccaa855ea99 P 6a56b529c8304b329bff51eb86796fc4 [term 1 LEARNER]: Refusing update from remote peer 511169a10e82417f841ec5c62e2c6649: Log matching property violated. Preceding OpId in replica: term: 1 index: 2. Preceding OpId from leader: term: 1 index: 3. (index mismatch)
I20260601 13:22:13.517096 18013 raft_consensus.cc:1275] T fa6ba925cf1f4cb1bc640ccaa855ea99 P 122113e72846407d82cf418c13079bab [term 1 FOLLOWER]: Refusing update from remote peer 511169a10e82417f841ec5c62e2c6649: Log matching property violated. Preceding OpId in replica: term: 1 index: 2. Preceding OpId from leader: term: 1 index: 3. (index mismatch)
I20260601 13:22:13.517237 18089 raft_consensus.cc:1275] T fa6ba925cf1f4cb1bc640ccaa855ea99 P 7756398e91984f51afbecef367bb4a75 [term 1 FOLLOWER]: Refusing update from remote peer 511169a10e82417f841ec5c62e2c6649: Log matching property violated. Preceding OpId in replica: term: 1 index: 2. Preceding OpId from leader: term: 1 index: 3. (index mismatch)
I20260601 13:22:13.517511 18431 consensus_queue.cc:1048] T fa6ba925cf1f4cb1bc640ccaa855ea99 P 511169a10e82417f841ec5c62e2c6649 [LEADER]: Connected to new peer: Peer: permanent_uuid: "122113e72846407d82cf418c13079bab" member_type: VOTER last_known_addr { host: "127.14.180.193" port: 32791 }, Status: LMP_MISMATCH, Last received: 0.0, Next index: 3, Last known committed idx: 2, Time since last communication: 0.000s
I20260601 13:22:13.517685 18433 consensus_queue.cc:1048] T fa6ba925cf1f4cb1bc640ccaa855ea99 P 511169a10e82417f841ec5c62e2c6649 [LEADER]: Connected to new peer: Peer: permanent_uuid: "7756398e91984f51afbecef367bb4a75" member_type: VOTER last_known_addr { host: "127.14.180.194" port: 39715 } attrs { replace: true }, Status: LMP_MISMATCH, Last received: 0.0, Next index: 3, Last known committed idx: 2, Time since last communication: 0.000s
I20260601 13:22:13.517925 18251 consensus_queue.cc:1048] T fa6ba925cf1f4cb1bc640ccaa855ea99 P 511169a10e82417f841ec5c62e2c6649 [LEADER]: Connected to new peer: Peer: permanent_uuid: "6a56b529c8304b329bff51eb86796fc4" member_type: VOTER last_known_addr { host: "127.14.180.196" port: 33941 } attrs { promote: false }, Status: LMP_MISMATCH, Last received: 0.0, Next index: 3, Last known committed idx: 2, Time since last communication: 0.000s
I20260601 13:22:13.519790 18431 raft_consensus.cc:2955] T fa6ba925cf1f4cb1bc640ccaa855ea99 P 511169a10e82417f841ec5c62e2c6649 [term 1 LEADER]: Committing config change with OpId 1.3: config changed from index 2 to 3, 6a56b529c8304b329bff51eb86796fc4 (127.14.180.196) changed from NON_VOTER to VOTER. New config: { opid_index: 3 OBSOLETE_local: false peers { permanent_uuid: "7756398e91984f51afbecef367bb4a75" member_type: VOTER last_known_addr { host: "127.14.180.194" port: 39715 } attrs { replace: true } } peers { permanent_uuid: "122113e72846407d82cf418c13079bab" member_type: VOTER last_known_addr { host: "127.14.180.193" port: 32791 } } peers { permanent_uuid: "511169a10e82417f841ec5c62e2c6649" member_type: VOTER last_known_addr { host: "127.14.180.195" port: 36869 } } peers { permanent_uuid: "6a56b529c8304b329bff51eb86796fc4" member_type: VOTER last_known_addr { host: "127.14.180.196" port: 33941 } attrs { promote: false } } }
I20260601 13:22:13.520483 18089 raft_consensus.cc:2955] T fa6ba925cf1f4cb1bc640ccaa855ea99 P 7756398e91984f51afbecef367bb4a75 [term 1 FOLLOWER]: Committing config change with OpId 1.3: config changed from index 2 to 3, 6a56b529c8304b329bff51eb86796fc4 (127.14.180.196) changed from NON_VOTER to VOTER. New config: { opid_index: 3 OBSOLETE_local: false peers { permanent_uuid: "7756398e91984f51afbecef367bb4a75" member_type: VOTER last_known_addr { host: "127.14.180.194" port: 39715 } attrs { replace: true } } peers { permanent_uuid: "122113e72846407d82cf418c13079bab" member_type: VOTER last_known_addr { host: "127.14.180.193" port: 32791 } } peers { permanent_uuid: "511169a10e82417f841ec5c62e2c6649" member_type: VOTER last_known_addr { host: "127.14.180.195" port: 36869 } } peers { permanent_uuid: "6a56b529c8304b329bff51eb86796fc4" member_type: VOTER last_known_addr { host: "127.14.180.196" port: 33941 } attrs { promote: false } } }
I20260601 13:22:13.522571 18305 raft_consensus.cc:2955] T fa6ba925cf1f4cb1bc640ccaa855ea99 P 6a56b529c8304b329bff51eb86796fc4 [term 1 FOLLOWER]: Committing config change with OpId 1.3: config changed from index 2 to 3, 6a56b529c8304b329bff51eb86796fc4 (127.14.180.196) changed from NON_VOTER to VOTER. New config: { opid_index: 3 OBSOLETE_local: false peers { permanent_uuid: "7756398e91984f51afbecef367bb4a75" member_type: VOTER last_known_addr { host: "127.14.180.194" port: 39715 } attrs { replace: true } } peers { permanent_uuid: "122113e72846407d82cf418c13079bab" member_type: VOTER last_known_addr { host: "127.14.180.193" port: 32791 } } peers { permanent_uuid: "511169a10e82417f841ec5c62e2c6649" member_type: VOTER last_known_addr { host: "127.14.180.195" port: 36869 } } peers { permanent_uuid: "6a56b529c8304b329bff51eb86796fc4" member_type: VOTER last_known_addr { host: "127.14.180.196" port: 33941 } attrs { promote: false } } }
I20260601 13:22:13.522785 17911 catalog_manager.cc:5696] T fa6ba925cf1f4cb1bc640ccaa855ea99 P 7756398e91984f51afbecef367bb4a75 reported cstate change: config changed from index 2 to 3, 6a56b529c8304b329bff51eb86796fc4 (127.14.180.196) changed from NON_VOTER to VOTER. New cstate: current_term: 1 leader_uuid: "511169a10e82417f841ec5c62e2c6649" committed_config { opid_index: 3 OBSOLETE_local: false peers { permanent_uuid: "7756398e91984f51afbecef367bb4a75" member_type: VOTER last_known_addr { host: "127.14.180.194" port: 39715 } attrs { replace: true } } peers { permanent_uuid: "122113e72846407d82cf418c13079bab" member_type: VOTER last_known_addr { host: "127.14.180.193" port: 32791 } } peers { permanent_uuid: "511169a10e82417f841ec5c62e2c6649" member_type: VOTER last_known_addr { host: "127.14.180.195" port: 36869 } } peers { permanent_uuid: "6a56b529c8304b329bff51eb86796fc4" member_type: VOTER last_known_addr { host: "127.14.180.196" port: 33941 } attrs { promote: false } } }
I20260601 13:22:13.522830 18013 raft_consensus.cc:2955] T fa6ba925cf1f4cb1bc640ccaa855ea99 P 122113e72846407d82cf418c13079bab [term 1 FOLLOWER]: Committing config change with OpId 1.3: config changed from index 2 to 3, 6a56b529c8304b329bff51eb86796fc4 (127.14.180.196) changed from NON_VOTER to VOTER. New config: { opid_index: 3 OBSOLETE_local: false peers { permanent_uuid: "7756398e91984f51afbecef367bb4a75" member_type: VOTER last_known_addr { host: "127.14.180.194" port: 39715 } attrs { replace: true } } peers { permanent_uuid: "122113e72846407d82cf418c13079bab" member_type: VOTER last_known_addr { host: "127.14.180.193" port: 32791 } } peers { permanent_uuid: "511169a10e82417f841ec5c62e2c6649" member_type: VOTER last_known_addr { host: "127.14.180.195" port: 36869 } } peers { permanent_uuid: "6a56b529c8304b329bff51eb86796fc4" member_type: VOTER last_known_addr { host: "127.14.180.196" port: 33941 } attrs { promote: false } } }
I20260601 13:22:13.528549 18165 consensus_queue.cc:237] T fa6ba925cf1f4cb1bc640ccaa855ea99 P 511169a10e82417f841ec5c62e2c6649 [LEADER]: Queue going to LEADER mode. State: All replicated index: 0, Majority replicated index: 3, Committed index: 3, Last appended: 1.3, Last appended by leader: 0, Current term: 1, Majority size: 2, State: 0, Mode: LEADER, active raft config: opid_index: 4 OBSOLETE_local: false peers { permanent_uuid: "122113e72846407d82cf418c13079bab" member_type: VOTER last_known_addr { host: "127.14.180.193" port: 32791 } } peers { permanent_uuid: "511169a10e82417f841ec5c62e2c6649" member_type: VOTER last_known_addr { host: "127.14.180.195" port: 36869 } } peers { permanent_uuid: "6a56b529c8304b329bff51eb86796fc4" member_type: VOTER last_known_addr { host: "127.14.180.196" port: 33941 } attrs { promote: false } }
I20260601 13:22:13.529807 18305 raft_consensus.cc:1275] T fa6ba925cf1f4cb1bc640ccaa855ea99 P 6a56b529c8304b329bff51eb86796fc4 [term 1 FOLLOWER]: Refusing update from remote peer 511169a10e82417f841ec5c62e2c6649: Log matching property violated. Preceding OpId in replica: term: 1 index: 3. Preceding OpId from leader: term: 1 index: 4. (index mismatch)
I20260601 13:22:13.529808 18013 raft_consensus.cc:1275] T fa6ba925cf1f4cb1bc640ccaa855ea99 P 122113e72846407d82cf418c13079bab [term 1 FOLLOWER]: Refusing update from remote peer 511169a10e82417f841ec5c62e2c6649: Log matching property violated. Preceding OpId in replica: term: 1 index: 3. Preceding OpId from leader: term: 1 index: 4. (index mismatch)
I20260601 13:22:13.530176 18433 consensus_queue.cc:1048] T fa6ba925cf1f4cb1bc640ccaa855ea99 P 511169a10e82417f841ec5c62e2c6649 [LEADER]: Connected to new peer: Peer: permanent_uuid: "122113e72846407d82cf418c13079bab" member_type: VOTER last_known_addr { host: "127.14.180.193" port: 32791 }, Status: LMP_MISMATCH, Last received: 0.0, Next index: 4, Last known committed idx: 3, Time since last communication: 0.000s
I20260601 13:22:13.530405 18434 consensus_queue.cc:1048] T fa6ba925cf1f4cb1bc640ccaa855ea99 P 511169a10e82417f841ec5c62e2c6649 [LEADER]: Connected to new peer: Peer: permanent_uuid: "6a56b529c8304b329bff51eb86796fc4" member_type: VOTER last_known_addr { host: "127.14.180.196" port: 33941 } attrs { promote: false }, Status: LMP_MISMATCH, Last received: 0.0, Next index: 4, Last known committed idx: 3, Time since last communication: 0.000s
I20260601 13:22:13.531838 18251 raft_consensus.cc:2955] T fa6ba925cf1f4cb1bc640ccaa855ea99 P 511169a10e82417f841ec5c62e2c6649 [term 1 LEADER]: Committing config change with OpId 1.4: config changed from index 3 to 4, VOTER 7756398e91984f51afbecef367bb4a75 (127.14.180.194) evicted. New config: { opid_index: 4 OBSOLETE_local: false peers { permanent_uuid: "122113e72846407d82cf418c13079bab" member_type: VOTER last_known_addr { host: "127.14.180.193" port: 32791 } } peers { permanent_uuid: "511169a10e82417f841ec5c62e2c6649" member_type: VOTER last_known_addr { host: "127.14.180.195" port: 36869 } } peers { permanent_uuid: "6a56b529c8304b329bff51eb86796fc4" member_type: VOTER last_known_addr { host: "127.14.180.196" port: 33941 } attrs { promote: false } } }
I20260601 13:22:13.532292 18013 raft_consensus.cc:2955] T fa6ba925cf1f4cb1bc640ccaa855ea99 P 122113e72846407d82cf418c13079bab [term 1 FOLLOWER]: Committing config change with OpId 1.4: config changed from index 3 to 4, VOTER 7756398e91984f51afbecef367bb4a75 (127.14.180.194) evicted. New config: { opid_index: 4 OBSOLETE_local: false peers { permanent_uuid: "122113e72846407d82cf418c13079bab" member_type: VOTER last_known_addr { host: "127.14.180.193" port: 32791 } } peers { permanent_uuid: "511169a10e82417f841ec5c62e2c6649" member_type: VOTER last_known_addr { host: "127.14.180.195" port: 36869 } } peers { permanent_uuid: "6a56b529c8304b329bff51eb86796fc4" member_type: VOTER last_known_addr { host: "127.14.180.196" port: 33941 } attrs { promote: false } } }
I20260601 13:22:13.533337 17897 catalog_manager.cc:5209] ChangeConfig:REMOVE_PEER RPC for tablet fa6ba925cf1f4cb1bc640ccaa855ea99 with cas_config_opid_index 3: ChangeConfig:REMOVE_PEER succeeded (attempt 1)
I20260601 13:22:13.534324 17909 catalog_manager.cc:5696] T fa6ba925cf1f4cb1bc640ccaa855ea99 P 511169a10e82417f841ec5c62e2c6649 reported cstate change: config changed from index 3 to 4, VOTER 7756398e91984f51afbecef367bb4a75 (127.14.180.194) evicted. New cstate: current_term: 1 leader_uuid: "511169a10e82417f841ec5c62e2c6649" committed_config { opid_index: 4 OBSOLETE_local: false peers { permanent_uuid: "122113e72846407d82cf418c13079bab" member_type: VOTER last_known_addr { host: "127.14.180.193" port: 32791 } health_report { overall_health: HEALTHY } } peers { permanent_uuid: "511169a10e82417f841ec5c62e2c6649" member_type: VOTER last_known_addr { host: "127.14.180.195" port: 36869 } health_report { overall_health: HEALTHY } } peers { permanent_uuid: "6a56b529c8304b329bff51eb86796fc4" member_type: VOTER last_known_addr { host: "127.14.180.196" port: 33941 } attrs { promote: false } health_report { overall_health: UNKNOWN } } }
I20260601 13:22:13.535219 18305 raft_consensus.cc:2955] T fa6ba925cf1f4cb1bc640ccaa855ea99 P 6a56b529c8304b329bff51eb86796fc4 [term 1 FOLLOWER]: Committing config change with OpId 1.4: config changed from index 3 to 4, VOTER 7756398e91984f51afbecef367bb4a75 (127.14.180.194) evicted. New config: { opid_index: 4 OBSOLETE_local: false peers { permanent_uuid: "122113e72846407d82cf418c13079bab" member_type: VOTER last_known_addr { host: "127.14.180.193" port: 32791 } } peers { permanent_uuid: "511169a10e82417f841ec5c62e2c6649" member_type: VOTER last_known_addr { host: "127.14.180.195" port: 36869 } } peers { permanent_uuid: "6a56b529c8304b329bff51eb86796fc4" member_type: VOTER last_known_addr { host: "127.14.180.196" port: 33941 } attrs { promote: false } } }
I20260601 13:22:13.538157 18079 tablet_service.cc:1558] Processing DeleteTablet for tablet fa6ba925cf1f4cb1bc640ccaa855ea99 with delete_type TABLET_DATA_TOMBSTONED (TS 7756398e91984f51afbecef367bb4a75 not found in new config with opid_index 4) from {username='slave'} at 127.0.0.1:49304
I20260601 13:22:13.538563 18442 tablet_replica.cc:333] T fa6ba925cf1f4cb1bc640ccaa855ea99 P 7756398e91984f51afbecef367bb4a75: stopping tablet replica
I20260601 13:22:13.538743 18442 raft_consensus.cc:2243] T fa6ba925cf1f4cb1bc640ccaa855ea99 P 7756398e91984f51afbecef367bb4a75 [term 1 FOLLOWER]: Raft consensus shutting down.
I20260601 13:22:13.538897 18442 raft_consensus.cc:2272] T fa6ba925cf1f4cb1bc640ccaa855ea99 P 7756398e91984f51afbecef367bb4a75 [term 1 FOLLOWER]: Raft consensus is shut down!
I20260601 13:22:13.539475 18442 ts_tablet_manager.cc:1916] T fa6ba925cf1f4cb1bc640ccaa855ea99 P 7756398e91984f51afbecef367bb4a75: Deleting tablet data with delete state TABLET_DATA_TOMBSTONED
I20260601 13:22:13.541997 18442 ts_tablet_manager.cc:1929] T fa6ba925cf1f4cb1bc640ccaa855ea99 P 7756398e91984f51afbecef367bb4a75: tablet deleted with delete type TABLET_DATA_TOMBSTONED: last-logged OpId 1.3
