I20260601 13:32:07.351212 30404 ts_tablet_manager.cc:585] Loaded tablet metadata (0 total tablets, 0 live tablets)
I20260601 13:32:07.351274 30404 ts_tablet_manager.cc:531] Time spent load tablet metadata: real 0.000s	user 0.000s	sys 0.000s
I20260601 13:32:07.351331 30404 ts_tablet_manager.cc:616] Registered 0 tablets
I20260601 13:32:07.351361 30404 ts_tablet_manager.cc:595] Time spent register tablets: real 0.000s	user 0.000s	sys 0.000s
I20260601 13:32:07.355613 30404 rpc_server.cc:307] RPC server started. Bound to: 127.29.177.3:35827
I20260601 13:32:07.355700  1782 acceptor_pool.cc:272] collecting diagnostics on the listening RPC socket 127.29.177.3:35827 every 8 connection(s)
I20260601 13:32:07.356487 30404 file_cache.cc:492] Constructed file cache file cache with capacity 419430
W20260601 13:32:07.358567  1787 instance_detector.cc:116] could not retrieve Azure instance metadata: Network error: curl error: HTTP response code said error: The requested URL returned error: 404
W20260601 13:32:07.358839  1786 instance_detector.cc:116] could not retrieve AWS instance metadata: Network error: curl error: HTTP response code said error: The requested URL returned error: 404
W20260601 13:32:07.358876  1789 instance_detector.cc:116] could not retrieve OpenStack instance metadata: Network error: curl error: HTTP response code said error: The requested URL returned error: 404
I20260601 13:32:07.358943 30404 server_base.cc:1061] running on GCE node
I20260601 13:32:07.359139 30404 hybrid_clock.cc:584] initializing the hybrid clock with 'system_unsync' time source
W20260601 13:32:07.359187 30404 system_unsync_time.cc:38] NTP support is disabled. Clock error bounds will not be accurate. This configuration is not suitable for distributed clusters.
I20260601 13:32:07.359208 30404 hybrid_clock.cc:648] HybridClock initialized: now 1780320727359208 us; error 0 us; skew 500 ppm
I20260601 13:32:07.360242 30404 webserver.cc:533] Webserver started at http://127.29.177.4:41047/ using document root <none> and password file <none>
I20260601 13:32:07.360437 30404 fs_manager.cc:362] Metadata directory not provided
I20260601 13:32:07.360502 30404 fs_manager.cc:368] Using write-ahead log directory (fs_wal_dir) as metadata directory
I20260601 13:32:07.360586 30404 server_base.cc:909] This appears to be a new deployment of Kudu; creating new FS layout
I20260601 13:32:07.361083 30404 fs_manager.cc:1068] Generated new instance metadata in path /tmp/dist-test-taskRtUW55/test-tmp/auto_rebalancer-test.0.AutoRebalancerTest.NoReplicaMovesIfLocationLoadSkewedByOne.1780320648618741-30404-0/minicluster-data/ts-3-root/instance:
uuid: "307092f7b38145cba4d864782be6408f"
format_stamp: "Formatted at 2026-06-01 13:32:07 on dist-test-slave-2m1q"
I20260601 13:32:07.361492  1783 heartbeater.cc:344] Connected to a master server at 127.29.177.62:42805
I20260601 13:32:07.361616  1783 heartbeater.cc:461] Registering TS with master...
I20260601 13:32:07.361855  1783 heartbeater.cc:507] Master 127.29.177.62:42805 requested a full tablet report, sending...
I20260601 13:32:07.362665  1500 ts_manager.cc:194] Registered new tserver with Master: 96ebeb3502db4451946cf77e9201edd5 (127.29.177.3:35827)
I20260601 13:32:07.363010 30404 fs_manager.cc:696] Time spent creating directory manager: real 0.002s	user 0.000s	sys 0.003s
I20260601 13:32:07.363296  1500 master_service.cc:502] Signed X509 certificate for tserver {username='slave'} at 127.0.0.1:58688
I20260601 13:32:07.364140  1794 log_block_manager.cc:4031] Time spent loading block containers with low live blocks: real 0.000s	user 0.000s	sys 0.000s
I20260601 13:32:07.364391 30404 fs_manager.cc:730] Time spent opening block manager: real 0.001s	user 0.000s	sys 0.001s
I20260601 13:32:07.364477 30404 fs_manager.cc:647] Opened local filesystem: /tmp/dist-test-taskRtUW55/test-tmp/auto_rebalancer-test.0.AutoRebalancerTest.NoReplicaMovesIfLocationLoadSkewedByOne.1780320648618741-30404-0/minicluster-data/ts-3-root
uuid: "307092f7b38145cba4d864782be6408f"
format_stamp: "Formatted at 2026-06-01 13:32:07 on dist-test-slave-2m1q"
I20260601 13:32:07.364578 30404 fs_report.cc:389] FS layout report
--------------------
wal directory: /tmp/dist-test-taskRtUW55/test-tmp/auto_rebalancer-test.0.AutoRebalancerTest.NoReplicaMovesIfLocationLoadSkewedByOne.1780320648618741-30404-0/minicluster-data/ts-3-root
metadata directory: /tmp/dist-test-taskRtUW55/test-tmp/auto_rebalancer-test.0.AutoRebalancerTest.NoReplicaMovesIfLocationLoadSkewedByOne.1780320648618741-30404-0/minicluster-data/ts-3-root
1 data directories: /tmp/dist-test-taskRtUW55/test-tmp/auto_rebalancer-test.0.AutoRebalancerTest.NoReplicaMovesIfLocationLoadSkewedByOne.1780320648618741-30404-0/minicluster-data/ts-3-root/data
Total live blocks: 0
Total live bytes: 0
Total live bytes (after alignment): 0
Total number of LBM containers: 0 (0 full)
Did not check for missing blocks
Did not check for orphaned blocks
Total full LBM containers with extra space: 0 (0 repaired)
Total full LBM container extra space in bytes: 0 (0 repaired)
Total incomplete LBM containers: 0 (0 repaired)
Total LBM partial records: 0 (0 repaired)
Total corrupted LBM metadata records in RocksDB: 0 (0 repaired)
I20260601 13:32:07.380023 30404 rpc_server.cc:225] running with OpenSSL 1.1.1  11 Sep 2018
I20260601 13:32:07.380501 30404 kserver.cc:163] Server-wide thread pool size limit: 3276
I20260601 13:32:07.380842 30404 txn_system_client.cc:432] TxnSystemClient initialization is disabled...
I20260601 13:32:07.381385 30404 ts_tablet_manager.cc:585] Loaded tablet metadata (0 total tablets, 0 live tablets)
I20260601 13:32:07.381448 30404 ts_tablet_manager.cc:531] Time spent load tablet metadata: real 0.000s	user 0.000s	sys 0.000s
I20260601 13:32:07.381506 30404 ts_tablet_manager.cc:616] Registered 0 tablets
I20260601 13:32:07.381559 30404 ts_tablet_manager.cc:595] Time spent register tablets: real 0.000s	user 0.000s	sys 0.000s
I20260601 13:32:07.386447 30404 rpc_server.cc:307] RPC server started. Bound to: 127.29.177.4:32991
I20260601 13:32:07.386523  1857 acceptor_pool.cc:272] collecting diagnostics on the listening RPC socket 127.29.177.4:32991 every 8 connection(s)
I20260601 13:32:07.391268  1858 heartbeater.cc:344] Connected to a master server at 127.29.177.62:42805
I20260601 13:32:07.391383  1858 heartbeater.cc:461] Registering TS with master...
I20260601 13:32:07.391602  1858 heartbeater.cc:507] Master 127.29.177.62:42805 requested a full tablet report, sending...
I20260601 13:32:07.392179  1500 ts_manager.cc:194] Registered new tserver with Master: 307092f7b38145cba4d864782be6408f (127.29.177.4:32991)
I20260601 13:32:07.392597 30404 internal_mini_cluster.cc:371] 4 TS(s) registered with all masters after 0.005635363s
I20260601 13:32:07.392833  1500 master_service.cc:502] Signed X509 certificate for tserver {username='slave'} at 127.0.0.1:58698
I20260601 13:32:08.309368  1630 heartbeater.cc:499] Master 127.29.177.62:42805 was elected leader, sending a full tablet report...
I20260601 13:32:08.339661  1707 heartbeater.cc:499] Master 127.29.177.62:42805 was elected leader, sending a full tablet report...
I20260601 13:32:08.364250  1783 heartbeater.cc:499] Master 127.29.177.62:42805 was elected leader, sending a full tablet report...
I20260601 13:32:08.393848  1858 heartbeater.cc:499] Master 127.29.177.62:42805 was elected leader, sending a full tablet report...
I20260601 13:32:08.439734  1500 catalog_manager.cc:2282] Servicing CreateTable request from {username='slave'} at 127.0.0.1:58714:
name: "test-workload"
schema {
  columns {
    name: "key"
    type: INT32
    is_key: true
    is_nullable: false
    encoding: AUTO_ENCODING
    compression: DEFAULT_COMPRESSION
    cfile_block_size: 0
    immutable: false
  }
  columns {
    name: "int_val"
    type: INT32
    is_key: false
    is_nullable: false
    encoding: AUTO_ENCODING
    compression: DEFAULT_COMPRESSION
    cfile_block_size: 0
    immutable: false
  }
  columns {
    name: "string_val"
    type: STRING
    is_key: false
    is_nullable: true
    encoding: AUTO_ENCODING
    compression: DEFAULT_COMPRESSION
    cfile_block_size: 0
    immutable: false
  }
}
num_replicas: 3
split_rows_range_bounds {
}
partition_schema {
  range_schema {
    columns {
      name: "key"
    }
  }
}
I20260601 13:32:08.450238  1594 tablet_service.cc:1511] Processing CreateTablet for tablet fcfb86feeeb942ffb941d1a529a2ecae (DEFAULT_TABLE table=test-workload [id=3cf2e98fc3b4451eb11d99f0c29a2c4e]), partition=RANGE (key) PARTITION UNBOUNDED
I20260601 13:32:08.450645  1594 data_dirs.cc:400] Could only allocate 1 dirs of requested 3 for tablet fcfb86feeeb942ffb941d1a529a2ecae. 1 dirs total, 0 dirs full, 0 dirs failed
I20260601 13:32:08.450788  1822 tablet_service.cc:1511] Processing CreateTablet for tablet fcfb86feeeb942ffb941d1a529a2ecae (DEFAULT_TABLE table=test-workload [id=3cf2e98fc3b4451eb11d99f0c29a2c4e]), partition=RANGE (key) PARTITION UNBOUNDED
I20260601 13:32:08.450840  1746 tablet_service.cc:1511] Processing CreateTablet for tablet fcfb86feeeb942ffb941d1a529a2ecae (DEFAULT_TABLE table=test-workload [id=3cf2e98fc3b4451eb11d99f0c29a2c4e]), partition=RANGE (key) PARTITION UNBOUNDED
I20260601 13:32:08.451064  1822 data_dirs.cc:400] Could only allocate 1 dirs of requested 3 for tablet fcfb86feeeb942ffb941d1a529a2ecae. 1 dirs total, 0 dirs full, 0 dirs failed
I20260601 13:32:08.451064  1746 data_dirs.cc:400] Could only allocate 1 dirs of requested 3 for tablet fcfb86feeeb942ffb941d1a529a2ecae. 1 dirs total, 0 dirs full, 0 dirs failed
I20260601 13:32:08.452838  1879 tablet_bootstrap.cc:492] T fcfb86feeeb942ffb941d1a529a2ecae P 414eb513dbbb40a5aaa1fefb33197568: Bootstrap starting.
I20260601 13:32:08.453246  1880 tablet_bootstrap.cc:492] T fcfb86feeeb942ffb941d1a529a2ecae P 307092f7b38145cba4d864782be6408f: Bootstrap starting.
I20260601 13:32:08.453562  1881 tablet_bootstrap.cc:492] T fcfb86feeeb942ffb941d1a529a2ecae P 96ebeb3502db4451946cf77e9201edd5: Bootstrap starting.
I20260601 13:32:08.454054  1879 tablet_bootstrap.cc:654] T fcfb86feeeb942ffb941d1a529a2ecae P 414eb513dbbb40a5aaa1fefb33197568: Neither blocks nor log segments found. Creating new log.
I20260601 13:32:08.454295  1880 tablet_bootstrap.cc:654] T fcfb86feeeb942ffb941d1a529a2ecae P 307092f7b38145cba4d864782be6408f: Neither blocks nor log segments found. Creating new log.
I20260601 13:32:08.454680  1881 tablet_bootstrap.cc:654] T fcfb86feeeb942ffb941d1a529a2ecae P 96ebeb3502db4451946cf77e9201edd5: Neither blocks nor log segments found. Creating new log.
I20260601 13:32:08.455248  1879 tablet_bootstrap.cc:492] T fcfb86feeeb942ffb941d1a529a2ecae P 414eb513dbbb40a5aaa1fefb33197568: No bootstrap required, opened a new log
I20260601 13:32:08.455349  1879 ts_tablet_manager.cc:1403] T fcfb86feeeb942ffb941d1a529a2ecae P 414eb513dbbb40a5aaa1fefb33197568: Time spent bootstrapping tablet: real 0.003s	user 0.001s	sys 0.001s
I20260601 13:32:08.455677  1881 tablet_bootstrap.cc:492] T fcfb86feeeb942ffb941d1a529a2ecae P 96ebeb3502db4451946cf77e9201edd5: No bootstrap required, opened a new log
I20260601 13:32:08.455785  1881 ts_tablet_manager.cc:1403] T fcfb86feeeb942ffb941d1a529a2ecae P 96ebeb3502db4451946cf77e9201edd5: Time spent bootstrapping tablet: real 0.002s	user 0.002s	sys 0.000s
I20260601 13:32:08.455737  1879 raft_consensus.cc:359] T fcfb86feeeb942ffb941d1a529a2ecae P 414eb513dbbb40a5aaa1fefb33197568 [term 0 FOLLOWER]: Replica starting. Triggering 0 pending ops. Active config: opid_index: -1 OBSOLETE_local: false peers { permanent_uuid: "414eb513dbbb40a5aaa1fefb33197568" member_type: VOTER last_known_addr { host: "127.29.177.1" port: 38983 } } peers { permanent_uuid: "96ebeb3502db4451946cf77e9201edd5" member_type: VOTER last_known_addr { host: "127.29.177.3" port: 35827 } } peers { permanent_uuid: "307092f7b38145cba4d864782be6408f" member_type: VOTER last_known_addr { host: "127.29.177.4" port: 32991 } }
I20260601 13:32:08.455904  1879 raft_consensus.cc:385] T fcfb86feeeb942ffb941d1a529a2ecae P 414eb513dbbb40a5aaa1fefb33197568 [term 0 FOLLOWER]: Consensus starting up: Expiring failure detector timer to make a prompt election more likely
I20260601 13:32:08.455957  1879 raft_consensus.cc:740] T fcfb86feeeb942ffb941d1a529a2ecae P 414eb513dbbb40a5aaa1fefb33197568 [term 0 FOLLOWER]: Becoming Follower/Learner. State: Replica: 414eb513dbbb40a5aaa1fefb33197568, State: Initialized, Role: FOLLOWER
I20260601 13:32:08.456115  1879 consensus_queue.cc:260] T fcfb86feeeb942ffb941d1a529a2ecae P 414eb513dbbb40a5aaa1fefb33197568 [NON_LEADER]: Queue going to NON_LEADER mode. State: All replicated index: 0, Majority replicated index: 0, Committed index: 0, Last appended: 0.0, Last appended by leader: 0, Current term: 0, Majority size: -1, State: 0, Mode: NON_LEADER, active raft config: opid_index: -1 OBSOLETE_local: false peers { permanent_uuid: "414eb513dbbb40a5aaa1fefb33197568" member_type: VOTER last_known_addr { host: "127.29.177.1" port: 38983 } } peers { permanent_uuid: "96ebeb3502db4451946cf77e9201edd5" member_type: VOTER last_known_addr { host: "127.29.177.3" port: 35827 } } peers { permanent_uuid: "307092f7b38145cba4d864782be6408f" member_type: VOTER last_known_addr { host: "127.29.177.4" port: 32991 } }
I20260601 13:32:08.456238  1881 raft_consensus.cc:359] T fcfb86feeeb942ffb941d1a529a2ecae P 96ebeb3502db4451946cf77e9201edd5 [term 0 FOLLOWER]: Replica starting. Triggering 0 pending ops. Active config: opid_index: -1 OBSOLETE_local: false peers { permanent_uuid: "414eb513dbbb40a5aaa1fefb33197568" member_type: VOTER last_known_addr { host: "127.29.177.1" port: 38983 } } peers { permanent_uuid: "96ebeb3502db4451946cf77e9201edd5" member_type: VOTER last_known_addr { host: "127.29.177.3" port: 35827 } } peers { permanent_uuid: "307092f7b38145cba4d864782be6408f" member_type: VOTER last_known_addr { host: "127.29.177.4" port: 32991 } }
I20260601 13:32:08.456360  1881 raft_consensus.cc:385] T fcfb86feeeb942ffb941d1a529a2ecae P 96ebeb3502db4451946cf77e9201edd5 [term 0 FOLLOWER]: Consensus starting up: Expiring failure detector timer to make a prompt election more likely
I20260601 13:32:08.456410  1881 raft_consensus.cc:740] T fcfb86feeeb942ffb941d1a529a2ecae P 96ebeb3502db4451946cf77e9201edd5 [term 0 FOLLOWER]: Becoming Follower/Learner. State: Replica: 96ebeb3502db4451946cf77e9201edd5, State: Initialized, Role: FOLLOWER
I20260601 13:32:08.456486  1879 ts_tablet_manager.cc:1434] T fcfb86feeeb942ffb941d1a529a2ecae P 414eb513dbbb40a5aaa1fefb33197568: Time spent starting tablet: real 0.001s	user 0.000s	sys 0.001s
I20260601 13:32:08.456518  1881 consensus_queue.cc:260] T fcfb86feeeb942ffb941d1a529a2ecae P 96ebeb3502db4451946cf77e9201edd5 [NON_LEADER]: Queue going to NON_LEADER mode. State: All replicated index: 0, Majority replicated index: 0, Committed index: 0, Last appended: 0.0, Last appended by leader: 0, Current term: 0, Majority size: -1, State: 0, Mode: NON_LEADER, active raft config: opid_index: -1 OBSOLETE_local: false peers { permanent_uuid: "414eb513dbbb40a5aaa1fefb33197568" member_type: VOTER last_known_addr { host: "127.29.177.1" port: 38983 } } peers { permanent_uuid: "96ebeb3502db4451946cf77e9201edd5" member_type: VOTER last_known_addr { host: "127.29.177.3" port: 35827 } } peers { permanent_uuid: "307092f7b38145cba4d864782be6408f" member_type: VOTER last_known_addr { host: "127.29.177.4" port: 32991 } }
I20260601 13:32:08.456881  1881 ts_tablet_manager.cc:1434] T fcfb86feeeb942ffb941d1a529a2ecae P 96ebeb3502db4451946cf77e9201edd5: Time spent starting tablet: real 0.001s	user 0.001s	sys 0.000s
I20260601 13:32:08.457127  1880 tablet_bootstrap.cc:492] T fcfb86feeeb942ffb941d1a529a2ecae P 307092f7b38145cba4d864782be6408f: No bootstrap required, opened a new log
I20260601 13:32:08.457203  1880 ts_tablet_manager.cc:1403] T fcfb86feeeb942ffb941d1a529a2ecae P 307092f7b38145cba4d864782be6408f: Time spent bootstrapping tablet: real 0.004s	user 0.002s	sys 0.000s
I20260601 13:32:08.457538  1880 raft_consensus.cc:359] T fcfb86feeeb942ffb941d1a529a2ecae P 307092f7b38145cba4d864782be6408f [term 0 FOLLOWER]: Replica starting. Triggering 0 pending ops. Active config: opid_index: -1 OBSOLETE_local: false peers { permanent_uuid: "414eb513dbbb40a5aaa1fefb33197568" member_type: VOTER last_known_addr { host: "127.29.177.1" port: 38983 } } peers { permanent_uuid: "96ebeb3502db4451946cf77e9201edd5" member_type: VOTER last_known_addr { host: "127.29.177.3" port: 35827 } } peers { permanent_uuid: "307092f7b38145cba4d864782be6408f" member_type: VOTER last_known_addr { host: "127.29.177.4" port: 32991 } }
I20260601 13:32:08.457607  1880 raft_consensus.cc:385] T fcfb86feeeb942ffb941d1a529a2ecae P 307092f7b38145cba4d864782be6408f [term 0 FOLLOWER]: Consensus starting up: Expiring failure detector timer to make a prompt election more likely
I20260601 13:32:08.457626  1880 raft_consensus.cc:740] T fcfb86feeeb942ffb941d1a529a2ecae P 307092f7b38145cba4d864782be6408f [term 0 FOLLOWER]: Becoming Follower/Learner. State: Replica: 307092f7b38145cba4d864782be6408f, State: Initialized, Role: FOLLOWER
I20260601 13:32:08.457712  1880 consensus_queue.cc:260] T fcfb86feeeb942ffb941d1a529a2ecae P 307092f7b38145cba4d864782be6408f [NON_LEADER]: Queue going to NON_LEADER mode. State: All replicated index: 0, Majority replicated index: 0, Committed index: 0, Last appended: 0.0, Last appended by leader: 0, Current term: 0, Majority size: -1, State: 0, Mode: NON_LEADER, active raft config: opid_index: -1 OBSOLETE_local: false peers { permanent_uuid: "414eb513dbbb40a5aaa1fefb33197568" member_type: VOTER last_known_addr { host: "127.29.177.1" port: 38983 } } peers { permanent_uuid: "96ebeb3502db4451946cf77e9201edd5" member_type: VOTER last_known_addr { host: "127.29.177.3" port: 35827 } } peers { permanent_uuid: "307092f7b38145cba4d864782be6408f" member_type: VOTER last_known_addr { host: "127.29.177.4" port: 32991 } }
I20260601 13:32:08.458047  1880 ts_tablet_manager.cc:1434] T fcfb86feeeb942ffb941d1a529a2ecae P 307092f7b38145cba4d864782be6408f: Time spent starting tablet: real 0.001s	user 0.001s	sys 0.000s
I20260601 13:32:08.509119  1886 raft_consensus.cc:493] T fcfb86feeeb942ffb941d1a529a2ecae P 96ebeb3502db4451946cf77e9201edd5 [term 0 FOLLOWER]: Starting pre-election (no leader contacted us within the election timeout)
I20260601 13:32:08.509305  1886 raft_consensus.cc:515] T fcfb86feeeb942ffb941d1a529a2ecae P 96ebeb3502db4451946cf77e9201edd5 [term 0 FOLLOWER]: Starting pre-election with config: opid_index: -1 OBSOLETE_local: false peers { permanent_uuid: "414eb513dbbb40a5aaa1fefb33197568" member_type: VOTER last_known_addr { host: "127.29.177.1" port: 38983 } } peers { permanent_uuid: "96ebeb3502db4451946cf77e9201edd5" member_type: VOTER last_known_addr { host: "127.29.177.3" port: 35827 } } peers { permanent_uuid: "307092f7b38145cba4d864782be6408f" member_type: VOTER last_known_addr { host: "127.29.177.4" port: 32991 } }
I20260601 13:32:08.509922  1886 leader_election.cc:290] T fcfb86feeeb942ffb941d1a529a2ecae P 96ebeb3502db4451946cf77e9201edd5 [CANDIDATE]: Term 1 pre-election: Requested pre-vote from peers 414eb513dbbb40a5aaa1fefb33197568 (127.29.177.1:38983), 307092f7b38145cba4d864782be6408f (127.29.177.4:32991)
I20260601 13:32:08.513967  1604 tablet_service.cc:1917] Received RequestConsensusVote() RPC: tablet_id: "fcfb86feeeb942ffb941d1a529a2ecae" candidate_uuid: "96ebeb3502db4451946cf77e9201edd5" candidate_term: 1 candidate_status { last_received { term: 0 index: 0 } } ignore_live_leader: false dest_uuid: "414eb513dbbb40a5aaa1fefb33197568" is_pre_election: true
I20260601 13:32:08.513988  1832 tablet_service.cc:1917] Received RequestConsensusVote() RPC: tablet_id: "fcfb86feeeb942ffb941d1a529a2ecae" candidate_uuid: "96ebeb3502db4451946cf77e9201edd5" candidate_term: 1 candidate_status { last_received { term: 0 index: 0 } } ignore_live_leader: false dest_uuid: "307092f7b38145cba4d864782be6408f" is_pre_election: true
I20260601 13:32:08.514173  1604 raft_consensus.cc:2468] T fcfb86feeeb942ffb941d1a529a2ecae P 414eb513dbbb40a5aaa1fefb33197568 [term 0 FOLLOWER]: Leader pre-election vote request: Granting yes vote for candidate 96ebeb3502db4451946cf77e9201edd5 in term 0.
I20260601 13:32:08.514187  1832 raft_consensus.cc:2468] T fcfb86feeeb942ffb941d1a529a2ecae P 307092f7b38145cba4d864782be6408f [term 0 FOLLOWER]: Leader pre-election vote request: Granting yes vote for candidate 96ebeb3502db4451946cf77e9201edd5 in term 0.
I20260601 13:32:08.514547  1719 leader_election.cc:304] T fcfb86feeeb942ffb941d1a529a2ecae P 96ebeb3502db4451946cf77e9201edd5 [CANDIDATE]: Term 1 pre-election: Election decided. Result: candidate won. Election summary: received 2 responses out of 3 voters: 2 yes votes; 0 no votes. yes voters: 414eb513dbbb40a5aaa1fefb33197568, 96ebeb3502db4451946cf77e9201edd5; no voters: 
I20260601 13:32:08.514746  1886 raft_consensus.cc:2804] T fcfb86feeeb942ffb941d1a529a2ecae P 96ebeb3502db4451946cf77e9201edd5 [term 0 FOLLOWER]: Leader pre-election won for term 1
I20260601 13:32:08.514809  1886 raft_consensus.cc:493] T fcfb86feeeb942ffb941d1a529a2ecae P 96ebeb3502db4451946cf77e9201edd5 [term 0 FOLLOWER]: Starting leader election (no leader contacted us within the election timeout)
I20260601 13:32:08.514848  1886 raft_consensus.cc:3060] T fcfb86feeeb942ffb941d1a529a2ecae P 96ebeb3502db4451946cf77e9201edd5 [term 0 FOLLOWER]: Advancing to term 1
I20260601 13:32:08.515712  1886 raft_consensus.cc:515] T fcfb86feeeb942ffb941d1a529a2ecae P 96ebeb3502db4451946cf77e9201edd5 [term 1 FOLLOWER]: Starting leader election with config: opid_index: -1 OBSOLETE_local: false peers { permanent_uuid: "414eb513dbbb40a5aaa1fefb33197568" member_type: VOTER last_known_addr { host: "127.29.177.1" port: 38983 } } peers { permanent_uuid: "96ebeb3502db4451946cf77e9201edd5" member_type: VOTER last_known_addr { host: "127.29.177.3" port: 35827 } } peers { permanent_uuid: "307092f7b38145cba4d864782be6408f" member_type: VOTER last_known_addr { host: "127.29.177.4" port: 32991 } }
I20260601 13:32:08.516112  1886 leader_election.cc:290] T fcfb86feeeb942ffb941d1a529a2ecae P 96ebeb3502db4451946cf77e9201edd5 [CANDIDATE]: Term 1 election: Requested vote from peers 414eb513dbbb40a5aaa1fefb33197568 (127.29.177.1:38983), 307092f7b38145cba4d864782be6408f (127.29.177.4:32991)
I20260601 13:32:08.516507  1604 tablet_service.cc:1917] Received RequestConsensusVote() RPC: tablet_id: "fcfb86feeeb942ffb941d1a529a2ecae" candidate_uuid: "96ebeb3502db4451946cf77e9201edd5" candidate_term: 1 candidate_status { last_received { term: 0 index: 0 } } ignore_live_leader: false dest_uuid: "414eb513dbbb40a5aaa1fefb33197568"
I20260601 13:32:08.516601  1832 tablet_service.cc:1917] Received RequestConsensusVote() RPC: tablet_id: "fcfb86feeeb942ffb941d1a529a2ecae" candidate_uuid: "96ebeb3502db4451946cf77e9201edd5" candidate_term: 1 candidate_status { last_received { term: 0 index: 0 } } ignore_live_leader: false dest_uuid: "307092f7b38145cba4d864782be6408f"
I20260601 13:32:08.516655  1604 raft_consensus.cc:3060] T fcfb86feeeb942ffb941d1a529a2ecae P 414eb513dbbb40a5aaa1fefb33197568 [term 0 FOLLOWER]: Advancing to term 1
I20260601 13:32:08.516752  1832 raft_consensus.cc:3060] T fcfb86feeeb942ffb941d1a529a2ecae P 307092f7b38145cba4d864782be6408f [term 0 FOLLOWER]: Advancing to term 1
I20260601 13:32:08.517611  1604 raft_consensus.cc:2468] T fcfb86feeeb942ffb941d1a529a2ecae P 414eb513dbbb40a5aaa1fefb33197568 [term 1 FOLLOWER]: Leader election vote request: Granting yes vote for candidate 96ebeb3502db4451946cf77e9201edd5 in term 1.
I20260601 13:32:08.517643  1832 raft_consensus.cc:2468] T fcfb86feeeb942ffb941d1a529a2ecae P 307092f7b38145cba4d864782be6408f [term 1 FOLLOWER]: Leader election vote request: Granting yes vote for candidate 96ebeb3502db4451946cf77e9201edd5 in term 1.
I20260601 13:32:08.517962  1719 leader_election.cc:304] T fcfb86feeeb942ffb941d1a529a2ecae P 96ebeb3502db4451946cf77e9201edd5 [CANDIDATE]: Term 1 election: Election decided. Result: candidate won. Election summary: received 2 responses out of 3 voters: 2 yes votes; 0 no votes. yes voters: 414eb513dbbb40a5aaa1fefb33197568, 96ebeb3502db4451946cf77e9201edd5; no voters: 
I20260601 13:32:08.518123  1886 raft_consensus.cc:2804] T fcfb86feeeb942ffb941d1a529a2ecae P 96ebeb3502db4451946cf77e9201edd5 [term 1 FOLLOWER]: Leader election won for term 1
I20260601 13:32:08.518345  1886 raft_consensus.cc:697] T fcfb86feeeb942ffb941d1a529a2ecae P 96ebeb3502db4451946cf77e9201edd5 [term 1 LEADER]: Becoming Leader. State: Replica: 96ebeb3502db4451946cf77e9201edd5, State: Running, Role: LEADER
I20260601 13:32:08.518513  1886 consensus_queue.cc:237] T fcfb86feeeb942ffb941d1a529a2ecae P 96ebeb3502db4451946cf77e9201edd5 [LEADER]: Queue going to LEADER mode. State: All replicated index: 0, Majority replicated index: 0, Committed index: 0, Last appended: 0.0, Last appended by leader: 0, Current term: 1, Majority size: 2, State: 0, Mode: LEADER, active raft config: opid_index: -1 OBSOLETE_local: false peers { permanent_uuid: "414eb513dbbb40a5aaa1fefb33197568" member_type: VOTER last_known_addr { host: "127.29.177.1" port: 38983 } } peers { permanent_uuid: "96ebeb3502db4451946cf77e9201edd5" member_type: VOTER last_known_addr { host: "127.29.177.3" port: 35827 } } peers { permanent_uuid: "307092f7b38145cba4d864782be6408f" member_type: VOTER last_known_addr { host: "127.29.177.4" port: 32991 } }
I20260601 13:32:08.520195  1500 catalog_manager.cc:5696] T fcfb86feeeb942ffb941d1a529a2ecae P 96ebeb3502db4451946cf77e9201edd5 reported cstate change: term changed from 0 to 1, leader changed from <none> to 96ebeb3502db4451946cf77e9201edd5 (127.29.177.3). New cstate: current_term: 1 leader_uuid: "96ebeb3502db4451946cf77e9201edd5" committed_config { opid_index: -1 OBSOLETE_local: false peers { permanent_uuid: "414eb513dbbb40a5aaa1fefb33197568" member_type: VOTER last_known_addr { host: "127.29.177.1" port: 38983 } health_report { overall_health: UNKNOWN } } peers { permanent_uuid: "96ebeb3502db4451946cf77e9201edd5" member_type: VOTER last_known_addr { host: "127.29.177.3" port: 35827 } health_report { overall_health: HEALTHY } } peers { permanent_uuid: "307092f7b38145cba4d864782be6408f" member_type: VOTER last_known_addr { host: "127.29.177.4" port: 32991 } health_report { overall_health: UNKNOWN } } }
I20260601 13:32:08.919387  1886 consensus_queue.cc:1048] T fcfb86feeeb942ffb941d1a529a2ecae P 96ebeb3502db4451946cf77e9201edd5 [LEADER]: Connected to new peer: Peer: permanent_uuid: "414eb513dbbb40a5aaa1fefb33197568" member_type: VOTER last_known_addr { host: "127.29.177.1" port: 38983 }, Status: LMP_MISMATCH, Last received: 0.0, Next index: 1, Last known committed idx: 0, Time since last communication: 0.000s
I20260601 13:32:08.922945  1890 consensus_queue.cc:1048] T fcfb86feeeb942ffb941d1a529a2ecae P 96ebeb3502db4451946cf77e9201edd5 [LEADER]: Connected to new peer: Peer: permanent_uuid: "307092f7b38145cba4d864782be6408f" member_type: VOTER last_known_addr { host: "127.29.177.4" port: 32991 }, Status: LMP_MISMATCH, Last received: 0.0, Next index: 1, Last known committed idx: 0, Time since last communication: 0.000s
I20260601 13:32:09.198721  1555 auto_leader_rebalancer.cc:140] leader rebalance for table test-workload
I20260601 13:32:09.199123  1555 auto_leader_rebalancer.cc:388] table: test-workload, leader rebalance finish, leader transfer count: 0
I20260601 13:32:09.199208  1555 auto_leader_rebalancer.cc:451] All tables' leader rebalancing finished this round
I20260601 13:32:11.199599  1555 auto_leader_rebalancer.cc:140] leader rebalance for table test-workload
I20260601 13:32:11.200011  1555 auto_leader_rebalancer.cc:388] table: test-workload, leader rebalance finish, leader transfer count: 0
I20260601 13:32:11.200075  1555 auto_leader_rebalancer.cc:451] All tables' leader rebalancing finished this round
I20260601 13:32:13.200462  1555 auto_leader_rebalancer.cc:140] leader rebalance for table test-workload
I20260601 13:32:13.200882  1555 auto_leader_rebalancer.cc:388] table: test-workload, leader rebalance finish, leader transfer count: 0
I20260601 13:32:13.200946  1555 auto_leader_rebalancer.cc:451] All tables' leader rebalancing finished this round
I20260601 13:32:15.201319  1555 auto_leader_rebalancer.cc:140] leader rebalance for table test-workload
I20260601 13:32:15.201737  1555 auto_leader_rebalancer.cc:388] table: test-workload, leader rebalance finish, leader transfer count: 0
I20260601 13:32:15.201802  1555 auto_leader_rebalancer.cc:451] All tables' leader rebalancing finished this round
I20260601 13:32:17.202196  1555 auto_leader_rebalancer.cc:140] leader rebalance for table test-workload
I20260601 13:32:17.202558  1555 auto_leader_rebalancer.cc:388] table: test-workload, leader rebalance finish, leader transfer count: 0
I20260601 13:32:17.202615  1555 auto_leader_rebalancer.cc:451] All tables' leader rebalancing finished this round
I20260601 13:32:19.202992  1555 auto_leader_rebalancer.cc:140] leader rebalance for table test-workload
I20260601 13:32:19.203369  1555 auto_leader_rebalancer.cc:388] table: test-workload, leader rebalance finish, leader transfer count: 0
I20260601 13:32:19.203437  1555 auto_leader_rebalancer.cc:451] All tables' leader rebalancing finished this round
I20260601 13:32:19.580287 30404 tablet_server.cc:179] TabletServer@127.29.177.1:0 shutting down...
I20260601 13:32:19.584411 30404 ts_tablet_manager.cc:1507] Shutting down tablet manager...
I20260601 13:32:19.584676 30404 tablet_replica.cc:333] T fcfb86feeeb942ffb941d1a529a2ecae P 414eb513dbbb40a5aaa1fefb33197568: stopping tablet replica
I20260601 13:32:19.584836 30404 raft_consensus.cc:2243] T fcfb86feeeb942ffb941d1a529a2ecae P 414eb513dbbb40a5aaa1fefb33197568 [term 1 FOLLOWER]: Raft consensus shutting down.
I20260601 13:32:19.585008 30404 raft_consensus.cc:2272] T fcfb86feeeb942ffb941d1a529a2ecae P 414eb513dbbb40a5aaa1fefb33197568 [term 1 FOLLOWER]: Raft consensus is shut down!
I20260601 13:32:19.598508 30404 tablet_server.cc:196] TabletServer@127.29.177.1:0 shutdown complete.
I20260601 13:32:19.600965 30404 tablet_server.cc:179] TabletServer@127.29.177.2:0 shutting down...
I20260601 13:32:19.605086 30404 ts_tablet_manager.cc:1507] Shutting down tablet manager...
I20260601 13:32:19.617501 30404 tablet_server.cc:196] TabletServer@127.29.177.2:0 shutdown complete.
I20260601 13:32:19.619568 30404 tablet_server.cc:179] TabletServer@127.29.177.3:0 shutting down...
I20260601 13:32:19.623889 30404 ts_tablet_manager.cc:1507] Shutting down tablet manager...
I20260601 13:32:19.624188 30404 tablet_replica.cc:333] T fcfb86feeeb942ffb941d1a529a2ecae P 96ebeb3502db4451946cf77e9201edd5: stopping tablet replica
I20260601 13:32:19.624349 30404 raft_consensus.cc:2243] T fcfb86feeeb942ffb941d1a529a2ecae P 96ebeb3502db4451946cf77e9201edd5 [term 1 LEADER]: Raft consensus shutting down.
I20260601 13:32:19.624621 30404 raft_consensus.cc:2272] T fcfb86feeeb942ffb941d1a529a2ecae P 96ebeb3502db4451946cf77e9201edd5 [term 1 FOLLOWER]: Raft consensus is shut down!
I20260601 13:32:19.638924 30404 tablet_server.cc:196] TabletServer@127.29.177.3:0 shutdown complete.
I20260601 13:32:19.641249 30404 tablet_server.cc:179] TabletServer@127.29.177.4:0 shutting down...
I20260601 13:32:19.645447 30404 ts_tablet_manager.cc:1507] Shutting down tablet manager...
I20260601 13:32:19.645725 30404 tablet_replica.cc:333] T fcfb86feeeb942ffb941d1a529a2ecae P 307092f7b38145cba4d864782be6408f: stopping tablet replica
I20260601 13:32:19.645857 30404 raft_consensus.cc:2243] T fcfb86feeeb942ffb941d1a529a2ecae P 307092f7b38145cba4d864782be6408f [term 1 FOLLOWER]: Raft consensus shutting down.
I20260601 13:32:19.646093 30404 raft_consensus.cc:2272] T fcfb86feeeb942ffb941d1a529a2ecae P 307092f7b38145cba4d864782be6408f [term 1 FOLLOWER]: Raft consensus is shut down!
I20260601 13:32:19.658851 30404 tablet_server.cc:196] TabletServer@127.29.177.4:0 shutdown complete.
I20260601 13:32:19.661327 30404 master.cc:562] Master@127.29.177.62:42805 shutting down...
I20260601 13:32:19.665378 30404 raft_consensus.cc:2243] T 00000000000000000000000000000000 P a82a887095024e41939954f187a352dd [term 1 LEADER]: Raft consensus shutting down.
I20260601 13:32:19.665650 30404 raft_consensus.cc:2272] T 00000000000000000000000000000000 P a82a887095024e41939954f187a352dd [term 1 FOLLOWER]: Raft consensus is shut down!
I20260601 13:32:19.665745 30404 tablet_replica.cc:333] T 00000000000000000000000000000000 P a82a887095024e41939954f187a352dd: stopping tablet replica
I20260601 13:32:19.678828 30404 master.cc:584] Master@127.29.177.62:42805 shutdown complete.
[       OK ] AutoRebalancerTest.NoReplicaMovesIfLocationLoadSkewedByOne (12570 ms)
[ RUN      ] AutoRebalancerTest.NoReplicaMovesIfCannotFixPlacementPolicy
I20260601 13:32:19.686401 30404 internal_mini_cluster.cc:156] Creating distributed mini masters. Addrs: 127.29.177.62:33925
I20260601 13:32:19.686793 30404 file_cache.cc:492] Constructed file cache file cache with capacity 419430
W20260601 13:32:19.688887  1903 instance_detector.cc:116] could not retrieve OpenStack instance metadata: Network error: curl error: HTTP response code said error: The requested URL returned error: 404
W20260601 13:32:19.688997  1901 instance_detector.cc:116] could not retrieve Azure instance metadata: Network error: curl error: HTTP response code said error: The requested URL returned error: 404
W20260601 13:32:19.689083  1900 instance_detector.cc:116] could not retrieve AWS instance metadata: Network error: curl error: HTTP response code said error: The requested URL returned error: 404
I20260601 13:32:19.689301 30404 server_base.cc:1061] running on GCE node
I20260601 13:32:19.689469 30404 hybrid_clock.cc:584] initializing the hybrid clock with 'system_unsync' time source
W20260601 13:32:19.689524 30404 system_unsync_time.cc:38] NTP support is disabled. Clock error bounds will not be accurate. This configuration is not suitable for distributed clusters.
I20260601 13:32:19.689563 30404 hybrid_clock.cc:648] HybridClock initialized: now 1780320739689561 us; error 0 us; skew 500 ppm
I20260601 13:32:19.690474 30404 webserver.cc:533] Webserver started at http://127.29.177.62:40943/ using document root <none> and password file <none>
I20260601 13:32:19.690696 30404 fs_manager.cc:362] Metadata directory not provided
I20260601 13:32:19.690770 30404 fs_manager.cc:368] Using write-ahead log directory (fs_wal_dir) as metadata directory
I20260601 13:32:19.690855 30404 server_base.cc:909] This appears to be a new deployment of Kudu; creating new FS layout
I20260601 13:32:19.691280 30404 fs_manager.cc:1068] Generated new instance metadata in path /tmp/dist-test-taskRtUW55/test-tmp/auto_rebalancer-test.0.AutoRebalancerTest.NoReplicaMovesIfCannotFixPlacementPolicy.1780320648618741-30404-0/minicluster-data/master-0-root/instance:
uuid: "1864c54bbd274a97ba474c81cdd7a763"
format_stamp: "Formatted at 2026-06-01 13:32:19 on dist-test-slave-2m1q"
I20260601 13:32:19.692862 30404 fs_manager.cc:696] Time spent creating directory manager: real 0.001s	user 0.002s	sys 0.001s
I20260601 13:32:19.693842  1908 log_block_manager.cc:4031] Time spent loading block containers with low live blocks: real 0.000s	user 0.000s	sys 0.000s
I20260601 13:32:19.694205 30404 fs_manager.cc:730] Time spent opening block manager: real 0.001s	user 0.001s	sys 0.000s
I20260601 13:32:19.694309 30404 fs_manager.cc:647] Opened local filesystem: /tmp/dist-test-taskRtUW55/test-tmp/auto_rebalancer-test.0.AutoRebalancerTest.NoReplicaMovesIfCannotFixPlacementPolicy.1780320648618741-30404-0/minicluster-data/master-0-root
uuid: "1864c54bbd274a97ba474c81cdd7a763"
format_stamp: "Formatted at 2026-06-01 13:32:19 on dist-test-slave-2m1q"
I20260601 13:32:19.694414 30404 fs_report.cc:389] FS layout report
--------------------
wal directory: /tmp/dist-test-taskRtUW55/test-tmp/auto_rebalancer-test.0.AutoRebalancerTest.NoReplicaMovesIfCannotFixPlacementPolicy.1780320648618741-30404-0/minicluster-data/master-0-root
metadata directory: /tmp/dist-test-taskRtUW55/test-tmp/auto_rebalancer-test.0.AutoRebalancerTest.NoReplicaMovesIfCannotFixPlacementPolicy.1780320648618741-30404-0/minicluster-data/master-0-root
1 data directories: /tmp/dist-test-taskRtUW55/test-tmp/auto_rebalancer-test.0.AutoRebalancerTest.NoReplicaMovesIfCannotFixPlacementPolicy.1780320648618741-30404-0/minicluster-data/master-0-root/data
Total live blocks: 0
Total live bytes: 0
Total live bytes (after alignment): 0
Total number of LBM containers: 0 (0 full)
Did not check for missing blocks
Did not check for orphaned blocks
Total full LBM containers with extra space: 0 (0 repaired)
Total full LBM container extra space in bytes: 0 (0 repaired)
Total incomplete LBM containers: 0 (0 repaired)
Total LBM partial records: 0 (0 repaired)
Total corrupted LBM metadata records in RocksDB: 0 (0 repaired)
I20260601 13:32:19.713620 30404 rpc_server.cc:225] running with OpenSSL 1.1.1  11 Sep 2018
I20260601 13:32:19.714152 30404 kserver.cc:163] Server-wide thread pool size limit: 3276
I20260601 13:32:19.718380 30404 rpc_server.cc:307] RPC server started. Bound to: 127.29.177.62:33925
I20260601 13:32:19.720913  1961 acceptor_pool.cc:272] collecting diagnostics on the listening RPC socket 127.29.177.62:33925 every 8 connection(s)
I20260601 13:32:19.721388  1962 data_dirs.cc:400] Could only allocate 1 dirs of requested 3 for tablet 00000000000000000000000000000000. 1 dirs total, 0 dirs full, 0 dirs failed
I20260601 13:32:19.723232  1962 tablet_bootstrap.cc:492] T 00000000000000000000000000000000 P 1864c54bbd274a97ba474c81cdd7a763: Bootstrap starting.
I20260601 13:32:19.724021  1962 tablet_bootstrap.cc:654] T 00000000000000000000000000000000 P 1864c54bbd274a97ba474c81cdd7a763: Neither blocks nor log segments found. Creating new log.
I20260601 13:32:19.724965  1962 tablet_bootstrap.cc:492] T 00000000000000000000000000000000 P 1864c54bbd274a97ba474c81cdd7a763: No bootstrap required, opened a new log
I20260601 13:32:19.725318  1962 raft_consensus.cc:359] T 00000000000000000000000000000000 P 1864c54bbd274a97ba474c81cdd7a763 [term 0 FOLLOWER]: Replica starting. Triggering 0 pending ops. Active config: opid_index: -1 OBSOLETE_local: true peers { permanent_uuid: "1864c54bbd274a97ba474c81cdd7a763" member_type: VOTER }
I20260601 13:32:19.725399  1962 raft_consensus.cc:385] T 00000000000000000000000000000000 P 1864c54bbd274a97ba474c81cdd7a763 [term 0 FOLLOWER]: Consensus starting up: Expiring failure detector timer to make a prompt election more likely
I20260601 13:32:19.725420  1962 raft_consensus.cc:740] T 00000000000000000000000000000000 P 1864c54bbd274a97ba474c81cdd7a763 [term 0 FOLLOWER]: Becoming Follower/Learner. State: Replica: 1864c54bbd274a97ba474c81cdd7a763, State: Initialized, Role: FOLLOWER
I20260601 13:32:19.725553  1962 consensus_queue.cc:260] T 00000000000000000000000000000000 P 1864c54bbd274a97ba474c81cdd7a763 [NON_LEADER]: Queue going to NON_LEADER mode. State: All replicated index: 0, Majority replicated index: 0, Committed index: 0, Last appended: 0.0, Last appended by leader: 0, Current term: 0, Majority size: -1, State: 0, Mode: NON_LEADER, active raft config: opid_index: -1 OBSOLETE_local: true peers { permanent_uuid: "1864c54bbd274a97ba474c81cdd7a763" member_type: VOTER }
I20260601 13:32:19.725637  1962 raft_consensus.cc:399] T 00000000000000000000000000000000 P 1864c54bbd274a97ba474c81cdd7a763 [term 0 FOLLOWER]: Only one voter in the Raft config. Triggering election immediately
I20260601 13:32:19.725661  1962 raft_consensus.cc:493] T 00000000000000000000000000000000 P 1864c54bbd274a97ba474c81cdd7a763 [term 0 FOLLOWER]: Starting leader election (initial election of a single-replica configuration)
I20260601 13:32:19.725693  1962 raft_consensus.cc:3060] T 00000000000000000000000000000000 P 1864c54bbd274a97ba474c81cdd7a763 [term 0 FOLLOWER]: Advancing to term 1
I20260601 13:32:19.726404  1962 raft_consensus.cc:515] T 00000000000000000000000000000000 P 1864c54bbd274a97ba474c81cdd7a763 [term 1 FOLLOWER]: Starting leader election with config: opid_index: -1 OBSOLETE_local: true peers { permanent_uuid: "1864c54bbd274a97ba474c81cdd7a763" member_type: VOTER }
I20260601 13:32:19.726511  1962 leader_election.cc:304] T 00000000000000000000000000000000 P 1864c54bbd274a97ba474c81cdd7a763 [CANDIDATE]: Term 1 election: Election decided. Result: candidate won. Election summary: received 1 responses out of 1 voters: 1 yes votes; 0 no votes. yes voters: 1864c54bbd274a97ba474c81cdd7a763; no voters: 
I20260601 13:32:19.726649  1962 leader_election.cc:290] T 00000000000000000000000000000000 P 1864c54bbd274a97ba474c81cdd7a763 [CANDIDATE]: Term 1 election: Requested vote from peers 
I20260601 13:32:19.726795  1965 raft_consensus.cc:2804] T 00000000000000000000000000000000 P 1864c54bbd274a97ba474c81cdd7a763 [term 1 FOLLOWER]: Leader election won for term 1
I20260601 13:32:19.726976  1965 raft_consensus.cc:697] T 00000000000000000000000000000000 P 1864c54bbd274a97ba474c81cdd7a763 [term 1 LEADER]: Becoming Leader. State: Replica: 1864c54bbd274a97ba474c81cdd7a763, State: Running, Role: LEADER
I20260601 13:32:19.727140  1962 sys_catalog.cc:565] T 00000000000000000000000000000000 P 1864c54bbd274a97ba474c81cdd7a763 [sys.catalog]: configured and running, proceeding with master startup.
I20260601 13:32:19.727121  1965 consensus_queue.cc:237] T 00000000000000000000000000000000 P 1864c54bbd274a97ba474c81cdd7a763 [LEADER]: Queue going to LEADER mode. State: All replicated index: 0, Majority replicated index: 0, Committed index: 0, Last appended: 0.0, Last appended by leader: 0, Current term: 1, Majority size: 1, State: 0, Mode: LEADER, active raft config: opid_index: -1 OBSOLETE_local: true peers { permanent_uuid: "1864c54bbd274a97ba474c81cdd7a763" member_type: VOTER }
I20260601 13:32:19.727581  1966 sys_catalog.cc:455] T 00000000000000000000000000000000 P 1864c54bbd274a97ba474c81cdd7a763 [sys.catalog]: SysCatalogTable state changed. Reason: RaftConsensus started. Latest consensus state: current_term: 1 leader_uuid: "1864c54bbd274a97ba474c81cdd7a763" committed_config { opid_index: -1 OBSOLETE_local: true peers { permanent_uuid: "1864c54bbd274a97ba474c81cdd7a763" member_type: VOTER } }
I20260601 13:32:19.727596  1967 sys_catalog.cc:455] T 00000000000000000000000000000000 P 1864c54bbd274a97ba474c81cdd7a763 [sys.catalog]: SysCatalogTable state changed. Reason: New leader 1864c54bbd274a97ba474c81cdd7a763. Latest consensus state: current_term: 1 leader_uuid: "1864c54bbd274a97ba474c81cdd7a763" committed_config { opid_index: -1 OBSOLETE_local: true peers { permanent_uuid: "1864c54bbd274a97ba474c81cdd7a763" member_type: VOTER } }
I20260601 13:32:19.727698  1967 sys_catalog.cc:458] T 00000000000000000000000000000000 P 1864c54bbd274a97ba474c81cdd7a763 [sys.catalog]: This master's current role is: LEADER
I20260601 13:32:19.728251  1970 catalog_manager.cc:1510] Loading table and tablet metadata into memory...
I20260601 13:32:19.727937  1966 sys_catalog.cc:458] T 00000000000000000000000000000000 P 1864c54bbd274a97ba474c81cdd7a763 [sys.catalog]: This master's current role is: LEADER
I20260601 13:32:19.729249  1970 catalog_manager.cc:1519] Initializing Kudu cluster ID...
I20260601 13:32:19.729485 30404 internal_mini_cluster.cc:184] Waiting to initialize catalog manager on master 0
I20260601 13:32:19.731246  1970 catalog_manager.cc:1382] Generated new cluster ID: cbd9c584d4124cd6ad3103120d76d8fe
I20260601 13:32:19.731307  1970 catalog_manager.cc:1530] Initializing Kudu internal certificate authority...
I20260601 13:32:19.757969  1970 catalog_manager.cc:1405] Generated new certificate authority record
I20260601 13:32:19.758546  1970 catalog_manager.cc:1539] Loading token signing keys...
I20260601 13:32:19.765714  1970 catalog_manager.cc:6069] T 00000000000000000000000000000000 P 1864c54bbd274a97ba474c81cdd7a763: Generated new TSK 0
I20260601 13:32:19.765908  1970 catalog_manager.cc:1549] Initializing in-progress tserver states...
I20260601 13:32:19.794339 30404 file_cache.cc:492] Constructed file cache file cache with capacity 419430
W20260601 13:32:19.796553  1983 instance_detector.cc:116] could not retrieve AWS instance metadata: Network error: curl error: HTTP response code said error: The requested URL returned error: 404
W20260601 13:32:19.796568  1986 instance_detector.cc:116] could not retrieve OpenStack instance metadata: Network error: curl error: HTTP response code said error: The requested URL returned error: 404
W20260601 13:32:19.796568  1984 instance_detector.cc:116] could not retrieve Azure instance metadata: Network error: curl error: HTTP response code said error: The requested URL returned error: 404
I20260601 13:32:19.796813 30404 server_base.cc:1061] running on GCE node
I20260601 13:32:19.796972 30404 hybrid_clock.cc:584] initializing the hybrid clock with 'system_unsync' time source
W20260601 13:32:19.797011 30404 system_unsync_time.cc:38] NTP support is disabled. Clock error bounds will not be accurate. This configuration is not suitable for distributed clusters.
I20260601 13:32:19.797029 30404 hybrid_clock.cc:648] HybridClock initialized: now 1780320739797029 us; error 0 us; skew 500 ppm
I20260601 13:32:19.797900 30404 webserver.cc:533] Webserver started at http://127.29.177.1:37475/ using document root <none> and password file <none>
I20260601 13:32:19.798110 30404 fs_manager.cc:362] Metadata directory not provided
I20260601 13:32:19.798158 30404 fs_manager.cc:368] Using write-ahead log directory (fs_wal_dir) as metadata directory
I20260601 13:32:19.798221 30404 server_base.cc:909] This appears to be a new deployment of Kudu; creating new FS layout
I20260601 13:32:19.798605 30404 fs_manager.cc:1068] Generated new instance metadata in path /tmp/dist-test-taskRtUW55/test-tmp/auto_rebalancer-test.0.AutoRebalancerTest.NoReplicaMovesIfCannotFixPlacementPolicy.1780320648618741-30404-0/minicluster-data/ts-0-root/instance:
uuid: "8a61a09a27ca4479b5779237102c44d5"
format_stamp: "Formatted at 2026-06-01 13:32:19 on dist-test-slave-2m1q"
I20260601 13:32:19.800184 30404 fs_manager.cc:696] Time spent creating directory manager: real 0.001s	user 0.002s	sys 0.000s
I20260601 13:32:19.801209  1991 log_block_manager.cc:4031] Time spent loading block containers with low live blocks: real 0.000s	user 0.000s	sys 0.000s
I20260601 13:32:19.801554 30404 fs_manager.cc:730] Time spent opening block manager: real 0.001s	user 0.001s	sys 0.000s
I20260601 13:32:19.801644 30404 fs_manager.cc:647] Opened local filesystem: /tmp/dist-test-taskRtUW55/test-tmp/auto_rebalancer-test.0.AutoRebalancerTest.NoReplicaMovesIfCannotFixPlacementPolicy.1780320648618741-30404-0/minicluster-data/ts-0-root
uuid: "8a61a09a27ca4479b5779237102c44d5"
format_stamp: "Formatted at 2026-06-01 13:32:19 on dist-test-slave-2m1q"
I20260601 13:32:19.801731 30404 fs_report.cc:389] FS layout report
--------------------
wal directory: /tmp/dist-test-taskRtUW55/test-tmp/auto_rebalancer-test.0.AutoRebalancerTest.NoReplicaMovesIfCannotFixPlacementPolicy.1780320648618741-30404-0/minicluster-data/ts-0-root
metadata directory: /tmp/dist-test-taskRtUW55/test-tmp/auto_rebalancer-test.0.AutoRebalancerTest.NoReplicaMovesIfCannotFixPlacementPolicy.1780320648618741-30404-0/minicluster-data/ts-0-root
1 data directories: /tmp/dist-test-taskRtUW55/test-tmp/auto_rebalancer-test.0.AutoRebalancerTest.NoReplicaMovesIfCannotFixPlacementPolicy.1780320648618741-30404-0/minicluster-data/ts-0-root/data
Total live blocks: 0
Total live bytes: 0
Total live bytes (after alignment): 0
Total number of LBM containers: 0 (0 full)
Did not check for missing blocks
Did not check for orphaned blocks
Total full LBM containers with extra space: 0 (0 repaired)
Total full LBM container extra space in bytes: 0 (0 repaired)
Total incomplete LBM containers: 0 (0 repaired)
Total LBM partial records: 0 (0 repaired)
Total corrupted LBM metadata records in RocksDB: 0 (0 repaired)
I20260601 13:32:19.809638 30404 rpc_server.cc:225] running with OpenSSL 1.1.1  11 Sep 2018
I20260601 13:32:19.810195 30404 kserver.cc:163] Server-wide thread pool size limit: 3276
I20260601 13:32:19.810523 30404 txn_system_client.cc:432] TxnSystemClient initialization is disabled...
I20260601 13:32:19.811048 30404 ts_tablet_manager.cc:585] Loaded tablet metadata (0 total tablets, 0 live tablets)
I20260601 13:32:19.811110 30404 ts_tablet_manager.cc:531] Time spent load tablet metadata: real 0.000s	user 0.000s	sys 0.000s
I20260601 13:32:19.811199 30404 ts_tablet_manager.cc:616] Registered 0 tablets
I20260601 13:32:19.811270 30404 ts_tablet_manager.cc:595] Time spent register tablets: real 0.000s	user 0.000s	sys 0.000s
I20260601 13:32:19.816057 30404 rpc_server.cc:307] RPC server started. Bound to: 127.29.177.1:37327
I20260601 13:32:19.816066  2054 acceptor_pool.cc:272] collecting diagnostics on the listening RPC socket 127.29.177.1:37327 every 8 connection(s)
I20260601 13:32:19.817040 30404 file_cache.cc:492] Constructed file cache file cache with capacity 419430
W20260601 13:32:19.818981  2062 instance_detector.cc:116] could not retrieve OpenStack instance metadata: Network error: curl error: HTTP response code said error: The requested URL returned error: 404
W20260601 13:32:19.819139  2059 instance_detector.cc:116] could not retrieve AWS instance metadata: Network error: curl error: HTTP response code said error: The requested URL returned error: 404
W20260601 13:32:19.819022  2060 instance_detector.cc:116] could not retrieve Azure instance metadata: Network error: curl error: HTTP response code said error: The requested URL returned error: 404
I20260601 13:32:19.819775 30404 server_base.cc:1061] running on GCE node
I20260601 13:32:19.819960 30404 hybrid_clock.cc:584] initializing the hybrid clock with 'system_unsync' time source
W20260601 13:32:19.820003 30404 system_unsync_time.cc:38] NTP support is disabled. Clock error bounds will not be accurate. This configuration is not suitable for distributed clusters.
