I20260601 13:31:57.834861 30298 raft_consensus.cc:2955] T 64b46c1d048e468dae5ad314e969e87c P 95561f72e163448bbad44e64fa159076 [term 1 LEADER]: Committing config change with OpId 1.3: config changed from index 2 to 3, 54a979db02904e369465b654b70632cd (127.26.121.196) changed from NON_VOTER to VOTER. New config: { opid_index: 3 OBSOLETE_local: false peers { permanent_uuid: "95561f72e163448bbad44e64fa159076" member_type: VOTER last_known_addr { host: "127.26.121.193" port: 33041 } } peers { permanent_uuid: "450b54c6d2764b42ac15e740d48bdd56" member_type: VOTER last_known_addr { host: "127.26.121.194" port: 36417 } attrs { replace: true } } peers { permanent_uuid: "4af32af83dfb41dba3af2b72930c8ef9" member_type: VOTER last_known_addr { host: "127.26.121.195" port: 36263 } } peers { permanent_uuid: "54a979db02904e369465b654b70632cd" member_type: VOTER last_known_addr { host: "127.26.121.196" port: 37457 } attrs { promote: false } } }
I20260601 13:31:57.835426 30380 raft_consensus.cc:2955] T 64b46c1d048e468dae5ad314e969e87c P 54a979db02904e369465b654b70632cd [term 1 FOLLOWER]: Committing config change with OpId 1.3: config changed from index 2 to 3, 54a979db02904e369465b654b70632cd (127.26.121.196) changed from NON_VOTER to VOTER. New config: { opid_index: 3 OBSOLETE_local: false peers { permanent_uuid: "95561f72e163448bbad44e64fa159076" member_type: VOTER last_known_addr { host: "127.26.121.193" port: 33041 } } peers { permanent_uuid: "450b54c6d2764b42ac15e740d48bdd56" member_type: VOTER last_known_addr { host: "127.26.121.194" port: 36417 } attrs { replace: true } } peers { permanent_uuid: "4af32af83dfb41dba3af2b72930c8ef9" member_type: VOTER last_known_addr { host: "127.26.121.195" port: 36263 } } peers { permanent_uuid: "54a979db02904e369465b654b70632cd" member_type: VOTER last_known_addr { host: "127.26.121.196" port: 37457 } attrs { promote: false } } }
I20260601 13:31:57.837262 30167 raft_consensus.cc:2955] T 64b46c1d048e468dae5ad314e969e87c P 450b54c6d2764b42ac15e740d48bdd56 [term 1 FOLLOWER]: Committing config change with OpId 1.3: config changed from index 2 to 3, 54a979db02904e369465b654b70632cd (127.26.121.196) changed from NON_VOTER to VOTER. New config: { opid_index: 3 OBSOLETE_local: false peers { permanent_uuid: "95561f72e163448bbad44e64fa159076" member_type: VOTER last_known_addr { host: "127.26.121.193" port: 33041 } } peers { permanent_uuid: "450b54c6d2764b42ac15e740d48bdd56" member_type: VOTER last_known_addr { host: "127.26.121.194" port: 36417 } attrs { replace: true } } peers { permanent_uuid: "4af32af83dfb41dba3af2b72930c8ef9" member_type: VOTER last_known_addr { host: "127.26.121.195" port: 36263 } } peers { permanent_uuid: "54a979db02904e369465b654b70632cd" member_type: VOTER last_known_addr { host: "127.26.121.196" port: 37457 } attrs { promote: false } } }
I20260601 13:31:57.837517 30242 raft_consensus.cc:2955] T 64b46c1d048e468dae5ad314e969e87c P 4af32af83dfb41dba3af2b72930c8ef9 [term 1 FOLLOWER]: Committing config change with OpId 1.3: config changed from index 2 to 3, 54a979db02904e369465b654b70632cd (127.26.121.196) changed from NON_VOTER to VOTER. New config: { opid_index: 3 OBSOLETE_local: false peers { permanent_uuid: "95561f72e163448bbad44e64fa159076" member_type: VOTER last_known_addr { host: "127.26.121.193" port: 33041 } } peers { permanent_uuid: "450b54c6d2764b42ac15e740d48bdd56" member_type: VOTER last_known_addr { host: "127.26.121.194" port: 36417 } attrs { replace: true } } peers { permanent_uuid: "4af32af83dfb41dba3af2b72930c8ef9" member_type: VOTER last_known_addr { host: "127.26.121.195" port: 36263 } } peers { permanent_uuid: "54a979db02904e369465b654b70632cd" member_type: VOTER last_known_addr { host: "127.26.121.196" port: 37457 } attrs { promote: false } } }
I20260601 13:31:57.837697 29986 catalog_manager.cc:5696] T 64b46c1d048e468dae5ad314e969e87c P 54a979db02904e369465b654b70632cd reported cstate change: config changed from index 2 to 3, 54a979db02904e369465b654b70632cd (127.26.121.196) changed from NON_VOTER to VOTER. New cstate: current_term: 1 leader_uuid: "95561f72e163448bbad44e64fa159076" committed_config { opid_index: 3 OBSOLETE_local: false peers { permanent_uuid: "95561f72e163448bbad44e64fa159076" member_type: VOTER last_known_addr { host: "127.26.121.193" port: 33041 } } peers { permanent_uuid: "450b54c6d2764b42ac15e740d48bdd56" member_type: VOTER last_known_addr { host: "127.26.121.194" port: 36417 } attrs { replace: true } } peers { permanent_uuid: "4af32af83dfb41dba3af2b72930c8ef9" member_type: VOTER last_known_addr { host: "127.26.121.195" port: 36263 } } peers { permanent_uuid: "54a979db02904e369465b654b70632cd" member_type: VOTER last_known_addr { host: "127.26.121.196" port: 37457 } attrs { promote: false } } }
I20260601 13:31:57.843472 30090 consensus_queue.cc:237] T 64b46c1d048e468dae5ad314e969e87c P 95561f72e163448bbad44e64fa159076 [LEADER]: Queue going to LEADER mode. State: All replicated index: 0, Majority replicated index: 3, Committed index: 3, Last appended: 1.3, Last appended by leader: 0, Current term: 1, Majority size: 2, State: 0, Mode: LEADER, active raft config: opid_index: 4 OBSOLETE_local: false peers { permanent_uuid: "95561f72e163448bbad44e64fa159076" member_type: VOTER last_known_addr { host: "127.26.121.193" port: 33041 } } peers { permanent_uuid: "4af32af83dfb41dba3af2b72930c8ef9" member_type: VOTER last_known_addr { host: "127.26.121.195" port: 36263 } } peers { permanent_uuid: "54a979db02904e369465b654b70632cd" member_type: VOTER last_known_addr { host: "127.26.121.196" port: 37457 } attrs { promote: false } }
I20260601 13:31:57.844669 30380 raft_consensus.cc:1275] T 64b46c1d048e468dae5ad314e969e87c P 54a979db02904e369465b654b70632cd [term 1 FOLLOWER]: Refusing update from remote peer 95561f72e163448bbad44e64fa159076: Log matching property violated. Preceding OpId in replica: term: 1 index: 3. Preceding OpId from leader: term: 1 index: 4. (index mismatch)
I20260601 13:31:57.844784 30242 raft_consensus.cc:1275] T 64b46c1d048e468dae5ad314e969e87c P 4af32af83dfb41dba3af2b72930c8ef9 [term 1 FOLLOWER]: Refusing update from remote peer 95561f72e163448bbad44e64fa159076: Log matching property violated. Preceding OpId in replica: term: 1 index: 3. Preceding OpId from leader: term: 1 index: 4. (index mismatch)
I20260601 13:31:57.845093 30507 consensus_queue.cc:1048] T 64b46c1d048e468dae5ad314e969e87c P 95561f72e163448bbad44e64fa159076 [LEADER]: Connected to new peer: Peer: permanent_uuid: "54a979db02904e369465b654b70632cd" member_type: VOTER last_known_addr { host: "127.26.121.196" port: 37457 } attrs { promote: false }, Status: LMP_MISMATCH, Last received: 0.0, Next index: 4, Last known committed idx: 3, Time since last communication: 0.000s
I20260601 13:31:57.845229 30321 consensus_queue.cc:1048] T 64b46c1d048e468dae5ad314e969e87c P 95561f72e163448bbad44e64fa159076 [LEADER]: Connected to new peer: Peer: permanent_uuid: "4af32af83dfb41dba3af2b72930c8ef9" member_type: VOTER last_known_addr { host: "127.26.121.195" port: 36263 }, Status: LMP_MISMATCH, Last received: 0.0, Next index: 4, Last known committed idx: 3, Time since last communication: 0.000s
I20260601 13:31:57.846596 30476 raft_consensus.cc:2955] T 64b46c1d048e468dae5ad314e969e87c P 95561f72e163448bbad44e64fa159076 [term 1 LEADER]: Committing config change with OpId 1.4: config changed from index 3 to 4, VOTER 450b54c6d2764b42ac15e740d48bdd56 (127.26.121.194) evicted. New config: { opid_index: 4 OBSOLETE_local: false peers { permanent_uuid: "95561f72e163448bbad44e64fa159076" member_type: VOTER last_known_addr { host: "127.26.121.193" port: 33041 } } peers { permanent_uuid: "4af32af83dfb41dba3af2b72930c8ef9" member_type: VOTER last_known_addr { host: "127.26.121.195" port: 36263 } } peers { permanent_uuid: "54a979db02904e369465b654b70632cd" member_type: VOTER last_known_addr { host: "127.26.121.196" port: 37457 } attrs { promote: false } } }
I20260601 13:31:57.846938 30242 raft_consensus.cc:2955] T 64b46c1d048e468dae5ad314e969e87c P 4af32af83dfb41dba3af2b72930c8ef9 [term 1 FOLLOWER]: Committing config change with OpId 1.4: config changed from index 3 to 4, VOTER 450b54c6d2764b42ac15e740d48bdd56 (127.26.121.194) evicted. New config: { opid_index: 4 OBSOLETE_local: false peers { permanent_uuid: "95561f72e163448bbad44e64fa159076" member_type: VOTER last_known_addr { host: "127.26.121.193" port: 33041 } } peers { permanent_uuid: "4af32af83dfb41dba3af2b72930c8ef9" member_type: VOTER last_known_addr { host: "127.26.121.195" port: 36263 } } peers { permanent_uuid: "54a979db02904e369465b654b70632cd" member_type: VOTER last_known_addr { host: "127.26.121.196" port: 37457 } attrs { promote: false } } }
I20260601 13:31:57.848778 29975 catalog_manager.cc:5209] ChangeConfig:REMOVE_PEER RPC for tablet 64b46c1d048e468dae5ad314e969e87c with cas_config_opid_index 3: ChangeConfig:REMOVE_PEER succeeded (attempt 1)
I20260601 13:31:57.848893 29985 catalog_manager.cc:5696] T 64b46c1d048e468dae5ad314e969e87c P 4af32af83dfb41dba3af2b72930c8ef9 reported cstate change: config changed from index 3 to 4, VOTER 450b54c6d2764b42ac15e740d48bdd56 (127.26.121.194) evicted. New cstate: current_term: 1 leader_uuid: "95561f72e163448bbad44e64fa159076" committed_config { opid_index: 4 OBSOLETE_local: false peers { permanent_uuid: "95561f72e163448bbad44e64fa159076" member_type: VOTER last_known_addr { host: "127.26.121.193" port: 33041 } } peers { permanent_uuid: "4af32af83dfb41dba3af2b72930c8ef9" member_type: VOTER last_known_addr { host: "127.26.121.195" port: 36263 } } peers { permanent_uuid: "54a979db02904e369465b654b70632cd" member_type: VOTER last_known_addr { host: "127.26.121.196" port: 37457 } attrs { promote: false } } }
I20260601 13:31:57.849179 30380 raft_consensus.cc:2955] T 64b46c1d048e468dae5ad314e969e87c P 54a979db02904e369465b654b70632cd [term 1 FOLLOWER]: Committing config change with OpId 1.4: config changed from index 3 to 4, VOTER 450b54c6d2764b42ac15e740d48bdd56 (127.26.121.194) evicted. New config: { opid_index: 4 OBSOLETE_local: false peers { permanent_uuid: "95561f72e163448bbad44e64fa159076" member_type: VOTER last_known_addr { host: "127.26.121.193" port: 33041 } } peers { permanent_uuid: "4af32af83dfb41dba3af2b72930c8ef9" member_type: VOTER last_known_addr { host: "127.26.121.195" port: 36263 } } peers { permanent_uuid: "54a979db02904e369465b654b70632cd" member_type: VOTER last_known_addr { host: "127.26.121.196" port: 37457 } attrs { promote: false } } }
I20260601 13:31:57.851584 30157 tablet_service.cc:1558] Processing DeleteTablet for tablet 64b46c1d048e468dae5ad314e969e87c with delete_type TABLET_DATA_TOMBSTONED (TS 450b54c6d2764b42ac15e740d48bdd56 not found in new config with opid_index 4) from {username='slave'} at 127.0.0.1:57952
I20260601 13:31:57.851914 30515 tablet_replica.cc:333] T 64b46c1d048e468dae5ad314e969e87c P 450b54c6d2764b42ac15e740d48bdd56: stopping tablet replica
I20260601 13:31:57.852082 30515 raft_consensus.cc:2243] T 64b46c1d048e468dae5ad314e969e87c P 450b54c6d2764b42ac15e740d48bdd56 [term 1 FOLLOWER]: Raft consensus shutting down.
I20260601 13:31:57.852233 30515 raft_consensus.cc:2272] T 64b46c1d048e468dae5ad314e969e87c P 450b54c6d2764b42ac15e740d48bdd56 [term 1 FOLLOWER]: Raft consensus is shut down!
I20260601 13:31:57.852802 30515 ts_tablet_manager.cc:1916] T 64b46c1d048e468dae5ad314e969e87c P 450b54c6d2764b42ac15e740d48bdd56: Deleting tablet data with delete state TABLET_DATA_TOMBSTONED
I20260601 13:31:57.854435 30515 ts_tablet_manager.cc:1929] T 64b46c1d048e468dae5ad314e969e87c P 450b54c6d2764b42ac15e740d48bdd56: tablet deleted with delete type TABLET_DATA_TOMBSTONED: last-logged OpId 1.3
I20260601 13:31:57.854529 30515 log.cc:1199] T 64b46c1d048e468dae5ad314e969e87c P 450b54c6d2764b42ac15e740d48bdd56: Deleting WAL directory at /tmp/dist-test-taskLC_rjC/test-tmp/auto_rebalancer-test.0.AutoRebalancerTest.RangeAwareRebalancesNewRangeReplicas.1780320645168974-27111-0/minicluster-data/ts-1-root/wals/64b46c1d048e468dae5ad314e969e87c
I20260601 13:31:57.855039 29973 catalog_manager.cc:5027] TS 450b54c6d2764b42ac15e740d48bdd56 (127.26.121.194:36417): tablet 64b46c1d048e468dae5ad314e969e87c (table range_aware_rebalance_new_range [id=9bdefbc2efd542d896f1da49a3229fbf]) successfully deleted
I20260601 13:31:58.007200 30484 raft_consensus.cc:1064] T 9c6ad12b8b024661a641ba7236546d0b P 450b54c6d2764b42ac15e740d48bdd56: attempting to promote NON_VOTER 54a979db02904e369465b654b70632cd to VOTER
I20260601 13:31:58.007673 30484 consensus_queue.cc:237] T 9c6ad12b8b024661a641ba7236546d0b P 450b54c6d2764b42ac15e740d48bdd56 [LEADER]: Queue going to LEADER mode. State: All replicated index: 0, Majority replicated index: 2, Committed index: 2, Last appended: 1.2, Last appended by leader: 0, Current term: 1, Majority size: 3, State: 0, Mode: LEADER, active raft config: opid_index: 3 OBSOLETE_local: false peers { permanent_uuid: "95561f72e163448bbad44e64fa159076" member_type: VOTER last_known_addr { host: "127.26.121.193" port: 33041 } attrs { replace: true } } peers { permanent_uuid: "450b54c6d2764b42ac15e740d48bdd56" member_type: VOTER last_known_addr { host: "127.26.121.194" port: 36417 } } peers { permanent_uuid: "4af32af83dfb41dba3af2b72930c8ef9" member_type: VOTER last_known_addr { host: "127.26.121.195" port: 36263 } } peers { permanent_uuid: "54a979db02904e369465b654b70632cd" member_type: VOTER last_known_addr { host: "127.26.121.196" port: 37457 } attrs { promote: false } }
I20260601 13:31:58.009341 30380 raft_consensus.cc:1275] T 9c6ad12b8b024661a641ba7236546d0b P 54a979db02904e369465b654b70632cd [term 1 LEARNER]: Refusing update from remote peer 450b54c6d2764b42ac15e740d48bdd56: Log matching property violated. Preceding OpId in replica: term: 1 index: 2. Preceding OpId from leader: term: 1 index: 3. (index mismatch)
I20260601 13:31:58.009341 30242 raft_consensus.cc:1275] T 9c6ad12b8b024661a641ba7236546d0b P 4af32af83dfb41dba3af2b72930c8ef9 [term 1 FOLLOWER]: Refusing update from remote peer 450b54c6d2764b42ac15e740d48bdd56: Log matching property violated. Preceding OpId in replica: term: 1 index: 2. Preceding OpId from leader: term: 1 index: 3. (index mismatch)
I20260601 13:31:58.009341 30090 raft_consensus.cc:1275] T 9c6ad12b8b024661a641ba7236546d0b P 95561f72e163448bbad44e64fa159076 [term 1 FOLLOWER]: Refusing update from remote peer 450b54c6d2764b42ac15e740d48bdd56: Log matching property violated. Preceding OpId in replica: term: 1 index: 2. Preceding OpId from leader: term: 1 index: 3. (index mismatch)
I20260601 13:31:58.009881 30517 consensus_queue.cc:1048] T 9c6ad12b8b024661a641ba7236546d0b P 450b54c6d2764b42ac15e740d48bdd56 [LEADER]: Connected to new peer: Peer: permanent_uuid: "54a979db02904e369465b654b70632cd" member_type: VOTER last_known_addr { host: "127.26.121.196" port: 37457 } attrs { promote: false }, Status: LMP_MISMATCH, Last received: 0.0, Next index: 3, Last known committed idx: 2, Time since last communication: 0.000s
I20260601 13:31:58.010032 30457 consensus_queue.cc:1048] T 9c6ad12b8b024661a641ba7236546d0b P 450b54c6d2764b42ac15e740d48bdd56 [LEADER]: Connected to new peer: Peer: permanent_uuid: "4af32af83dfb41dba3af2b72930c8ef9" member_type: VOTER last_known_addr { host: "127.26.121.195" port: 36263 }, Status: LMP_MISMATCH, Last received: 0.0, Next index: 3, Last known committed idx: 2, Time since last communication: 0.000s
I20260601 13:31:58.010157 30483 consensus_queue.cc:1048] T 9c6ad12b8b024661a641ba7236546d0b P 450b54c6d2764b42ac15e740d48bdd56 [LEADER]: Connected to new peer: Peer: permanent_uuid: "95561f72e163448bbad44e64fa159076" member_type: VOTER last_known_addr { host: "127.26.121.193" port: 33041 } attrs { replace: true }, Status: LMP_MISMATCH, Last received: 0.0, Next index: 3, Last known committed idx: 2, Time since last communication: 0.000s
I20260601 13:31:58.011935 30483 raft_consensus.cc:2955] T 9c6ad12b8b024661a641ba7236546d0b P 450b54c6d2764b42ac15e740d48bdd56 [term 1 LEADER]: Committing config change with OpId 1.3: config changed from index 2 to 3, 54a979db02904e369465b654b70632cd (127.26.121.196) changed from NON_VOTER to VOTER. New config: { opid_index: 3 OBSOLETE_local: false peers { permanent_uuid: "95561f72e163448bbad44e64fa159076" member_type: VOTER last_known_addr { host: "127.26.121.193" port: 33041 } attrs { replace: true } } peers { permanent_uuid: "450b54c6d2764b42ac15e740d48bdd56" member_type: VOTER last_known_addr { host: "127.26.121.194" port: 36417 } } peers { permanent_uuid: "4af32af83dfb41dba3af2b72930c8ef9" member_type: VOTER last_known_addr { host: "127.26.121.195" port: 36263 } } peers { permanent_uuid: "54a979db02904e369465b654b70632cd" member_type: VOTER last_known_addr { host: "127.26.121.196" port: 37457 } attrs { promote: false } } }
I20260601 13:31:58.012557 30090 raft_consensus.cc:2955] T 9c6ad12b8b024661a641ba7236546d0b P 95561f72e163448bbad44e64fa159076 [term 1 FOLLOWER]: Committing config change with OpId 1.3: config changed from index 2 to 3, 54a979db02904e369465b654b70632cd (127.26.121.196) changed from NON_VOTER to VOTER. New config: { opid_index: 3 OBSOLETE_local: false peers { permanent_uuid: "95561f72e163448bbad44e64fa159076" member_type: VOTER last_known_addr { host: "127.26.121.193" port: 33041 } attrs { replace: true } } peers { permanent_uuid: "450b54c6d2764b42ac15e740d48bdd56" member_type: VOTER last_known_addr { host: "127.26.121.194" port: 36417 } } peers { permanent_uuid: "4af32af83dfb41dba3af2b72930c8ef9" member_type: VOTER last_known_addr { host: "127.26.121.195" port: 36263 } } peers { permanent_uuid: "54a979db02904e369465b654b70632cd" member_type: VOTER last_known_addr { host: "127.26.121.196" port: 37457 } attrs { promote: false } } }
I20260601 13:31:58.014235 30380 raft_consensus.cc:2955] T 9c6ad12b8b024661a641ba7236546d0b P 54a979db02904e369465b654b70632cd [term 1 FOLLOWER]: Committing config change with OpId 1.3: config changed from index 2 to 3, 54a979db02904e369465b654b70632cd (127.26.121.196) changed from NON_VOTER to VOTER. New config: { opid_index: 3 OBSOLETE_local: false peers { permanent_uuid: "95561f72e163448bbad44e64fa159076" member_type: VOTER last_known_addr { host: "127.26.121.193" port: 33041 } attrs { replace: true } } peers { permanent_uuid: "450b54c6d2764b42ac15e740d48bdd56" member_type: VOTER last_known_addr { host: "127.26.121.194" port: 36417 } } peers { permanent_uuid: "4af32af83dfb41dba3af2b72930c8ef9" member_type: VOTER last_known_addr { host: "127.26.121.195" port: 36263 } } peers { permanent_uuid: "54a979db02904e369465b654b70632cd" member_type: VOTER last_known_addr { host: "127.26.121.196" port: 37457 } attrs { promote: false } } }
I20260601 13:31:58.014235 30242 raft_consensus.cc:2955] T 9c6ad12b8b024661a641ba7236546d0b P 4af32af83dfb41dba3af2b72930c8ef9 [term 1 FOLLOWER]: Committing config change with OpId 1.3: config changed from index 2 to 3, 54a979db02904e369465b654b70632cd (127.26.121.196) changed from NON_VOTER to VOTER. New config: { opid_index: 3 OBSOLETE_local: false peers { permanent_uuid: "95561f72e163448bbad44e64fa159076" member_type: VOTER last_known_addr { host: "127.26.121.193" port: 33041 } attrs { replace: true } } peers { permanent_uuid: "450b54c6d2764b42ac15e740d48bdd56" member_type: VOTER last_known_addr { host: "127.26.121.194" port: 36417 } } peers { permanent_uuid: "4af32af83dfb41dba3af2b72930c8ef9" member_type: VOTER last_known_addr { host: "127.26.121.195" port: 36263 } } peers { permanent_uuid: "54a979db02904e369465b654b70632cd" member_type: VOTER last_known_addr { host: "127.26.121.196" port: 37457 } attrs { promote: false } } }
I20260601 13:31:58.014792 29987 catalog_manager.cc:5696] T 9c6ad12b8b024661a641ba7236546d0b P 450b54c6d2764b42ac15e740d48bdd56 reported cstate change: config changed from index 2 to 3, 54a979db02904e369465b654b70632cd (127.26.121.196) changed from NON_VOTER to VOTER. New cstate: current_term: 1 leader_uuid: "450b54c6d2764b42ac15e740d48bdd56" committed_config { opid_index: 3 OBSOLETE_local: false peers { permanent_uuid: "95561f72e163448bbad44e64fa159076" member_type: VOTER last_known_addr { host: "127.26.121.193" port: 33041 } attrs { replace: true } health_report { overall_health: HEALTHY } } peers { permanent_uuid: "450b54c6d2764b42ac15e740d48bdd56" member_type: VOTER last_known_addr { host: "127.26.121.194" port: 36417 } health_report { overall_health: HEALTHY } } peers { permanent_uuid: "4af32af83dfb41dba3af2b72930c8ef9" member_type: VOTER last_known_addr { host: "127.26.121.195" port: 36263 } health_report { overall_health: HEALTHY } } peers { permanent_uuid: "54a979db02904e369465b654b70632cd" member_type: VOTER last_known_addr { host: "127.26.121.196" port: 37457 } attrs { promote: false } health_report { overall_health: HEALTHY } } }
I20260601 13:31:58.019448 30167 consensus_queue.cc:237] T 9c6ad12b8b024661a641ba7236546d0b P 450b54c6d2764b42ac15e740d48bdd56 [LEADER]: Queue going to LEADER mode. State: All replicated index: 0, Majority replicated index: 3, Committed index: 3, Last appended: 1.3, Last appended by leader: 0, Current term: 1, Majority size: 2, State: 0, Mode: LEADER, active raft config: opid_index: 4 OBSOLETE_local: false peers { permanent_uuid: "450b54c6d2764b42ac15e740d48bdd56" member_type: VOTER last_known_addr { host: "127.26.121.194" port: 36417 } } peers { permanent_uuid: "4af32af83dfb41dba3af2b72930c8ef9" member_type: VOTER last_known_addr { host: "127.26.121.195" port: 36263 } } peers { permanent_uuid: "54a979db02904e369465b654b70632cd" member_type: VOTER last_known_addr { host: "127.26.121.196" port: 37457 } attrs { promote: false } }
I20260601 13:31:58.020691 30242 raft_consensus.cc:1275] T 9c6ad12b8b024661a641ba7236546d0b P 4af32af83dfb41dba3af2b72930c8ef9 [term 1 FOLLOWER]: Refusing update from remote peer 450b54c6d2764b42ac15e740d48bdd56: Log matching property violated. Preceding OpId in replica: term: 1 index: 3. Preceding OpId from leader: term: 1 index: 4. (index mismatch)
I20260601 13:31:58.020735 30380 raft_consensus.cc:1275] T 9c6ad12b8b024661a641ba7236546d0b P 54a979db02904e369465b654b70632cd [term 1 FOLLOWER]: Refusing update from remote peer 450b54c6d2764b42ac15e740d48bdd56: Log matching property violated. Preceding OpId in replica: term: 1 index: 3. Preceding OpId from leader: term: 1 index: 4. (index mismatch)
I20260601 13:31:58.021026 30517 consensus_queue.cc:1048] T 9c6ad12b8b024661a641ba7236546d0b P 450b54c6d2764b42ac15e740d48bdd56 [LEADER]: Connected to new peer: Peer: permanent_uuid: "4af32af83dfb41dba3af2b72930c8ef9" member_type: VOTER last_known_addr { host: "127.26.121.195" port: 36263 }, Status: LMP_MISMATCH, Last received: 0.0, Next index: 4, Last known committed idx: 3, Time since last communication: 0.000s
I20260601 13:31:58.021173 30457 consensus_queue.cc:1048] T 9c6ad12b8b024661a641ba7236546d0b P 450b54c6d2764b42ac15e740d48bdd56 [LEADER]: Connected to new peer: Peer: permanent_uuid: "54a979db02904e369465b654b70632cd" member_type: VOTER last_known_addr { host: "127.26.121.196" port: 37457 } attrs { promote: false }, Status: LMP_MISMATCH, Last received: 0.0, Next index: 4, Last known committed idx: 3, Time since last communication: 0.000s
I20260601 13:31:58.022763 30457 raft_consensus.cc:2955] T 9c6ad12b8b024661a641ba7236546d0b P 450b54c6d2764b42ac15e740d48bdd56 [term 1 LEADER]: Committing config change with OpId 1.4: config changed from index 3 to 4, VOTER 95561f72e163448bbad44e64fa159076 (127.26.121.193) evicted. New config: { opid_index: 4 OBSOLETE_local: false peers { permanent_uuid: "450b54c6d2764b42ac15e740d48bdd56" member_type: VOTER last_known_addr { host: "127.26.121.194" port: 36417 } } peers { permanent_uuid: "4af32af83dfb41dba3af2b72930c8ef9" member_type: VOTER last_known_addr { host: "127.26.121.195" port: 36263 } } peers { permanent_uuid: "54a979db02904e369465b654b70632cd" member_type: VOTER last_known_addr { host: "127.26.121.196" port: 37457 } attrs { promote: false } } }
I20260601 13:31:58.023196 30380 raft_consensus.cc:2955] T 9c6ad12b8b024661a641ba7236546d0b P 54a979db02904e369465b654b70632cd [term 1 FOLLOWER]: Committing config change with OpId 1.4: config changed from index 3 to 4, VOTER 95561f72e163448bbad44e64fa159076 (127.26.121.193) evicted. New config: { opid_index: 4 OBSOLETE_local: false peers { permanent_uuid: "450b54c6d2764b42ac15e740d48bdd56" member_type: VOTER last_known_addr { host: "127.26.121.194" port: 36417 } } peers { permanent_uuid: "4af32af83dfb41dba3af2b72930c8ef9" member_type: VOTER last_known_addr { host: "127.26.121.195" port: 36263 } } peers { permanent_uuid: "54a979db02904e369465b654b70632cd" member_type: VOTER last_known_addr { host: "127.26.121.196" port: 37457 } attrs { promote: false } } }
I20260601 13:31:58.023231 30242 raft_consensus.cc:2955] T 9c6ad12b8b024661a641ba7236546d0b P 4af32af83dfb41dba3af2b72930c8ef9 [term 1 FOLLOWER]: Committing config change with OpId 1.4: config changed from index 3 to 4, VOTER 95561f72e163448bbad44e64fa159076 (127.26.121.193) evicted. New config: { opid_index: 4 OBSOLETE_local: false peers { permanent_uuid: "450b54c6d2764b42ac15e740d48bdd56" member_type: VOTER last_known_addr { host: "127.26.121.194" port: 36417 } } peers { permanent_uuid: "4af32af83dfb41dba3af2b72930c8ef9" member_type: VOTER last_known_addr { host: "127.26.121.195" port: 36263 } } peers { permanent_uuid: "54a979db02904e369465b654b70632cd" member_type: VOTER last_known_addr { host: "127.26.121.196" port: 37457 } attrs { promote: false } } }
I20260601 13:31:58.025018 29988 catalog_manager.cc:5696] T 9c6ad12b8b024661a641ba7236546d0b P 450b54c6d2764b42ac15e740d48bdd56 reported cstate change: config changed from index 3 to 4, VOTER 95561f72e163448bbad44e64fa159076 (127.26.121.193) evicted. New cstate: current_term: 1 leader_uuid: "450b54c6d2764b42ac15e740d48bdd56" committed_config { opid_index: 4 OBSOLETE_local: false peers { permanent_uuid: "450b54c6d2764b42ac15e740d48bdd56" member_type: VOTER last_known_addr { host: "127.26.121.194" port: 36417 } health_report { overall_health: HEALTHY } } peers { permanent_uuid: "4af32af83dfb41dba3af2b72930c8ef9" member_type: VOTER last_known_addr { host: "127.26.121.195" port: 36263 } health_report { overall_health: HEALTHY } } peers { permanent_uuid: "54a979db02904e369465b654b70632cd" member_type: VOTER last_known_addr { host: "127.26.121.196" port: 37457 } attrs { promote: false } health_report { overall_health: HEALTHY } } }
I20260601 13:31:58.026223 29973 catalog_manager.cc:5209] ChangeConfig:REMOVE_PEER RPC for tablet 9c6ad12b8b024661a641ba7236546d0b with cas_config_opid_index 3: ChangeConfig:REMOVE_PEER succeeded (attempt 1)
I20260601 13:31:58.027467 30076 tablet_service.cc:1558] Processing DeleteTablet for tablet 9c6ad12b8b024661a641ba7236546d0b with delete_type TABLET_DATA_TOMBSTONED (TS 95561f72e163448bbad44e64fa159076 not found in new config with opid_index 4) from {username='slave'} at 127.0.0.1:42884
I20260601 13:31:58.027808 30521 tablet_replica.cc:333] T 9c6ad12b8b024661a641ba7236546d0b P 95561f72e163448bbad44e64fa159076: stopping tablet replica
I20260601 13:31:58.028035 30521 raft_consensus.cc:2243] T 9c6ad12b8b024661a641ba7236546d0b P 95561f72e163448bbad44e64fa159076 [term 1 FOLLOWER]: Raft consensus shutting down.
I20260601 13:31:58.028191 30521 raft_consensus.cc:2272] T 9c6ad12b8b024661a641ba7236546d0b P 95561f72e163448bbad44e64fa159076 [term 1 FOLLOWER]: Raft consensus is shut down!
I20260601 13:31:58.029127 30521 ts_tablet_manager.cc:1916] T 9c6ad12b8b024661a641ba7236546d0b P 95561f72e163448bbad44e64fa159076: Deleting tablet data with delete state TABLET_DATA_TOMBSTONED
I20260601 13:31:58.031041 30521 ts_tablet_manager.cc:1929] T 9c6ad12b8b024661a641ba7236546d0b P 95561f72e163448bbad44e64fa159076: tablet deleted with delete type TABLET_DATA_TOMBSTONED: last-logged OpId 1.3
I20260601 13:31:58.031116 30521 log.cc:1199] T 9c6ad12b8b024661a641ba7236546d0b P 95561f72e163448bbad44e64fa159076: Deleting WAL directory at /tmp/dist-test-taskLC_rjC/test-tmp/auto_rebalancer-test.0.AutoRebalancerTest.RangeAwareRebalancesNewRangeReplicas.1780320645168974-27111-0/minicluster-data/ts-0-root/wals/9c6ad12b8b024661a641ba7236546d0b
I20260601 13:31:58.031656 29975 catalog_manager.cc:5027] TS 95561f72e163448bbad44e64fa159076 (127.26.121.193:33041): tablet 9c6ad12b8b024661a641ba7236546d0b (table range_aware_rebalance_new_range [id=9bdefbc2efd542d896f1da49a3229fbf]) successfully deleted
I20260601 13:31:58.165343 30517 raft_consensus.cc:1064] T fb8153ca3f5f43139b628fe8fe1c9251 P 450b54c6d2764b42ac15e740d48bdd56: attempting to promote NON_VOTER 54a979db02904e369465b654b70632cd to VOTER
I20260601 13:31:58.165805 30517 consensus_queue.cc:237] T fb8153ca3f5f43139b628fe8fe1c9251 P 450b54c6d2764b42ac15e740d48bdd56 [LEADER]: Queue going to LEADER mode. State: All replicated index: 0, Majority replicated index: 2, Committed index: 2, Last appended: 1.2, Last appended by leader: 0, Current term: 1, Majority size: 3, State: 0, Mode: LEADER, active raft config: opid_index: 3 OBSOLETE_local: false peers { permanent_uuid: "450b54c6d2764b42ac15e740d48bdd56" member_type: VOTER last_known_addr { host: "127.26.121.194" port: 36417 } } peers { permanent_uuid: "95561f72e163448bbad44e64fa159076" member_type: VOTER last_known_addr { host: "127.26.121.193" port: 33041 } attrs { replace: true } } peers { permanent_uuid: "4af32af83dfb41dba3af2b72930c8ef9" member_type: VOTER last_known_addr { host: "127.26.121.195" port: 36263 } } peers { permanent_uuid: "54a979db02904e369465b654b70632cd" member_type: VOTER last_known_addr { host: "127.26.121.196" port: 37457 } attrs { promote: false } }
I20260601 13:31:58.167335 30090 raft_consensus.cc:1275] T fb8153ca3f5f43139b628fe8fe1c9251 P 95561f72e163448bbad44e64fa159076 [term 1 FOLLOWER]: Refusing update from remote peer 450b54c6d2764b42ac15e740d48bdd56: Log matching property violated. Preceding OpId in replica: term: 1 index: 2. Preceding OpId from leader: term: 1 index: 3. (index mismatch)
I20260601 13:31:58.167769 30484 consensus_queue.cc:1048] T fb8153ca3f5f43139b628fe8fe1c9251 P 450b54c6d2764b42ac15e740d48bdd56 [LEADER]: Connected to new peer: Peer: permanent_uuid: "95561f72e163448bbad44e64fa159076" member_type: VOTER last_known_addr { host: "127.26.121.193" port: 33041 } attrs { replace: true }, Status: LMP_MISMATCH, Last received: 0.0, Next index: 3, Last known committed idx: 2, Time since last communication: 0.000s
I20260601 13:31:58.167892 30380 raft_consensus.cc:1275] T fb8153ca3f5f43139b628fe8fe1c9251 P 54a979db02904e369465b654b70632cd [term 1 LEARNER]: Refusing update from remote peer 450b54c6d2764b42ac15e740d48bdd56: Log matching property violated. Preceding OpId in replica: term: 1 index: 2. Preceding OpId from leader: term: 1 index: 3. (index mismatch)
I20260601 13:31:58.168252 30242 raft_consensus.cc:1275] T fb8153ca3f5f43139b628fe8fe1c9251 P 4af32af83dfb41dba3af2b72930c8ef9 [term 1 FOLLOWER]: Refusing update from remote peer 450b54c6d2764b42ac15e740d48bdd56: Log matching property violated. Preceding OpId in replica: term: 1 index: 2. Preceding OpId from leader: term: 1 index: 3. (index mismatch)
I20260601 13:31:58.168232 30484 consensus_queue.cc:1048] T fb8153ca3f5f43139b628fe8fe1c9251 P 450b54c6d2764b42ac15e740d48bdd56 [LEADER]: Connected to new peer: Peer: permanent_uuid: "54a979db02904e369465b654b70632cd" member_type: VOTER last_known_addr { host: "127.26.121.196" port: 37457 } attrs { promote: false }, Status: LMP_MISMATCH, Last received: 0.0, Next index: 3, Last known committed idx: 2, Time since last communication: 0.000s
I20260601 13:31:58.168753 30484 consensus_queue.cc:1048] T fb8153ca3f5f43139b628fe8fe1c9251 P 450b54c6d2764b42ac15e740d48bdd56 [LEADER]: Connected to new peer: Peer: permanent_uuid: "4af32af83dfb41dba3af2b72930c8ef9" member_type: VOTER last_known_addr { host: "127.26.121.195" port: 36263 }, Status: LMP_MISMATCH, Last received: 0.0, Next index: 3, Last known committed idx: 2, Time since last communication: 0.000s
I20260601 13:31:58.170159 30517 raft_consensus.cc:2955] T fb8153ca3f5f43139b628fe8fe1c9251 P 450b54c6d2764b42ac15e740d48bdd56 [term 1 LEADER]: Committing config change with OpId 1.3: config changed from index 2 to 3, 54a979db02904e369465b654b70632cd (127.26.121.196) changed from NON_VOTER to VOTER. New config: { opid_index: 3 OBSOLETE_local: false peers { permanent_uuid: "450b54c6d2764b42ac15e740d48bdd56" member_type: VOTER last_known_addr { host: "127.26.121.194" port: 36417 } } peers { permanent_uuid: "95561f72e163448bbad44e64fa159076" member_type: VOTER last_known_addr { host: "127.26.121.193" port: 33041 } attrs { replace: true } } peers { permanent_uuid: "4af32af83dfb41dba3af2b72930c8ef9" member_type: VOTER last_known_addr { host: "127.26.121.195" port: 36263 } } peers { permanent_uuid: "54a979db02904e369465b654b70632cd" member_type: VOTER last_known_addr { host: "127.26.121.196" port: 37457 } attrs { promote: false } } }
I20260601 13:31:58.170555 30380 raft_consensus.cc:2955] T fb8153ca3f5f43139b628fe8fe1c9251 P 54a979db02904e369465b654b70632cd [term 1 FOLLOWER]: Committing config change with OpId 1.3: config changed from index 2 to 3, 54a979db02904e369465b654b70632cd (127.26.121.196) changed from NON_VOTER to VOTER. New config: { opid_index: 3 OBSOLETE_local: false peers { permanent_uuid: "450b54c6d2764b42ac15e740d48bdd56" member_type: VOTER last_known_addr { host: "127.26.121.194" port: 36417 } } peers { permanent_uuid: "95561f72e163448bbad44e64fa159076" member_type: VOTER last_known_addr { host: "127.26.121.193" port: 33041 } attrs { replace: true } } peers { permanent_uuid: "4af32af83dfb41dba3af2b72930c8ef9" member_type: VOTER last_known_addr { host: "127.26.121.195" port: 36263 } } peers { permanent_uuid: "54a979db02904e369465b654b70632cd" member_type: VOTER last_known_addr { host: "127.26.121.196" port: 37457 } attrs { promote: false } } }
I20260601 13:31:58.171221 30242 raft_consensus.cc:2955] T fb8153ca3f5f43139b628fe8fe1c9251 P 4af32af83dfb41dba3af2b72930c8ef9 [term 1 FOLLOWER]: Committing config change with OpId 1.3: config changed from index 2 to 3, 54a979db02904e369465b654b70632cd (127.26.121.196) changed from NON_VOTER to VOTER. New config: { opid_index: 3 OBSOLETE_local: false peers { permanent_uuid: "450b54c6d2764b42ac15e740d48bdd56" member_type: VOTER last_known_addr { host: "127.26.121.194" port: 36417 } } peers { permanent_uuid: "95561f72e163448bbad44e64fa159076" member_type: VOTER last_known_addr { host: "127.26.121.193" port: 33041 } attrs { replace: true } } peers { permanent_uuid: "4af32af83dfb41dba3af2b72930c8ef9" member_type: VOTER last_known_addr { host: "127.26.121.195" port: 36263 } } peers { permanent_uuid: "54a979db02904e369465b654b70632cd" member_type: VOTER last_known_addr { host: "127.26.121.196" port: 37457 } attrs { promote: false } } }
I20260601 13:31:58.173741 29986 catalog_manager.cc:5696] T fb8153ca3f5f43139b628fe8fe1c9251 P 54a979db02904e369465b654b70632cd reported cstate change: config changed from index 2 to 3, 54a979db02904e369465b654b70632cd (127.26.121.196) changed from NON_VOTER to VOTER. New cstate: current_term: 1 leader_uuid: "450b54c6d2764b42ac15e740d48bdd56" committed_config { opid_index: 3 OBSOLETE_local: false peers { permanent_uuid: "450b54c6d2764b42ac15e740d48bdd56" member_type: VOTER last_known_addr { host: "127.26.121.194" port: 36417 } } peers { permanent_uuid: "95561f72e163448bbad44e64fa159076" member_type: VOTER last_known_addr { host: "127.26.121.193" port: 33041 } attrs { replace: true } } peers { permanent_uuid: "4af32af83dfb41dba3af2b72930c8ef9" member_type: VOTER last_known_addr { host: "127.26.121.195" port: 36263 } } peers { permanent_uuid: "54a979db02904e369465b654b70632cd" member_type: VOTER last_known_addr { host: "127.26.121.196" port: 37457 } attrs { promote: false } } }
I20260601 13:31:58.173905 30090 raft_consensus.cc:2955] T fb8153ca3f5f43139b628fe8fe1c9251 P 95561f72e163448bbad44e64fa159076 [term 1 FOLLOWER]: Committing config change with OpId 1.3: config changed from index 2 to 3, 54a979db02904e369465b654b70632cd (127.26.121.196) changed from NON_VOTER to VOTER. New config: { opid_index: 3 OBSOLETE_local: false peers { permanent_uuid: "450b54c6d2764b42ac15e740d48bdd56" member_type: VOTER last_known_addr { host: "127.26.121.194" port: 36417 } } peers { permanent_uuid: "95561f72e163448bbad44e64fa159076" member_type: VOTER last_known_addr { host: "127.26.121.193" port: 33041 } attrs { replace: true } } peers { permanent_uuid: "4af32af83dfb41dba3af2b72930c8ef9" member_type: VOTER last_known_addr { host: "127.26.121.195" port: 36263 } } peers { permanent_uuid: "54a979db02904e369465b654b70632cd" member_type: VOTER last_known_addr { host: "127.26.121.196" port: 37457 } attrs { promote: false } } }
I20260601 13:31:58.178265 30167 consensus_queue.cc:237] T fb8153ca3f5f43139b628fe8fe1c9251 P 450b54c6d2764b42ac15e740d48bdd56 [LEADER]: Queue going to LEADER mode. State: All replicated index: 0, Majority replicated index: 3, Committed index: 3, Last appended: 1.3, Last appended by leader: 0, Current term: 1, Majority size: 2, State: 0, Mode: LEADER, active raft config: opid_index: 4 OBSOLETE_local: false peers { permanent_uuid: "450b54c6d2764b42ac15e740d48bdd56" member_type: VOTER last_known_addr { host: "127.26.121.194" port: 36417 } } peers { permanent_uuid: "4af32af83dfb41dba3af2b72930c8ef9" member_type: VOTER last_known_addr { host: "127.26.121.195" port: 36263 } } peers { permanent_uuid: "54a979db02904e369465b654b70632cd" member_type: VOTER last_known_addr { host: "127.26.121.196" port: 37457 } attrs { promote: false } }
I20260601 13:31:58.179394 30380 raft_consensus.cc:1275] T fb8153ca3f5f43139b628fe8fe1c9251 P 54a979db02904e369465b654b70632cd [term 1 FOLLOWER]: Refusing update from remote peer 450b54c6d2764b42ac15e740d48bdd56: Log matching property violated. Preceding OpId in replica: term: 1 index: 3. Preceding OpId from leader: term: 1 index: 4. (index mismatch)
I20260601 13:31:58.179486 30242 raft_consensus.cc:1275] T fb8153ca3f5f43139b628fe8fe1c9251 P 4af32af83dfb41dba3af2b72930c8ef9 [term 1 FOLLOWER]: Refusing update from remote peer 450b54c6d2764b42ac15e740d48bdd56: Log matching property violated. Preceding OpId in replica: term: 1 index: 3. Preceding OpId from leader: term: 1 index: 4. (index mismatch)
I20260601 13:31:58.179816 30483 consensus_queue.cc:1048] T fb8153ca3f5f43139b628fe8fe1c9251 P 450b54c6d2764b42ac15e740d48bdd56 [LEADER]: Connected to new peer: Peer: permanent_uuid: "4af32af83dfb41dba3af2b72930c8ef9" member_type: VOTER last_known_addr { host: "127.26.121.195" port: 36263 }, Status: LMP_MISMATCH, Last received: 0.0, Next index: 4, Last known committed idx: 3, Time since last communication: 0.000s
I20260601 13:31:58.179960 30484 consensus_queue.cc:1048] T fb8153ca3f5f43139b628fe8fe1c9251 P 450b54c6d2764b42ac15e740d48bdd56 [LEADER]: Connected to new peer: Peer: permanent_uuid: "54a979db02904e369465b654b70632cd" member_type: VOTER last_known_addr { host: "127.26.121.196" port: 37457 } attrs { promote: false }, Status: LMP_MISMATCH, Last received: 0.0, Next index: 4, Last known committed idx: 3, Time since last communication: 0.000s
I20260601 13:31:58.181252 30484 raft_consensus.cc:2955] T fb8153ca3f5f43139b628fe8fe1c9251 P 450b54c6d2764b42ac15e740d48bdd56 [term 1 LEADER]: Committing config change with OpId 1.4: config changed from index 3 to 4, VOTER 95561f72e163448bbad44e64fa159076 (127.26.121.193) evicted. New config: { opid_index: 4 OBSOLETE_local: false peers { permanent_uuid: "450b54c6d2764b42ac15e740d48bdd56" member_type: VOTER last_known_addr { host: "127.26.121.194" port: 36417 } } peers { permanent_uuid: "4af32af83dfb41dba3af2b72930c8ef9" member_type: VOTER last_known_addr { host: "127.26.121.195" port: 36263 } } peers { permanent_uuid: "54a979db02904e369465b654b70632cd" member_type: VOTER last_known_addr { host: "127.26.121.196" port: 37457 } attrs { promote: false } } }
I20260601 13:31:58.182615 30380 raft_consensus.cc:2955] T fb8153ca3f5f43139b628fe8fe1c9251 P 54a979db02904e369465b654b70632cd [term 1 FOLLOWER]: Committing config change with OpId 1.4: config changed from index 3 to 4, VOTER 95561f72e163448bbad44e64fa159076 (127.26.121.193) evicted. New config: { opid_index: 4 OBSOLETE_local: false peers { permanent_uuid: "450b54c6d2764b42ac15e740d48bdd56" member_type: VOTER last_known_addr { host: "127.26.121.194" port: 36417 } } peers { permanent_uuid: "4af32af83dfb41dba3af2b72930c8ef9" member_type: VOTER last_known_addr { host: "127.26.121.195" port: 36263 } } peers { permanent_uuid: "54a979db02904e369465b654b70632cd" member_type: VOTER last_known_addr { host: "127.26.121.196" port: 37457 } attrs { promote: false } } }
I20260601 13:31:58.184163 29988 catalog_manager.cc:5696] T fb8153ca3f5f43139b628fe8fe1c9251 P 450b54c6d2764b42ac15e740d48bdd56 reported cstate change: config changed from index 3 to 4, VOTER 95561f72e163448bbad44e64fa159076 (127.26.121.193) evicted. New cstate: current_term: 1 leader_uuid: "450b54c6d2764b42ac15e740d48bdd56" committed_config { opid_index: 4 OBSOLETE_local: false peers { permanent_uuid: "450b54c6d2764b42ac15e740d48bdd56" member_type: VOTER last_known_addr { host: "127.26.121.194" port: 36417 } health_report { overall_health: HEALTHY } } peers { permanent_uuid: "4af32af83dfb41dba3af2b72930c8ef9" member_type: VOTER last_known_addr { host: "127.26.121.195" port: 36263 } health_report { overall_health: UNKNOWN } } peers { permanent_uuid: "54a979db02904e369465b654b70632cd" member_type: VOTER last_known_addr { host: "127.26.121.196" port: 37457 } attrs { promote: false } health_report { overall_health: HEALTHY } } }
I20260601 13:31:58.184288 29973 catalog_manager.cc:5209] ChangeConfig:REMOVE_PEER RPC for tablet fb8153ca3f5f43139b628fe8fe1c9251 with cas_config_opid_index 3: ChangeConfig:REMOVE_PEER succeeded (attempt 1)
I20260601 13:31:58.185156 30242 raft_consensus.cc:2955] T fb8153ca3f5f43139b628fe8fe1c9251 P 4af32af83dfb41dba3af2b72930c8ef9 [term 1 FOLLOWER]: Committing config change with OpId 1.4: config changed from index 3 to 4, VOTER 95561f72e163448bbad44e64fa159076 (127.26.121.193) evicted. New config: { opid_index: 4 OBSOLETE_local: false peers { permanent_uuid: "450b54c6d2764b42ac15e740d48bdd56" member_type: VOTER last_known_addr { host: "127.26.121.194" port: 36417 } } peers { permanent_uuid: "4af32af83dfb41dba3af2b72930c8ef9" member_type: VOTER last_known_addr { host: "127.26.121.195" port: 36263 } } peers { permanent_uuid: "54a979db02904e369465b654b70632cd" member_type: VOTER last_known_addr { host: "127.26.121.196" port: 37457 } attrs { promote: false } } }
I20260601 13:31:58.186394 30076 tablet_service.cc:1558] Processing DeleteTablet for tablet fb8153ca3f5f43139b628fe8fe1c9251 with delete_type TABLET_DATA_TOMBSTONED (TS 95561f72e163448bbad44e64fa159076 not found in new config with opid_index 4) from {username='slave'} at 127.0.0.1:42884
I20260601 13:31:58.186717 30521 tablet_replica.cc:333] T fb8153ca3f5f43139b628fe8fe1c9251 P 95561f72e163448bbad44e64fa159076: stopping tablet replica
I20260601 13:31:58.186866 30521 raft_consensus.cc:2243] T fb8153ca3f5f43139b628fe8fe1c9251 P 95561f72e163448bbad44e64fa159076 [term 1 FOLLOWER]: Raft consensus shutting down.
I20260601 13:31:58.186993 30521 raft_consensus.cc:2272] T fb8153ca3f5f43139b628fe8fe1c9251 P 95561f72e163448bbad44e64fa159076 [term 1 FOLLOWER]: Raft consensus is shut down!
I20260601 13:31:58.187871 30521 ts_tablet_manager.cc:1916] T fb8153ca3f5f43139b628fe8fe1c9251 P 95561f72e163448bbad44e64fa159076: Deleting tablet data with delete state TABLET_DATA_TOMBSTONED
I20260601 13:31:58.189621 30521 ts_tablet_manager.cc:1929] T fb8153ca3f5f43139b628fe8fe1c9251 P 95561f72e163448bbad44e64fa159076: tablet deleted with delete type TABLET_DATA_TOMBSTONED: last-logged OpId 1.3
I20260601 13:31:58.189688 30521 log.cc:1199] T fb8153ca3f5f43139b628fe8fe1c9251 P 95561f72e163448bbad44e64fa159076: Deleting WAL directory at /tmp/dist-test-taskLC_rjC/test-tmp/auto_rebalancer-test.0.AutoRebalancerTest.RangeAwareRebalancesNewRangeReplicas.1780320645168974-27111-0/minicluster-data/ts-0-root/wals/fb8153ca3f5f43139b628fe8fe1c9251
I20260601 13:31:58.190104 29975 catalog_manager.cc:5027] TS 95561f72e163448bbad44e64fa159076 (127.26.121.193:33041): tablet fb8153ca3f5f43139b628fe8fe1c9251 (table range_aware_rebalance_new_range [id=9bdefbc2efd542d896f1da49a3229fbf]) successfully deleted
I20260601 13:31:58.529934 30042 auto_leader_rebalancer.cc:140] leader rebalance for table range_aware_rebalance_new_range
I20260601 13:31:58.532372 30167 tablet_service.cc:2072] Received LeaderStepDown RPC: tablet_id: "90902a932bbf428e8eb1c7d18b73ecbd"
dest_uuid: "450b54c6d2764b42ac15e740d48bdd56"
mode: GRACEFUL
new_leader_uuid: "4af32af83dfb41dba3af2b72930c8ef9"
 from {username='slave'} at 127.0.0.1:58010
I20260601 13:31:58.532716 30167 raft_consensus.cc:606] T 90902a932bbf428e8eb1c7d18b73ecbd P 450b54c6d2764b42ac15e740d48bdd56 [term 2 LEADER]: Received request to transfer leadership to TS 4af32af83dfb41dba3af2b72930c8ef9
I20260601 13:31:58.533277 30042 auto_leader_rebalancer.cc:388] table: range_aware_rebalance_new_range, leader rebalance finish, leader transfer count: 1
I20260601 13:31:58.533464 30042 auto_leader_rebalancer.cc:451] All tables' leader rebalancing finished this round
I20260601 13:31:58.888198 30484 raft_consensus.cc:993] T 90902a932bbf428e8eb1c7d18b73ecbd P 450b54c6d2764b42ac15e740d48bdd56: : Instructing follower 4af32af83dfb41dba3af2b72930c8ef9 to start an election
I20260601 13:31:58.888321 30484 raft_consensus.cc:1081] T 90902a932bbf428e8eb1c7d18b73ecbd P 450b54c6d2764b42ac15e740d48bdd56 [term 2 LEADER]: Signalling peer 4af32af83dfb41dba3af2b72930c8ef9 to start an election
I20260601 13:31:58.888880 30242 tablet_service.cc:2044] Received Run Leader Election RPC: tablet_id: "90902a932bbf428e8eb1c7d18b73ecbd"
dest_uuid: "4af32af83dfb41dba3af2b72930c8ef9"
 from {username='slave'} at 127.0.0.1:41030
I20260601 13:31:58.889060 30242 raft_consensus.cc:493] T 90902a932bbf428e8eb1c7d18b73ecbd P 4af32af83dfb41dba3af2b72930c8ef9 [term 2 FOLLOWER]: Starting forced leader election (received explicit request)
I20260601 13:31:58.889155 30242 raft_consensus.cc:3060] T 90902a932bbf428e8eb1c7d18b73ecbd P 4af32af83dfb41dba3af2b72930c8ef9 [term 2 FOLLOWER]: Advancing to term 3
I20260601 13:31:58.890019 30242 raft_consensus.cc:515] T 90902a932bbf428e8eb1c7d18b73ecbd P 4af32af83dfb41dba3af2b72930c8ef9 [term 3 FOLLOWER]: Starting forced leader election with config: opid_index: -1 OBSOLETE_local: false peers { permanent_uuid: "450b54c6d2764b42ac15e740d48bdd56" member_type: VOTER last_known_addr { host: "127.26.121.194" port: 36417 } } peers { permanent_uuid: "95561f72e163448bbad44e64fa159076" member_type: VOTER last_known_addr { host: "127.26.121.193" port: 33041 } } peers { permanent_uuid: "4af32af83dfb41dba3af2b72930c8ef9" member_type: VOTER last_known_addr { host: "127.26.121.195" port: 36263 } }
I20260601 13:31:58.890460 30242 leader_election.cc:290] T 90902a932bbf428e8eb1c7d18b73ecbd P 4af32af83dfb41dba3af2b72930c8ef9 [CANDIDATE]: Term 3 election: Requested vote from peers 450b54c6d2764b42ac15e740d48bdd56 (127.26.121.194:36417), 95561f72e163448bbad44e64fa159076 (127.26.121.193:33041)
I20260601 13:31:58.890806 30090 tablet_service.cc:1917] Received RequestConsensusVote() RPC: tablet_id: "90902a932bbf428e8eb1c7d18b73ecbd" candidate_uuid: "4af32af83dfb41dba3af2b72930c8ef9" candidate_term: 3 candidate_status { last_received { term: 2 index: 2 } } ignore_live_leader: true dest_uuid: "95561f72e163448bbad44e64fa159076"
I20260601 13:31:58.890954 30090 raft_consensus.cc:3060] T 90902a932bbf428e8eb1c7d18b73ecbd P 95561f72e163448bbad44e64fa159076 [term 2 FOLLOWER]: Advancing to term 3
I20260601 13:31:58.890978 30167 tablet_service.cc:1917] Received RequestConsensusVote() RPC: tablet_id: "90902a932bbf428e8eb1c7d18b73ecbd" candidate_uuid: "4af32af83dfb41dba3af2b72930c8ef9" candidate_term: 3 candidate_status { last_received { term: 2 index: 2 } } ignore_live_leader: true dest_uuid: "450b54c6d2764b42ac15e740d48bdd56"
I20260601 13:31:58.891114 30167 raft_consensus.cc:3055] T 90902a932bbf428e8eb1c7d18b73ecbd P 450b54c6d2764b42ac15e740d48bdd56 [term 2 LEADER]: Stepping down as leader of term 2
I20260601 13:31:58.891160 30167 raft_consensus.cc:740] T 90902a932bbf428e8eb1c7d18b73ecbd P 450b54c6d2764b42ac15e740d48bdd56 [term 2 LEADER]: Becoming Follower/Learner. State: Replica: 450b54c6d2764b42ac15e740d48bdd56, State: Running, Role: LEADER
I20260601 13:31:58.891316 30167 consensus_queue.cc:260] T 90902a932bbf428e8eb1c7d18b73ecbd P 450b54c6d2764b42ac15e740d48bdd56 [NON_LEADER]: Queue going to NON_LEADER mode. State: All replicated index: 0, Majority replicated index: 2, Committed index: 2, Last appended: 2.2, Last appended by leader: 2, Current term: 2, Majority size: -1, State: 0, Mode: NON_LEADER, active raft config: opid_index: -1 OBSOLETE_local: false peers { permanent_uuid: "450b54c6d2764b42ac15e740d48bdd56" member_type: VOTER last_known_addr { host: "127.26.121.194" port: 36417 } } peers { permanent_uuid: "95561f72e163448bbad44e64fa159076" member_type: VOTER last_known_addr { host: "127.26.121.193" port: 33041 } } peers { permanent_uuid: "4af32af83dfb41dba3af2b72930c8ef9" member_type: VOTER last_known_addr { host: "127.26.121.195" port: 36263 } }
I20260601 13:31:58.891474 30167 raft_consensus.cc:3060] T 90902a932bbf428e8eb1c7d18b73ecbd P 450b54c6d2764b42ac15e740d48bdd56 [term 2 FOLLOWER]: Advancing to term 3
I20260601 13:31:58.891930 30090 raft_consensus.cc:2468] T 90902a932bbf428e8eb1c7d18b73ecbd P 95561f72e163448bbad44e64fa159076 [term 3 FOLLOWER]: Leader election vote request: Granting yes vote for candidate 4af32af83dfb41dba3af2b72930c8ef9 in term 3.
