I20260601 13:31:52.403832  7929 raft_consensus.cc:3060] T 1df2cd0a20a448e5a09bd09ec692294b P 91fb998748b64cadb5dba70f499b367f [term 0 FOLLOWER]: Advancing to term 1
I20260601 13:31:52.403966  8109 raft_consensus.cc:697] T 7749966a02454150836969b172a487f9 P 69302ac84e654adfb04f049ff94fee52 [term 1 LEADER]: Becoming Leader. State: Replica: 69302ac84e654adfb04f049ff94fee52, State: Running, Role: LEADER
I20260601 13:31:52.404114  8109 consensus_queue.cc:237] T 7749966a02454150836969b172a487f9 P 69302ac84e654adfb04f049ff94fee52 [LEADER]: Queue going to LEADER mode. State: All replicated index: 0, Majority replicated index: 0, Committed index: 0, Last appended: 0.0, Last appended by leader: 0, Current term: 1, Majority size: 2, State: 0, Mode: LEADER, active raft config: opid_index: -1 OBSOLETE_local: false peers { permanent_uuid: "91fb998748b64cadb5dba70f499b367f" member_type: VOTER last_known_addr { host: "127.4.174.131" port: 38785 } } peers { permanent_uuid: "69302ac84e654adfb04f049ff94fee52" member_type: VOTER last_known_addr { host: "127.4.174.132" port: 38445 } } peers { permanent_uuid: "1a540eac9822469a95960432d265efc8" member_type: VOTER last_known_addr { host: "127.4.174.130" port: 35333 } }
I20260601 13:31:52.403293  8008 leader_election.cc:290] T 1df2cd0a20a448e5a09bd09ec692294b P 2a47f99cd42b4273aaf7e2903509e42b [CANDIDATE]: Term 1 election: Requested vote from peers 69302ac84e654adfb04f049ff94fee52 (127.4.174.132:38445), 91fb998748b64cadb5dba70f499b367f (127.4.174.131:38785)
I20260601 13:31:52.403729  8072 tablet_service.cc:1917] Received RequestConsensusVote() RPC: tablet_id: "1df2cd0a20a448e5a09bd09ec692294b" candidate_uuid: "2a47f99cd42b4273aaf7e2903509e42b" candidate_term: 1 candidate_status { last_received { term: 0 index: 0 } } ignore_live_leader: false dest_uuid: "69302ac84e654adfb04f049ff94fee52"
I20260601 13:31:52.404742  7929 raft_consensus.cc:2468] T 1df2cd0a20a448e5a09bd09ec692294b P 91fb998748b64cadb5dba70f499b367f [term 1 FOLLOWER]: Leader election vote request: Granting yes vote for candidate 2a47f99cd42b4273aaf7e2903509e42b in term 1.
I20260601 13:31:52.404836  8072 raft_consensus.cc:3060] T 1df2cd0a20a448e5a09bd09ec692294b P 69302ac84e654adfb04f049ff94fee52 [term 0 FOLLOWER]: Advancing to term 1
I20260601 13:31:52.405442  7744 leader_election.cc:304] T 1df2cd0a20a448e5a09bd09ec692294b P 2a47f99cd42b4273aaf7e2903509e42b [CANDIDATE]: Term 1 election: Election decided. Result: candidate won. Election summary: received 2 responses out of 3 voters: 2 yes votes; 0 no votes. yes voters: 2a47f99cd42b4273aaf7e2903509e42b, 91fb998748b64cadb5dba70f499b367f; no voters: 
I20260601 13:31:52.405472  7675 catalog_manager.cc:5696] T 23400fc0ca2846dd9978b4f7ddf258bd P 69302ac84e654adfb04f049ff94fee52 reported cstate change: term changed from 0 to 1, leader changed from <none> to 69302ac84e654adfb04f049ff94fee52 (127.4.174.132). New cstate: current_term: 1 leader_uuid: "69302ac84e654adfb04f049ff94fee52" committed_config { opid_index: -1 OBSOLETE_local: false peers { permanent_uuid: "69302ac84e654adfb04f049ff94fee52" member_type: VOTER last_known_addr { host: "127.4.174.132" port: 38445 } health_report { overall_health: HEALTHY } } peers { permanent_uuid: "2a47f99cd42b4273aaf7e2903509e42b" member_type: VOTER last_known_addr { host: "127.4.174.129" port: 36907 } health_report { overall_health: UNKNOWN } } peers { permanent_uuid: "1a540eac9822469a95960432d265efc8" member_type: VOTER last_known_addr { host: "127.4.174.130" port: 35333 } health_report { overall_health: UNKNOWN } } }
I20260601 13:31:52.405593  8008 raft_consensus.cc:2804] T 1df2cd0a20a448e5a09bd09ec692294b P 2a47f99cd42b4273aaf7e2903509e42b [term 1 FOLLOWER]: Leader election won for term 1
I20260601 13:31:52.405684  8008 raft_consensus.cc:697] T 1df2cd0a20a448e5a09bd09ec692294b P 2a47f99cd42b4273aaf7e2903509e42b [term 1 LEADER]: Becoming Leader. State: Replica: 2a47f99cd42b4273aaf7e2903509e42b, State: Running, Role: LEADER
I20260601 13:31:52.405813  8008 consensus_queue.cc:237] T 1df2cd0a20a448e5a09bd09ec692294b P 2a47f99cd42b4273aaf7e2903509e42b [LEADER]: Queue going to LEADER mode. State: All replicated index: 0, Majority replicated index: 0, Committed index: 0, Last appended: 0.0, Last appended by leader: 0, Current term: 1, Majority size: 2, State: 0, Mode: LEADER, active raft config: opid_index: -1 OBSOLETE_local: false peers { permanent_uuid: "69302ac84e654adfb04f049ff94fee52" member_type: VOTER last_known_addr { host: "127.4.174.132" port: 38445 } } peers { permanent_uuid: "2a47f99cd42b4273aaf7e2903509e42b" member_type: VOTER last_known_addr { host: "127.4.174.129" port: 36907 } } peers { permanent_uuid: "91fb998748b64cadb5dba70f499b367f" member_type: VOTER last_known_addr { host: "127.4.174.131" port: 38785 } }
I20260601 13:31:52.405951  8072 raft_consensus.cc:2468] T 1df2cd0a20a448e5a09bd09ec692294b P 69302ac84e654adfb04f049ff94fee52 [term 1 FOLLOWER]: Leader election vote request: Granting yes vote for candidate 2a47f99cd42b4273aaf7e2903509e42b in term 1.
I20260601 13:31:52.407413  7672 catalog_manager.cc:5696] T 1df2cd0a20a448e5a09bd09ec692294b P 2a47f99cd42b4273aaf7e2903509e42b reported cstate change: term changed from 0 to 1, leader changed from <none> to 2a47f99cd42b4273aaf7e2903509e42b (127.4.174.129). New cstate: current_term: 1 leader_uuid: "2a47f99cd42b4273aaf7e2903509e42b" committed_config { opid_index: -1 OBSOLETE_local: false peers { permanent_uuid: "69302ac84e654adfb04f049ff94fee52" member_type: VOTER last_known_addr { host: "127.4.174.132" port: 38445 } health_report { overall_health: UNKNOWN } } peers { permanent_uuid: "2a47f99cd42b4273aaf7e2903509e42b" member_type: VOTER last_known_addr { host: "127.4.174.129" port: 36907 } health_report { overall_health: HEALTHY } } peers { permanent_uuid: "91fb998748b64cadb5dba70f499b367f" member_type: VOTER last_known_addr { host: "127.4.174.131" port: 38785 } health_report { overall_health: UNKNOWN } } }
I20260601 13:31:52.409219  7675 catalog_manager.cc:5696] T 7749966a02454150836969b172a487f9 P 69302ac84e654adfb04f049ff94fee52 reported cstate change: term changed from 0 to 1, leader changed from <none> to 69302ac84e654adfb04f049ff94fee52 (127.4.174.132). New cstate: current_term: 1 leader_uuid: "69302ac84e654adfb04f049ff94fee52" committed_config { opid_index: -1 OBSOLETE_local: false peers { permanent_uuid: "91fb998748b64cadb5dba70f499b367f" member_type: VOTER last_known_addr { host: "127.4.174.131" port: 38785 } health_report { overall_health: UNKNOWN } } peers { permanent_uuid: "69302ac84e654adfb04f049ff94fee52" member_type: VOTER last_known_addr { host: "127.4.174.132" port: 38445 } health_report { overall_health: HEALTHY } } peers { permanent_uuid: "1a540eac9822469a95960432d265efc8" member_type: VOTER last_known_addr { host: "127.4.174.130" port: 35333 } health_report { overall_health: UNKNOWN } } }
I20260601 13:31:52.457178  7929 raft_consensus.cc:3060] T b07869375e29422db4e6a20f0835d7d0 P 91fb998748b64cadb5dba70f499b367f [term 0 FOLLOWER]: Advancing to term 1
I20260601 13:31:52.458633  8008 consensus_queue.cc:1048] T b07869375e29422db4e6a20f0835d7d0 P 2a47f99cd42b4273aaf7e2903509e42b [LEADER]: Connected to new peer: Peer: permanent_uuid: "91fb998748b64cadb5dba70f499b367f" member_type: VOTER last_known_addr { host: "127.4.174.131" port: 38785 }, Status: LMP_MISMATCH, Last received: 0.0, Next index: 1, Last known committed idx: 0, Time since last communication: 0.000s
I20260601 13:31:52.462011  8019 consensus_queue.cc:1048] T b07869375e29422db4e6a20f0835d7d0 P 2a47f99cd42b4273aaf7e2903509e42b [LEADER]: Connected to new peer: Peer: permanent_uuid: "1a540eac9822469a95960432d265efc8" member_type: VOTER last_known_addr { host: "127.4.174.130" port: 35333 }, Status: LMP_MISMATCH, Last received: 0.0, Next index: 1, Last known committed idx: 0, Time since last communication: 0.000s
I20260601 13:31:52.498644  7984 consensus_queue.cc:1048] T 9bbc736b36924c678caf03d02ec12008 P 1a540eac9822469a95960432d265efc8 [LEADER]: Connected to new peer: Peer: permanent_uuid: "91fb998748b64cadb5dba70f499b367f" member_type: VOTER last_known_addr { host: "127.4.174.131" port: 38785 }, Status: LMP_MISMATCH, Last received: 0.0, Next index: 1, Last known committed idx: 0, Time since last communication: 0.000s
I20260601 13:31:52.501933  7984 consensus_queue.cc:1048] T 9bbc736b36924c678caf03d02ec12008 P 1a540eac9822469a95960432d265efc8 [LEADER]: Connected to new peer: Peer: permanent_uuid: "2a47f99cd42b4273aaf7e2903509e42b" member_type: VOTER last_known_addr { host: "127.4.174.129" port: 36907 }, Status: LMP_MISMATCH, Last received: 0.0, Next index: 1, Last known committed idx: 0, Time since last communication: 0.000s
I20260601 13:31:52.520656  8135 raft_consensus.cc:493] T 26a82fb7272047cfaeb857aeafdf7504 P 69302ac84e654adfb04f049ff94fee52 [term 0 FOLLOWER]: Starting pre-election (no leader contacted us within the election timeout)
I20260601 13:31:52.520872  8135 raft_consensus.cc:515] T 26a82fb7272047cfaeb857aeafdf7504 P 69302ac84e654adfb04f049ff94fee52 [term 0 FOLLOWER]: Starting pre-election with config: opid_index: -1 OBSOLETE_local: false peers { permanent_uuid: "69302ac84e654adfb04f049ff94fee52" member_type: VOTER last_known_addr { host: "127.4.174.132" port: 38445 } } peers { permanent_uuid: "91fb998748b64cadb5dba70f499b367f" member_type: VOTER last_known_addr { host: "127.4.174.131" port: 38785 } } peers { permanent_uuid: "2a47f99cd42b4273aaf7e2903509e42b" member_type: VOTER last_known_addr { host: "127.4.174.129" port: 36907 } }
I20260601 13:31:52.521433  8135 leader_election.cc:290] T 26a82fb7272047cfaeb857aeafdf7504 P 69302ac84e654adfb04f049ff94fee52 [CANDIDATE]: Term 1 pre-election: Requested pre-vote from peers 91fb998748b64cadb5dba70f499b367f (127.4.174.131:38785), 2a47f99cd42b4273aaf7e2903509e42b (127.4.174.129:36907)
I20260601 13:31:52.521925  7778 tablet_service.cc:1917] Received RequestConsensusVote() RPC: tablet_id: "26a82fb7272047cfaeb857aeafdf7504" candidate_uuid: "69302ac84e654adfb04f049ff94fee52" candidate_term: 1 candidate_status { last_received { term: 0 index: 0 } } ignore_live_leader: false dest_uuid: "2a47f99cd42b4273aaf7e2903509e42b" is_pre_election: true
I20260601 13:31:52.521925  7929 tablet_service.cc:1917] Received RequestConsensusVote() RPC: tablet_id: "26a82fb7272047cfaeb857aeafdf7504" candidate_uuid: "69302ac84e654adfb04f049ff94fee52" candidate_term: 1 candidate_status { last_received { term: 0 index: 0 } } ignore_live_leader: false dest_uuid: "91fb998748b64cadb5dba70f499b367f" is_pre_election: true
I20260601 13:31:52.522065  7778 raft_consensus.cc:2468] T 26a82fb7272047cfaeb857aeafdf7504 P 2a47f99cd42b4273aaf7e2903509e42b [term 0 FOLLOWER]: Leader pre-election vote request: Granting yes vote for candidate 69302ac84e654adfb04f049ff94fee52 in term 0.
I20260601 13:31:52.522101  7929 raft_consensus.cc:2468] T 26a82fb7272047cfaeb857aeafdf7504 P 91fb998748b64cadb5dba70f499b367f [term 0 FOLLOWER]: Leader pre-election vote request: Granting yes vote for candidate 69302ac84e654adfb04f049ff94fee52 in term 0.
I20260601 13:31:52.522423  8037 leader_election.cc:304] T 26a82fb7272047cfaeb857aeafdf7504 P 69302ac84e654adfb04f049ff94fee52 [CANDIDATE]: Term 1 pre-election: Election decided. Result: candidate won. Election summary: received 2 responses out of 3 voters: 2 yes votes; 0 no votes. yes voters: 69302ac84e654adfb04f049ff94fee52, 91fb998748b64cadb5dba70f499b367f; no voters: 
I20260601 13:31:52.522624  8135 raft_consensus.cc:2804] T 26a82fb7272047cfaeb857aeafdf7504 P 69302ac84e654adfb04f049ff94fee52 [term 0 FOLLOWER]: Leader pre-election won for term 1
I20260601 13:31:52.522677  8135 raft_consensus.cc:493] T 26a82fb7272047cfaeb857aeafdf7504 P 69302ac84e654adfb04f049ff94fee52 [term 0 FOLLOWER]: Starting leader election (no leader contacted us within the election timeout)
I20260601 13:31:52.522739  8135 raft_consensus.cc:3060] T 26a82fb7272047cfaeb857aeafdf7504 P 69302ac84e654adfb04f049ff94fee52 [term 0 FOLLOWER]: Advancing to term 1
I20260601 13:31:52.523694  8135 raft_consensus.cc:515] T 26a82fb7272047cfaeb857aeafdf7504 P 69302ac84e654adfb04f049ff94fee52 [term 1 FOLLOWER]: Starting leader election with config: opid_index: -1 OBSOLETE_local: false peers { permanent_uuid: "69302ac84e654adfb04f049ff94fee52" member_type: VOTER last_known_addr { host: "127.4.174.132" port: 38445 } } peers { permanent_uuid: "91fb998748b64cadb5dba70f499b367f" member_type: VOTER last_known_addr { host: "127.4.174.131" port: 38785 } } peers { permanent_uuid: "2a47f99cd42b4273aaf7e2903509e42b" member_type: VOTER last_known_addr { host: "127.4.174.129" port: 36907 } }
I20260601 13:31:52.524070  8135 leader_election.cc:290] T 26a82fb7272047cfaeb857aeafdf7504 P 69302ac84e654adfb04f049ff94fee52 [CANDIDATE]: Term 1 election: Requested vote from peers 91fb998748b64cadb5dba70f499b367f (127.4.174.131:38785), 2a47f99cd42b4273aaf7e2903509e42b (127.4.174.129:36907)
I20260601 13:31:52.524497  7929 tablet_service.cc:1917] Received RequestConsensusVote() RPC: tablet_id: "26a82fb7272047cfaeb857aeafdf7504" candidate_uuid: "69302ac84e654adfb04f049ff94fee52" candidate_term: 1 candidate_status { last_received { term: 0 index: 0 } } ignore_live_leader: false dest_uuid: "91fb998748b64cadb5dba70f499b367f"
I20260601 13:31:52.524608  7929 raft_consensus.cc:3060] T 26a82fb7272047cfaeb857aeafdf7504 P 91fb998748b64cadb5dba70f499b367f [term 0 FOLLOWER]: Advancing to term 1
I20260601 13:31:52.525446  7929 raft_consensus.cc:2468] T 26a82fb7272047cfaeb857aeafdf7504 P 91fb998748b64cadb5dba70f499b367f [term 1 FOLLOWER]: Leader election vote request: Granting yes vote for candidate 69302ac84e654adfb04f049ff94fee52 in term 1.
I20260601 13:31:52.525782  7778 tablet_service.cc:1917] Received RequestConsensusVote() RPC: tablet_id: "26a82fb7272047cfaeb857aeafdf7504" candidate_uuid: "69302ac84e654adfb04f049ff94fee52" candidate_term: 1 candidate_status { last_received { term: 0 index: 0 } } ignore_live_leader: false dest_uuid: "2a47f99cd42b4273aaf7e2903509e42b"
I20260601 13:31:52.525823  8037 leader_election.cc:304] T 26a82fb7272047cfaeb857aeafdf7504 P 69302ac84e654adfb04f049ff94fee52 [CANDIDATE]: Term 1 election: Election decided. Result: candidate won. Election summary: received 2 responses out of 3 voters: 2 yes votes; 0 no votes. yes voters: 69302ac84e654adfb04f049ff94fee52, 91fb998748b64cadb5dba70f499b367f; no voters: 
I20260601 13:31:52.525889  7778 raft_consensus.cc:3060] T 26a82fb7272047cfaeb857aeafdf7504 P 2a47f99cd42b4273aaf7e2903509e42b [term 0 FOLLOWER]: Advancing to term 1
I20260601 13:31:52.526026  8135 raft_consensus.cc:2804] T 26a82fb7272047cfaeb857aeafdf7504 P 69302ac84e654adfb04f049ff94fee52 [term 1 FOLLOWER]: Leader election won for term 1
I20260601 13:31:52.526144  8135 raft_consensus.cc:697] T 26a82fb7272047cfaeb857aeafdf7504 P 69302ac84e654adfb04f049ff94fee52 [term 1 LEADER]: Becoming Leader. State: Replica: 69302ac84e654adfb04f049ff94fee52, State: Running, Role: LEADER
I20260601 13:31:52.526283  8135 consensus_queue.cc:237] T 26a82fb7272047cfaeb857aeafdf7504 P 69302ac84e654adfb04f049ff94fee52 [LEADER]: Queue going to LEADER mode. State: All replicated index: 0, Majority replicated index: 0, Committed index: 0, Last appended: 0.0, Last appended by leader: 0, Current term: 1, Majority size: 2, State: 0, Mode: LEADER, active raft config: opid_index: -1 OBSOLETE_local: false peers { permanent_uuid: "69302ac84e654adfb04f049ff94fee52" member_type: VOTER last_known_addr { host: "127.4.174.132" port: 38445 } } peers { permanent_uuid: "91fb998748b64cadb5dba70f499b367f" member_type: VOTER last_known_addr { host: "127.4.174.131" port: 38785 } } peers { permanent_uuid: "2a47f99cd42b4273aaf7e2903509e42b" member_type: VOTER last_known_addr { host: "127.4.174.129" port: 36907 } }
I20260601 13:31:52.526772  7778 raft_consensus.cc:2468] T 26a82fb7272047cfaeb857aeafdf7504 P 2a47f99cd42b4273aaf7e2903509e42b [term 1 FOLLOWER]: Leader election vote request: Granting yes vote for candidate 69302ac84e654adfb04f049ff94fee52 in term 1.
I20260601 13:31:52.527910  7675 catalog_manager.cc:5696] T 26a82fb7272047cfaeb857aeafdf7504 P 69302ac84e654adfb04f049ff94fee52 reported cstate change: term changed from 0 to 1, leader changed from <none> to 69302ac84e654adfb04f049ff94fee52 (127.4.174.132). New cstate: current_term: 1 leader_uuid: "69302ac84e654adfb04f049ff94fee52" committed_config { opid_index: -1 OBSOLETE_local: false peers { permanent_uuid: "69302ac84e654adfb04f049ff94fee52" member_type: VOTER last_known_addr { host: "127.4.174.132" port: 38445 } health_report { overall_health: HEALTHY } } peers { permanent_uuid: "91fb998748b64cadb5dba70f499b367f" member_type: VOTER last_known_addr { host: "127.4.174.131" port: 38785 } health_report { overall_health: UNKNOWN } } peers { permanent_uuid: "2a47f99cd42b4273aaf7e2903509e42b" member_type: VOTER last_known_addr { host: "127.4.174.129" port: 36907 } health_report { overall_health: UNKNOWN } } }
I20260601 13:31:52.542191  8019 consensus_queue.cc:1048] T d17199eeba384f42adc5222c5ed8d33b P 2a47f99cd42b4273aaf7e2903509e42b [LEADER]: Connected to new peer: Peer: permanent_uuid: "91fb998748b64cadb5dba70f499b367f" member_type: VOTER last_known_addr { host: "127.4.174.131" port: 38785 }, Status: LMP_MISMATCH, Last received: 0.0, Next index: 1, Last known committed idx: 0, Time since last communication: 0.000s
I20260601 13:31:52.545286  8019 consensus_queue.cc:1048] T d17199eeba384f42adc5222c5ed8d33b P 2a47f99cd42b4273aaf7e2903509e42b [LEADER]: Connected to new peer: Peer: permanent_uuid: "1a540eac9822469a95960432d265efc8" member_type: VOTER last_known_addr { host: "127.4.174.130" port: 35333 }, Status: LMP_MISMATCH, Last received: 0.0, Next index: 1, Last known committed idx: 0, Time since last communication: 0.000s
I20260601 13:31:52.592800  7988 consensus_queue.cc:1048] T e1f27fed127a413cab97701b55c9ba1c P 91fb998748b64cadb5dba70f499b367f [LEADER]: Connected to new peer: Peer: permanent_uuid: "1a540eac9822469a95960432d265efc8" member_type: VOTER last_known_addr { host: "127.4.174.130" port: 35333 }, Status: LMP_MISMATCH, Last received: 0.0, Next index: 1, Last known committed idx: 0, Time since last communication: 0.000s
I20260601 13:31:52.593191  7988 consensus_queue.cc:1048] T 63f5853b8d6f4216a56241d71603f355 P 91fb998748b64cadb5dba70f499b367f [LEADER]: Connected to new peer: Peer: permanent_uuid: "2a47f99cd42b4273aaf7e2903509e42b" member_type: VOTER last_known_addr { host: "127.4.174.129" port: 36907 }, Status: LMP_MISMATCH, Last received: 0.0, Next index: 1, Last known committed idx: 0, Time since last communication: 0.000s
I20260601 13:31:52.596495  8015 consensus_queue.cc:1048] T 63f5853b8d6f4216a56241d71603f355 P 91fb998748b64cadb5dba70f499b367f [LEADER]: Connected to new peer: Peer: permanent_uuid: "1a540eac9822469a95960432d265efc8" member_type: VOTER last_known_addr { host: "127.4.174.130" port: 35333 }, Status: LMP_MISMATCH, Last received: 0.0, Next index: 1, Last known committed idx: 0, Time since last communication: 0.000s
I20260601 13:31:52.598124  7988 consensus_queue.cc:1048] T e1f27fed127a413cab97701b55c9ba1c P 91fb998748b64cadb5dba70f499b367f [LEADER]: Connected to new peer: Peer: permanent_uuid: "2a47f99cd42b4273aaf7e2903509e42b" member_type: VOTER last_known_addr { host: "127.4.174.129" port: 36907 }, Status: LMP_MISMATCH, Last received: 0.0, Next index: 1, Last known committed idx: 0, Time since last communication: 0.000s
I20260601 13:31:52.606595  7979 consensus_queue.cc:1048] T 025a437eeff845b09a82b3005807c8fb P 2a47f99cd42b4273aaf7e2903509e42b [LEADER]: Connected to new peer: Peer: permanent_uuid: "91fb998748b64cadb5dba70f499b367f" member_type: VOTER last_known_addr { host: "127.4.174.131" port: 38785 }, Status: LMP_MISMATCH, Last received: 0.0, Next index: 1, Last known committed idx: 0, Time since last communication: 0.000s
I20260601 13:31:52.609925  7979 consensus_queue.cc:1048] T 025a437eeff845b09a82b3005807c8fb P 2a47f99cd42b4273aaf7e2903509e42b [LEADER]: Connected to new peer: Peer: permanent_uuid: "1a540eac9822469a95960432d265efc8" member_type: VOTER last_known_addr { host: "127.4.174.130" port: 35333 }, Status: LMP_MISMATCH, Last received: 0.0, Next index: 1, Last known committed idx: 0, Time since last communication: 0.000s
I20260601 13:31:52.618161  7979 consensus_queue.cc:1048] T 5a8cd1269a4745eebf913db62f767a70 P 2a47f99cd42b4273aaf7e2903509e42b [LEADER]: Connected to new peer: Peer: permanent_uuid: "1a540eac9822469a95960432d265efc8" member_type: VOTER last_known_addr { host: "127.4.174.130" port: 35333 }, Status: LMP_MISMATCH, Last received: 0.0, Next index: 1, Last known committed idx: 0, Time since last communication: 0.000s
I20260601 13:31:52.621395  7979 consensus_queue.cc:1048] T 5a8cd1269a4745eebf913db62f767a70 P 2a47f99cd42b4273aaf7e2903509e42b [LEADER]: Connected to new peer: Peer: permanent_uuid: "91fb998748b64cadb5dba70f499b367f" member_type: VOTER last_known_addr { host: "127.4.174.131" port: 38785 }, Status: LMP_MISMATCH, Last received: 0.0, Next index: 1, Last known committed idx: 0, Time since last communication: 0.000s
I20260601 13:31:52.782311  8135 consensus_queue.cc:1048] T 7749966a02454150836969b172a487f9 P 69302ac84e654adfb04f049ff94fee52 [LEADER]: Connected to new peer: Peer: permanent_uuid: "91fb998748b64cadb5dba70f499b367f" member_type: VOTER last_known_addr { host: "127.4.174.131" port: 38785 }, Status: LMP_MISMATCH, Last received: 0.0, Next index: 1, Last known committed idx: 0, Time since last communication: 0.000s
I20260601 13:31:52.785863  8134 consensus_queue.cc:1048] T 7749966a02454150836969b172a487f9 P 69302ac84e654adfb04f049ff94fee52 [LEADER]: Connected to new peer: Peer: permanent_uuid: "1a540eac9822469a95960432d265efc8" member_type: VOTER last_known_addr { host: "127.4.174.130" port: 35333 }, Status: LMP_MISMATCH, Last received: 0.0, Next index: 1, Last known committed idx: 0, Time since last communication: 0.000s
I20260601 13:31:52.792387  7979 consensus_queue.cc:1048] T 1df2cd0a20a448e5a09bd09ec692294b P 2a47f99cd42b4273aaf7e2903509e42b [LEADER]: Connected to new peer: Peer: permanent_uuid: "69302ac84e654adfb04f049ff94fee52" member_type: VOTER last_known_addr { host: "127.4.174.132" port: 38445 }, Status: LMP_MISMATCH, Last received: 0.0, Next index: 1, Last known committed idx: 0, Time since last communication: 0.000s
I20260601 13:31:52.795588  7979 consensus_queue.cc:1048] T 1df2cd0a20a448e5a09bd09ec692294b P 2a47f99cd42b4273aaf7e2903509e42b [LEADER]: Connected to new peer: Peer: permanent_uuid: "91fb998748b64cadb5dba70f499b367f" member_type: VOTER last_known_addr { host: "127.4.174.131" port: 38785 }, Status: LMP_MISMATCH, Last received: 0.0, Next index: 1, Last known committed idx: 0, Time since last communication: 0.000s
I20260601 13:31:52.797720  7979 consensus_queue.cc:1048] T 1c971f70099043b7bf067de49becb8b6 P 2a47f99cd42b4273aaf7e2903509e42b [LEADER]: Connected to new peer: Peer: permanent_uuid: "1a540eac9822469a95960432d265efc8" member_type: VOTER last_known_addr { host: "127.4.174.130" port: 35333 }, Status: LMP_MISMATCH, Last received: 0.0, Next index: 1, Last known committed idx: 0, Time since last communication: 0.000s
I20260601 13:31:52.800980  8008 consensus_queue.cc:1048] T 1c971f70099043b7bf067de49becb8b6 P 2a47f99cd42b4273aaf7e2903509e42b [LEADER]: Connected to new peer: Peer: permanent_uuid: "69302ac84e654adfb04f049ff94fee52" member_type: VOTER last_known_addr { host: "127.4.174.132" port: 38445 }, Status: LMP_MISMATCH, Last received: 0.0, Next index: 1, Last known committed idx: 0, Time since last communication: 0.000s
I20260601 13:31:52.803151  7729 auto_leader_rebalancer.cc:140] leader rebalance for table range_aware_rebalance_new_range
I20260601 13:31:52.807766  8008 consensus_queue.cc:1048] T b5195d03343b4c98994ad49d184c086a P 2a47f99cd42b4273aaf7e2903509e42b [LEADER]: Connected to new peer: Peer: permanent_uuid: "91fb998748b64cadb5dba70f499b367f" member_type: VOTER last_known_addr { host: "127.4.174.131" port: 38785 }, Status: LMP_MISMATCH, Last received: 0.0, Next index: 1, Last known committed idx: 0, Time since last communication: 0.000s
I20260601 13:31:52.808990  8134 consensus_queue.cc:1048] T 23400fc0ca2846dd9978b4f7ddf258bd P 69302ac84e654adfb04f049ff94fee52 [LEADER]: Connected to new peer: Peer: permanent_uuid: "2a47f99cd42b4273aaf7e2903509e42b" member_type: VOTER last_known_addr { host: "127.4.174.129" port: 36907 }, Status: LMP_MISMATCH, Last received: 0.0, Next index: 1, Last known committed idx: 0, Time since last communication: 0.000s
I20260601 13:31:52.810040  8109 consensus_queue.cc:1048] T 23400fc0ca2846dd9978b4f7ddf258bd P 69302ac84e654adfb04f049ff94fee52 [LEADER]: Connected to new peer: Peer: permanent_uuid: "1a540eac9822469a95960432d265efc8" member_type: VOTER last_known_addr { host: "127.4.174.130" port: 35333 }, Status: LMP_MISMATCH, Last received: 0.0, Next index: 1, Last known committed idx: 0, Time since last communication: 0.000s
I20260601 13:31:52.811896  7778 tablet_service.cc:2072] Received LeaderStepDown RPC: tablet_id: "1c971f70099043b7bf067de49becb8b6"
dest_uuid: "2a47f99cd42b4273aaf7e2903509e42b"
mode: GRACEFUL
new_leader_uuid: "1a540eac9822469a95960432d265efc8"
 from {username='slave'} at 127.0.0.1:38222
I20260601 13:31:52.812026  7778 raft_consensus.cc:606] T 1c971f70099043b7bf067de49becb8b6 P 2a47f99cd42b4273aaf7e2903509e42b [term 1 LEADER]: Received request to transfer leadership to TS 1a540eac9822469a95960432d265efc8
I20260601 13:31:52.814055  7929 consensus_queue.cc:237] T 63f5853b8d6f4216a56241d71603f355 P 91fb998748b64cadb5dba70f499b367f [LEADER]: Queue going to LEADER mode. State: All replicated index: 0, Majority replicated index: 1, Committed index: 1, Last appended: 1.1, Last appended by leader: 0, Current term: 1, Majority size: 2, State: 0, Mode: LEADER, active raft config: opid_index: 2 OBSOLETE_local: false peers { permanent_uuid: "1a540eac9822469a95960432d265efc8" member_type: VOTER last_known_addr { host: "127.4.174.130" port: 35333 } } peers { permanent_uuid: "2a47f99cd42b4273aaf7e2903509e42b" member_type: VOTER last_known_addr { host: "127.4.174.129" port: 36907 } attrs { replace: true } } peers { permanent_uuid: "91fb998748b64cadb5dba70f499b367f" member_type: VOTER last_known_addr { host: "127.4.174.131" port: 38785 } } peers { permanent_uuid: "69302ac84e654adfb04f049ff94fee52" member_type: NON_VOTER last_known_addr { host: "127.4.174.132" port: 38445 } attrs { promote: true } }
I20260601 13:31:52.814285  7778 tablet_service.cc:2072] Received LeaderStepDown RPC: tablet_id: "1df2cd0a20a448e5a09bd09ec692294b"
dest_uuid: "2a47f99cd42b4273aaf7e2903509e42b"
mode: GRACEFUL
new_leader_uuid: "91fb998748b64cadb5dba70f499b367f"
 from {username='slave'} at 127.0.0.1:38222
I20260601 13:31:52.814381  7778 raft_consensus.cc:606] T 1df2cd0a20a448e5a09bd09ec692294b P 2a47f99cd42b4273aaf7e2903509e42b [term 1 LEADER]: Received request to transfer leadership to TS 91fb998748b64cadb5dba70f499b367f
I20260601 13:31:52.815057  8019 consensus_queue.cc:1048] T b5195d03343b4c98994ad49d184c086a P 2a47f99cd42b4273aaf7e2903509e42b [LEADER]: Connected to new peer: Peer: permanent_uuid: "1a540eac9822469a95960432d265efc8" member_type: VOTER last_known_addr { host: "127.4.174.130" port: 35333 }, Status: LMP_MISMATCH, Last received: 0.0, Next index: 1, Last known committed idx: 0, Time since last communication: 0.000s
I20260601 13:31:52.815352  8019 consensus_queue.cc:1048] T f6c9a4c915f444b18e53614a995959a4 P 2a47f99cd42b4273aaf7e2903509e42b [LEADER]: Connected to new peer: Peer: permanent_uuid: "69302ac84e654adfb04f049ff94fee52" member_type: VOTER last_known_addr { host: "127.4.174.132" port: 38445 }, Status: LMP_MISMATCH, Last received: 0.0, Next index: 1, Last known committed idx: 0, Time since last communication: 0.000s
I20260601 13:31:52.815742  7855 raft_consensus.cc:1275] T 63f5853b8d6f4216a56241d71603f355 P 1a540eac9822469a95960432d265efc8 [term 1 FOLLOWER]: Refusing update from remote peer 91fb998748b64cadb5dba70f499b367f: Log matching property violated. Preceding OpId in replica: term: 1 index: 1. Preceding OpId from leader: term: 1 index: 2. (index mismatch)
I20260601 13:31:52.815889  7777 tablet_service.cc:2072] Received LeaderStepDown RPC: tablet_id: "5a8cd1269a4745eebf913db62f767a70"
dest_uuid: "2a47f99cd42b4273aaf7e2903509e42b"
mode: GRACEFUL
new_leader_uuid: "91fb998748b64cadb5dba70f499b367f"
 from {username='slave'} at 127.0.0.1:38222
I20260601 13:31:52.816016  7777 raft_consensus.cc:606] T 5a8cd1269a4745eebf913db62f767a70 P 2a47f99cd42b4273aaf7e2903509e42b [term 1 LEADER]: Received request to transfer leadership to TS 91fb998748b64cadb5dba70f499b367f
I20260601 13:31:52.816164  8152 consensus_queue.cc:1048] T 63f5853b8d6f4216a56241d71603f355 P 91fb998748b64cadb5dba70f499b367f [LEADER]: Connected to new peer: Peer: permanent_uuid: "1a540eac9822469a95960432d265efc8" member_type: VOTER last_known_addr { host: "127.4.174.130" port: 35333 }, Status: LMP_MISMATCH, Last received: 0.0, Next index: 2, Last known committed idx: 1, Time since last communication: 0.000s
I20260601 13:31:52.817108  7778 raft_consensus.cc:1275] T 63f5853b8d6f4216a56241d71603f355 P 2a47f99cd42b4273aaf7e2903509e42b [term 1 FOLLOWER]: Refusing update from remote peer 91fb998748b64cadb5dba70f499b367f: Log matching property violated. Preceding OpId in replica: term: 1 index: 1. Preceding OpId from leader: term: 1 index: 2. (index mismatch)
I20260601 13:31:52.817497  8152 consensus_queue.cc:1048] T 63f5853b8d6f4216a56241d71603f355 P 91fb998748b64cadb5dba70f499b367f [LEADER]: Connected to new peer: Peer: permanent_uuid: "2a47f99cd42b4273aaf7e2903509e42b" member_type: VOTER last_known_addr { host: "127.4.174.129" port: 36907 } attrs { replace: true }, Status: LMP_MISMATCH, Last received: 0.0, Next index: 2, Last known committed idx: 1, Time since last communication: 0.000s
I20260601 13:31:52.818137  8152 raft_consensus.cc:2955] T 63f5853b8d6f4216a56241d71603f355 P 91fb998748b64cadb5dba70f499b367f [term 1 LEADER]: Committing config change with OpId 1.2: config changed from index -1 to 2, NON_VOTER 69302ac84e654adfb04f049ff94fee52 (127.4.174.132) added. New config: { opid_index: 2 OBSOLETE_local: false peers { permanent_uuid: "1a540eac9822469a95960432d265efc8" member_type: VOTER last_known_addr { host: "127.4.174.130" port: 35333 } } peers { permanent_uuid: "2a47f99cd42b4273aaf7e2903509e42b" member_type: VOTER last_known_addr { host: "127.4.174.129" port: 36907 } attrs { replace: true } } peers { permanent_uuid: "91fb998748b64cadb5dba70f499b367f" member_type: VOTER last_known_addr { host: "127.4.174.131" port: 38785 } } peers { permanent_uuid: "69302ac84e654adfb04f049ff94fee52" member_type: NON_VOTER last_known_addr { host: "127.4.174.132" port: 38445 } attrs { promote: true } } }
I20260601 13:31:52.819866  7853 raft_consensus.cc:2955] T 63f5853b8d6f4216a56241d71603f355 P 1a540eac9822469a95960432d265efc8 [term 1 FOLLOWER]: Committing config change with OpId 1.2: config changed from index -1 to 2, NON_VOTER 69302ac84e654adfb04f049ff94fee52 (127.4.174.132) added. New config: { opid_index: 2 OBSOLETE_local: false peers { permanent_uuid: "1a540eac9822469a95960432d265efc8" member_type: VOTER last_known_addr { host: "127.4.174.130" port: 35333 } } peers { permanent_uuid: "2a47f99cd42b4273aaf7e2903509e42b" member_type: VOTER last_known_addr { host: "127.4.174.129" port: 36907 } attrs { replace: true } } peers { permanent_uuid: "91fb998748b64cadb5dba70f499b367f" member_type: VOTER last_known_addr { host: "127.4.174.131" port: 38785 } } peers { permanent_uuid: "69302ac84e654adfb04f049ff94fee52" member_type: NON_VOTER last_known_addr { host: "127.4.174.132" port: 38445 } attrs { promote: true } } }
I20260601 13:31:52.821926  7675 catalog_manager.cc:5696] T 63f5853b8d6f4216a56241d71603f355 P 91fb998748b64cadb5dba70f499b367f reported cstate change: config changed from index -1 to 2, NON_VOTER 69302ac84e654adfb04f049ff94fee52 (127.4.174.132) added. New cstate: current_term: 1 leader_uuid: "91fb998748b64cadb5dba70f499b367f" committed_config { opid_index: 2 OBSOLETE_local: false peers { permanent_uuid: "1a540eac9822469a95960432d265efc8" member_type: VOTER last_known_addr { host: "127.4.174.130" port: 35333 } health_report { overall_health: HEALTHY } } peers { permanent_uuid: "2a47f99cd42b4273aaf7e2903509e42b" member_type: VOTER last_known_addr { host: "127.4.174.129" port: 36907 } attrs { replace: true } health_report { overall_health: UNKNOWN } } peers { permanent_uuid: "91fb998748b64cadb5dba70f499b367f" member_type: VOTER last_known_addr { host: "127.4.174.131" port: 38785 } health_report { overall_health: HEALTHY } } peers { permanent_uuid: "69302ac84e654adfb04f049ff94fee52" member_type: NON_VOTER last_known_addr { host: "127.4.174.132" port: 38445 } attrs { promote: true } health_report { overall_health: UNKNOWN } } }
W20260601 13:31:52.823338  7896 consensus_peers.cc:597] T 63f5853b8d6f4216a56241d71603f355 P 91fb998748b64cadb5dba70f499b367f -> Peer 69302ac84e654adfb04f049ff94fee52 (127.4.174.132:38445): Couldn't send request to peer 69302ac84e654adfb04f049ff94fee52. Error code: TABLET_NOT_FOUND (6). Status: Not found: Tablet not found: 63f5853b8d6f4216a56241d71603f355. This is attempt 1: this message will repeat every 5th retry.
I20260601 13:31:52.823755  7778 tablet_service.cc:2072] Received LeaderStepDown RPC: tablet_id: "d17199eeba384f42adc5222c5ed8d33b"
dest_uuid: "2a47f99cd42b4273aaf7e2903509e42b"
mode: GRACEFUL
new_leader_uuid: "1a540eac9822469a95960432d265efc8"
 from {username='slave'} at 127.0.0.1:38222
I20260601 13:31:52.823871  7778 raft_consensus.cc:606] T d17199eeba384f42adc5222c5ed8d33b P 2a47f99cd42b4273aaf7e2903509e42b [term 1 LEADER]: Received request to transfer leadership to TS 1a540eac9822469a95960432d265efc8
I20260601 13:31:52.824970  7729 auto_leader_rebalancer.cc:388] table: range_aware_rebalance_new_range, leader rebalance finish, leader transfer count: 4
I20260601 13:31:52.825131  7729 auto_leader_rebalancer.cc:451] All tables' leader rebalancing finished this round
I20260601 13:31:52.825500  7777 raft_consensus.cc:2955] T 63f5853b8d6f4216a56241d71603f355 P 2a47f99cd42b4273aaf7e2903509e42b [term 1 FOLLOWER]: Committing config change with OpId 1.2: config changed from index -1 to 2, NON_VOTER 69302ac84e654adfb04f049ff94fee52 (127.4.174.132) added. New config: { opid_index: 2 OBSOLETE_local: false peers { permanent_uuid: "1a540eac9822469a95960432d265efc8" member_type: VOTER last_known_addr { host: "127.4.174.130" port: 35333 } } peers { permanent_uuid: "2a47f99cd42b4273aaf7e2903509e42b" member_type: VOTER last_known_addr { host: "127.4.174.129" port: 36907 } attrs { replace: true } } peers { permanent_uuid: "91fb998748b64cadb5dba70f499b367f" member_type: VOTER last_known_addr { host: "127.4.174.131" port: 38785 } } peers { permanent_uuid: "69302ac84e654adfb04f049ff94fee52" member_type: NON_VOTER last_known_addr { host: "127.4.174.132" port: 38445 } attrs { promote: true } } }
I20260601 13:31:52.828651  7979 consensus_queue.cc:1048] T f6c9a4c915f444b18e53614a995959a4 P 2a47f99cd42b4273aaf7e2903509e42b [LEADER]: Connected to new peer: Peer: permanent_uuid: "91fb998748b64cadb5dba70f499b367f" member_type: VOTER last_known_addr { host: "127.4.174.131" port: 38785 }, Status: LMP_MISMATCH, Last received: 0.0, Next index: 1, Last known committed idx: 0, Time since last communication: 0.000s
W20260601 13:31:52.831379  7724 auto_rebalancer.cc:591] Failed to schedule move for tablet d17199eeba384f42adc5222c5ed8d33b: Remote error: Service unavailable: leader transfer in progress
I20260601 13:31:52.832652  7777 consensus_queue.cc:237] T 025a437eeff845b09a82b3005807c8fb P 2a47f99cd42b4273aaf7e2903509e42b [LEADER]: Queue going to LEADER mode. State: All replicated index: 0, Majority replicated index: 1, Committed index: 1, Last appended: 1.1, Last appended by leader: 0, Current term: 1, Majority size: 2, State: 0, Mode: LEADER, active raft config: opid_index: 2 OBSOLETE_local: false peers { permanent_uuid: "2a47f99cd42b4273aaf7e2903509e42b" member_type: VOTER last_known_addr { host: "127.4.174.129" port: 36907 } } peers { permanent_uuid: "1a540eac9822469a95960432d265efc8" member_type: VOTER last_known_addr { host: "127.4.174.130" port: 35333 } attrs { replace: true } } peers { permanent_uuid: "91fb998748b64cadb5dba70f499b367f" member_type: VOTER last_known_addr { host: "127.4.174.131" port: 38785 } } peers { permanent_uuid: "69302ac84e654adfb04f049ff94fee52" member_type: NON_VOTER last_known_addr { host: "127.4.174.132" port: 38445 } attrs { promote: true } }
I20260601 13:31:52.834193  7929 raft_consensus.cc:1275] T 025a437eeff845b09a82b3005807c8fb P 91fb998748b64cadb5dba70f499b367f [term 1 FOLLOWER]: Refusing update from remote peer 2a47f99cd42b4273aaf7e2903509e42b: Log matching property violated. Preceding OpId in replica: term: 1 index: 1. Preceding OpId from leader: term: 1 index: 2. (index mismatch)
I20260601 13:31:52.834230  7854 raft_consensus.cc:1275] T 025a437eeff845b09a82b3005807c8fb P 1a540eac9822469a95960432d265efc8 [term 1 FOLLOWER]: Refusing update from remote peer 2a47f99cd42b4273aaf7e2903509e42b: Log matching property violated. Preceding OpId in replica: term: 1 index: 1. Preceding OpId from leader: term: 1 index: 2. (index mismatch)
W20260601 13:31:52.834326  7744 consensus_peers.cc:597] T 025a437eeff845b09a82b3005807c8fb P 2a47f99cd42b4273aaf7e2903509e42b -> Peer 69302ac84e654adfb04f049ff94fee52 (127.4.174.132:38445): Couldn't send request to peer 69302ac84e654adfb04f049ff94fee52. Error code: TABLET_NOT_FOUND (6). Status: Not found: Tablet not found: 025a437eeff845b09a82b3005807c8fb. This is attempt 1: this message will repeat every 5th retry.
I20260601 13:31:52.834564  7979 consensus_queue.cc:1048] T 025a437eeff845b09a82b3005807c8fb P 2a47f99cd42b4273aaf7e2903509e42b [LEADER]: Connected to new peer: Peer: permanent_uuid: "91fb998748b64cadb5dba70f499b367f" member_type: VOTER last_known_addr { host: "127.4.174.131" port: 38785 }, Status: LMP_MISMATCH, Last received: 0.0, Next index: 2, Last known committed idx: 1, Time since last communication: 0.000s
I20260601 13:31:52.834664  8019 consensus_queue.cc:1048] T 025a437eeff845b09a82b3005807c8fb P 2a47f99cd42b4273aaf7e2903509e42b [LEADER]: Connected to new peer: Peer: permanent_uuid: "1a540eac9822469a95960432d265efc8" member_type: VOTER last_known_addr { host: "127.4.174.130" port: 35333 } attrs { replace: true }, Status: LMP_MISMATCH, Last received: 0.0, Next index: 2, Last known committed idx: 1, Time since last communication: 0.000s
I20260601 13:31:52.835618  7984 consensus_queue.cc:1048] T 6c823b3087ac469294e65cb479248343 P 1a540eac9822469a95960432d265efc8 [LEADER]: Connected to new peer: Peer: permanent_uuid: "69302ac84e654adfb04f049ff94fee52" member_type: VOTER last_known_addr { host: "127.4.174.132" port: 38445 }, Status: LMP_MISMATCH, Last received: 0.0, Next index: 1, Last known committed idx: 0, Time since last communication: 0.000s
I20260601 13:31:52.836241  8019 raft_consensus.cc:2955] T 025a437eeff845b09a82b3005807c8fb P 2a47f99cd42b4273aaf7e2903509e42b [term 1 LEADER]: Committing config change with OpId 1.2: config changed from index -1 to 2, NON_VOTER 69302ac84e654adfb04f049ff94fee52 (127.4.174.132) added. New config: { opid_index: 2 OBSOLETE_local: false peers { permanent_uuid: "2a47f99cd42b4273aaf7e2903509e42b" member_type: VOTER last_known_addr { host: "127.4.174.129" port: 36907 } } peers { permanent_uuid: "1a540eac9822469a95960432d265efc8" member_type: VOTER last_known_addr { host: "127.4.174.130" port: 35333 } attrs { replace: true } } peers { permanent_uuid: "91fb998748b64cadb5dba70f499b367f" member_type: VOTER last_known_addr { host: "127.4.174.131" port: 38785 } } peers { permanent_uuid: "69302ac84e654adfb04f049ff94fee52" member_type: NON_VOTER last_known_addr { host: "127.4.174.132" port: 38445 } attrs { promote: true } } }
I20260601 13:31:52.836687  7854 raft_consensus.cc:2955] T 025a437eeff845b09a82b3005807c8fb P 1a540eac9822469a95960432d265efc8 [term 1 FOLLOWER]: Committing config change with OpId 1.2: config changed from index -1 to 2, NON_VOTER 69302ac84e654adfb04f049ff94fee52 (127.4.174.132) added. New config: { opid_index: 2 OBSOLETE_local: false peers { permanent_uuid: "2a47f99cd42b4273aaf7e2903509e42b" member_type: VOTER last_known_addr { host: "127.4.174.129" port: 36907 } } peers { permanent_uuid: "1a540eac9822469a95960432d265efc8" member_type: VOTER last_known_addr { host: "127.4.174.130" port: 35333 } attrs { replace: true } } peers { permanent_uuid: "91fb998748b64cadb5dba70f499b367f" member_type: VOTER last_known_addr { host: "127.4.174.131" port: 38785 } } peers { permanent_uuid: "69302ac84e654adfb04f049ff94fee52" member_type: NON_VOTER last_known_addr { host: "127.4.174.132" port: 38445 } attrs { promote: true } } }
I20260601 13:31:52.838577  7929 raft_consensus.cc:2955] T 025a437eeff845b09a82b3005807c8fb P 91fb998748b64cadb5dba70f499b367f [term 1 FOLLOWER]: Committing config change with OpId 1.2: config changed from index -1 to 2, NON_VOTER 69302ac84e654adfb04f049ff94fee52 (127.4.174.132) added. New config: { opid_index: 2 OBSOLETE_local: false peers { permanent_uuid: "2a47f99cd42b4273aaf7e2903509e42b" member_type: VOTER last_known_addr { host: "127.4.174.129" port: 36907 } } peers { permanent_uuid: "1a540eac9822469a95960432d265efc8" member_type: VOTER last_known_addr { host: "127.4.174.130" port: 35333 } attrs { replace: true } } peers { permanent_uuid: "91fb998748b64cadb5dba70f499b367f" member_type: VOTER last_known_addr { host: "127.4.174.131" port: 38785 } } peers { permanent_uuid: "69302ac84e654adfb04f049ff94fee52" member_type: NON_VOTER last_known_addr { host: "127.4.174.132" port: 38445 } attrs { promote: true } } }
I20260601 13:31:52.838641  7674 catalog_manager.cc:5696] T 025a437eeff845b09a82b3005807c8fb P 1a540eac9822469a95960432d265efc8 reported cstate change: config changed from index -1 to 2, NON_VOTER 69302ac84e654adfb04f049ff94fee52 (127.4.174.132) added. New cstate: current_term: 1 leader_uuid: "2a47f99cd42b4273aaf7e2903509e42b" committed_config { opid_index: 2 OBSOLETE_local: false peers { permanent_uuid: "2a47f99cd42b4273aaf7e2903509e42b" member_type: VOTER last_known_addr { host: "127.4.174.129" port: 36907 } } peers { permanent_uuid: "1a540eac9822469a95960432d265efc8" member_type: VOTER last_known_addr { host: "127.4.174.130" port: 35333 } attrs { replace: true } } peers { permanent_uuid: "91fb998748b64cadb5dba70f499b367f" member_type: VOTER last_known_addr { host: "127.4.174.131" port: 38785 } } peers { permanent_uuid: "69302ac84e654adfb04f049ff94fee52" member_type: NON_VOTER last_known_addr { host: "127.4.174.132" port: 38445 } attrs { promote: true } } }
I20260601 13:31:52.844431  8017 consensus_queue.cc:1048] T 6c823b3087ac469294e65cb479248343 P 1a540eac9822469a95960432d265efc8 [LEADER]: Connected to new peer: Peer: permanent_uuid: "91fb998748b64cadb5dba70f499b367f" member_type: VOTER last_known_addr { host: "127.4.174.131" port: 38785 }, Status: LMP_MISMATCH, Last received: 0.0, Next index: 1, Last known committed idx: 0, Time since last communication: 0.000s
I20260601 13:31:52.844735  7854 consensus_queue.cc:237] T 9bbc736b36924c678caf03d02ec12008 P 1a540eac9822469a95960432d265efc8 [LEADER]: Queue going to LEADER mode. State: All replicated index: 0, Majority replicated index: 1, Committed index: 1, Last appended: 1.1, Last appended by leader: 0, Current term: 1, Majority size: 2, State: 0, Mode: LEADER, active raft config: opid_index: 2 OBSOLETE_local: false peers { permanent_uuid: "2a47f99cd42b4273aaf7e2903509e42b" member_type: VOTER last_known_addr { host: "127.4.174.129" port: 36907 } attrs { replace: true } } peers { permanent_uuid: "1a540eac9822469a95960432d265efc8" member_type: VOTER last_known_addr { host: "127.4.174.130" port: 35333 } } peers { permanent_uuid: "91fb998748b64cadb5dba70f499b367f" member_type: VOTER last_known_addr { host: "127.4.174.131" port: 38785 } } peers { permanent_uuid: "69302ac84e654adfb04f049ff94fee52" member_type: NON_VOTER last_known_addr { host: "127.4.174.132" port: 38445 } attrs { promote: true } }
W20260601 13:31:52.846326  7820 consensus_peers.cc:597] T 9bbc736b36924c678caf03d02ec12008 P 1a540eac9822469a95960432d265efc8 -> Peer 69302ac84e654adfb04f049ff94fee52 (127.4.174.132:38445): Couldn't send request to peer 69302ac84e654adfb04f049ff94fee52. Error code: TABLET_NOT_FOUND (6). Status: Not found: Tablet not found: 9bbc736b36924c678caf03d02ec12008. This is attempt 1: this message will repeat every 5th retry.
I20260601 13:31:52.846386  7777 raft_consensus.cc:1275] T 9bbc736b36924c678caf03d02ec12008 P 2a47f99cd42b4273aaf7e2903509e42b [term 1 FOLLOWER]: Refusing update from remote peer 1a540eac9822469a95960432d265efc8: Log matching property violated. Preceding OpId in replica: term: 1 index: 1. Preceding OpId from leader: term: 1 index: 2. (index mismatch)
I20260601 13:31:52.846701  7929 raft_consensus.cc:1275] T 9bbc736b36924c678caf03d02ec12008 P 91fb998748b64cadb5dba70f499b367f [term 1 FOLLOWER]: Refusing update from remote peer 1a540eac9822469a95960432d265efc8: Log matching property violated. Preceding OpId in replica: term: 1 index: 1. Preceding OpId from leader: term: 1 index: 2. (index mismatch)
I20260601 13:31:52.846763  8017 consensus_queue.cc:1048] T 9bbc736b36924c678caf03d02ec12008 P 1a540eac9822469a95960432d265efc8 [LEADER]: Connected to new peer: Peer: permanent_uuid: "2a47f99cd42b4273aaf7e2903509e42b" member_type: VOTER last_known_addr { host: "127.4.174.129" port: 36907 } attrs { replace: true }, Status: LMP_MISMATCH, Last received: 0.0, Next index: 2, Last known committed idx: 1, Time since last communication: 0.000s
I20260601 13:31:52.847046  8017 consensus_queue.cc:1048] T 9bbc736b36924c678caf03d02ec12008 P 1a540eac9822469a95960432d265efc8 [LEADER]: Connected to new peer: Peer: permanent_uuid: "91fb998748b64cadb5dba70f499b367f" member_type: VOTER last_known_addr { host: "127.4.174.131" port: 38785 }, Status: LMP_MISMATCH, Last received: 0.0, Next index: 2, Last known committed idx: 1, Time since last communication: 0.000s
I20260601 13:31:52.848538  7984 raft_consensus.cc:2955] T 9bbc736b36924c678caf03d02ec12008 P 1a540eac9822469a95960432d265efc8 [term 1 LEADER]: Committing config change with OpId 1.2: config changed from index -1 to 2, NON_VOTER 69302ac84e654adfb04f049ff94fee52 (127.4.174.132) added. New config: { opid_index: 2 OBSOLETE_local: false peers { permanent_uuid: "2a47f99cd42b4273aaf7e2903509e42b" member_type: VOTER last_known_addr { host: "127.4.174.129" port: 36907 } attrs { replace: true } } peers { permanent_uuid: "1a540eac9822469a95960432d265efc8" member_type: VOTER last_known_addr { host: "127.4.174.130" port: 35333 } } peers { permanent_uuid: "91fb998748b64cadb5dba70f499b367f" member_type: VOTER last_known_addr { host: "127.4.174.131" port: 38785 } } peers { permanent_uuid: "69302ac84e654adfb04f049ff94fee52" member_type: NON_VOTER last_known_addr { host: "127.4.174.132" port: 38445 } attrs { promote: true } } }
I20260601 13:31:52.849058  7777 raft_consensus.cc:2955] T 9bbc736b36924c678caf03d02ec12008 P 2a47f99cd42b4273aaf7e2903509e42b [term 1 FOLLOWER]: Committing config change with OpId 1.2: config changed from index -1 to 2, NON_VOTER 69302ac84e654adfb04f049ff94fee52 (127.4.174.132) added. New config: { opid_index: 2 OBSOLETE_local: false peers { permanent_uuid: "2a47f99cd42b4273aaf7e2903509e42b" member_type: VOTER last_known_addr { host: "127.4.174.129" port: 36907 } attrs { replace: true } } peers { permanent_uuid: "1a540eac9822469a95960432d265efc8" member_type: VOTER last_known_addr { host: "127.4.174.130" port: 35333 } } peers { permanent_uuid: "91fb998748b64cadb5dba70f499b367f" member_type: VOTER last_known_addr { host: "127.4.174.131" port: 38785 } } peers { permanent_uuid: "69302ac84e654adfb04f049ff94fee52" member_type: NON_VOTER last_known_addr { host: "127.4.174.132" port: 38445 } attrs { promote: true } } }
I20260601 13:31:52.850833  7930 raft_consensus.cc:2955] T 9bbc736b36924c678caf03d02ec12008 P 91fb998748b64cadb5dba70f499b367f [term 1 FOLLOWER]: Committing config change with OpId 1.2: config changed from index -1 to 2, NON_VOTER 69302ac84e654adfb04f049ff94fee52 (127.4.174.132) added. New config: { opid_index: 2 OBSOLETE_local: false peers { permanent_uuid: "2a47f99cd42b4273aaf7e2903509e42b" member_type: VOTER last_known_addr { host: "127.4.174.129" port: 36907 } attrs { replace: true } } peers { permanent_uuid: "1a540eac9822469a95960432d265efc8" member_type: VOTER last_known_addr { host: "127.4.174.130" port: 35333 } } peers { permanent_uuid: "91fb998748b64cadb5dba70f499b367f" member_type: VOTER last_known_addr { host: "127.4.174.131" port: 38785 } } peers { permanent_uuid: "69302ac84e654adfb04f049ff94fee52" member_type: NON_VOTER last_known_addr { host: "127.4.174.132" port: 38445 } attrs { promote: true } } }
