I20260601 13:32:26.497196  9473 raft_consensus.cc:515] T 680ba5e178ca4877b825723e3d0d27b9 P 18d804b1adfc47aeb6bc75c48d7b1340 [term 1 FOLLOWER]: Starting leader election with config: opid_index: -1 OBSOLETE_local: false peers { permanent_uuid: "8587926d12ef472d8523ca2b56580e34" member_type: VOTER last_known_addr { host: "127.4.174.131" port: 33203 } } peers { permanent_uuid: "ac14d99ee02e47f3b7dc96bee21b8699" member_type: VOTER last_known_addr { host: "127.4.174.130" port: 36885 } } peers { permanent_uuid: "18d804b1adfc47aeb6bc75c48d7b1340" member_type: VOTER last_known_addr { host: "127.4.174.129" port: 40711 } }
I20260601 13:32:26.497202  9497 raft_consensus.cc:515] T 680ba5e178ca4877b825723e3d0d27b9 P ac14d99ee02e47f3b7dc96bee21b8699 [term 1 FOLLOWER]: Starting leader election with config: opid_index: -1 OBSOLETE_local: false peers { permanent_uuid: "8587926d12ef472d8523ca2b56580e34" member_type: VOTER last_known_addr { host: "127.4.174.131" port: 33203 } } peers { permanent_uuid: "ac14d99ee02e47f3b7dc96bee21b8699" member_type: VOTER last_known_addr { host: "127.4.174.130" port: 36885 } } peers { permanent_uuid: "18d804b1adfc47aeb6bc75c48d7b1340" member_type: VOTER last_known_addr { host: "127.4.174.129" port: 40711 } }
I20260601 13:32:26.497593  9473 leader_election.cc:290] T 680ba5e178ca4877b825723e3d0d27b9 P 18d804b1adfc47aeb6bc75c48d7b1340 [CANDIDATE]: Term 1 election: Requested vote from peers 8587926d12ef472d8523ca2b56580e34 (127.4.174.131:33203), ac14d99ee02e47f3b7dc96bee21b8699 (127.4.174.130:36885)
I20260601 13:32:26.497681  9497 leader_election.cc:290] T 680ba5e178ca4877b825723e3d0d27b9 P ac14d99ee02e47f3b7dc96bee21b8699 [CANDIDATE]: Term 1 election: Requested vote from peers 8587926d12ef472d8523ca2b56580e34 (127.4.174.131:33203), 18d804b1adfc47aeb6bc75c48d7b1340 (127.4.174.129:40711)
I20260601 13:32:26.497951  9391 tablet_service.cc:1917] Received RequestConsensusVote() RPC: tablet_id: "680ba5e178ca4877b825723e3d0d27b9" candidate_uuid: "18d804b1adfc47aeb6bc75c48d7b1340" candidate_term: 1 candidate_status { last_received { term: 0 index: 0 } } ignore_live_leader: false dest_uuid: "8587926d12ef472d8523ca2b56580e34"
I20260601 13:32:26.498009  9316 tablet_service.cc:1917] Received RequestConsensusVote() RPC: tablet_id: "680ba5e178ca4877b825723e3d0d27b9" candidate_uuid: "18d804b1adfc47aeb6bc75c48d7b1340" candidate_term: 1 candidate_status { last_received { term: 0 index: 0 } } ignore_live_leader: false dest_uuid: "ac14d99ee02e47f3b7dc96bee21b8699"
I20260601 13:32:26.497996  9392 tablet_service.cc:1917] Received RequestConsensusVote() RPC: tablet_id: "680ba5e178ca4877b825723e3d0d27b9" candidate_uuid: "ac14d99ee02e47f3b7dc96bee21b8699" candidate_term: 1 candidate_status { last_received { term: 0 index: 0 } } ignore_live_leader: false dest_uuid: "8587926d12ef472d8523ca2b56580e34"
I20260601 13:32:26.498070  9391 raft_consensus.cc:3060] T 680ba5e178ca4877b825723e3d0d27b9 P 8587926d12ef472d8523ca2b56580e34 [term 0 FOLLOWER]: Advancing to term 1
I20260601 13:32:26.498009  9240 tablet_service.cc:1917] Received RequestConsensusVote() RPC: tablet_id: "680ba5e178ca4877b825723e3d0d27b9" candidate_uuid: "ac14d99ee02e47f3b7dc96bee21b8699" candidate_term: 1 candidate_status { last_received { term: 0 index: 0 } } ignore_live_leader: false dest_uuid: "18d804b1adfc47aeb6bc75c48d7b1340"
I20260601 13:32:26.498270  9316 raft_consensus.cc:2393] T 680ba5e178ca4877b825723e3d0d27b9 P ac14d99ee02e47f3b7dc96bee21b8699 [term 1 FOLLOWER]: Leader election vote request: Denying vote to candidate 18d804b1adfc47aeb6bc75c48d7b1340 in current term 1: Already voted for candidate ac14d99ee02e47f3b7dc96bee21b8699 in this term.
I20260601 13:32:26.498304  9240 raft_consensus.cc:2393] T 680ba5e178ca4877b825723e3d0d27b9 P 18d804b1adfc47aeb6bc75c48d7b1340 [term 1 FOLLOWER]: Leader election vote request: Denying vote to candidate ac14d99ee02e47f3b7dc96bee21b8699 in current term 1: Already voted for candidate 18d804b1adfc47aeb6bc75c48d7b1340 in this term.
I20260601 13:32:26.498544  9283 leader_election.cc:304] T 680ba5e178ca4877b825723e3d0d27b9 P ac14d99ee02e47f3b7dc96bee21b8699 [CANDIDATE]: Term 1 election: Election decided. Result: candidate lost. Election summary: received 3 responses out of 3 voters: 1 yes votes; 2 no votes. yes voters: ac14d99ee02e47f3b7dc96bee21b8699; no voters: 18d804b1adfc47aeb6bc75c48d7b1340, 8587926d12ef472d8523ca2b56580e34
I20260601 13:32:26.498715  9497 raft_consensus.cc:2749] T 680ba5e178ca4877b825723e3d0d27b9 P ac14d99ee02e47f3b7dc96bee21b8699 [term 1 FOLLOWER]: Leader election lost for term 1. Reason: could not achieve majority
I20260601 13:32:26.499131  9391 raft_consensus.cc:2468] T 680ba5e178ca4877b825723e3d0d27b9 P 8587926d12ef472d8523ca2b56580e34 [term 1 FOLLOWER]: Leader election vote request: Granting yes vote for candidate 18d804b1adfc47aeb6bc75c48d7b1340 in term 1.
I20260601 13:32:26.499413  9204 leader_election.cc:304] T 680ba5e178ca4877b825723e3d0d27b9 P 18d804b1adfc47aeb6bc75c48d7b1340 [CANDIDATE]: Term 1 election: Election decided. Result: candidate won. Election summary: received 3 responses out of 3 voters: 2 yes votes; 1 no votes. yes voters: 18d804b1adfc47aeb6bc75c48d7b1340, 8587926d12ef472d8523ca2b56580e34; no voters: ac14d99ee02e47f3b7dc96bee21b8699
I20260601 13:32:26.499605  9473 raft_consensus.cc:2804] T 680ba5e178ca4877b825723e3d0d27b9 P 18d804b1adfc47aeb6bc75c48d7b1340 [term 1 FOLLOWER]: Leader election won for term 1
I20260601 13:32:26.499711  9473 raft_consensus.cc:697] T 680ba5e178ca4877b825723e3d0d27b9 P 18d804b1adfc47aeb6bc75c48d7b1340 [term 1 LEADER]: Becoming Leader. State: Replica: 18d804b1adfc47aeb6bc75c48d7b1340, State: Running, Role: LEADER
I20260601 13:32:26.499850  9473 consensus_queue.cc:237] T 680ba5e178ca4877b825723e3d0d27b9 P 18d804b1adfc47aeb6bc75c48d7b1340 [LEADER]: Queue going to LEADER mode. State: All replicated index: 0, Majority replicated index: 0, Committed index: 0, Last appended: 0.0, Last appended by leader: 0, Current term: 1, Majority size: 2, State: 0, Mode: LEADER, active raft config: opid_index: -1 OBSOLETE_local: false peers { permanent_uuid: "8587926d12ef472d8523ca2b56580e34" member_type: VOTER last_known_addr { host: "127.4.174.131" port: 33203 } } peers { permanent_uuid: "ac14d99ee02e47f3b7dc96bee21b8699" member_type: VOTER last_known_addr { host: "127.4.174.130" port: 36885 } } peers { permanent_uuid: "18d804b1adfc47aeb6bc75c48d7b1340" member_type: VOTER last_known_addr { host: "127.4.174.129" port: 40711 } }
I20260601 13:32:26.501519  9136 catalog_manager.cc:5696] T 680ba5e178ca4877b825723e3d0d27b9 P 18d804b1adfc47aeb6bc75c48d7b1340 reported cstate change: term changed from 0 to 1, leader changed from <none> to 18d804b1adfc47aeb6bc75c48d7b1340 (127.4.174.129). New cstate: current_term: 1 leader_uuid: "18d804b1adfc47aeb6bc75c48d7b1340" committed_config { opid_index: -1 OBSOLETE_local: false peers { permanent_uuid: "8587926d12ef472d8523ca2b56580e34" member_type: VOTER last_known_addr { host: "127.4.174.131" port: 33203 } health_report { overall_health: UNKNOWN } } peers { permanent_uuid: "ac14d99ee02e47f3b7dc96bee21b8699" member_type: VOTER last_known_addr { host: "127.4.174.130" port: 36885 } health_report { overall_health: UNKNOWN } } peers { permanent_uuid: "18d804b1adfc47aeb6bc75c48d7b1340" member_type: VOTER last_known_addr { host: "127.4.174.129" port: 40711 } health_report { overall_health: HEALTHY } } }
I20260601 13:32:26.533584  9447 raft_consensus.cc:493] T 3e3e4eb84780417a94b2c159f8bfd507 P 8587926d12ef472d8523ca2b56580e34 [term 0 FOLLOWER]: Starting pre-election (no leader contacted us within the election timeout)
I20260601 13:32:26.533756  9447 raft_consensus.cc:515] T 3e3e4eb84780417a94b2c159f8bfd507 P 8587926d12ef472d8523ca2b56580e34 [term 0 FOLLOWER]: Starting pre-election with config: opid_index: -1 OBSOLETE_local: false peers { permanent_uuid: "18d804b1adfc47aeb6bc75c48d7b1340" member_type: VOTER last_known_addr { host: "127.4.174.129" port: 40711 } } peers { permanent_uuid: "ac14d99ee02e47f3b7dc96bee21b8699" member_type: VOTER last_known_addr { host: "127.4.174.130" port: 36885 } } peers { permanent_uuid: "8587926d12ef472d8523ca2b56580e34" member_type: VOTER last_known_addr { host: "127.4.174.131" port: 33203 } }
I20260601 13:32:26.534245  9447 leader_election.cc:290] T 3e3e4eb84780417a94b2c159f8bfd507 P 8587926d12ef472d8523ca2b56580e34 [CANDIDATE]: Term 1 pre-election: Requested pre-vote from peers 18d804b1adfc47aeb6bc75c48d7b1340 (127.4.174.129:40711), ac14d99ee02e47f3b7dc96bee21b8699 (127.4.174.130:36885)
I20260601 13:32:26.534657  9316 tablet_service.cc:1917] Received RequestConsensusVote() RPC: tablet_id: "3e3e4eb84780417a94b2c159f8bfd507" candidate_uuid: "8587926d12ef472d8523ca2b56580e34" candidate_term: 1 candidate_status { last_received { term: 0 index: 0 } } ignore_live_leader: false dest_uuid: "ac14d99ee02e47f3b7dc96bee21b8699" is_pre_election: true
I20260601 13:32:26.534678  9240 tablet_service.cc:1917] Received RequestConsensusVote() RPC: tablet_id: "3e3e4eb84780417a94b2c159f8bfd507" candidate_uuid: "8587926d12ef472d8523ca2b56580e34" candidate_term: 1 candidate_status { last_received { term: 0 index: 0 } } ignore_live_leader: false dest_uuid: "18d804b1adfc47aeb6bc75c48d7b1340" is_pre_election: true
I20260601 13:32:26.534822  9316 raft_consensus.cc:2468] T 3e3e4eb84780417a94b2c159f8bfd507 P ac14d99ee02e47f3b7dc96bee21b8699 [term 0 FOLLOWER]: Leader pre-election vote request: Granting yes vote for candidate 8587926d12ef472d8523ca2b56580e34 in term 0.
I20260601 13:32:26.534879  9240 raft_consensus.cc:2468] T 3e3e4eb84780417a94b2c159f8bfd507 P 18d804b1adfc47aeb6bc75c48d7b1340 [term 0 FOLLOWER]: Leader pre-election vote request: Granting yes vote for candidate 8587926d12ef472d8523ca2b56580e34 in term 0.
I20260601 13:32:26.535121  9355 leader_election.cc:304] T 3e3e4eb84780417a94b2c159f8bfd507 P 8587926d12ef472d8523ca2b56580e34 [CANDIDATE]: Term 1 pre-election: Election decided. Result: candidate won. Election summary: received 2 responses out of 3 voters: 2 yes votes; 0 no votes. yes voters: 8587926d12ef472d8523ca2b56580e34, ac14d99ee02e47f3b7dc96bee21b8699; no voters: 
I20260601 13:32:26.535346  9447 raft_consensus.cc:2804] T 3e3e4eb84780417a94b2c159f8bfd507 P 8587926d12ef472d8523ca2b56580e34 [term 0 FOLLOWER]: Leader pre-election won for term 1
I20260601 13:32:26.535409  9447 raft_consensus.cc:493] T 3e3e4eb84780417a94b2c159f8bfd507 P 8587926d12ef472d8523ca2b56580e34 [term 0 FOLLOWER]: Starting leader election (no leader contacted us within the election timeout)
I20260601 13:32:26.535437  9447 raft_consensus.cc:3060] T 3e3e4eb84780417a94b2c159f8bfd507 P 8587926d12ef472d8523ca2b56580e34 [term 0 FOLLOWER]: Advancing to term 1
I20260601 13:32:26.536229  9447 raft_consensus.cc:515] T 3e3e4eb84780417a94b2c159f8bfd507 P 8587926d12ef472d8523ca2b56580e34 [term 1 FOLLOWER]: Starting leader election with config: opid_index: -1 OBSOLETE_local: false peers { permanent_uuid: "18d804b1adfc47aeb6bc75c48d7b1340" member_type: VOTER last_known_addr { host: "127.4.174.129" port: 40711 } } peers { permanent_uuid: "ac14d99ee02e47f3b7dc96bee21b8699" member_type: VOTER last_known_addr { host: "127.4.174.130" port: 36885 } } peers { permanent_uuid: "8587926d12ef472d8523ca2b56580e34" member_type: VOTER last_known_addr { host: "127.4.174.131" port: 33203 } }
I20260601 13:32:26.536588  9447 leader_election.cc:290] T 3e3e4eb84780417a94b2c159f8bfd507 P 8587926d12ef472d8523ca2b56580e34 [CANDIDATE]: Term 1 election: Requested vote from peers 18d804b1adfc47aeb6bc75c48d7b1340 (127.4.174.129:40711), ac14d99ee02e47f3b7dc96bee21b8699 (127.4.174.130:36885)
I20260601 13:32:26.536904  9316 tablet_service.cc:1917] Received RequestConsensusVote() RPC: tablet_id: "3e3e4eb84780417a94b2c159f8bfd507" candidate_uuid: "8587926d12ef472d8523ca2b56580e34" candidate_term: 1 candidate_status { last_received { term: 0 index: 0 } } ignore_live_leader: false dest_uuid: "ac14d99ee02e47f3b7dc96bee21b8699"
I20260601 13:32:26.536883  9240 tablet_service.cc:1917] Received RequestConsensusVote() RPC: tablet_id: "3e3e4eb84780417a94b2c159f8bfd507" candidate_uuid: "8587926d12ef472d8523ca2b56580e34" candidate_term: 1 candidate_status { last_received { term: 0 index: 0 } } ignore_live_leader: false dest_uuid: "18d804b1adfc47aeb6bc75c48d7b1340"
I20260601 13:32:26.537001  9316 raft_consensus.cc:3060] T 3e3e4eb84780417a94b2c159f8bfd507 P ac14d99ee02e47f3b7dc96bee21b8699 [term 0 FOLLOWER]: Advancing to term 1
I20260601 13:32:26.537071  9240 raft_consensus.cc:3060] T 3e3e4eb84780417a94b2c159f8bfd507 P 18d804b1adfc47aeb6bc75c48d7b1340 [term 0 FOLLOWER]: Advancing to term 1
I20260601 13:32:26.537742  9316 raft_consensus.cc:2468] T 3e3e4eb84780417a94b2c159f8bfd507 P ac14d99ee02e47f3b7dc96bee21b8699 [term 1 FOLLOWER]: Leader election vote request: Granting yes vote for candidate 8587926d12ef472d8523ca2b56580e34 in term 1.
I20260601 13:32:26.537827  9240 raft_consensus.cc:2468] T 3e3e4eb84780417a94b2c159f8bfd507 P 18d804b1adfc47aeb6bc75c48d7b1340 [term 1 FOLLOWER]: Leader election vote request: Granting yes vote for candidate 8587926d12ef472d8523ca2b56580e34 in term 1.
I20260601 13:32:26.538049  9355 leader_election.cc:304] T 3e3e4eb84780417a94b2c159f8bfd507 P 8587926d12ef472d8523ca2b56580e34 [CANDIDATE]: Term 1 election: Election decided. Result: candidate won. Election summary: received 2 responses out of 3 voters: 2 yes votes; 0 no votes. yes voters: 8587926d12ef472d8523ca2b56580e34, ac14d99ee02e47f3b7dc96bee21b8699; no voters: 
I20260601 13:32:26.538206  9447 raft_consensus.cc:2804] T 3e3e4eb84780417a94b2c159f8bfd507 P 8587926d12ef472d8523ca2b56580e34 [term 1 FOLLOWER]: Leader election won for term 1
I20260601 13:32:26.538295  9447 raft_consensus.cc:697] T 3e3e4eb84780417a94b2c159f8bfd507 P 8587926d12ef472d8523ca2b56580e34 [term 1 LEADER]: Becoming Leader. State: Replica: 8587926d12ef472d8523ca2b56580e34, State: Running, Role: LEADER
I20260601 13:32:26.538435  9447 consensus_queue.cc:237] T 3e3e4eb84780417a94b2c159f8bfd507 P 8587926d12ef472d8523ca2b56580e34 [LEADER]: Queue going to LEADER mode. State: All replicated index: 0, Majority replicated index: 0, Committed index: 0, Last appended: 0.0, Last appended by leader: 0, Current term: 1, Majority size: 2, State: 0, Mode: LEADER, active raft config: opid_index: -1 OBSOLETE_local: false peers { permanent_uuid: "18d804b1adfc47aeb6bc75c48d7b1340" member_type: VOTER last_known_addr { host: "127.4.174.129" port: 40711 } } peers { permanent_uuid: "ac14d99ee02e47f3b7dc96bee21b8699" member_type: VOTER last_known_addr { host: "127.4.174.130" port: 36885 } } peers { permanent_uuid: "8587926d12ef472d8523ca2b56580e34" member_type: VOTER last_known_addr { host: "127.4.174.131" port: 33203 } }
I20260601 13:32:26.540064  9136 catalog_manager.cc:5696] T 3e3e4eb84780417a94b2c159f8bfd507 P 8587926d12ef472d8523ca2b56580e34 reported cstate change: term changed from 0 to 1, leader changed from <none> to 8587926d12ef472d8523ca2b56580e34 (127.4.174.131). New cstate: current_term: 1 leader_uuid: "8587926d12ef472d8523ca2b56580e34" committed_config { opid_index: -1 OBSOLETE_local: false peers { permanent_uuid: "18d804b1adfc47aeb6bc75c48d7b1340" member_type: VOTER last_known_addr { host: "127.4.174.129" port: 40711 } health_report { overall_health: UNKNOWN } } peers { permanent_uuid: "ac14d99ee02e47f3b7dc96bee21b8699" member_type: VOTER last_known_addr { host: "127.4.174.130" port: 36885 } health_report { overall_health: UNKNOWN } } peers { permanent_uuid: "8587926d12ef472d8523ca2b56580e34" member_type: VOTER last_known_addr { host: "127.4.174.131" port: 33203 } health_report { overall_health: HEALTHY } } }
I20260601 13:32:26.642504  9316 raft_consensus.cc:1275] T bea40cdcaaae4c368202dcd57306dde5 P ac14d99ee02e47f3b7dc96bee21b8699 [term 1 FOLLOWER]: Refusing update from remote peer 18d804b1adfc47aeb6bc75c48d7b1340: Log matching property violated. Preceding OpId in replica: term: 0 index: 0. Preceding OpId from leader: term: 1 index: 2. (index mismatch)
I20260601 13:32:26.643321  9392 raft_consensus.cc:1275] T 69b69436d72e47e99dcf624b678a355f P 8587926d12ef472d8523ca2b56580e34 [term 1 FOLLOWER]: Refusing update from remote peer ac14d99ee02e47f3b7dc96bee21b8699: Log matching property violated. Preceding OpId in replica: term: 0 index: 0. Preceding OpId from leader: term: 1 index: 2. (index mismatch)
I20260601 13:32:26.643376  9391 raft_consensus.cc:1275] T bea40cdcaaae4c368202dcd57306dde5 P 8587926d12ef472d8523ca2b56580e34 [term 1 FOLLOWER]: Refusing update from remote peer 18d804b1adfc47aeb6bc75c48d7b1340: Log matching property violated. Preceding OpId in replica: term: 0 index: 0. Preceding OpId from leader: term: 1 index: 2. (index mismatch)
I20260601 13:32:26.644361  9240 raft_consensus.cc:1275] T 69b69436d72e47e99dcf624b678a355f P 18d804b1adfc47aeb6bc75c48d7b1340 [term 1 FOLLOWER]: Refusing update from remote peer ac14d99ee02e47f3b7dc96bee21b8699: Log matching property violated. Preceding OpId in replica: term: 0 index: 0. Preceding OpId from leader: term: 1 index: 2. (index mismatch)
I20260601 13:32:26.644812  9497 consensus_queue.cc:1048] T 69b69436d72e47e99dcf624b678a355f P ac14d99ee02e47f3b7dc96bee21b8699 [LEADER]: Connected to new peer: Peer: permanent_uuid: "18d804b1adfc47aeb6bc75c48d7b1340" member_type: VOTER last_known_addr { host: "127.4.174.129" port: 40711 }, Status: LMP_MISMATCH, Last received: 0.0, Next index: 1, Last known committed idx: 0, Time since last communication: 0.000s
I20260601 13:32:26.646548  9444 consensus_queue.cc:1048] T 69b69436d72e47e99dcf624b678a355f P ac14d99ee02e47f3b7dc96bee21b8699 [LEADER]: Connected to new peer: Peer: permanent_uuid: "8587926d12ef472d8523ca2b56580e34" member_type: VOTER last_known_addr { host: "127.4.174.131" port: 33203 }, Status: LMP_MISMATCH, Last received: 0.0, Next index: 1, Last known committed idx: 0, Time since last communication: 0.000s
I20260601 13:32:26.647284  9241 raft_consensus.cc:1275] T 7bf537b157a64546844e7d7e904f300d P 18d804b1adfc47aeb6bc75c48d7b1340 [term 1 FOLLOWER]: Refusing update from remote peer ac14d99ee02e47f3b7dc96bee21b8699: Log matching property violated. Preceding OpId in replica: term: 0 index: 0. Preceding OpId from leader: term: 1 index: 2. (index mismatch)
I20260601 13:32:26.647430  9392 raft_consensus.cc:1275] T db8daf5f490f4d5eb023a287d16fc798 P 8587926d12ef472d8523ca2b56580e34 [term 1 FOLLOWER]: Refusing update from remote peer 18d804b1adfc47aeb6bc75c48d7b1340: Log matching property violated. Preceding OpId in replica: term: 0 index: 0. Preceding OpId from leader: term: 1 index: 2. (index mismatch)
I20260601 13:32:26.647707  9390 raft_consensus.cc:1275] T 07a32e884d474b8fa252e24c853530af P 8587926d12ef472d8523ca2b56580e34 [term 1 FOLLOWER]: Refusing update from remote peer 18d804b1adfc47aeb6bc75c48d7b1340: Log matching property violated. Preceding OpId in replica: term: 0 index: 0. Preceding OpId from leader: term: 1 index: 2. (index mismatch)
I20260601 13:32:26.647883  9474 consensus_queue.cc:1048] T bea40cdcaaae4c368202dcd57306dde5 P 18d804b1adfc47aeb6bc75c48d7b1340 [LEADER]: Connected to new peer: Peer: permanent_uuid: "ac14d99ee02e47f3b7dc96bee21b8699" member_type: VOTER last_known_addr { host: "127.4.174.130" port: 36885 }, Status: LMP_MISMATCH, Last received: 0.0, Next index: 1, Last known committed idx: 0, Time since last communication: 0.000s
I20260601 13:32:26.647997  9314 raft_consensus.cc:1275] T 7b18b819789c49d79928271e38c2edb6 P ac14d99ee02e47f3b7dc96bee21b8699 [term 1 FOLLOWER]: Refusing update from remote peer 18d804b1adfc47aeb6bc75c48d7b1340: Log matching property violated. Preceding OpId in replica: term: 0 index: 0. Preceding OpId from leader: term: 1 index: 2. (index mismatch)
I20260601 13:32:26.648026  9317 raft_consensus.cc:1275] T db8daf5f490f4d5eb023a287d16fc798 P ac14d99ee02e47f3b7dc96bee21b8699 [term 1 FOLLOWER]: Refusing update from remote peer 18d804b1adfc47aeb6bc75c48d7b1340: Log matching property violated. Preceding OpId in replica: term: 0 index: 0. Preceding OpId from leader: term: 1 index: 2. (index mismatch)
I20260601 13:32:26.648164  9474 consensus_queue.cc:1048] T bea40cdcaaae4c368202dcd57306dde5 P 18d804b1adfc47aeb6bc75c48d7b1340 [LEADER]: Connected to new peer: Peer: permanent_uuid: "8587926d12ef472d8523ca2b56580e34" member_type: VOTER last_known_addr { host: "127.4.174.131" port: 33203 }, Status: LMP_MISMATCH, Last received: 0.0, Next index: 1, Last known committed idx: 0, Time since last communication: 0.000s
I20260601 13:32:26.648716  9391 raft_consensus.cc:1275] T 330083d314224691a5881b5aad836157 P 8587926d12ef472d8523ca2b56580e34 [term 1 FOLLOWER]: Refusing update from remote peer 18d804b1adfc47aeb6bc75c48d7b1340: Log matching property violated. Preceding OpId in replica: term: 0 index: 0. Preceding OpId from leader: term: 1 index: 2. (index mismatch)
I20260601 13:32:26.647898  9315 raft_consensus.cc:1275] T 07a32e884d474b8fa252e24c853530af P ac14d99ee02e47f3b7dc96bee21b8699 [term 1 FOLLOWER]: Refusing update from remote peer 18d804b1adfc47aeb6bc75c48d7b1340: Log matching property violated. Preceding OpId in replica: term: 0 index: 0. Preceding OpId from leader: term: 1 index: 2. (index mismatch)
I20260601 13:32:26.649116  9316 raft_consensus.cc:1275] T 330083d314224691a5881b5aad836157 P ac14d99ee02e47f3b7dc96bee21b8699 [term 1 FOLLOWER]: Refusing update from remote peer 18d804b1adfc47aeb6bc75c48d7b1340: Log matching property violated. Preceding OpId in replica: term: 0 index: 0. Preceding OpId from leader: term: 1 index: 2. (index mismatch)
I20260601 13:32:26.649533  9497 consensus_queue.cc:1048] T 7bf537b157a64546844e7d7e904f300d P ac14d99ee02e47f3b7dc96bee21b8699 [LEADER]: Connected to new peer: Peer: permanent_uuid: "18d804b1adfc47aeb6bc75c48d7b1340" member_type: VOTER last_known_addr { host: "127.4.174.129" port: 40711 }, Status: LMP_MISMATCH, Last received: 0.0, Next index: 1, Last known committed idx: 0, Time since last communication: 0.000s
I20260601 13:32:26.651865  9474 consensus_queue.cc:1048] T 7b18b819789c49d79928271e38c2edb6 P 18d804b1adfc47aeb6bc75c48d7b1340 [LEADER]: Connected to new peer: Peer: permanent_uuid: "ac14d99ee02e47f3b7dc96bee21b8699" member_type: VOTER last_known_addr { host: "127.4.174.130" port: 36885 }, Status: LMP_MISMATCH, Last received: 0.0, Next index: 1, Last known committed idx: 0, Time since last communication: 0.000s
I20260601 13:32:26.652103  9239 raft_consensus.cc:1275] T 3e3e4eb84780417a94b2c159f8bfd507 P 18d804b1adfc47aeb6bc75c48d7b1340 [term 1 FOLLOWER]: Refusing update from remote peer 8587926d12ef472d8523ca2b56580e34: Log matching property violated. Preceding OpId in replica: term: 0 index: 0. Preceding OpId from leader: term: 1 index: 2. (index mismatch)
I20260601 13:32:26.652154  9474 consensus_queue.cc:1048] T db8daf5f490f4d5eb023a287d16fc798 P 18d804b1adfc47aeb6bc75c48d7b1340 [LEADER]: Connected to new peer: Peer: permanent_uuid: "ac14d99ee02e47f3b7dc96bee21b8699" member_type: VOTER last_known_addr { host: "127.4.174.130" port: 36885 }, Status: LMP_MISMATCH, Last received: 0.0, Next index: 1, Last known committed idx: 0, Time since last communication: 0.000s
I20260601 13:32:26.652364  9390 raft_consensus.cc:1275] T 7b18b819789c49d79928271e38c2edb6 P 8587926d12ef472d8523ca2b56580e34 [term 1 FOLLOWER]: Refusing update from remote peer 18d804b1adfc47aeb6bc75c48d7b1340: Log matching property violated. Preceding OpId in replica: term: 0 index: 0. Preceding OpId from leader: term: 1 index: 2. (index mismatch)
I20260601 13:32:26.652400  9388 raft_consensus.cc:1275] T 680ba5e178ca4877b825723e3d0d27b9 P 8587926d12ef472d8523ca2b56580e34 [term 1 FOLLOWER]: Refusing update from remote peer 18d804b1adfc47aeb6bc75c48d7b1340: Log matching property violated. Preceding OpId in replica: term: 0 index: 0. Preceding OpId from leader: term: 1 index: 2. (index mismatch)
I20260601 13:32:26.652724  9238 raft_consensus.cc:1275] T 9b82c23fefc84b11a59ff70571d4b01f P 18d804b1adfc47aeb6bc75c48d7b1340 [term 1 FOLLOWER]: Refusing update from remote peer 8587926d12ef472d8523ca2b56580e34: Log matching property violated. Preceding OpId in replica: term: 0 index: 0. Preceding OpId from leader: term: 1 index: 2. (index mismatch)
I20260601 13:32:26.652745  9392 raft_consensus.cc:1275] T 7bf537b157a64546844e7d7e904f300d P 8587926d12ef472d8523ca2b56580e34 [term 1 FOLLOWER]: Refusing update from remote peer ac14d99ee02e47f3b7dc96bee21b8699: Log matching property violated. Preceding OpId in replica: term: 0 index: 0. Preceding OpId from leader: term: 1 index: 2. (index mismatch)
I20260601 13:32:26.652993  9237 raft_consensus.cc:1275] T 32ff0b199dad4af8bbbb5d1f3133c9ac P 18d804b1adfc47aeb6bc75c48d7b1340 [term 1 FOLLOWER]: Refusing update from remote peer 8587926d12ef472d8523ca2b56580e34: Log matching property violated. Preceding OpId in replica: term: 0 index: 0. Preceding OpId from leader: term: 1 index: 2. (index mismatch)
I20260601 13:32:26.653160  9473 consensus_queue.cc:1048] T 330083d314224691a5881b5aad836157 P 18d804b1adfc47aeb6bc75c48d7b1340 [LEADER]: Connected to new peer: Peer: permanent_uuid: "ac14d99ee02e47f3b7dc96bee21b8699" member_type: VOTER last_known_addr { host: "127.4.174.130" port: 36885 }, Status: LMP_MISMATCH, Last received: 0.0, Next index: 1, Last known committed idx: 0, Time since last communication: 0.000s
I20260601 13:32:26.653398  9473 consensus_queue.cc:1048] T db8daf5f490f4d5eb023a287d16fc798 P 18d804b1adfc47aeb6bc75c48d7b1340 [LEADER]: Connected to new peer: Peer: permanent_uuid: "8587926d12ef472d8523ca2b56580e34" member_type: VOTER last_known_addr { host: "127.4.174.131" port: 33203 }, Status: LMP_MISMATCH, Last received: 0.0, Next index: 1, Last known committed idx: 0, Time since last communication: 0.000s
I20260601 13:32:26.653551  9315 raft_consensus.cc:1275] T 9b82c23fefc84b11a59ff70571d4b01f P ac14d99ee02e47f3b7dc96bee21b8699 [term 1 FOLLOWER]: Refusing update from remote peer 8587926d12ef472d8523ca2b56580e34: Log matching property violated. Preceding OpId in replica: term: 0 index: 0. Preceding OpId from leader: term: 1 index: 2. (index mismatch)
I20260601 13:32:26.653811  9314 raft_consensus.cc:1275] T 2bd272d028ac4b30868e1bfebc0eb1c5 P ac14d99ee02e47f3b7dc96bee21b8699 [term 1 FOLLOWER]: Refusing update from remote peer 8587926d12ef472d8523ca2b56580e34: Log matching property violated. Preceding OpId in replica: term: 0 index: 0. Preceding OpId from leader: term: 1 index: 2. (index mismatch)
I20260601 13:32:26.653407  9317 raft_consensus.cc:1275] T 32ff0b199dad4af8bbbb5d1f3133c9ac P ac14d99ee02e47f3b7dc96bee21b8699 [term 1 FOLLOWER]: Refusing update from remote peer 8587926d12ef472d8523ca2b56580e34: Log matching property violated. Preceding OpId in replica: term: 0 index: 0. Preceding OpId from leader: term: 1 index: 2. (index mismatch)
I20260601 13:32:26.654672  9237 raft_consensus.cc:1275] T 2bd272d028ac4b30868e1bfebc0eb1c5 P 18d804b1adfc47aeb6bc75c48d7b1340 [term 1 FOLLOWER]: Refusing update from remote peer 8587926d12ef472d8523ca2b56580e34: Log matching property violated. Preceding OpId in replica: term: 0 index: 0. Preceding OpId from leader: term: 1 index: 2. (index mismatch)
I20260601 13:32:26.654775  9447 consensus_queue.cc:1048] T 3e3e4eb84780417a94b2c159f8bfd507 P 8587926d12ef472d8523ca2b56580e34 [LEADER]: Connected to new peer: Peer: permanent_uuid: "18d804b1adfc47aeb6bc75c48d7b1340" member_type: VOTER last_known_addr { host: "127.4.174.129" port: 40711 }, Status: LMP_MISMATCH, Last received: 0.0, Next index: 1, Last known committed idx: 0, Time since last communication: 0.000s
I20260601 13:32:26.654830  9488 consensus_queue.cc:1048] T 9b82c23fefc84b11a59ff70571d4b01f P 8587926d12ef472d8523ca2b56580e34 [LEADER]: Connected to new peer: Peer: permanent_uuid: "18d804b1adfc47aeb6bc75c48d7b1340" member_type: VOTER last_known_addr { host: "127.4.174.129" port: 40711 }, Status: LMP_MISMATCH, Last received: 0.0, Next index: 1, Last known committed idx: 0, Time since last communication: 0.000s
I20260601 13:32:26.655025  9447 consensus_queue.cc:1048] T 32ff0b199dad4af8bbbb5d1f3133c9ac P 8587926d12ef472d8523ca2b56580e34 [LEADER]: Connected to new peer: Peer: permanent_uuid: "18d804b1adfc47aeb6bc75c48d7b1340" member_type: VOTER last_known_addr { host: "127.4.174.129" port: 40711 }, Status: LMP_MISMATCH, Last received: 0.0, Next index: 1, Last known committed idx: 0, Time since last communication: 0.000s
I20260601 13:32:26.652382  9474 consensus_queue.cc:1048] T 07a32e884d474b8fa252e24c853530af P 18d804b1adfc47aeb6bc75c48d7b1340 [LEADER]: Connected to new peer: Peer: permanent_uuid: "ac14d99ee02e47f3b7dc96bee21b8699" member_type: VOTER last_known_addr { host: "127.4.174.130" port: 36885 }, Status: LMP_MISMATCH, Last received: 0.0, Next index: 1, Last known committed idx: 0, Time since last communication: 0.003s
I20260601 13:32:26.655386  9474 consensus_queue.cc:1048] T 330083d314224691a5881b5aad836157 P 18d804b1adfc47aeb6bc75c48d7b1340 [LEADER]: Connected to new peer: Peer: permanent_uuid: "8587926d12ef472d8523ca2b56580e34" member_type: VOTER last_known_addr { host: "127.4.174.131" port: 33203 }, Status: LMP_MISMATCH, Last received: 0.0, Next index: 1, Last known committed idx: 0, Time since last communication: 0.000s
I20260601 13:32:26.655416  9473 consensus_queue.cc:1048] T 07a32e884d474b8fa252e24c853530af P 18d804b1adfc47aeb6bc75c48d7b1340 [LEADER]: Connected to new peer: Peer: permanent_uuid: "8587926d12ef472d8523ca2b56580e34" member_type: VOTER last_known_addr { host: "127.4.174.131" port: 33203 }, Status: LMP_MISMATCH, Last received: 0.0, Next index: 1, Last known committed idx: 0, Time since last communication: 0.000s
I20260601 13:32:26.655778  9316 raft_consensus.cc:1275] T 3e3e4eb84780417a94b2c159f8bfd507 P ac14d99ee02e47f3b7dc96bee21b8699 [term 1 FOLLOWER]: Refusing update from remote peer 8587926d12ef472d8523ca2b56580e34: Log matching property violated. Preceding OpId in replica: term: 0 index: 0. Preceding OpId from leader: term: 1 index: 2. (index mismatch)
I20260601 13:32:26.656369  9444 consensus_queue.cc:1048] T 7bf537b157a64546844e7d7e904f300d P ac14d99ee02e47f3b7dc96bee21b8699 [LEADER]: Connected to new peer: Peer: permanent_uuid: "8587926d12ef472d8523ca2b56580e34" member_type: VOTER last_known_addr { host: "127.4.174.131" port: 33203 }, Status: LMP_MISMATCH, Last received: 0.0, Next index: 1, Last known committed idx: 0, Time since last communication: 0.000s
I20260601 13:32:26.656663  9491 consensus_queue.cc:1048] T 9b82c23fefc84b11a59ff70571d4b01f P 8587926d12ef472d8523ca2b56580e34 [LEADER]: Connected to new peer: Peer: permanent_uuid: "ac14d99ee02e47f3b7dc96bee21b8699" member_type: VOTER last_known_addr { host: "127.4.174.130" port: 36885 }, Status: LMP_MISMATCH, Last received: 0.0, Next index: 1, Last known committed idx: 0, Time since last communication: 0.000s
I20260601 13:32:26.656926  9491 consensus_queue.cc:1048] T 2bd272d028ac4b30868e1bfebc0eb1c5 P 8587926d12ef472d8523ca2b56580e34 [LEADER]: Connected to new peer: Peer: permanent_uuid: "ac14d99ee02e47f3b7dc96bee21b8699" member_type: VOTER last_known_addr { host: "127.4.174.130" port: 36885 }, Status: LMP_MISMATCH, Last received: 0.0, Next index: 1, Last known committed idx: 0, Time since last communication: 0.000s
I20260601 13:32:26.657120  9314 raft_consensus.cc:1275] T 680ba5e178ca4877b825723e3d0d27b9 P ac14d99ee02e47f3b7dc96bee21b8699 [term 1 FOLLOWER]: Refusing update from remote peer 18d804b1adfc47aeb6bc75c48d7b1340: Log matching property violated. Preceding OpId in replica: term: 0 index: 0. Preceding OpId from leader: term: 1 index: 2. (index mismatch)
I20260601 13:32:26.657161  9491 consensus_queue.cc:1048] T 32ff0b199dad4af8bbbb5d1f3133c9ac P 8587926d12ef472d8523ca2b56580e34 [LEADER]: Connected to new peer: Peer: permanent_uuid: "ac14d99ee02e47f3b7dc96bee21b8699" member_type: VOTER last_known_addr { host: "127.4.174.130" port: 36885 }, Status: LMP_MISMATCH, Last received: 0.0, Next index: 1, Last known committed idx: 0, Time since last communication: 0.000s
I20260601 13:32:26.657343  9533 consensus_queue.cc:1048] T 3e3e4eb84780417a94b2c159f8bfd507 P 8587926d12ef472d8523ca2b56580e34 [LEADER]: Connected to new peer: Peer: permanent_uuid: "ac14d99ee02e47f3b7dc96bee21b8699" member_type: VOTER last_known_addr { host: "127.4.174.130" port: 36885 }, Status: LMP_MISMATCH, Last received: 0.0, Next index: 1, Last known committed idx: 0, Time since last communication: 0.000s
I20260601 13:32:26.661645  9488 consensus_queue.cc:1048] T 2bd272d028ac4b30868e1bfebc0eb1c5 P 8587926d12ef472d8523ca2b56580e34 [LEADER]: Connected to new peer: Peer: permanent_uuid: "18d804b1adfc47aeb6bc75c48d7b1340" member_type: VOTER last_known_addr { host: "127.4.174.129" port: 40711 }, Status: LMP_MISMATCH, Last received: 0.0, Next index: 1, Last known committed idx: 0, Time since last communication: 0.000s
I20260601 13:32:26.665222  9473 consensus_queue.cc:1048] T 680ba5e178ca4877b825723e3d0d27b9 P 18d804b1adfc47aeb6bc75c48d7b1340 [LEADER]: Connected to new peer: Peer: permanent_uuid: "ac14d99ee02e47f3b7dc96bee21b8699" member_type: VOTER last_known_addr { host: "127.4.174.130" port: 36885 }, Status: LMP_MISMATCH, Last received: 0.0, Next index: 1, Last known committed idx: 0, Time since last communication: 0.000s
I20260601 13:32:26.665542  9473 consensus_queue.cc:1048] T 7b18b819789c49d79928271e38c2edb6 P 18d804b1adfc47aeb6bc75c48d7b1340 [LEADER]: Connected to new peer: Peer: permanent_uuid: "8587926d12ef472d8523ca2b56580e34" member_type: VOTER last_known_addr { host: "127.4.174.131" port: 33203 }, Status: LMP_MISMATCH, Last received: 0.0, Next index: 1, Last known committed idx: 0, Time since last communication: 0.000s
I20260601 13:32:26.665823  9473 consensus_queue.cc:1048] T 680ba5e178ca4877b825723e3d0d27b9 P 18d804b1adfc47aeb6bc75c48d7b1340 [LEADER]: Connected to new peer: Peer: permanent_uuid: "8587926d12ef472d8523ca2b56580e34" member_type: VOTER last_known_addr { host: "127.4.174.131" port: 33203 }, Status: LMP_MISMATCH, Last received: 0.0, Next index: 1, Last known committed idx: 0, Time since last communication: 0.000s
I20260601 13:32:26.667992  9513 mvcc.cc:204] Tried to move back new op lower bound from 7292193778289737728 to 7292193776917172224. Current Snapshot: MvccSnapshot[applied={T|T < 7292193778280177664}]
I20260601 13:32:26.694111  9521 mvcc.cc:204] Tried to move back new op lower bound from 7292193778306588672 to 7292193777664614400. Current Snapshot: MvccSnapshot[applied={T|T < 7292193778253299712}]
I20260601 13:32:26.706956  9521 mvcc.cc:204] Tried to move back new op lower bound from 7292193778261331968 to 7292193776572780544. Current Snapshot: MvccSnapshot[applied={T|T < 7292193778245468160}]
I20260601 13:32:27.146030  4794 file_cache.cc:492] Constructed file cache file cache with capacity 419430
W20260601 13:32:27.150712  9592 instance_detector.cc:116] could not retrieve AWS instance metadata: Network error: curl error: HTTP response code said error: The requested URL returned error: 404
W20260601 13:32:27.150723  9593 instance_detector.cc:116] could not retrieve Azure instance metadata: Network error: curl error: HTTP response code said error: The requested URL returned error: 404
W20260601 13:32:27.150851  9595 instance_detector.cc:116] could not retrieve OpenStack instance metadata: Network error: curl error: HTTP response code said error: The requested URL returned error: 404
I20260601 13:32:27.151363  4794 server_base.cc:1061] running on GCE node
I20260601 13:32:27.151568  4794 hybrid_clock.cc:584] initializing the hybrid clock with 'system_unsync' time source
W20260601 13:32:27.151628  4794 system_unsync_time.cc:38] NTP support is disabled. Clock error bounds will not be accurate. This configuration is not suitable for distributed clusters.
I20260601 13:32:27.151661  4794 hybrid_clock.cc:648] HybridClock initialized: now 1780320747151661 us; error 0 us; skew 500 ppm
I20260601 13:32:27.152667  4794 webserver.cc:533] Webserver started at http://127.4.174.132:36055/ using document root <none> and password file <none>
I20260601 13:32:27.152849  4794 fs_manager.cc:362] Metadata directory not provided
I20260601 13:32:27.152933  4794 fs_manager.cc:368] Using write-ahead log directory (fs_wal_dir) as metadata directory
I20260601 13:32:27.153012  4794 server_base.cc:909] This appears to be a new deployment of Kudu; creating new FS layout
I20260601 13:32:27.153394  4794 fs_manager.cc:1068] Generated new instance metadata in path /tmp/dist-test-task5byEeC/test-tmp/auto_rebalancer-test.0.AutoRebalancerTest.TestMaxMovesPerServer.1780320643061023-4794-0/minicluster-data/ts-3-root/instance:
uuid: "564546e63d1640d48c6d9060dd229401"
format_stamp: "Formatted at 2026-06-01 13:32:27 on dist-test-slave-g03g"
I20260601 13:32:27.154938  4794 fs_manager.cc:696] Time spent creating directory manager: real 0.001s	user 0.001s	sys 0.001s
I20260601 13:32:27.155943  9600 log_block_manager.cc:4031] Time spent loading block containers with low live blocks: real 0.000s	user 0.000s	sys 0.000s
I20260601 13:32:27.156199  4794 fs_manager.cc:730] Time spent opening block manager: real 0.001s	user 0.000s	sys 0.001s
I20260601 13:32:27.156286  4794 fs_manager.cc:647] Opened local filesystem: /tmp/dist-test-task5byEeC/test-tmp/auto_rebalancer-test.0.AutoRebalancerTest.TestMaxMovesPerServer.1780320643061023-4794-0/minicluster-data/ts-3-root
uuid: "564546e63d1640d48c6d9060dd229401"
format_stamp: "Formatted at 2026-06-01 13:32:27 on dist-test-slave-g03g"
I20260601 13:32:27.156378  4794 fs_report.cc:389] FS layout report
--------------------
wal directory: /tmp/dist-test-task5byEeC/test-tmp/auto_rebalancer-test.0.AutoRebalancerTest.TestMaxMovesPerServer.1780320643061023-4794-0/minicluster-data/ts-3-root
metadata directory: /tmp/dist-test-task5byEeC/test-tmp/auto_rebalancer-test.0.AutoRebalancerTest.TestMaxMovesPerServer.1780320643061023-4794-0/minicluster-data/ts-3-root
1 data directories: /tmp/dist-test-task5byEeC/test-tmp/auto_rebalancer-test.0.AutoRebalancerTest.TestMaxMovesPerServer.1780320643061023-4794-0/minicluster-data/ts-3-root/data
Total live blocks: 0
Total live bytes: 0
Total live bytes (after alignment): 0
Total number of LBM containers: 0 (0 full)
Did not check for missing blocks
Did not check for orphaned blocks
Total full LBM containers with extra space: 0 (0 repaired)
Total full LBM container extra space in bytes: 0 (0 repaired)
Total incomplete LBM containers: 0 (0 repaired)
Total LBM partial records: 0 (0 repaired)
Total corrupted LBM metadata records in RocksDB: 0 (0 repaired)
I20260601 13:32:27.173722  4794 rpc_server.cc:225] running with OpenSSL 1.1.1  11 Sep 2018
I20260601 13:32:27.174162  4794 kserver.cc:163] Server-wide thread pool size limit: 3276
I20260601 13:32:27.174515  4794 txn_system_client.cc:432] TxnSystemClient initialization is disabled...
I20260601 13:32:27.175016  4794 ts_tablet_manager.cc:585] Loaded tablet metadata (0 total tablets, 0 live tablets)
I20260601 13:32:27.175081  4794 ts_tablet_manager.cc:531] Time spent load tablet metadata: real 0.000s	user 0.000s	sys 0.000s
I20260601 13:32:27.175136  4794 ts_tablet_manager.cc:616] Registered 0 tablets
I20260601 13:32:27.175187  4794 ts_tablet_manager.cc:595] Time spent register tablets: real 0.000s	user 0.000s	sys 0.000s
I20260601 13:32:27.180231  4794 rpc_server.cc:307] RPC server started. Bound to: 127.4.174.132:41419
I20260601 13:32:27.180334  9663 acceptor_pool.cc:272] collecting diagnostics on the listening RPC socket 127.4.174.132:41419 every 8 connection(s)
I20260601 13:32:27.181279  4794 file_cache.cc:492] Constructed file cache file cache with capacity 419430
W20260601 13:32:27.184131  9668 instance_detector.cc:116] could not retrieve AWS instance metadata: Network error: curl error: HTTP response code said error: The requested URL returned error: 404
I20260601 13:32:27.184249  4794 server_base.cc:1061] running on GCE node
W20260601 13:32:27.184589  9671 instance_detector.cc:116] could not retrieve OpenStack instance metadata: Network error: curl error: HTTP response code said error: The requested URL returned error: 404
W20260601 13:32:27.184696  9669 instance_detector.cc:116] could not retrieve Azure instance metadata: Network error: curl error: HTTP response code said error: The requested URL returned error: 404
I20260601 13:32:27.185002  4794 hybrid_clock.cc:584] initializing the hybrid clock with 'system_unsync' time source
W20260601 13:32:27.185062  4794 system_unsync_time.cc:38] NTP support is disabled. Clock error bounds will not be accurate. This configuration is not suitable for distributed clusters.
I20260601 13:32:27.185081  4794 hybrid_clock.cc:648] HybridClock initialized: now 1780320747185080 us; error 0 us; skew 500 ppm
I20260601 13:32:27.186075  9664 heartbeater.cc:344] Connected to a master server at 127.4.174.190:42761
I20260601 13:32:27.186184  9664 heartbeater.cc:461] Registering TS with master...
I20260601 13:32:27.186210  4794 webserver.cc:533] Webserver started at http://127.4.174.133:38759/ using document root <none> and password file <none>
I20260601 13:32:27.186357  4794 fs_manager.cc:362] Metadata directory not provided
I20260601 13:32:27.186419  4794 fs_manager.cc:368] Using write-ahead log directory (fs_wal_dir) as metadata directory
I20260601 13:32:27.186446  9664 heartbeater.cc:507] Master 127.4.174.190:42761 requested a full tablet report, sending...
I20260601 13:32:27.186491  4794 server_base.cc:909] This appears to be a new deployment of Kudu; creating new FS layout
I20260601 13:32:27.186915  4794 fs_manager.cc:1068] Generated new instance metadata in path /tmp/dist-test-task5byEeC/test-tmp/auto_rebalancer-test.0.AutoRebalancerTest.TestMaxMovesPerServer.1780320643061023-4794-0/minicluster-data/ts-4-root/instance:
uuid: "6c668b0af6254bef90e0396e84265952"
format_stamp: "Formatted at 2026-06-01 13:32:27 on dist-test-slave-g03g"
I20260601 13:32:27.187204  9138 ts_manager.cc:194] Registered new tserver with Master: 564546e63d1640d48c6d9060dd229401 (127.4.174.132:41419)
I20260601 13:32:27.187989  9138 master_service.cc:502] Signed X509 certificate for tserver {username='slave'} at 127.0.0.1:43620
I20260601 13:32:27.188972  4794 fs_manager.cc:696] Time spent creating directory manager: real 0.002s	user 0.002s	sys 0.000s
I20260601 13:32:27.190061  9676 log_block_manager.cc:4031] Time spent loading block containers with low live blocks: real 0.000s	user 0.000s	sys 0.000s
I20260601 13:32:27.190416  4794 fs_manager.cc:730] Time spent opening block manager: real 0.001s	user 0.001s	sys 0.000s
I20260601 13:32:27.190479  4794 fs_manager.cc:647] Opened local filesystem: /tmp/dist-test-task5byEeC/test-tmp/auto_rebalancer-test.0.AutoRebalancerTest.TestMaxMovesPerServer.1780320643061023-4794-0/minicluster-data/ts-4-root
uuid: "6c668b0af6254bef90e0396e84265952"
format_stamp: "Formatted at 2026-06-01 13:32:27 on dist-test-slave-g03g"
I20260601 13:32:27.190579  4794 fs_report.cc:389] FS layout report
--------------------
wal directory: /tmp/dist-test-task5byEeC/test-tmp/auto_rebalancer-test.0.AutoRebalancerTest.TestMaxMovesPerServer.1780320643061023-4794-0/minicluster-data/ts-4-root
metadata directory: /tmp/dist-test-task5byEeC/test-tmp/auto_rebalancer-test.0.AutoRebalancerTest.TestMaxMovesPerServer.1780320643061023-4794-0/minicluster-data/ts-4-root
1 data directories: /tmp/dist-test-task5byEeC/test-tmp/auto_rebalancer-test.0.AutoRebalancerTest.TestMaxMovesPerServer.1780320643061023-4794-0/minicluster-data/ts-4-root/data
Total live blocks: 0
Total live bytes: 0
Total live bytes (after alignment): 0
Total number of LBM containers: 0 (0 full)
Did not check for missing blocks
Did not check for orphaned blocks
Total full LBM containers with extra space: 0 (0 repaired)
Total full LBM container extra space in bytes: 0 (0 repaired)
Total incomplete LBM containers: 0 (0 repaired)
Total LBM partial records: 0 (0 repaired)
Total corrupted LBM metadata records in RocksDB: 0 (0 repaired)
I20260601 13:32:27.208329  4794 rpc_server.cc:225] running with OpenSSL 1.1.1  11 Sep 2018
I20260601 13:32:27.208990  4794 kserver.cc:163] Server-wide thread pool size limit: 3276
I20260601 13:32:27.209393  4794 txn_system_client.cc:432] TxnSystemClient initialization is disabled...
I20260601 13:32:27.209893  4794 ts_tablet_manager.cc:585] Loaded tablet metadata (0 total tablets, 0 live tablets)
I20260601 13:32:27.209959  4794 ts_tablet_manager.cc:531] Time spent load tablet metadata: real 0.000s	user 0.000s	sys 0.000s
I20260601 13:32:27.210017  4794 ts_tablet_manager.cc:616] Registered 0 tablets
I20260601 13:32:27.210049  4794 ts_tablet_manager.cc:595] Time spent register tablets: real 0.000s	user 0.000s	sys 0.000s
I20260601 13:32:27.215819  4794 rpc_server.cc:307] RPC server started. Bound to: 127.4.174.133:44557
I20260601 13:32:27.215981  9739 acceptor_pool.cc:272] collecting diagnostics on the listening RPC socket 127.4.174.133:44557 every 8 connection(s)
I20260601 13:32:27.216881  4794 file_cache.cc:492] Constructed file cache file cache with capacity 419430
W20260601 13:32:27.219067  9743 instance_detector.cc:116] could not retrieve AWS instance metadata: Network error: curl error: HTTP response code said error: The requested URL returned error: 404
W20260601 13:32:27.219087  9744 instance_detector.cc:116] could not retrieve Azure instance metadata: Network error: curl error: HTTP response code said error: The requested URL returned error: 404
I20260601 13:32:27.219492  4794 server_base.cc:1061] running on GCE node
W20260601 13:32:27.219161  9746 instance_detector.cc:116] could not retrieve OpenStack instance metadata: Network error: curl error: HTTP response code said error: The requested URL returned error: 404
I20260601 13:32:27.219836  4794 hybrid_clock.cc:584] initializing the hybrid clock with 'system_unsync' time source
W20260601 13:32:27.219894  4794 system_unsync_time.cc:38] NTP support is disabled. Clock error bounds will not be accurate. This configuration is not suitable for distributed clusters.
I20260601 13:32:27.219929  4794 hybrid_clock.cc:648] HybridClock initialized: now 1780320747219928 us; error 0 us; skew 500 ppm
I20260601 13:32:27.221153  4794 webserver.cc:533] Webserver started at http://127.4.174.134:34023/ using document root <none> and password file <none>
I20260601 13:32:27.221366  4794 fs_manager.cc:362] Metadata directory not provided
I20260601 13:32:27.221432  4794 fs_manager.cc:368] Using write-ahead log directory (fs_wal_dir) as metadata directory
I20260601 13:32:27.221513  4794 server_base.cc:909] This appears to be a new deployment of Kudu; creating new FS layout
I20260601 13:32:27.221980  9740 heartbeater.cc:344] Connected to a master server at 127.4.174.190:42761
I20260601 13:32:27.222005  4794 fs_manager.cc:1068] Generated new instance metadata in path /tmp/dist-test-task5byEeC/test-tmp/auto_rebalancer-test.0.AutoRebalancerTest.TestMaxMovesPerServer.1780320643061023-4794-0/minicluster-data/ts-5-root/instance:
uuid: "9d6a24a79463454a877cf716fa23ae06"
format_stamp: "Formatted at 2026-06-01 13:32:27 on dist-test-slave-g03g"
I20260601 13:32:27.222085  9740 heartbeater.cc:461] Registering TS with master...
I20260601 13:32:27.222358  9740 heartbeater.cc:507] Master 127.4.174.190:42761 requested a full tablet report, sending...
I20260601 13:32:27.223063  9138 ts_manager.cc:194] Registered new tserver with Master: 6c668b0af6254bef90e0396e84265952 (127.4.174.133:44557)
I20260601 13:32:27.223802  9138 master_service.cc:502] Signed X509 certificate for tserver {username='slave'} at 127.0.0.1:43622
I20260601 13:32:27.223850  4794 fs_manager.cc:696] Time spent creating directory manager: real 0.002s	user 0.000s	sys 0.002s
I20260601 13:32:27.224980  9751 log_block_manager.cc:4031] Time spent loading block containers with low live blocks: real 0.000s	user 0.000s	sys 0.000s
I20260601 13:32:27.225272  4794 fs_manager.cc:730] Time spent opening block manager: real 0.001s	user 0.000s	sys 0.001s
I20260601 13:32:27.225338  4794 fs_manager.cc:647] Opened local filesystem: /tmp/dist-test-task5byEeC/test-tmp/auto_rebalancer-test.0.AutoRebalancerTest.TestMaxMovesPerServer.1780320643061023-4794-0/minicluster-data/ts-5-root
uuid: "9d6a24a79463454a877cf716fa23ae06"
format_stamp: "Formatted at 2026-06-01 13:32:27 on dist-test-slave-g03g"
I20260601 13:32:27.225442  4794 fs_report.cc:389] FS layout report
--------------------
wal directory: /tmp/dist-test-task5byEeC/test-tmp/auto_rebalancer-test.0.AutoRebalancerTest.TestMaxMovesPerServer.1780320643061023-4794-0/minicluster-data/ts-5-root
metadata directory: /tmp/dist-test-task5byEeC/test-tmp/auto_rebalancer-test.0.AutoRebalancerTest.TestMaxMovesPerServer.1780320643061023-4794-0/minicluster-data/ts-5-root
1 data directories: /tmp/dist-test-task5byEeC/test-tmp/auto_rebalancer-test.0.AutoRebalancerTest.TestMaxMovesPerServer.1780320643061023-4794-0/minicluster-data/ts-5-root/data
Total live blocks: 0
Total live bytes: 0
Total live bytes (after alignment): 0
Total number of LBM containers: 0 (0 full)
Did not check for missing blocks
Did not check for orphaned blocks
Total full LBM containers with extra space: 0 (0 repaired)
Total full LBM container extra space in bytes: 0 (0 repaired)
Total incomplete LBM containers: 0 (0 repaired)
Total LBM partial records: 0 (0 repaired)
Total corrupted LBM metadata records in RocksDB: 0 (0 repaired)
I20260601 13:32:27.231045  4794 rpc_server.cc:225] running with OpenSSL 1.1.1  11 Sep 2018
I20260601 13:32:27.231561  4794 kserver.cc:163] Server-wide thread pool size limit: 3276
I20260601 13:32:27.231998  4794 txn_system_client.cc:432] TxnSystemClient initialization is disabled...
I20260601 13:32:27.232697  4794 ts_tablet_manager.cc:585] Loaded tablet metadata (0 total tablets, 0 live tablets)
I20260601 13:32:27.232739  4794 ts_tablet_manager.cc:531] Time spent load tablet metadata: real 0.000s	user 0.000s	sys 0.000s
I20260601 13:32:27.232810  4794 ts_tablet_manager.cc:616] Registered 0 tablets
