I20260601 13:32:24.025461   450 catalog_manager.cc:5696] T 5b0f58eebb6046b79ff1177d1f7fc54b P c28ace5956c74c14bb5b6f09e92db72d reported cstate change: term changed from 0 to 1, leader changed from <none> to c28ace5956c74c14bb5b6f09e92db72d (127.27.241.65). New cstate: current_term: 1 leader_uuid: "c28ace5956c74c14bb5b6f09e92db72d" committed_config { opid_index: -1 OBSOLETE_local: false peers { permanent_uuid: "c28ace5956c74c14bb5b6f09e92db72d" member_type: VOTER last_known_addr { host: "127.27.241.65" port: 34909 } health_report { overall_health: HEALTHY } } peers { permanent_uuid: "b41842cf563e4d28933218bd16bb06ba" member_type: VOTER last_known_addr { host: "127.27.241.66" port: 37577 } health_report { overall_health: UNKNOWN } } peers { permanent_uuid: "fc9f6b43d6174651b71286d7fba061b9" member_type: VOTER last_known_addr { host: "127.27.241.67" port: 37985 } health_report { overall_health: UNKNOWN } } }
I20260601 13:32:24.025532   556 tablet_service.cc:1917] Received RequestConsensusVote() RPC: tablet_id: "24c37d2bcf564bf3b6194a05329dc8ca" candidate_uuid: "b41842cf563e4d28933218bd16bb06ba" candidate_term: 1 candidate_status { last_received { term: 0 index: 0 } } ignore_live_leader: false dest_uuid: "c28ace5956c74c14bb5b6f09e92db72d"
I20260601 13:32:24.025655   708 raft_consensus.cc:3060] T 24c37d2bcf564bf3b6194a05329dc8ca P fc9f6b43d6174651b71286d7fba061b9 [term 0 FOLLOWER]: Advancing to term 1
I20260601 13:32:24.025686   556 raft_consensus.cc:3060] T 24c37d2bcf564bf3b6194a05329dc8ca P c28ace5956c74c14bb5b6f09e92db72d [term 0 FOLLOWER]: Advancing to term 1
I20260601 13:32:24.026469   708 raft_consensus.cc:2468] T 24c37d2bcf564bf3b6194a05329dc8ca P fc9f6b43d6174651b71286d7fba061b9 [term 1 FOLLOWER]: Leader election vote request: Granting yes vote for candidate b41842cf563e4d28933218bd16bb06ba in term 1.
I20260601 13:32:24.026571   556 raft_consensus.cc:2468] T 24c37d2bcf564bf3b6194a05329dc8ca P c28ace5956c74c14bb5b6f09e92db72d [term 1 FOLLOWER]: Leader election vote request: Granting yes vote for candidate b41842cf563e4d28933218bd16bb06ba in term 1.
I20260601 13:32:24.026842   597 leader_election.cc:304] T 24c37d2bcf564bf3b6194a05329dc8ca P b41842cf563e4d28933218bd16bb06ba [CANDIDATE]: Term 1 election: Election decided. Result: candidate won. Election summary: received 2 responses out of 3 voters: 2 yes votes; 0 no votes. yes voters: b41842cf563e4d28933218bd16bb06ba, c28ace5956c74c14bb5b6f09e92db72d; no voters: 
I20260601 13:32:24.027163   764 raft_consensus.cc:2804] T 24c37d2bcf564bf3b6194a05329dc8ca P b41842cf563e4d28933218bd16bb06ba [term 1 FOLLOWER]: Leader election won for term 1
I20260601 13:32:24.027284   764 raft_consensus.cc:697] T 24c37d2bcf564bf3b6194a05329dc8ca P b41842cf563e4d28933218bd16bb06ba [term 1 LEADER]: Becoming Leader. State: Replica: b41842cf563e4d28933218bd16bb06ba, State: Running, Role: LEADER
I20260601 13:32:24.027429   764 consensus_queue.cc:237] T 24c37d2bcf564bf3b6194a05329dc8ca P b41842cf563e4d28933218bd16bb06ba [LEADER]: Queue going to LEADER mode. State: All replicated index: 0, Majority replicated index: 0, Committed index: 0, Last appended: 0.0, Last appended by leader: 0, Current term: 1, Majority size: 2, State: 0, Mode: LEADER, active raft config: opid_index: -1 OBSOLETE_local: false peers { permanent_uuid: "c28ace5956c74c14bb5b6f09e92db72d" member_type: VOTER last_known_addr { host: "127.27.241.65" port: 34909 } } peers { permanent_uuid: "b41842cf563e4d28933218bd16bb06ba" member_type: VOTER last_known_addr { host: "127.27.241.66" port: 37577 } } peers { permanent_uuid: "fc9f6b43d6174651b71286d7fba061b9" member_type: VOTER last_known_addr { host: "127.27.241.67" port: 37985 } }
I20260601 13:32:24.028967   450 catalog_manager.cc:5696] T 24c37d2bcf564bf3b6194a05329dc8ca P b41842cf563e4d28933218bd16bb06ba reported cstate change: term changed from 0 to 1, leader changed from <none> to b41842cf563e4d28933218bd16bb06ba (127.27.241.66). New cstate: current_term: 1 leader_uuid: "b41842cf563e4d28933218bd16bb06ba" committed_config { opid_index: -1 OBSOLETE_local: false peers { permanent_uuid: "c28ace5956c74c14bb5b6f09e92db72d" member_type: VOTER last_known_addr { host: "127.27.241.65" port: 34909 } health_report { overall_health: UNKNOWN } } peers { permanent_uuid: "b41842cf563e4d28933218bd16bb06ba" member_type: VOTER last_known_addr { host: "127.27.241.66" port: 37577 } health_report { overall_health: HEALTHY } } peers { permanent_uuid: "fc9f6b43d6174651b71286d7fba061b9" member_type: VOTER last_known_addr { host: "127.27.241.67" port: 37985 } health_report { overall_health: UNKNOWN } } }
W20260601 13:32:24.041262   583 tablet.cc:2404] T 2391c90a39e34fc098d49a141efc5076 P c28ace5956c74c14bb5b6f09e92db72d: Can't schedule compaction. Clean time has not been advanced past its initial value.
I20260601 13:32:24.043190   765 raft_consensus.cc:493] T c3232fbd46724d7297ccfb711ba16ed5 P fc9f6b43d6174651b71286d7fba061b9 [term 0 FOLLOWER]: Starting pre-election (no leader contacted us within the election timeout)
I20260601 13:32:24.043324   765 raft_consensus.cc:515] T c3232fbd46724d7297ccfb711ba16ed5 P fc9f6b43d6174651b71286d7fba061b9 [term 0 FOLLOWER]: Starting pre-election with config: opid_index: -1 OBSOLETE_local: false peers { permanent_uuid: "c28ace5956c74c14bb5b6f09e92db72d" member_type: VOTER last_known_addr { host: "127.27.241.65" port: 34909 } } peers { permanent_uuid: "b41842cf563e4d28933218bd16bb06ba" member_type: VOTER last_known_addr { host: "127.27.241.66" port: 37577 } } peers { permanent_uuid: "fc9f6b43d6174651b71286d7fba061b9" member_type: VOTER last_known_addr { host: "127.27.241.67" port: 37985 } }
I20260601 13:32:24.043860   765 leader_election.cc:290] T c3232fbd46724d7297ccfb711ba16ed5 P fc9f6b43d6174651b71286d7fba061b9 [CANDIDATE]: Term 1 pre-election: Requested pre-vote from peers c28ace5956c74c14bb5b6f09e92db72d (127.27.241.65:34909), b41842cf563e4d28933218bd16bb06ba (127.27.241.66:37577)
I20260601 13:32:24.044169   797 raft_consensus.cc:493] T 28d4ddf1bd9e472a9a26002fda51be14 P c28ace5956c74c14bb5b6f09e92db72d [term 0 FOLLOWER]: Starting pre-election (no leader contacted us within the election timeout)
I20260601 13:32:24.044293   797 raft_consensus.cc:515] T 28d4ddf1bd9e472a9a26002fda51be14 P c28ace5956c74c14bb5b6f09e92db72d [term 0 FOLLOWER]: Starting pre-election with config: opid_index: -1 OBSOLETE_local: false peers { permanent_uuid: "c28ace5956c74c14bb5b6f09e92db72d" member_type: VOTER last_known_addr { host: "127.27.241.65" port: 34909 } } peers { permanent_uuid: "b41842cf563e4d28933218bd16bb06ba" member_type: VOTER last_known_addr { host: "127.27.241.66" port: 37577 } } peers { permanent_uuid: "fc9f6b43d6174651b71286d7fba061b9" member_type: VOTER last_known_addr { host: "127.27.241.67" port: 37985 } }
I20260601 13:32:24.044960   632 tablet_service.cc:1917] Received RequestConsensusVote() RPC: tablet_id: "28d4ddf1bd9e472a9a26002fda51be14" candidate_uuid: "c28ace5956c74c14bb5b6f09e92db72d" candidate_term: 1 candidate_status { last_received { term: 0 index: 0 } } ignore_live_leader: false dest_uuid: "b41842cf563e4d28933218bd16bb06ba" is_pre_election: true
I20260601 13:32:24.045102   632 raft_consensus.cc:2468] T 28d4ddf1bd9e472a9a26002fda51be14 P b41842cf563e4d28933218bd16bb06ba [term 0 FOLLOWER]: Leader pre-election vote request: Granting yes vote for candidate c28ace5956c74c14bb5b6f09e92db72d in term 0.
I20260601 13:32:24.044970   797 leader_election.cc:290] T 28d4ddf1bd9e472a9a26002fda51be14 P c28ace5956c74c14bb5b6f09e92db72d [CANDIDATE]: Term 1 pre-election: Requested pre-vote from peers b41842cf563e4d28933218bd16bb06ba (127.27.241.66:37577), fc9f6b43d6174651b71286d7fba061b9 (127.27.241.67:37985)
I20260601 13:32:24.045409   708 tablet_service.cc:1917] Received RequestConsensusVote() RPC: tablet_id: "28d4ddf1bd9e472a9a26002fda51be14" candidate_uuid: "c28ace5956c74c14bb5b6f09e92db72d" candidate_term: 1 candidate_status { last_received { term: 0 index: 0 } } ignore_live_leader: false dest_uuid: "fc9f6b43d6174651b71286d7fba061b9" is_pre_election: true
I20260601 13:32:24.045552   708 raft_consensus.cc:2468] T 28d4ddf1bd9e472a9a26002fda51be14 P fc9f6b43d6174651b71286d7fba061b9 [term 0 FOLLOWER]: Leader pre-election vote request: Granting yes vote for candidate c28ace5956c74c14bb5b6f09e92db72d in term 0.
I20260601 13:32:24.045416   520 leader_election.cc:304] T 28d4ddf1bd9e472a9a26002fda51be14 P c28ace5956c74c14bb5b6f09e92db72d [CANDIDATE]: Term 1 pre-election: Election decided. Result: candidate won. Election summary: received 2 responses out of 3 voters: 2 yes votes; 0 no votes. yes voters: b41842cf563e4d28933218bd16bb06ba, c28ace5956c74c14bb5b6f09e92db72d; no voters: 
I20260601 13:32:24.045984   797 raft_consensus.cc:2804] T 28d4ddf1bd9e472a9a26002fda51be14 P c28ace5956c74c14bb5b6f09e92db72d [term 0 FOLLOWER]: Leader pre-election won for term 1
I20260601 13:32:24.046058   797 raft_consensus.cc:493] T 28d4ddf1bd9e472a9a26002fda51be14 P c28ace5956c74c14bb5b6f09e92db72d [term 0 FOLLOWER]: Starting leader election (no leader contacted us within the election timeout)
I20260601 13:32:24.046121   797 raft_consensus.cc:3060] T 28d4ddf1bd9e472a9a26002fda51be14 P c28ace5956c74c14bb5b6f09e92db72d [term 0 FOLLOWER]: Advancing to term 1
I20260601 13:32:24.047101   797 raft_consensus.cc:515] T 28d4ddf1bd9e472a9a26002fda51be14 P c28ace5956c74c14bb5b6f09e92db72d [term 1 FOLLOWER]: Starting leader election with config: opid_index: -1 OBSOLETE_local: false peers { permanent_uuid: "c28ace5956c74c14bb5b6f09e92db72d" member_type: VOTER last_known_addr { host: "127.27.241.65" port: 34909 } } peers { permanent_uuid: "b41842cf563e4d28933218bd16bb06ba" member_type: VOTER last_known_addr { host: "127.27.241.66" port: 37577 } } peers { permanent_uuid: "fc9f6b43d6174651b71286d7fba061b9" member_type: VOTER last_known_addr { host: "127.27.241.67" port: 37985 } }
I20260601 13:32:24.047699   632 tablet_service.cc:1917] Received RequestConsensusVote() RPC: tablet_id: "28d4ddf1bd9e472a9a26002fda51be14" candidate_uuid: "c28ace5956c74c14bb5b6f09e92db72d" candidate_term: 1 candidate_status { last_received { term: 0 index: 0 } } ignore_live_leader: false dest_uuid: "b41842cf563e4d28933218bd16bb06ba"
I20260601 13:32:24.047808   632 raft_consensus.cc:3060] T 28d4ddf1bd9e472a9a26002fda51be14 P b41842cf563e4d28933218bd16bb06ba [term 0 FOLLOWER]: Advancing to term 1
I20260601 13:32:24.048415   556 tablet_service.cc:1917] Received RequestConsensusVote() RPC: tablet_id: "c3232fbd46724d7297ccfb711ba16ed5" candidate_uuid: "fc9f6b43d6174651b71286d7fba061b9" candidate_term: 1 candidate_status { last_received { term: 0 index: 0 } } ignore_live_leader: false dest_uuid: "c28ace5956c74c14bb5b6f09e92db72d" is_pre_election: true
I20260601 13:32:24.048552   556 raft_consensus.cc:2468] T c3232fbd46724d7297ccfb711ba16ed5 P c28ace5956c74c14bb5b6f09e92db72d [term 0 FOLLOWER]: Leader pre-election vote request: Granting yes vote for candidate fc9f6b43d6174651b71286d7fba061b9 in term 0.
I20260601 13:32:24.048763   632 raft_consensus.cc:2468] T 28d4ddf1bd9e472a9a26002fda51be14 P b41842cf563e4d28933218bd16bb06ba [term 1 FOLLOWER]: Leader election vote request: Granting yes vote for candidate c28ace5956c74c14bb5b6f09e92db72d in term 1.
I20260601 13:32:24.048804   672 leader_election.cc:304] T c3232fbd46724d7297ccfb711ba16ed5 P fc9f6b43d6174651b71286d7fba061b9 [CANDIDATE]: Term 1 pre-election: Election decided. Result: candidate won. Election summary: received 2 responses out of 3 voters: 2 yes votes; 0 no votes. yes voters: c28ace5956c74c14bb5b6f09e92db72d, fc9f6b43d6174651b71286d7fba061b9; no voters: 
I20260601 13:32:24.048943   765 raft_consensus.cc:2804] T c3232fbd46724d7297ccfb711ba16ed5 P fc9f6b43d6174651b71286d7fba061b9 [term 0 FOLLOWER]: Leader pre-election won for term 1
I20260601 13:32:24.048990   765 raft_consensus.cc:493] T c3232fbd46724d7297ccfb711ba16ed5 P fc9f6b43d6174651b71286d7fba061b9 [term 0 FOLLOWER]: Starting leader election (no leader contacted us within the election timeout)
I20260601 13:32:24.049057   765 raft_consensus.cc:3060] T c3232fbd46724d7297ccfb711ba16ed5 P fc9f6b43d6174651b71286d7fba061b9 [term 0 FOLLOWER]: Advancing to term 1
I20260601 13:32:24.048995   631 tablet_service.cc:1917] Received RequestConsensusVote() RPC: tablet_id: "c3232fbd46724d7297ccfb711ba16ed5" candidate_uuid: "fc9f6b43d6174651b71286d7fba061b9" candidate_term: 1 candidate_status { last_received { term: 0 index: 0 } } ignore_live_leader: false dest_uuid: "b41842cf563e4d28933218bd16bb06ba" is_pre_election: true
I20260601 13:32:24.049144   708 tablet_service.cc:1917] Received RequestConsensusVote() RPC: tablet_id: "28d4ddf1bd9e472a9a26002fda51be14" candidate_uuid: "c28ace5956c74c14bb5b6f09e92db72d" candidate_term: 1 candidate_status { last_received { term: 0 index: 0 } } ignore_live_leader: false dest_uuid: "fc9f6b43d6174651b71286d7fba061b9"
I20260601 13:32:24.049157   631 raft_consensus.cc:2468] T c3232fbd46724d7297ccfb711ba16ed5 P b41842cf563e4d28933218bd16bb06ba [term 0 FOLLOWER]: Leader pre-election vote request: Granting yes vote for candidate fc9f6b43d6174651b71286d7fba061b9 in term 0.
I20260601 13:32:24.049268   708 raft_consensus.cc:3060] T 28d4ddf1bd9e472a9a26002fda51be14 P fc9f6b43d6174651b71286d7fba061b9 [term 0 FOLLOWER]: Advancing to term 1
I20260601 13:32:24.049973   765 raft_consensus.cc:515] T c3232fbd46724d7297ccfb711ba16ed5 P fc9f6b43d6174651b71286d7fba061b9 [term 1 FOLLOWER]: Starting leader election with config: opid_index: -1 OBSOLETE_local: false peers { permanent_uuid: "c28ace5956c74c14bb5b6f09e92db72d" member_type: VOTER last_known_addr { host: "127.27.241.65" port: 34909 } } peers { permanent_uuid: "b41842cf563e4d28933218bd16bb06ba" member_type: VOTER last_known_addr { host: "127.27.241.66" port: 37577 } } peers { permanent_uuid: "fc9f6b43d6174651b71286d7fba061b9" member_type: VOTER last_known_addr { host: "127.27.241.67" port: 37985 } }
I20260601 13:32:24.050046   520 leader_election.cc:304] T 28d4ddf1bd9e472a9a26002fda51be14 P c28ace5956c74c14bb5b6f09e92db72d [CANDIDATE]: Term 1 election: Election decided. Result: candidate won. Election summary: received 2 responses out of 3 voters: 2 yes votes; 0 no votes. yes voters: b41842cf563e4d28933218bd16bb06ba, c28ace5956c74c14bb5b6f09e92db72d; no voters: 
I20260601 13:32:24.050084   708 raft_consensus.cc:2468] T 28d4ddf1bd9e472a9a26002fda51be14 P fc9f6b43d6174651b71286d7fba061b9 [term 1 FOLLOWER]: Leader election vote request: Granting yes vote for candidate c28ace5956c74c14bb5b6f09e92db72d in term 1.
I20260601 13:32:24.050177   759 raft_consensus.cc:2804] T 28d4ddf1bd9e472a9a26002fda51be14 P c28ace5956c74c14bb5b6f09e92db72d [term 1 FOLLOWER]: Leader election won for term 1
I20260601 13:32:24.050307   765 leader_election.cc:290] T c3232fbd46724d7297ccfb711ba16ed5 P fc9f6b43d6174651b71286d7fba061b9 [CANDIDATE]: Term 1 election: Requested vote from peers c28ace5956c74c14bb5b6f09e92db72d (127.27.241.65:34909), b41842cf563e4d28933218bd16bb06ba (127.27.241.66:37577)
I20260601 13:32:24.050370   759 raft_consensus.cc:697] T 28d4ddf1bd9e472a9a26002fda51be14 P c28ace5956c74c14bb5b6f09e92db72d [term 1 LEADER]: Becoming Leader. State: Replica: c28ace5956c74c14bb5b6f09e92db72d, State: Running, Role: LEADER
I20260601 13:32:24.048774   797 leader_election.cc:290] T 28d4ddf1bd9e472a9a26002fda51be14 P c28ace5956c74c14bb5b6f09e92db72d [CANDIDATE]: Term 1 election: Requested vote from peers b41842cf563e4d28933218bd16bb06ba (127.27.241.66:37577), fc9f6b43d6174651b71286d7fba061b9 (127.27.241.67:37985)
I20260601 13:32:24.050560   556 tablet_service.cc:1917] Received RequestConsensusVote() RPC: tablet_id: "c3232fbd46724d7297ccfb711ba16ed5" candidate_uuid: "fc9f6b43d6174651b71286d7fba061b9" candidate_term: 1 candidate_status { last_received { term: 0 index: 0 } } ignore_live_leader: false dest_uuid: "c28ace5956c74c14bb5b6f09e92db72d"
I20260601 13:32:24.050642   556 raft_consensus.cc:3060] T c3232fbd46724d7297ccfb711ba16ed5 P c28ace5956c74c14bb5b6f09e92db72d [term 0 FOLLOWER]: Advancing to term 1
I20260601 13:32:24.050725   631 tablet_service.cc:1917] Received RequestConsensusVote() RPC: tablet_id: "c3232fbd46724d7297ccfb711ba16ed5" candidate_uuid: "fc9f6b43d6174651b71286d7fba061b9" candidate_term: 1 candidate_status { last_received { term: 0 index: 0 } } ignore_live_leader: false dest_uuid: "b41842cf563e4d28933218bd16bb06ba"
I20260601 13:32:24.050503   759 consensus_queue.cc:237] T 28d4ddf1bd9e472a9a26002fda51be14 P c28ace5956c74c14bb5b6f09e92db72d [LEADER]: Queue going to LEADER mode. State: All replicated index: 0, Majority replicated index: 0, Committed index: 0, Last appended: 0.0, Last appended by leader: 0, Current term: 1, Majority size: 2, State: 0, Mode: LEADER, active raft config: opid_index: -1 OBSOLETE_local: false peers { permanent_uuid: "c28ace5956c74c14bb5b6f09e92db72d" member_type: VOTER last_known_addr { host: "127.27.241.65" port: 34909 } } peers { permanent_uuid: "b41842cf563e4d28933218bd16bb06ba" member_type: VOTER last_known_addr { host: "127.27.241.66" port: 37577 } } peers { permanent_uuid: "fc9f6b43d6174651b71286d7fba061b9" member_type: VOTER last_known_addr { host: "127.27.241.67" port: 37985 } }
I20260601 13:32:24.050818   631 raft_consensus.cc:3060] T c3232fbd46724d7297ccfb711ba16ed5 P b41842cf563e4d28933218bd16bb06ba [term 0 FOLLOWER]: Advancing to term 1
I20260601 13:32:24.051514   556 raft_consensus.cc:2468] T c3232fbd46724d7297ccfb711ba16ed5 P c28ace5956c74c14bb5b6f09e92db72d [term 1 FOLLOWER]: Leader election vote request: Granting yes vote for candidate fc9f6b43d6174651b71286d7fba061b9 in term 1.
I20260601 13:32:24.051705   631 raft_consensus.cc:2468] T c3232fbd46724d7297ccfb711ba16ed5 P b41842cf563e4d28933218bd16bb06ba [term 1 FOLLOWER]: Leader election vote request: Granting yes vote for candidate fc9f6b43d6174651b71286d7fba061b9 in term 1.
I20260601 13:32:24.051812   672 leader_election.cc:304] T c3232fbd46724d7297ccfb711ba16ed5 P fc9f6b43d6174651b71286d7fba061b9 [CANDIDATE]: Term 1 election: Election decided. Result: candidate won. Election summary: received 2 responses out of 3 voters: 2 yes votes; 0 no votes. yes voters: c28ace5956c74c14bb5b6f09e92db72d, fc9f6b43d6174651b71286d7fba061b9; no voters: 
I20260601 13:32:24.052034   765 raft_consensus.cc:2804] T c3232fbd46724d7297ccfb711ba16ed5 P fc9f6b43d6174651b71286d7fba061b9 [term 1 FOLLOWER]: Leader election won for term 1
I20260601 13:32:24.052248   765 raft_consensus.cc:697] T c3232fbd46724d7297ccfb711ba16ed5 P fc9f6b43d6174651b71286d7fba061b9 [term 1 LEADER]: Becoming Leader. State: Replica: fc9f6b43d6174651b71286d7fba061b9, State: Running, Role: LEADER
I20260601 13:32:24.052389   765 consensus_queue.cc:237] T c3232fbd46724d7297ccfb711ba16ed5 P fc9f6b43d6174651b71286d7fba061b9 [LEADER]: Queue going to LEADER mode. State: All replicated index: 0, Majority replicated index: 0, Committed index: 0, Last appended: 0.0, Last appended by leader: 0, Current term: 1, Majority size: 2, State: 0, Mode: LEADER, active raft config: opid_index: -1 OBSOLETE_local: false peers { permanent_uuid: "c28ace5956c74c14bb5b6f09e92db72d" member_type: VOTER last_known_addr { host: "127.27.241.65" port: 34909 } } peers { permanent_uuid: "b41842cf563e4d28933218bd16bb06ba" member_type: VOTER last_known_addr { host: "127.27.241.66" port: 37577 } } peers { permanent_uuid: "fc9f6b43d6174651b71286d7fba061b9" member_type: VOTER last_known_addr { host: "127.27.241.67" port: 37985 } }
I20260601 13:32:24.052404   450 catalog_manager.cc:5696] T 28d4ddf1bd9e472a9a26002fda51be14 P c28ace5956c74c14bb5b6f09e92db72d reported cstate change: term changed from 0 to 1, leader changed from <none> to c28ace5956c74c14bb5b6f09e92db72d (127.27.241.65). New cstate: current_term: 1 leader_uuid: "c28ace5956c74c14bb5b6f09e92db72d" committed_config { opid_index: -1 OBSOLETE_local: false peers { permanent_uuid: "c28ace5956c74c14bb5b6f09e92db72d" member_type: VOTER last_known_addr { host: "127.27.241.65" port: 34909 } health_report { overall_health: HEALTHY } } peers { permanent_uuid: "b41842cf563e4d28933218bd16bb06ba" member_type: VOTER last_known_addr { host: "127.27.241.66" port: 37577 } health_report { overall_health: UNKNOWN } } peers { permanent_uuid: "fc9f6b43d6174651b71286d7fba061b9" member_type: VOTER last_known_addr { host: "127.27.241.67" port: 37985 } health_report { overall_health: UNKNOWN } } }
I20260601 13:32:24.053906   449 catalog_manager.cc:5696] T c3232fbd46724d7297ccfb711ba16ed5 P fc9f6b43d6174651b71286d7fba061b9 reported cstate change: term changed from 0 to 1, leader changed from <none> to fc9f6b43d6174651b71286d7fba061b9 (127.27.241.67). New cstate: current_term: 1 leader_uuid: "fc9f6b43d6174651b71286d7fba061b9" committed_config { opid_index: -1 OBSOLETE_local: false peers { permanent_uuid: "c28ace5956c74c14bb5b6f09e92db72d" member_type: VOTER last_known_addr { host: "127.27.241.65" port: 34909 } health_report { overall_health: UNKNOWN } } peers { permanent_uuid: "b41842cf563e4d28933218bd16bb06ba" member_type: VOTER last_known_addr { host: "127.27.241.66" port: 37577 } health_report { overall_health: UNKNOWN } } peers { permanent_uuid: "fc9f6b43d6174651b71286d7fba061b9" member_type: VOTER last_known_addr { host: "127.27.241.67" port: 37985 } health_report { overall_health: HEALTHY } } }
I20260601 13:32:24.110853   759 raft_consensus.cc:493] T ccac4e25bf9143328d3b297a368ddb15 P c28ace5956c74c14bb5b6f09e92db72d [term 0 FOLLOWER]: Starting pre-election (no leader contacted us within the election timeout)
I20260601 13:32:24.111033   759 raft_consensus.cc:515] T ccac4e25bf9143328d3b297a368ddb15 P c28ace5956c74c14bb5b6f09e92db72d [term 0 FOLLOWER]: Starting pre-election with config: opid_index: -1 OBSOLETE_local: false peers { permanent_uuid: "fc9f6b43d6174651b71286d7fba061b9" member_type: VOTER last_known_addr { host: "127.27.241.67" port: 37985 } } peers { permanent_uuid: "c28ace5956c74c14bb5b6f09e92db72d" member_type: VOTER last_known_addr { host: "127.27.241.65" port: 34909 } } peers { permanent_uuid: "b41842cf563e4d28933218bd16bb06ba" member_type: VOTER last_known_addr { host: "127.27.241.66" port: 37577 } }
I20260601 13:32:24.111584   759 leader_election.cc:290] T ccac4e25bf9143328d3b297a368ddb15 P c28ace5956c74c14bb5b6f09e92db72d [CANDIDATE]: Term 1 pre-election: Requested pre-vote from peers fc9f6b43d6174651b71286d7fba061b9 (127.27.241.67:37985), b41842cf563e4d28933218bd16bb06ba (127.27.241.66:37577)
I20260601 13:32:24.112058   631 tablet_service.cc:1917] Received RequestConsensusVote() RPC: tablet_id: "ccac4e25bf9143328d3b297a368ddb15" candidate_uuid: "c28ace5956c74c14bb5b6f09e92db72d" candidate_term: 1 candidate_status { last_received { term: 0 index: 0 } } ignore_live_leader: false dest_uuid: "b41842cf563e4d28933218bd16bb06ba" is_pre_election: true
I20260601 13:32:24.112066   708 tablet_service.cc:1917] Received RequestConsensusVote() RPC: tablet_id: "ccac4e25bf9143328d3b297a368ddb15" candidate_uuid: "c28ace5956c74c14bb5b6f09e92db72d" candidate_term: 1 candidate_status { last_received { term: 0 index: 0 } } ignore_live_leader: false dest_uuid: "fc9f6b43d6174651b71286d7fba061b9" is_pre_election: true
I20260601 13:32:24.112179   631 raft_consensus.cc:2468] T ccac4e25bf9143328d3b297a368ddb15 P b41842cf563e4d28933218bd16bb06ba [term 0 FOLLOWER]: Leader pre-election vote request: Granting yes vote for candidate c28ace5956c74c14bb5b6f09e92db72d in term 0.
I20260601 13:32:24.112319   708 raft_consensus.cc:2468] T ccac4e25bf9143328d3b297a368ddb15 P fc9f6b43d6174651b71286d7fba061b9 [term 0 FOLLOWER]: Leader pre-election vote request: Granting yes vote for candidate c28ace5956c74c14bb5b6f09e92db72d in term 0.
I20260601 13:32:24.112553   520 leader_election.cc:304] T ccac4e25bf9143328d3b297a368ddb15 P c28ace5956c74c14bb5b6f09e92db72d [CANDIDATE]: Term 1 pre-election: Election decided. Result: candidate won. Election summary: received 2 responses out of 3 voters: 2 yes votes; 0 no votes. yes voters: b41842cf563e4d28933218bd16bb06ba, c28ace5956c74c14bb5b6f09e92db72d; no voters: 
I20260601 13:32:24.112712   759 raft_consensus.cc:2804] T ccac4e25bf9143328d3b297a368ddb15 P c28ace5956c74c14bb5b6f09e92db72d [term 0 FOLLOWER]: Leader pre-election won for term 1
I20260601 13:32:24.112771   759 raft_consensus.cc:493] T ccac4e25bf9143328d3b297a368ddb15 P c28ace5956c74c14bb5b6f09e92db72d [term 0 FOLLOWER]: Starting leader election (no leader contacted us within the election timeout)
I20260601 13:32:24.112828   759 raft_consensus.cc:3060] T ccac4e25bf9143328d3b297a368ddb15 P c28ace5956c74c14bb5b6f09e92db72d [term 0 FOLLOWER]: Advancing to term 1
I20260601 13:32:24.113682   759 raft_consensus.cc:515] T ccac4e25bf9143328d3b297a368ddb15 P c28ace5956c74c14bb5b6f09e92db72d [term 1 FOLLOWER]: Starting leader election with config: opid_index: -1 OBSOLETE_local: false peers { permanent_uuid: "fc9f6b43d6174651b71286d7fba061b9" member_type: VOTER last_known_addr { host: "127.27.241.67" port: 37985 } } peers { permanent_uuid: "c28ace5956c74c14bb5b6f09e92db72d" member_type: VOTER last_known_addr { host: "127.27.241.65" port: 34909 } } peers { permanent_uuid: "b41842cf563e4d28933218bd16bb06ba" member_type: VOTER last_known_addr { host: "127.27.241.66" port: 37577 } }
I20260601 13:32:24.114099   759 leader_election.cc:290] T ccac4e25bf9143328d3b297a368ddb15 P c28ace5956c74c14bb5b6f09e92db72d [CANDIDATE]: Term 1 election: Requested vote from peers fc9f6b43d6174651b71286d7fba061b9 (127.27.241.67:37985), b41842cf563e4d28933218bd16bb06ba (127.27.241.66:37577)
I20260601 13:32:24.114380   708 tablet_service.cc:1917] Received RequestConsensusVote() RPC: tablet_id: "ccac4e25bf9143328d3b297a368ddb15" candidate_uuid: "c28ace5956c74c14bb5b6f09e92db72d" candidate_term: 1 candidate_status { last_received { term: 0 index: 0 } } ignore_live_leader: false dest_uuid: "fc9f6b43d6174651b71286d7fba061b9"
I20260601 13:32:24.114497   708 raft_consensus.cc:3060] T ccac4e25bf9143328d3b297a368ddb15 P fc9f6b43d6174651b71286d7fba061b9 [term 0 FOLLOWER]: Advancing to term 1
I20260601 13:32:24.114490   631 tablet_service.cc:1917] Received RequestConsensusVote() RPC: tablet_id: "ccac4e25bf9143328d3b297a368ddb15" candidate_uuid: "c28ace5956c74c14bb5b6f09e92db72d" candidate_term: 1 candidate_status { last_received { term: 0 index: 0 } } ignore_live_leader: false dest_uuid: "b41842cf563e4d28933218bd16bb06ba"
I20260601 13:32:24.114653   631 raft_consensus.cc:3060] T ccac4e25bf9143328d3b297a368ddb15 P b41842cf563e4d28933218bd16bb06ba [term 0 FOLLOWER]: Advancing to term 1
I20260601 13:32:24.115449   708 raft_consensus.cc:2468] T ccac4e25bf9143328d3b297a368ddb15 P fc9f6b43d6174651b71286d7fba061b9 [term 1 FOLLOWER]: Leader election vote request: Granting yes vote for candidate c28ace5956c74c14bb5b6f09e92db72d in term 1.
I20260601 13:32:24.115614   631 raft_consensus.cc:2468] T ccac4e25bf9143328d3b297a368ddb15 P b41842cf563e4d28933218bd16bb06ba [term 1 FOLLOWER]: Leader election vote request: Granting yes vote for candidate c28ace5956c74c14bb5b6f09e92db72d in term 1.
I20260601 13:32:24.115715   521 leader_election.cc:304] T ccac4e25bf9143328d3b297a368ddb15 P c28ace5956c74c14bb5b6f09e92db72d [CANDIDATE]: Term 1 election: Election decided. Result: candidate won. Election summary: received 2 responses out of 3 voters: 2 yes votes; 0 no votes. yes voters: c28ace5956c74c14bb5b6f09e92db72d, fc9f6b43d6174651b71286d7fba061b9; no voters: 
I20260601 13:32:24.115890   759 raft_consensus.cc:2804] T ccac4e25bf9143328d3b297a368ddb15 P c28ace5956c74c14bb5b6f09e92db72d [term 1 FOLLOWER]: Leader election won for term 1
I20260601 13:32:24.115991   759 raft_consensus.cc:697] T ccac4e25bf9143328d3b297a368ddb15 P c28ace5956c74c14bb5b6f09e92db72d [term 1 LEADER]: Becoming Leader. State: Replica: c28ace5956c74c14bb5b6f09e92db72d, State: Running, Role: LEADER
I20260601 13:32:24.116139   759 consensus_queue.cc:237] T ccac4e25bf9143328d3b297a368ddb15 P c28ace5956c74c14bb5b6f09e92db72d [LEADER]: Queue going to LEADER mode. State: All replicated index: 0, Majority replicated index: 0, Committed index: 0, Last appended: 0.0, Last appended by leader: 0, Current term: 1, Majority size: 2, State: 0, Mode: LEADER, active raft config: opid_index: -1 OBSOLETE_local: false peers { permanent_uuid: "fc9f6b43d6174651b71286d7fba061b9" member_type: VOTER last_known_addr { host: "127.27.241.67" port: 37985 } } peers { permanent_uuid: "c28ace5956c74c14bb5b6f09e92db72d" member_type: VOTER last_known_addr { host: "127.27.241.65" port: 34909 } } peers { permanent_uuid: "b41842cf563e4d28933218bd16bb06ba" member_type: VOTER last_known_addr { host: "127.27.241.66" port: 37577 } }
I20260601 13:32:24.118259   449 catalog_manager.cc:5696] T ccac4e25bf9143328d3b297a368ddb15 P c28ace5956c74c14bb5b6f09e92db72d reported cstate change: term changed from 0 to 1, leader changed from <none> to c28ace5956c74c14bb5b6f09e92db72d (127.27.241.65). New cstate: current_term: 1 leader_uuid: "c28ace5956c74c14bb5b6f09e92db72d" committed_config { opid_index: -1 OBSOLETE_local: false peers { permanent_uuid: "fc9f6b43d6174651b71286d7fba061b9" member_type: VOTER last_known_addr { host: "127.27.241.67" port: 37985 } health_report { overall_health: UNKNOWN } } peers { permanent_uuid: "c28ace5956c74c14bb5b6f09e92db72d" member_type: VOTER last_known_addr { host: "127.27.241.65" port: 34909 } health_report { overall_health: HEALTHY } } peers { permanent_uuid: "b41842cf563e4d28933218bd16bb06ba" member_type: VOTER last_known_addr { host: "127.27.241.66" port: 37577 } health_report { overall_health: UNKNOWN } } }
I20260601 13:32:24.130810   759 raft_consensus.cc:493] T 2391c90a39e34fc098d49a141efc5076 P c28ace5956c74c14bb5b6f09e92db72d [term 0 FOLLOWER]: Starting pre-election (no leader contacted us within the election timeout)
I20260601 13:32:24.131001   759 raft_consensus.cc:515] T 2391c90a39e34fc098d49a141efc5076 P c28ace5956c74c14bb5b6f09e92db72d [term 0 FOLLOWER]: Starting pre-election with config: opid_index: -1 OBSOLETE_local: false peers { permanent_uuid: "c28ace5956c74c14bb5b6f09e92db72d" member_type: VOTER last_known_addr { host: "127.27.241.65" port: 34909 } } peers { permanent_uuid: "b41842cf563e4d28933218bd16bb06ba" member_type: VOTER last_known_addr { host: "127.27.241.66" port: 37577 } } peers { permanent_uuid: "fc9f6b43d6174651b71286d7fba061b9" member_type: VOTER last_known_addr { host: "127.27.241.67" port: 37985 } }
I20260601 13:32:24.131494   759 leader_election.cc:290] T 2391c90a39e34fc098d49a141efc5076 P c28ace5956c74c14bb5b6f09e92db72d [CANDIDATE]: Term 1 pre-election: Requested pre-vote from peers b41842cf563e4d28933218bd16bb06ba (127.27.241.66:37577), fc9f6b43d6174651b71286d7fba061b9 (127.27.241.67:37985)
I20260601 13:32:24.131819   708 tablet_service.cc:1917] Received RequestConsensusVote() RPC: tablet_id: "2391c90a39e34fc098d49a141efc5076" candidate_uuid: "c28ace5956c74c14bb5b6f09e92db72d" candidate_term: 1 candidate_status { last_received { term: 0 index: 0 } } ignore_live_leader: false dest_uuid: "fc9f6b43d6174651b71286d7fba061b9" is_pre_election: true
I20260601 13:32:24.131819   631 tablet_service.cc:1917] Received RequestConsensusVote() RPC: tablet_id: "2391c90a39e34fc098d49a141efc5076" candidate_uuid: "c28ace5956c74c14bb5b6f09e92db72d" candidate_term: 1 candidate_status { last_received { term: 0 index: 0 } } ignore_live_leader: false dest_uuid: "b41842cf563e4d28933218bd16bb06ba" is_pre_election: true
I20260601 13:32:24.132011   631 raft_consensus.cc:2468] T 2391c90a39e34fc098d49a141efc5076 P b41842cf563e4d28933218bd16bb06ba [term 0 FOLLOWER]: Leader pre-election vote request: Granting yes vote for candidate c28ace5956c74c14bb5b6f09e92db72d in term 0.
I20260601 13:32:24.132011   708 raft_consensus.cc:2468] T 2391c90a39e34fc098d49a141efc5076 P fc9f6b43d6174651b71286d7fba061b9 [term 0 FOLLOWER]: Leader pre-election vote request: Granting yes vote for candidate c28ace5956c74c14bb5b6f09e92db72d in term 0.
I20260601 13:32:24.132345   520 leader_election.cc:304] T 2391c90a39e34fc098d49a141efc5076 P c28ace5956c74c14bb5b6f09e92db72d [CANDIDATE]: Term 1 pre-election: Election decided. Result: candidate won. Election summary: received 2 responses out of 3 voters: 2 yes votes; 0 no votes. yes voters: b41842cf563e4d28933218bd16bb06ba, c28ace5956c74c14bb5b6f09e92db72d; no voters: 
I20260601 13:32:24.132565   759 raft_consensus.cc:2804] T 2391c90a39e34fc098d49a141efc5076 P c28ace5956c74c14bb5b6f09e92db72d [term 0 FOLLOWER]: Leader pre-election won for term 1
I20260601 13:32:24.132634   759 raft_consensus.cc:493] T 2391c90a39e34fc098d49a141efc5076 P c28ace5956c74c14bb5b6f09e92db72d [term 0 FOLLOWER]: Starting leader election (no leader contacted us within the election timeout)
I20260601 13:32:24.132694   759 raft_consensus.cc:3060] T 2391c90a39e34fc098d49a141efc5076 P c28ace5956c74c14bb5b6f09e92db72d [term 0 FOLLOWER]: Advancing to term 1
I20260601 13:32:24.133543   759 raft_consensus.cc:515] T 2391c90a39e34fc098d49a141efc5076 P c28ace5956c74c14bb5b6f09e92db72d [term 1 FOLLOWER]: Starting leader election with config: opid_index: -1 OBSOLETE_local: false peers { permanent_uuid: "c28ace5956c74c14bb5b6f09e92db72d" member_type: VOTER last_known_addr { host: "127.27.241.65" port: 34909 } } peers { permanent_uuid: "b41842cf563e4d28933218bd16bb06ba" member_type: VOTER last_known_addr { host: "127.27.241.66" port: 37577 } } peers { permanent_uuid: "fc9f6b43d6174651b71286d7fba061b9" member_type: VOTER last_known_addr { host: "127.27.241.67" port: 37985 } }
I20260601 13:32:24.133891   759 leader_election.cc:290] T 2391c90a39e34fc098d49a141efc5076 P c28ace5956c74c14bb5b6f09e92db72d [CANDIDATE]: Term 1 election: Requested vote from peers b41842cf563e4d28933218bd16bb06ba (127.27.241.66:37577), fc9f6b43d6174651b71286d7fba061b9 (127.27.241.67:37985)
I20260601 13:32:24.134250   708 tablet_service.cc:1917] Received RequestConsensusVote() RPC: tablet_id: "2391c90a39e34fc098d49a141efc5076" candidate_uuid: "c28ace5956c74c14bb5b6f09e92db72d" candidate_term: 1 candidate_status { last_received { term: 0 index: 0 } } ignore_live_leader: false dest_uuid: "fc9f6b43d6174651b71286d7fba061b9"
I20260601 13:32:24.134268   631 tablet_service.cc:1917] Received RequestConsensusVote() RPC: tablet_id: "2391c90a39e34fc098d49a141efc5076" candidate_uuid: "c28ace5956c74c14bb5b6f09e92db72d" candidate_term: 1 candidate_status { last_received { term: 0 index: 0 } } ignore_live_leader: false dest_uuid: "b41842cf563e4d28933218bd16bb06ba"
I20260601 13:32:24.134416   631 raft_consensus.cc:3060] T 2391c90a39e34fc098d49a141efc5076 P b41842cf563e4d28933218bd16bb06ba [term 0 FOLLOWER]: Advancing to term 1
I20260601 13:32:24.134416   708 raft_consensus.cc:3060] T 2391c90a39e34fc098d49a141efc5076 P fc9f6b43d6174651b71286d7fba061b9 [term 0 FOLLOWER]: Advancing to term 1
I20260601 13:32:24.135347   631 raft_consensus.cc:2468] T 2391c90a39e34fc098d49a141efc5076 P b41842cf563e4d28933218bd16bb06ba [term 1 FOLLOWER]: Leader election vote request: Granting yes vote for candidate c28ace5956c74c14bb5b6f09e92db72d in term 1.
I20260601 13:32:24.135347   708 raft_consensus.cc:2468] T 2391c90a39e34fc098d49a141efc5076 P fc9f6b43d6174651b71286d7fba061b9 [term 1 FOLLOWER]: Leader election vote request: Granting yes vote for candidate c28ace5956c74c14bb5b6f09e92db72d in term 1.
I20260601 13:32:24.135658   521 leader_election.cc:304] T 2391c90a39e34fc098d49a141efc5076 P c28ace5956c74c14bb5b6f09e92db72d [CANDIDATE]: Term 1 election: Election decided. Result: candidate won. Election summary: received 2 responses out of 3 voters: 2 yes votes; 0 no votes. yes voters: c28ace5956c74c14bb5b6f09e92db72d, fc9f6b43d6174651b71286d7fba061b9; no voters: 
I20260601 13:32:24.135854   759 raft_consensus.cc:2804] T 2391c90a39e34fc098d49a141efc5076 P c28ace5956c74c14bb5b6f09e92db72d [term 1 FOLLOWER]: Leader election won for term 1
I20260601 13:32:24.135960   759 raft_consensus.cc:697] T 2391c90a39e34fc098d49a141efc5076 P c28ace5956c74c14bb5b6f09e92db72d [term 1 LEADER]: Becoming Leader. State: Replica: c28ace5956c74c14bb5b6f09e92db72d, State: Running, Role: LEADER
I20260601 13:32:24.136109   759 consensus_queue.cc:237] T 2391c90a39e34fc098d49a141efc5076 P c28ace5956c74c14bb5b6f09e92db72d [LEADER]: Queue going to LEADER mode. State: All replicated index: 0, Majority replicated index: 0, Committed index: 0, Last appended: 0.0, Last appended by leader: 0, Current term: 1, Majority size: 2, State: 0, Mode: LEADER, active raft config: opid_index: -1 OBSOLETE_local: false peers { permanent_uuid: "c28ace5956c74c14bb5b6f09e92db72d" member_type: VOTER last_known_addr { host: "127.27.241.65" port: 34909 } } peers { permanent_uuid: "b41842cf563e4d28933218bd16bb06ba" member_type: VOTER last_known_addr { host: "127.27.241.66" port: 37577 } } peers { permanent_uuid: "fc9f6b43d6174651b71286d7fba061b9" member_type: VOTER last_known_addr { host: "127.27.241.67" port: 37985 } }
I20260601 13:32:24.137639   803 raft_consensus.cc:493] T 23aae3bfa4b14936a2a6e68cd977bffc P b41842cf563e4d28933218bd16bb06ba [term 0 FOLLOWER]: Starting pre-election (no leader contacted us within the election timeout)
I20260601 13:32:24.137727   803 raft_consensus.cc:515] T 23aae3bfa4b14936a2a6e68cd977bffc P b41842cf563e4d28933218bd16bb06ba [term 0 FOLLOWER]: Starting pre-election with config: opid_index: -1 OBSOLETE_local: false peers { permanent_uuid: "c28ace5956c74c14bb5b6f09e92db72d" member_type: VOTER last_known_addr { host: "127.27.241.65" port: 34909 } } peers { permanent_uuid: "b41842cf563e4d28933218bd16bb06ba" member_type: VOTER last_known_addr { host: "127.27.241.66" port: 37577 } } peers { permanent_uuid: "fc9f6b43d6174651b71286d7fba061b9" member_type: VOTER last_known_addr { host: "127.27.241.67" port: 37985 } }
I20260601 13:32:24.138108   803 leader_election.cc:290] T 23aae3bfa4b14936a2a6e68cd977bffc P b41842cf563e4d28933218bd16bb06ba [CANDIDATE]: Term 1 pre-election: Requested pre-vote from peers c28ace5956c74c14bb5b6f09e92db72d (127.27.241.65:34909), fc9f6b43d6174651b71286d7fba061b9 (127.27.241.67:37985)
I20260601 13:32:24.138120   449 catalog_manager.cc:5696] T 2391c90a39e34fc098d49a141efc5076 P c28ace5956c74c14bb5b6f09e92db72d reported cstate change: term changed from 0 to 1, leader changed from <none> to c28ace5956c74c14bb5b6f09e92db72d (127.27.241.65). New cstate: current_term: 1 leader_uuid: "c28ace5956c74c14bb5b6f09e92db72d" committed_config { opid_index: -1 OBSOLETE_local: false peers { permanent_uuid: "c28ace5956c74c14bb5b6f09e92db72d" member_type: VOTER last_known_addr { host: "127.27.241.65" port: 34909 } health_report { overall_health: HEALTHY } } peers { permanent_uuid: "b41842cf563e4d28933218bd16bb06ba" member_type: VOTER last_known_addr { host: "127.27.241.66" port: 37577 } health_report { overall_health: UNKNOWN } } peers { permanent_uuid: "fc9f6b43d6174651b71286d7fba061b9" member_type: VOTER last_known_addr { host: "127.27.241.67" port: 37985 } health_report { overall_health: UNKNOWN } } }
I20260601 13:32:24.138407   556 tablet_service.cc:1917] Received RequestConsensusVote() RPC: tablet_id: "23aae3bfa4b14936a2a6e68cd977bffc" candidate_uuid: "b41842cf563e4d28933218bd16bb06ba" candidate_term: 1 candidate_status { last_received { term: 0 index: 0 } } ignore_live_leader: false dest_uuid: "c28ace5956c74c14bb5b6f09e92db72d" is_pre_election: true
I20260601 13:32:24.138434   708 tablet_service.cc:1917] Received RequestConsensusVote() RPC: tablet_id: "23aae3bfa4b14936a2a6e68cd977bffc" candidate_uuid: "b41842cf563e4d28933218bd16bb06ba" candidate_term: 1 candidate_status { last_received { term: 0 index: 0 } } ignore_live_leader: false dest_uuid: "fc9f6b43d6174651b71286d7fba061b9" is_pre_election: true
I20260601 13:32:24.138522   556 raft_consensus.cc:2468] T 23aae3bfa4b14936a2a6e68cd977bffc P c28ace5956c74c14bb5b6f09e92db72d [term 0 FOLLOWER]: Leader pre-election vote request: Granting yes vote for candidate b41842cf563e4d28933218bd16bb06ba in term 0.
I20260601 13:32:24.138568   708 raft_consensus.cc:2468] T 23aae3bfa4b14936a2a6e68cd977bffc P fc9f6b43d6174651b71286d7fba061b9 [term 0 FOLLOWER]: Leader pre-election vote request: Granting yes vote for candidate b41842cf563e4d28933218bd16bb06ba in term 0.
I20260601 13:32:24.138800   597 leader_election.cc:304] T 23aae3bfa4b14936a2a6e68cd977bffc P b41842cf563e4d28933218bd16bb06ba [CANDIDATE]: Term 1 pre-election: Election decided. Result: candidate won. Election summary: received 2 responses out of 3 voters: 2 yes votes; 0 no votes. yes voters: b41842cf563e4d28933218bd16bb06ba, c28ace5956c74c14bb5b6f09e92db72d; no voters: 
I20260601 13:32:24.138989   803 raft_consensus.cc:2804] T 23aae3bfa4b14936a2a6e68cd977bffc P b41842cf563e4d28933218bd16bb06ba [term 0 FOLLOWER]: Leader pre-election won for term 1
I20260601 13:32:24.139050   803 raft_consensus.cc:493] T 23aae3bfa4b14936a2a6e68cd977bffc P b41842cf563e4d28933218bd16bb06ba [term 0 FOLLOWER]: Starting leader election (no leader contacted us within the election timeout)
I20260601 13:32:24.139087   803 raft_consensus.cc:3060] T 23aae3bfa4b14936a2a6e68cd977bffc P b41842cf563e4d28933218bd16bb06ba [term 0 FOLLOWER]: Advancing to term 1
I20260601 13:32:24.139979   803 raft_consensus.cc:515] T 23aae3bfa4b14936a2a6e68cd977bffc P b41842cf563e4d28933218bd16bb06ba [term 1 FOLLOWER]: Starting leader election with config: opid_index: -1 OBSOLETE_local: false peers { permanent_uuid: "c28ace5956c74c14bb5b6f09e92db72d" member_type: VOTER last_known_addr { host: "127.27.241.65" port: 34909 } } peers { permanent_uuid: "b41842cf563e4d28933218bd16bb06ba" member_type: VOTER last_known_addr { host: "127.27.241.66" port: 37577 } } peers { permanent_uuid: "fc9f6b43d6174651b71286d7fba061b9" member_type: VOTER last_known_addr { host: "127.27.241.67" port: 37985 } }
I20260601 13:32:24.140327   803 leader_election.cc:290] T 23aae3bfa4b14936a2a6e68cd977bffc P b41842cf563e4d28933218bd16bb06ba [CANDIDATE]: Term 1 election: Requested vote from peers c28ace5956c74c14bb5b6f09e92db72d (127.27.241.65:34909), fc9f6b43d6174651b71286d7fba061b9 (127.27.241.67:37985)
I20260601 13:32:24.140579   556 tablet_service.cc:1917] Received RequestConsensusVote() RPC: tablet_id: "23aae3bfa4b14936a2a6e68cd977bffc" candidate_uuid: "b41842cf563e4d28933218bd16bb06ba" candidate_term: 1 candidate_status { last_received { term: 0 index: 0 } } ignore_live_leader: false dest_uuid: "c28ace5956c74c14bb5b6f09e92db72d"
I20260601 13:32:24.140694   556 raft_consensus.cc:3060] T 23aae3bfa4b14936a2a6e68cd977bffc P c28ace5956c74c14bb5b6f09e92db72d [term 0 FOLLOWER]: Advancing to term 1
I20260601 13:32:24.140753   708 tablet_service.cc:1917] Received RequestConsensusVote() RPC: tablet_id: "23aae3bfa4b14936a2a6e68cd977bffc" candidate_uuid: "b41842cf563e4d28933218bd16bb06ba" candidate_term: 1 candidate_status { last_received { term: 0 index: 0 } } ignore_live_leader: false dest_uuid: "fc9f6b43d6174651b71286d7fba061b9"
I20260601 13:32:24.140849   708 raft_consensus.cc:3060] T 23aae3bfa4b14936a2a6e68cd977bffc P fc9f6b43d6174651b71286d7fba061b9 [term 0 FOLLOWER]: Advancing to term 1
I20260601 13:32:24.141789   708 raft_consensus.cc:2468] T 23aae3bfa4b14936a2a6e68cd977bffc P fc9f6b43d6174651b71286d7fba061b9 [term 1 FOLLOWER]: Leader election vote request: Granting yes vote for candidate b41842cf563e4d28933218bd16bb06ba in term 1.
I20260601 13:32:24.141789   556 raft_consensus.cc:2468] T 23aae3bfa4b14936a2a6e68cd977bffc P c28ace5956c74c14bb5b6f09e92db72d [term 1 FOLLOWER]: Leader election vote request: Granting yes vote for candidate b41842cf563e4d28933218bd16bb06ba in term 1.
I20260601 13:32:24.142124   597 leader_election.cc:304] T 23aae3bfa4b14936a2a6e68cd977bffc P b41842cf563e4d28933218bd16bb06ba [CANDIDATE]: Term 1 election: Election decided. Result: candidate won. Election summary: received 2 responses out of 3 voters: 2 yes votes; 0 no votes. yes voters: b41842cf563e4d28933218bd16bb06ba, c28ace5956c74c14bb5b6f09e92db72d; no voters: 
I20260601 13:32:24.142318   803 raft_consensus.cc:2804] T 23aae3bfa4b14936a2a6e68cd977bffc P b41842cf563e4d28933218bd16bb06ba [term 1 FOLLOWER]: Leader election won for term 1
I20260601 13:32:24.142416   803 raft_consensus.cc:697] T 23aae3bfa4b14936a2a6e68cd977bffc P b41842cf563e4d28933218bd16bb06ba [term 1 LEADER]: Becoming Leader. State: Replica: b41842cf563e4d28933218bd16bb06ba, State: Running, Role: LEADER
I20260601 13:32:24.142531   803 consensus_queue.cc:237] T 23aae3bfa4b14936a2a6e68cd977bffc P b41842cf563e4d28933218bd16bb06ba [LEADER]: Queue going to LEADER mode. State: All replicated index: 0, Majority replicated index: 0, Committed index: 0, Last appended: 0.0, Last appended by leader: 0, Current term: 1, Majority size: 2, State: 0, Mode: LEADER, active raft config: opid_index: -1 OBSOLETE_local: false peers { permanent_uuid: "c28ace5956c74c14bb5b6f09e92db72d" member_type: VOTER last_known_addr { host: "127.27.241.65" port: 34909 } } peers { permanent_uuid: "b41842cf563e4d28933218bd16bb06ba" member_type: VOTER last_known_addr { host: "127.27.241.66" port: 37577 } } peers { permanent_uuid: "fc9f6b43d6174651b71286d7fba061b9" member_type: VOTER last_known_addr { host: "127.27.241.67" port: 37985 } }
I20260601 13:32:24.143989   449 catalog_manager.cc:5696] T 23aae3bfa4b14936a2a6e68cd977bffc P b41842cf563e4d28933218bd16bb06ba reported cstate change: term changed from 0 to 1, leader changed from <none> to b41842cf563e4d28933218bd16bb06ba (127.27.241.66). New cstate: current_term: 1 leader_uuid: "b41842cf563e4d28933218bd16bb06ba" committed_config { opid_index: -1 OBSOLETE_local: false peers { permanent_uuid: "c28ace5956c74c14bb5b6f09e92db72d" member_type: VOTER last_known_addr { host: "127.27.241.65" port: 34909 } health_report { overall_health: UNKNOWN } } peers { permanent_uuid: "b41842cf563e4d28933218bd16bb06ba" member_type: VOTER last_known_addr { host: "127.27.241.66" port: 37577 } health_report { overall_health: HEALTHY } } peers { permanent_uuid: "fc9f6b43d6174651b71286d7fba061b9" member_type: VOTER last_known_addr { host: "127.27.241.67" port: 37985 } health_report { overall_health: UNKNOWN } } }
I20260601 13:32:24.145824   765 raft_consensus.cc:493] T 6e010a846a354c6ea8a12e74ff2d9500 P fc9f6b43d6174651b71286d7fba061b9 [term 0 FOLLOWER]: Starting pre-election (no leader contacted us within the election timeout)
I20260601 13:32:24.145941   765 raft_consensus.cc:515] T 6e010a846a354c6ea8a12e74ff2d9500 P fc9f6b43d6174651b71286d7fba061b9 [term 0 FOLLOWER]: Starting pre-election with config: opid_index: -1 OBSOLETE_local: false peers { permanent_uuid: "c28ace5956c74c14bb5b6f09e92db72d" member_type: VOTER last_known_addr { host: "127.27.241.65" port: 34909 } } peers { permanent_uuid: "b41842cf563e4d28933218bd16bb06ba" member_type: VOTER last_known_addr { host: "127.27.241.66" port: 37577 } } peers { permanent_uuid: "fc9f6b43d6174651b71286d7fba061b9" member_type: VOTER last_known_addr { host: "127.27.241.67" port: 37985 } }
I20260601 13:32:24.146265   765 leader_election.cc:290] T 6e010a846a354c6ea8a12e74ff2d9500 P fc9f6b43d6174651b71286d7fba061b9 [CANDIDATE]: Term 1 pre-election: Requested pre-vote from peers c28ace5956c74c14bb5b6f09e92db72d (127.27.241.65:34909), b41842cf563e4d28933218bd16bb06ba (127.27.241.66:37577)
I20260601 13:32:24.146595   556 tablet_service.cc:1917] Received RequestConsensusVote() RPC: tablet_id: "6e010a846a354c6ea8a12e74ff2d9500" candidate_uuid: "fc9f6b43d6174651b71286d7fba061b9" candidate_term: 1 candidate_status { last_received { term: 0 index: 0 } } ignore_live_leader: false dest_uuid: "c28ace5956c74c14bb5b6f09e92db72d" is_pre_election: true
I20260601 13:32:24.146652   631 tablet_service.cc:1917] Received RequestConsensusVote() RPC: tablet_id: "6e010a846a354c6ea8a12e74ff2d9500" candidate_uuid: "fc9f6b43d6174651b71286d7fba061b9" candidate_term: 1 candidate_status { last_received { term: 0 index: 0 } } ignore_live_leader: false dest_uuid: "b41842cf563e4d28933218bd16bb06ba" is_pre_election: true
I20260601 13:32:24.146690   556 raft_consensus.cc:2468] T 6e010a846a354c6ea8a12e74ff2d9500 P c28ace5956c74c14bb5b6f09e92db72d [term 0 FOLLOWER]: Leader pre-election vote request: Granting yes vote for candidate fc9f6b43d6174651b71286d7fba061b9 in term 0.
I20260601 13:32:24.146780   631 raft_consensus.cc:2468] T 6e010a846a354c6ea8a12e74ff2d9500 P b41842cf563e4d28933218bd16bb06ba [term 0 FOLLOWER]: Leader pre-election vote request: Granting yes vote for candidate fc9f6b43d6174651b71286d7fba061b9 in term 0.
I20260601 13:32:24.146961   672 leader_election.cc:304] T 6e010a846a354c6ea8a12e74ff2d9500 P fc9f6b43d6174651b71286d7fba061b9 [CANDIDATE]: Term 1 pre-election: Election decided. Result: candidate won. Election summary: received 2 responses out of 3 voters: 2 yes votes; 0 no votes. yes voters: c28ace5956c74c14bb5b6f09e92db72d, fc9f6b43d6174651b71286d7fba061b9; no voters: 
I20260601 13:32:24.147123   765 raft_consensus.cc:2804] T 6e010a846a354c6ea8a12e74ff2d9500 P fc9f6b43d6174651b71286d7fba061b9 [term 0 FOLLOWER]: Leader pre-election won for term 1
I20260601 13:32:24.147171   765 raft_consensus.cc:493] T 6e010a846a354c6ea8a12e74ff2d9500 P fc9f6b43d6174651b71286d7fba061b9 [term 0 FOLLOWER]: Starting leader election (no leader contacted us within the election timeout)
I20260601 13:32:24.147197   765 raft_consensus.cc:3060] T 6e010a846a354c6ea8a12e74ff2d9500 P fc9f6b43d6174651b71286d7fba061b9 [term 0 FOLLOWER]: Advancing to term 1
I20260601 13:32:24.147918   765 raft_consensus.cc:515] T 6e010a846a354c6ea8a12e74ff2d9500 P fc9f6b43d6174651b71286d7fba061b9 [term 1 FOLLOWER]: Starting leader election with config: opid_index: -1 OBSOLETE_local: false peers { permanent_uuid: "c28ace5956c74c14bb5b6f09e92db72d" member_type: VOTER last_known_addr { host: "127.27.241.65" port: 34909 } } peers { permanent_uuid: "b41842cf563e4d28933218bd16bb06ba" member_type: VOTER last_known_addr { host: "127.27.241.66" port: 37577 } } peers { permanent_uuid: "fc9f6b43d6174651b71286d7fba061b9" member_type: VOTER last_known_addr { host: "127.27.241.67" port: 37985 } }
