I20260601 13:30:49.413160  6718 catalog_manager.cc:6080] T 00000000000000000000000000000000 P 3008801bd9914f27813653fddf06a06e: Loaded TSK: 0
I20260601 13:30:49.413589  6718 catalog_manager.cc:1549] Initializing in-progress tserver states...
I20260601 13:30:49.458019  6381 auto_leader_rebalancer.cc:140] leader rebalance for table test-workload
I20260601 13:30:49.458146  6381 auto_leader_rebalancer.cc:451] All tables' leader rebalancing finished this round
I20260601 13:30:49.468921  5104 tablet_server.cc:179] TabletServer@127.4.252.1:0 shutting down...
I20260601 13:30:49.473711  5104 ts_tablet_manager.cc:1507] Shutting down tablet manager...
I20260601 13:30:49.474030  5104 tablet_replica.cc:333] T 9ac9e9e498d94f31a797e06316495d5d P 513145fdbb51432397bf048be4d19bab: stopping tablet replica
I20260601 13:30:49.474195  5104 raft_consensus.cc:2243] T 9ac9e9e498d94f31a797e06316495d5d P 513145fdbb51432397bf048be4d19bab [term 1 LEADER]: Raft consensus shutting down.
I20260601 13:30:49.474372  5104 raft_consensus.cc:2272] T 9ac9e9e498d94f31a797e06316495d5d P 513145fdbb51432397bf048be4d19bab [term 1 FOLLOWER]: Raft consensus is shut down!
I20260601 13:30:49.488312  5104 tablet_server.cc:196] TabletServer@127.4.252.1:0 shutdown complete.
I20260601 13:30:49.490643  5104 tablet_server.cc:179] TabletServer@127.4.252.2:0 shutting down...
I20260601 13:30:49.496717  5104 ts_tablet_manager.cc:1507] Shutting down tablet manager...
I20260601 13:30:49.497092  5104 tablet_replica.cc:333] T c4b5d327583e4d56afc66dff2318f5e8 P ed748937201d4fb3a63907e445ab40ef: stopping tablet replica
I20260601 13:30:49.497262  5104 raft_consensus.cc:2243] T c4b5d327583e4d56afc66dff2318f5e8 P ed748937201d4fb3a63907e445ab40ef [term 1 LEADER]: Raft consensus shutting down.
I20260601 13:30:49.497434  5104 raft_consensus.cc:2272] T c4b5d327583e4d56afc66dff2318f5e8 P ed748937201d4fb3a63907e445ab40ef [term 1 FOLLOWER]: Raft consensus is shut down!
I20260601 13:30:49.510936  5104 tablet_server.cc:196] TabletServer@127.4.252.2:0 shutdown complete.
I20260601 13:30:49.513393  5104 tablet_server.cc:179] TabletServer@127.4.252.3:0 shutting down...
I20260601 13:30:49.518079  5104 ts_tablet_manager.cc:1507] Shutting down tablet manager...
I20260601 13:30:49.518373  5104 tablet_replica.cc:333] T 25f2f3db1c874a25bdef7332c372e660 P 2404b97c8b7b40c2aa84db378a3618d0: stopping tablet replica
I20260601 13:30:49.518541  5104 raft_consensus.cc:2243] T 25f2f3db1c874a25bdef7332c372e660 P 2404b97c8b7b40c2aa84db378a3618d0 [term 1 LEADER]: Raft consensus shutting down.
I20260601 13:30:49.518807  5104 raft_consensus.cc:2272] T 25f2f3db1c874a25bdef7332c372e660 P 2404b97c8b7b40c2aa84db378a3618d0 [term 1 FOLLOWER]: Raft consensus is shut down!
I20260601 13:30:49.532207  5104 tablet_server.cc:196] TabletServer@127.4.252.3:0 shutdown complete.
I20260601 13:30:49.534435  5104 master.cc:562] Master@127.4.252.62:45303 shutting down...
I20260601 13:30:49.539224  5104 raft_consensus.cc:2243] T 00000000000000000000000000000000 P 42083f07811a46d0ac4d2ee73febdcbd [term 2 FOLLOWER]: Raft consensus shutting down.
I20260601 13:30:49.539466  5104 raft_consensus.cc:2272] T 00000000000000000000000000000000 P 42083f07811a46d0ac4d2ee73febdcbd [term 2 FOLLOWER]: Raft consensus is shut down!
I20260601 13:30:49.539541  5104 tablet_replica.cc:333] T 00000000000000000000000000000000 P 42083f07811a46d0ac4d2ee73febdcbd: stopping tablet replica
I20260601 13:30:49.553123  5104 master.cc:584] Master@127.4.252.62:45303 shutdown complete.
I20260601 13:30:49.556252  5104 master.cc:562] Master@127.4.252.60:42267 shutting down...
I20260601 13:30:49.560927  5104 raft_consensus.cc:2243] T 00000000000000000000000000000000 P 3008801bd9914f27813653fddf06a06e [term 2 LEADER]: Raft consensus shutting down.
I20260601 13:30:49.561192  5104 pending_rounds.cc:70] T 00000000000000000000000000000000 P 3008801bd9914f27813653fddf06a06e: Trying to abort 1 pending ops.
I20260601 13:30:49.561292  5104 pending_rounds.cc:77] T 00000000000000000000000000000000 P 3008801bd9914f27813653fddf06a06e: Aborting op as it isn't in flight: id { term: 2 index: 10 } timestamp: 7292193379978715136 op_type: NO_OP noop_request { }
I20260601 13:30:49.561411  5104 raft_consensus.cc:2889] T 00000000000000000000000000000000 P 3008801bd9914f27813653fddf06a06e [term 2 LEADER]: NO_OP replication failed: Aborted: Op aborted
I20260601 13:30:49.561484  5104 raft_consensus.cc:2272] T 00000000000000000000000000000000 P 3008801bd9914f27813653fddf06a06e [term 2 FOLLOWER]: Raft consensus is shut down!
I20260601 13:30:49.561587  5104 tablet_replica.cc:333] T 00000000000000000000000000000000 P 3008801bd9914f27813653fddf06a06e: stopping tablet replica
I20260601 13:30:49.575167  5104 master.cc:584] Master@127.4.252.60:42267 shutdown complete.
[       OK ] AutoRebalancerTest.NextLeaderResumesAutoRebalancing (4245 ms)
[ RUN      ] AutoRebalancerTest.MovesScheduledIfAddTserver
I20260601 13:30:49.582973  5104 internal_mini_cluster.cc:156] Creating distributed mini masters. Addrs: 127.4.252.62:42437
I20260601 13:30:49.583300  5104 file_cache.cc:492] Constructed file cache file cache with capacity 419430
W20260601 13:30:49.585201  6720 instance_detector.cc:116] could not retrieve Azure instance metadata: Network error: curl error: HTTP response code said error: The requested URL returned error: 404
W20260601 13:30:49.585326  6722 instance_detector.cc:116] could not retrieve OpenStack instance metadata: Network error: curl error: HTTP response code said error: The requested URL returned error: 404
I20260601 13:30:49.585372  5104 server_base.cc:1061] running on GCE node
W20260601 13:30:49.585453  6719 instance_detector.cc:116] could not retrieve AWS instance metadata: Network error: curl error: HTTP response code said error: The requested URL returned error: 404
I20260601 13:30:49.585816  5104 hybrid_clock.cc:584] initializing the hybrid clock with 'system_unsync' time source
W20260601 13:30:49.585865  5104 system_unsync_time.cc:38] NTP support is disabled. Clock error bounds will not be accurate. This configuration is not suitable for distributed clusters.
I20260601 13:30:49.585883  5104 hybrid_clock.cc:648] HybridClock initialized: now 1780320649585883 us; error 0 us; skew 500 ppm
I20260601 13:30:49.586928  5104 webserver.cc:533] Webserver started at http://127.4.252.62:44363/ using document root <none> and password file <none>
I20260601 13:30:49.587086  5104 fs_manager.cc:362] Metadata directory not provided
I20260601 13:30:49.587142  5104 fs_manager.cc:368] Using write-ahead log directory (fs_wal_dir) as metadata directory
I20260601 13:30:49.587209  5104 server_base.cc:909] This appears to be a new deployment of Kudu; creating new FS layout
I20260601 13:30:49.587677  5104 fs_manager.cc:1068] Generated new instance metadata in path /tmp/dist-test-tasknnAoId/test-tmp/auto_rebalancer-test.0.AutoRebalancerTest.MovesScheduledIfAddTserver.1780320634992984-5104-0/minicluster-data/master-0-root/instance:
uuid: "db47c2a86dcc4da0ad3c63294cc2d980"
format_stamp: "Formatted at 2026-06-01 13:30:49 on dist-test-slave-02xz"
I20260601 13:30:49.589368  5104 fs_manager.cc:696] Time spent creating directory manager: real 0.001s	user 0.002s	sys 0.000s
I20260601 13:30:49.590461  6727 log_block_manager.cc:4031] Time spent loading block containers with low live blocks: real 0.000s	user 0.000s	sys 0.000s
I20260601 13:30:49.590808  5104 fs_manager.cc:730] Time spent opening block manager: real 0.001s	user 0.001s	sys 0.000s
I20260601 13:30:49.590883  5104 fs_manager.cc:647] Opened local filesystem: /tmp/dist-test-tasknnAoId/test-tmp/auto_rebalancer-test.0.AutoRebalancerTest.MovesScheduledIfAddTserver.1780320634992984-5104-0/minicluster-data/master-0-root
uuid: "db47c2a86dcc4da0ad3c63294cc2d980"
format_stamp: "Formatted at 2026-06-01 13:30:49 on dist-test-slave-02xz"
I20260601 13:30:49.591001  5104 fs_report.cc:389] FS layout report
--------------------
wal directory: /tmp/dist-test-tasknnAoId/test-tmp/auto_rebalancer-test.0.AutoRebalancerTest.MovesScheduledIfAddTserver.1780320634992984-5104-0/minicluster-data/master-0-root
metadata directory: /tmp/dist-test-tasknnAoId/test-tmp/auto_rebalancer-test.0.AutoRebalancerTest.MovesScheduledIfAddTserver.1780320634992984-5104-0/minicluster-data/master-0-root
1 data directories: /tmp/dist-test-tasknnAoId/test-tmp/auto_rebalancer-test.0.AutoRebalancerTest.MovesScheduledIfAddTserver.1780320634992984-5104-0/minicluster-data/master-0-root/data
Total live blocks: 0
Total live bytes: 0
Total live bytes (after alignment): 0
Total number of LBM containers: 0 (0 full)
Did not check for missing blocks
Did not check for orphaned blocks
Total full LBM containers with extra space: 0 (0 repaired)
Total full LBM container extra space in bytes: 0 (0 repaired)
Total incomplete LBM containers: 0 (0 repaired)
Total LBM partial records: 0 (0 repaired)
Total corrupted LBM metadata records in RocksDB: 0 (0 repaired)
I20260601 13:30:49.598387  5104 rpc_server.cc:225] running with OpenSSL 1.1.1  11 Sep 2018
I20260601 13:30:49.598802  5104 kserver.cc:163] Server-wide thread pool size limit: 3276
I20260601 13:30:49.603085  5104 rpc_server.cc:307] RPC server started. Bound to: 127.4.252.62:42437
I20260601 13:30:49.606492  6779 acceptor_pool.cc:272] collecting diagnostics on the listening RPC socket 127.4.252.62:42437 every 8 connection(s)
I20260601 13:30:49.607193  6780 data_dirs.cc:400] Could only allocate 1 dirs of requested 3 for tablet 00000000000000000000000000000000. 1 dirs total, 0 dirs full, 0 dirs failed
I20260601 13:30:49.609310  6780 tablet_bootstrap.cc:492] T 00000000000000000000000000000000 P db47c2a86dcc4da0ad3c63294cc2d980: Bootstrap starting.
I20260601 13:30:49.610258  6780 tablet_bootstrap.cc:654] T 00000000000000000000000000000000 P db47c2a86dcc4da0ad3c63294cc2d980: Neither blocks nor log segments found. Creating new log.
I20260601 13:30:49.611774  6780 tablet_bootstrap.cc:492] T 00000000000000000000000000000000 P db47c2a86dcc4da0ad3c63294cc2d980: No bootstrap required, opened a new log
I20260601 13:30:49.612262  6780 raft_consensus.cc:359] T 00000000000000000000000000000000 P db47c2a86dcc4da0ad3c63294cc2d980 [term 0 FOLLOWER]: Replica starting. Triggering 0 pending ops. Active config: opid_index: -1 OBSOLETE_local: true peers { permanent_uuid: "db47c2a86dcc4da0ad3c63294cc2d980" member_type: VOTER }
I20260601 13:30:49.612387  6780 raft_consensus.cc:385] T 00000000000000000000000000000000 P db47c2a86dcc4da0ad3c63294cc2d980 [term 0 FOLLOWER]: Consensus starting up: Expiring failure detector timer to make a prompt election more likely
I20260601 13:30:49.612437  6780 raft_consensus.cc:740] T 00000000000000000000000000000000 P db47c2a86dcc4da0ad3c63294cc2d980 [term 0 FOLLOWER]: Becoming Follower/Learner. State: Replica: db47c2a86dcc4da0ad3c63294cc2d980, State: Initialized, Role: FOLLOWER
I20260601 13:30:49.612602  6780 consensus_queue.cc:260] T 00000000000000000000000000000000 P db47c2a86dcc4da0ad3c63294cc2d980 [NON_LEADER]: Queue going to NON_LEADER mode. State: All replicated index: 0, Majority replicated index: 0, Committed index: 0, Last appended: 0.0, Last appended by leader: 0, Current term: 0, Majority size: -1, State: 0, Mode: NON_LEADER, active raft config: opid_index: -1 OBSOLETE_local: true peers { permanent_uuid: "db47c2a86dcc4da0ad3c63294cc2d980" member_type: VOTER }
I20260601 13:30:49.612697  6780 raft_consensus.cc:399] T 00000000000000000000000000000000 P db47c2a86dcc4da0ad3c63294cc2d980 [term 0 FOLLOWER]: Only one voter in the Raft config. Triggering election immediately
I20260601 13:30:49.612742  6780 raft_consensus.cc:493] T 00000000000000000000000000000000 P db47c2a86dcc4da0ad3c63294cc2d980 [term 0 FOLLOWER]: Starting leader election (initial election of a single-replica configuration)
I20260601 13:30:49.612797  6780 raft_consensus.cc:3060] T 00000000000000000000000000000000 P db47c2a86dcc4da0ad3c63294cc2d980 [term 0 FOLLOWER]: Advancing to term 1
I20260601 13:30:49.613646  6780 raft_consensus.cc:515] T 00000000000000000000000000000000 P db47c2a86dcc4da0ad3c63294cc2d980 [term 1 FOLLOWER]: Starting leader election with config: opid_index: -1 OBSOLETE_local: true peers { permanent_uuid: "db47c2a86dcc4da0ad3c63294cc2d980" member_type: VOTER }
I20260601 13:30:49.613823  6780 leader_election.cc:304] T 00000000000000000000000000000000 P db47c2a86dcc4da0ad3c63294cc2d980 [CANDIDATE]: Term 1 election: Election decided. Result: candidate won. Election summary: received 1 responses out of 1 voters: 1 yes votes; 0 no votes. yes voters: db47c2a86dcc4da0ad3c63294cc2d980; no voters: 
I20260601 13:30:49.614064  6780 leader_election.cc:290] T 00000000000000000000000000000000 P db47c2a86dcc4da0ad3c63294cc2d980 [CANDIDATE]: Term 1 election: Requested vote from peers 
I20260601 13:30:49.614259  6783 raft_consensus.cc:2804] T 00000000000000000000000000000000 P db47c2a86dcc4da0ad3c63294cc2d980 [term 1 FOLLOWER]: Leader election won for term 1
I20260601 13:30:49.614549  6783 raft_consensus.cc:697] T 00000000000000000000000000000000 P db47c2a86dcc4da0ad3c63294cc2d980 [term 1 LEADER]: Becoming Leader. State: Replica: db47c2a86dcc4da0ad3c63294cc2d980, State: Running, Role: LEADER
I20260601 13:30:49.614701  6780 sys_catalog.cc:565] T 00000000000000000000000000000000 P db47c2a86dcc4da0ad3c63294cc2d980 [sys.catalog]: configured and running, proceeding with master startup.
I20260601 13:30:49.614781  6783 consensus_queue.cc:237] T 00000000000000000000000000000000 P db47c2a86dcc4da0ad3c63294cc2d980 [LEADER]: Queue going to LEADER mode. State: All replicated index: 0, Majority replicated index: 0, Committed index: 0, Last appended: 0.0, Last appended by leader: 0, Current term: 1, Majority size: 1, State: 0, Mode: LEADER, active raft config: opid_index: -1 OBSOLETE_local: true peers { permanent_uuid: "db47c2a86dcc4da0ad3c63294cc2d980" member_type: VOTER }
I20260601 13:30:49.615368  6785 sys_catalog.cc:455] T 00000000000000000000000000000000 P db47c2a86dcc4da0ad3c63294cc2d980 [sys.catalog]: SysCatalogTable state changed. Reason: New leader db47c2a86dcc4da0ad3c63294cc2d980. Latest consensus state: current_term: 1 leader_uuid: "db47c2a86dcc4da0ad3c63294cc2d980" committed_config { opid_index: -1 OBSOLETE_local: true peers { permanent_uuid: "db47c2a86dcc4da0ad3c63294cc2d980" member_type: VOTER } }
I20260601 13:30:49.615470  6785 sys_catalog.cc:458] T 00000000000000000000000000000000 P db47c2a86dcc4da0ad3c63294cc2d980 [sys.catalog]: This master's current role is: LEADER
I20260601 13:30:49.615470  6784 sys_catalog.cc:455] T 00000000000000000000000000000000 P db47c2a86dcc4da0ad3c63294cc2d980 [sys.catalog]: SysCatalogTable state changed. Reason: RaftConsensus started. Latest consensus state: current_term: 1 leader_uuid: "db47c2a86dcc4da0ad3c63294cc2d980" committed_config { opid_index: -1 OBSOLETE_local: true peers { permanent_uuid: "db47c2a86dcc4da0ad3c63294cc2d980" member_type: VOTER } }
I20260601 13:30:49.615608  6784 sys_catalog.cc:458] T 00000000000000000000000000000000 P db47c2a86dcc4da0ad3c63294cc2d980 [sys.catalog]: This master's current role is: LEADER
I20260601 13:30:49.616204  6789 catalog_manager.cc:1510] Loading table and tablet metadata into memory...
I20260601 13:30:49.616969  6789 catalog_manager.cc:1519] Initializing Kudu cluster ID...
I20260601 13:30:49.617226  5104 internal_mini_cluster.cc:184] Waiting to initialize catalog manager on master 0
I20260601 13:30:49.619217  6789 catalog_manager.cc:1382] Generated new cluster ID: 45467fb78b9a451ea40bac4999ad7f24
I20260601 13:30:49.619292  6789 catalog_manager.cc:1530] Initializing Kudu internal certificate authority...
I20260601 13:30:49.630123  6789 catalog_manager.cc:1405] Generated new certificate authority record
I20260601 13:30:49.630817  6789 catalog_manager.cc:1539] Loading token signing keys...
I20260601 13:30:49.641851  6789 catalog_manager.cc:6069] T 00000000000000000000000000000000 P db47c2a86dcc4da0ad3c63294cc2d980: Generated new TSK 0
I20260601 13:30:49.642131  6789 catalog_manager.cc:1549] Initializing in-progress tserver states...
I20260601 13:30:49.649992  5104 file_cache.cc:492] Constructed file cache file cache with capacity 419430
W20260601 13:30:49.652561  6804 instance_detector.cc:116] could not retrieve OpenStack instance metadata: Network error: curl error: HTTP response code said error: The requested URL returned error: 404
W20260601 13:30:49.652635  6801 instance_detector.cc:116] could not retrieve AWS instance metadata: Network error: curl error: HTTP response code said error: The requested URL returned error: 404
I20260601 13:30:49.652668  5104 server_base.cc:1061] running on GCE node
W20260601 13:30:49.652652  6802 instance_detector.cc:116] could not retrieve Azure instance metadata: Network error: curl error: HTTP response code said error: The requested URL returned error: 404
I20260601 13:30:49.653102  5104 hybrid_clock.cc:584] initializing the hybrid clock with 'system_unsync' time source
W20260601 13:30:49.653170  5104 system_unsync_time.cc:38] NTP support is disabled. Clock error bounds will not be accurate. This configuration is not suitable for distributed clusters.
I20260601 13:30:49.653196  5104 hybrid_clock.cc:648] HybridClock initialized: now 1780320649653195 us; error 0 us; skew 500 ppm
I20260601 13:30:49.654241  5104 webserver.cc:533] Webserver started at http://127.4.252.1:41681/ using document root <none> and password file <none>
I20260601 13:30:49.654431  5104 fs_manager.cc:362] Metadata directory not provided
I20260601 13:30:49.654506  5104 fs_manager.cc:368] Using write-ahead log directory (fs_wal_dir) as metadata directory
I20260601 13:30:49.654597  5104 server_base.cc:909] This appears to be a new deployment of Kudu; creating new FS layout
I20260601 13:30:49.655054  5104 fs_manager.cc:1068] Generated new instance metadata in path /tmp/dist-test-tasknnAoId/test-tmp/auto_rebalancer-test.0.AutoRebalancerTest.MovesScheduledIfAddTserver.1780320634992984-5104-0/minicluster-data/ts-0-root/instance:
uuid: "ac4fcba0368a40ef9c71d240c4075f28"
format_stamp: "Formatted at 2026-06-01 13:30:49 on dist-test-slave-02xz"
I20260601 13:30:49.656683  5104 fs_manager.cc:696] Time spent creating directory manager: real 0.001s	user 0.002s	sys 0.000s
I20260601 13:30:49.657832  6809 log_block_manager.cc:4031] Time spent loading block containers with low live blocks: real 0.000s	user 0.000s	sys 0.000s
I20260601 13:30:49.658257  5104 fs_manager.cc:730] Time spent opening block manager: real 0.001s	user 0.001s	sys 0.000s
I20260601 13:30:49.658375  5104 fs_manager.cc:647] Opened local filesystem: /tmp/dist-test-tasknnAoId/test-tmp/auto_rebalancer-test.0.AutoRebalancerTest.MovesScheduledIfAddTserver.1780320634992984-5104-0/minicluster-data/ts-0-root
uuid: "ac4fcba0368a40ef9c71d240c4075f28"
format_stamp: "Formatted at 2026-06-01 13:30:49 on dist-test-slave-02xz"
I20260601 13:30:49.658478  5104 fs_report.cc:389] FS layout report
--------------------
wal directory: /tmp/dist-test-tasknnAoId/test-tmp/auto_rebalancer-test.0.AutoRebalancerTest.MovesScheduledIfAddTserver.1780320634992984-5104-0/minicluster-data/ts-0-root
metadata directory: /tmp/dist-test-tasknnAoId/test-tmp/auto_rebalancer-test.0.AutoRebalancerTest.MovesScheduledIfAddTserver.1780320634992984-5104-0/minicluster-data/ts-0-root
1 data directories: /tmp/dist-test-tasknnAoId/test-tmp/auto_rebalancer-test.0.AutoRebalancerTest.MovesScheduledIfAddTserver.1780320634992984-5104-0/minicluster-data/ts-0-root/data
Total live blocks: 0
Total live bytes: 0
Total live bytes (after alignment): 0
Total number of LBM containers: 0 (0 full)
Did not check for missing blocks
Did not check for orphaned blocks
Total full LBM containers with extra space: 0 (0 repaired)
Total full LBM container extra space in bytes: 0 (0 repaired)
Total incomplete LBM containers: 0 (0 repaired)
Total LBM partial records: 0 (0 repaired)
Total corrupted LBM metadata records in RocksDB: 0 (0 repaired)
I20260601 13:30:49.662575  5104 rpc_server.cc:225] running with OpenSSL 1.1.1  11 Sep 2018
I20260601 13:30:49.662964  5104 kserver.cc:163] Server-wide thread pool size limit: 3276
I20260601 13:30:49.663256  5104 txn_system_client.cc:432] TxnSystemClient initialization is disabled...
I20260601 13:30:49.663729  5104 ts_tablet_manager.cc:585] Loaded tablet metadata (0 total tablets, 0 live tablets)
I20260601 13:30:49.663791  5104 ts_tablet_manager.cc:531] Time spent load tablet metadata: real 0.000s	user 0.000s	sys 0.000s
I20260601 13:30:49.663847  5104 ts_tablet_manager.cc:616] Registered 0 tablets
I20260601 13:30:49.663897  5104 ts_tablet_manager.cc:595] Time spent register tablets: real 0.000s	user 0.000s	sys 0.000s
I20260601 13:30:49.668926  5104 rpc_server.cc:307] RPC server started. Bound to: 127.4.252.1:33621
I20260601 13:30:49.669122  6872 acceptor_pool.cc:272] collecting diagnostics on the listening RPC socket 127.4.252.1:33621 every 8 connection(s)
I20260601 13:30:49.669903  5104 file_cache.cc:492] Constructed file cache file cache with capacity 419430
W20260601 13:30:49.672128  6878 instance_detector.cc:116] could not retrieve Azure instance metadata: Network error: curl error: HTTP response code said error: The requested URL returned error: 404
W20260601 13:30:49.672163  6877 instance_detector.cc:116] could not retrieve AWS instance metadata: Network error: curl error: HTTP response code said error: The requested URL returned error: 404
W20260601 13:30:49.672176  6880 instance_detector.cc:116] could not retrieve OpenStack instance metadata: Network error: curl error: HTTP response code said error: The requested URL returned error: 404
I20260601 13:30:49.672547  5104 server_base.cc:1061] running on GCE node
I20260601 13:30:49.672784  5104 hybrid_clock.cc:584] initializing the hybrid clock with 'system_unsync' time source
W20260601 13:30:49.672847  5104 system_unsync_time.cc:38] NTP support is disabled. Clock error bounds will not be accurate. This configuration is not suitable for distributed clusters.
I20260601 13:30:49.672868  5104 hybrid_clock.cc:648] HybridClock initialized: now 1780320649672868 us; error 0 us; skew 500 ppm
I20260601 13:30:49.674028  5104 webserver.cc:533] Webserver started at http://127.4.252.2:45673/ using document root <none> and password file <none>
I20260601 13:30:49.674194  5104 fs_manager.cc:362] Metadata directory not provided
I20260601 13:30:49.674248  5104 fs_manager.cc:368] Using write-ahead log directory (fs_wal_dir) as metadata directory
I20260601 13:30:49.674307  5104 server_base.cc:909] This appears to be a new deployment of Kudu; creating new FS layout
I20260601 13:30:49.674803  5104 fs_manager.cc:1068] Generated new instance metadata in path /tmp/dist-test-tasknnAoId/test-tmp/auto_rebalancer-test.0.AutoRebalancerTest.MovesScheduledIfAddTserver.1780320634992984-5104-0/minicluster-data/ts-1-root/instance:
uuid: "896d0d2376894f28b91ddb7c87cebc57"
format_stamp: "Formatted at 2026-06-01 13:30:49 on dist-test-slave-02xz"
I20260601 13:30:49.676397  5104 fs_manager.cc:696] Time spent creating directory manager: real 0.001s	user 0.001s	sys 0.000s
I20260601 13:30:49.677467  6885 log_block_manager.cc:4031] Time spent loading block containers with low live blocks: real 0.000s	user 0.000s	sys 0.000s
I20260601 13:30:49.677807  5104 fs_manager.cc:730] Time spent opening block manager: real 0.001s	user 0.001s	sys 0.000s
I20260601 13:30:49.677891  5104 fs_manager.cc:647] Opened local filesystem: /tmp/dist-test-tasknnAoId/test-tmp/auto_rebalancer-test.0.AutoRebalancerTest.MovesScheduledIfAddTserver.1780320634992984-5104-0/minicluster-data/ts-1-root
uuid: "896d0d2376894f28b91ddb7c87cebc57"
format_stamp: "Formatted at 2026-06-01 13:30:49 on dist-test-slave-02xz"
I20260601 13:30:49.677999  5104 fs_report.cc:389] FS layout report
--------------------
wal directory: /tmp/dist-test-tasknnAoId/test-tmp/auto_rebalancer-test.0.AutoRebalancerTest.MovesScheduledIfAddTserver.1780320634992984-5104-0/minicluster-data/ts-1-root
metadata directory: /tmp/dist-test-tasknnAoId/test-tmp/auto_rebalancer-test.0.AutoRebalancerTest.MovesScheduledIfAddTserver.1780320634992984-5104-0/minicluster-data/ts-1-root
1 data directories: /tmp/dist-test-tasknnAoId/test-tmp/auto_rebalancer-test.0.AutoRebalancerTest.MovesScheduledIfAddTserver.1780320634992984-5104-0/minicluster-data/ts-1-root/data
Total live blocks: 0
Total live bytes: 0
Total live bytes (after alignment): 0
Total number of LBM containers: 0 (0 full)
Did not check for missing blocks
Did not check for orphaned blocks
Total full LBM containers with extra space: 0 (0 repaired)
Total full LBM container extra space in bytes: 0 (0 repaired)
Total incomplete LBM containers: 0 (0 repaired)
Total LBM partial records: 0 (0 repaired)
Total corrupted LBM metadata records in RocksDB: 0 (0 repaired)
I20260601 13:30:49.680245  6873 heartbeater.cc:344] Connected to a master server at 127.4.252.62:42437
I20260601 13:30:49.680373  6873 heartbeater.cc:461] Registering TS with master...
I20260601 13:30:49.680670  6873 heartbeater.cc:507] Master 127.4.252.62:42437 requested a full tablet report, sending...
I20260601 13:30:49.681402  6744 ts_manager.cc:194] Registered new tserver with Master: ac4fcba0368a40ef9c71d240c4075f28 (127.4.252.1:33621)
I20260601 13:30:49.682235  6744 master_service.cc:502] Signed X509 certificate for tserver {username='slave'} at 127.0.0.1:45020
I20260601 13:30:49.714577  5104 rpc_server.cc:225] running with OpenSSL 1.1.1  11 Sep 2018
I20260601 13:30:49.715061  5104 kserver.cc:163] Server-wide thread pool size limit: 3276
I20260601 13:30:49.715425  5104 txn_system_client.cc:432] TxnSystemClient initialization is disabled...
I20260601 13:30:49.716097  5104 ts_tablet_manager.cc:585] Loaded tablet metadata (0 total tablets, 0 live tablets)
I20260601 13:30:49.716158  5104 ts_tablet_manager.cc:531] Time spent load tablet metadata: real 0.000s	user 0.000s	sys 0.000s
I20260601 13:30:49.716218  5104 ts_tablet_manager.cc:616] Registered 0 tablets
I20260601 13:30:49.716274  5104 ts_tablet_manager.cc:595] Time spent register tablets: real 0.000s	user 0.000s	sys 0.000s
I20260601 13:30:49.720824  5104 rpc_server.cc:307] RPC server started. Bound to: 127.4.252.2:34865
I20260601 13:30:49.720896  6948 acceptor_pool.cc:272] collecting diagnostics on the listening RPC socket 127.4.252.2:34865 every 8 connection(s)
I20260601 13:30:49.721683  5104 file_cache.cc:492] Constructed file cache file cache with capacity 419430
W20260601 13:30:49.723865  6955 instance_detector.cc:116] could not retrieve OpenStack instance metadata: Network error: curl error: HTTP response code said error: The requested URL returned error: 404
W20260601 13:30:49.723948  6953 instance_detector.cc:116] could not retrieve Azure instance metadata: Network error: curl error: HTTP response code said error: The requested URL returned error: 404
W20260601 13:30:49.723824  6952 instance_detector.cc:116] could not retrieve AWS instance metadata: Network error: curl error: HTTP response code said error: The requested URL returned error: 404
I20260601 13:30:49.725028  5104 server_base.cc:1061] running on GCE node
I20260601 13:30:49.725237  5104 hybrid_clock.cc:584] initializing the hybrid clock with 'system_unsync' time source
W20260601 13:30:49.725324  5104 system_unsync_time.cc:38] NTP support is disabled. Clock error bounds will not be accurate. This configuration is not suitable for distributed clusters.
I20260601 13:30:49.725350  5104 hybrid_clock.cc:648] HybridClock initialized: now 1780320649725350 us; error 0 us; skew 500 ppm
I20260601 13:30:49.726619  5104 webserver.cc:533] Webserver started at http://127.4.252.3:34525/ using document root <none> and password file <none>
I20260601 13:30:49.726863  5104 fs_manager.cc:362] Metadata directory not provided
I20260601 13:30:49.726961  5104 fs_manager.cc:368] Using write-ahead log directory (fs_wal_dir) as metadata directory
I20260601 13:30:49.727039  5104 server_base.cc:909] This appears to be a new deployment of Kudu; creating new FS layout
I20260601 13:30:49.727306  6949 heartbeater.cc:344] Connected to a master server at 127.4.252.62:42437
I20260601 13:30:49.727488  6949 heartbeater.cc:461] Registering TS with master...
I20260601 13:30:49.727612  5104 fs_manager.cc:1068] Generated new instance metadata in path /tmp/dist-test-tasknnAoId/test-tmp/auto_rebalancer-test.0.AutoRebalancerTest.MovesScheduledIfAddTserver.1780320634992984-5104-0/minicluster-data/ts-2-root/instance:
uuid: "f92e9e11b8f14d6cb913a538c2720b4c"
format_stamp: "Formatted at 2026-06-01 13:30:49 on dist-test-slave-02xz"
I20260601 13:30:49.727794  6949 heartbeater.cc:507] Master 127.4.252.62:42437 requested a full tablet report, sending...
I20260601 13:30:49.728607  6744 ts_manager.cc:194] Registered new tserver with Master: 896d0d2376894f28b91ddb7c87cebc57 (127.4.252.2:34865)
I20260601 13:30:49.729396  6744 master_service.cc:502] Signed X509 certificate for tserver {username='slave'} at 127.0.0.1:45028
I20260601 13:30:49.729736  5104 fs_manager.cc:696] Time spent creating directory manager: real 0.002s	user 0.000s	sys 0.003s
I20260601 13:30:49.730851  6960 log_block_manager.cc:4031] Time spent loading block containers with low live blocks: real 0.000s	user 0.000s	sys 0.000s
I20260601 13:30:49.731210  5104 fs_manager.cc:730] Time spent opening block manager: real 0.001s	user 0.000s	sys 0.001s
I20260601 13:30:49.731279  5104 fs_manager.cc:647] Opened local filesystem: /tmp/dist-test-tasknnAoId/test-tmp/auto_rebalancer-test.0.AutoRebalancerTest.MovesScheduledIfAddTserver.1780320634992984-5104-0/minicluster-data/ts-2-root
uuid: "f92e9e11b8f14d6cb913a538c2720b4c"
format_stamp: "Formatted at 2026-06-01 13:30:49 on dist-test-slave-02xz"
I20260601 13:30:49.731374  5104 fs_report.cc:389] FS layout report
--------------------
wal directory: /tmp/dist-test-tasknnAoId/test-tmp/auto_rebalancer-test.0.AutoRebalancerTest.MovesScheduledIfAddTserver.1780320634992984-5104-0/minicluster-data/ts-2-root
metadata directory: /tmp/dist-test-tasknnAoId/test-tmp/auto_rebalancer-test.0.AutoRebalancerTest.MovesScheduledIfAddTserver.1780320634992984-5104-0/minicluster-data/ts-2-root
1 data directories: /tmp/dist-test-tasknnAoId/test-tmp/auto_rebalancer-test.0.AutoRebalancerTest.MovesScheduledIfAddTserver.1780320634992984-5104-0/minicluster-data/ts-2-root/data
Total live blocks: 0
Total live bytes: 0
Total live bytes (after alignment): 0
Total number of LBM containers: 0 (0 full)
Did not check for missing blocks
Did not check for orphaned blocks
Total full LBM containers with extra space: 0 (0 repaired)
Total full LBM container extra space in bytes: 0 (0 repaired)
Total incomplete LBM containers: 0 (0 repaired)
Total LBM partial records: 0 (0 repaired)
Total corrupted LBM metadata records in RocksDB: 0 (0 repaired)
I20260601 13:30:49.744124  5104 rpc_server.cc:225] running with OpenSSL 1.1.1  11 Sep 2018
I20260601 13:30:49.744824  5104 kserver.cc:163] Server-wide thread pool size limit: 3276
I20260601 13:30:49.745240  5104 txn_system_client.cc:432] TxnSystemClient initialization is disabled...
I20260601 13:30:49.745810  5104 ts_tablet_manager.cc:585] Loaded tablet metadata (0 total tablets, 0 live tablets)
I20260601 13:30:49.745853  5104 ts_tablet_manager.cc:531] Time spent load tablet metadata: real 0.000s	user 0.000s	sys 0.000s
I20260601 13:30:49.745889  5104 ts_tablet_manager.cc:616] Registered 0 tablets
I20260601 13:30:49.745905  5104 ts_tablet_manager.cc:595] Time spent register tablets: real 0.000s	user 0.000s	sys 0.000s
I20260601 13:30:49.751588  5104 rpc_server.cc:307] RPC server started. Bound to: 127.4.252.3:45757
I20260601 13:30:49.751719  7023 acceptor_pool.cc:272] collecting diagnostics on the listening RPC socket 127.4.252.3:45757 every 8 connection(s)
I20260601 13:30:49.757292  7024 heartbeater.cc:344] Connected to a master server at 127.4.252.62:42437
I20260601 13:30:49.757463  7024 heartbeater.cc:461] Registering TS with master...
I20260601 13:30:49.757755  7024 heartbeater.cc:507] Master 127.4.252.62:42437 requested a full tablet report, sending...
I20260601 13:30:49.758635  6744 ts_manager.cc:194] Registered new tserver with Master: f92e9e11b8f14d6cb913a538c2720b4c (127.4.252.3:45757)
I20260601 13:30:49.759246  5104 internal_mini_cluster.cc:371] 3 TS(s) registered with all masters after 0.007104227s
I20260601 13:30:49.759346  6744 master_service.cc:502] Signed X509 certificate for tserver {username='slave'} at 127.0.0.1:45042
I20260601 13:30:50.683336  6873 heartbeater.cc:499] Master 127.4.252.62:42437 was elected leader, sending a full tablet report...
I20260601 13:30:50.730427  6949 heartbeater.cc:499] Master 127.4.252.62:42437 was elected leader, sending a full tablet report...
I20260601 13:30:50.760737  7024 heartbeater.cc:499] Master 127.4.252.62:42437 was elected leader, sending a full tablet report...
I20260601 13:30:50.796242  6744 catalog_manager.cc:2282] Servicing CreateTable request from {username='slave'} at 127.0.0.1:45056:
name: "test-workload"
schema {
  columns {
    name: "key"
    type: INT32
    is_key: true
    is_nullable: false
    encoding: AUTO_ENCODING
    compression: DEFAULT_COMPRESSION
    cfile_block_size: 0
    immutable: false
  }
  columns {
    name: "int_val"
    type: INT32
    is_key: false
    is_nullable: false
    encoding: AUTO_ENCODING
    compression: DEFAULT_COMPRESSION
    cfile_block_size: 0
    immutable: false
  }
  columns {
    name: "string_val"
    type: STRING
    is_key: false
    is_nullable: true
    encoding: AUTO_ENCODING
    compression: DEFAULT_COMPRESSION
    cfile_block_size: 0
    immutable: false
  }
}
num_replicas: 3
split_rows_range_bounds {
  rows: "\004\001\000\377\377\377?""\004\001\000\377\377\377?"
  indirect_data: """"
}
partition_schema {
  range_schema {
    columns {
      name: "key"
    }
  }
}
W20260601 13:30:50.796950  6744 catalog_manager.cc:7076] The number of live tablet servers is not enough to re-replicate a tablet replica of the newly created table test-workload in case of a server failure: 4 tablet servers would be needed, 3 are available. Consider bringing up more tablet servers.
I20260601 13:30:50.809290  6988 tablet_service.cc:1511] Processing CreateTablet for tablet bf5ea8d495054c7c8c96573815024945 (DEFAULT_TABLE table=test-workload [id=cbcbf2d755ab41ddb8dad93184aef719]), partition=RANGE (key) PARTITION VALUES < 1073741823
I20260601 13:30:50.809679  6988 data_dirs.cc:400] Could only allocate 1 dirs of requested 3 for tablet bf5ea8d495054c7c8c96573815024945. 1 dirs total, 0 dirs full, 0 dirs failed
I20260601 13:30:50.810034  6837 tablet_service.cc:1511] Processing CreateTablet for tablet bf5ea8d495054c7c8c96573815024945 (DEFAULT_TABLE table=test-workload [id=cbcbf2d755ab41ddb8dad93184aef719]), partition=RANGE (key) PARTITION VALUES < 1073741823
I20260601 13:30:50.810046  6834 tablet_service.cc:1511] Processing CreateTablet for tablet 07d2700add464463a6907ba03e787d93 (DEFAULT_TABLE table=test-workload [id=cbcbf2d755ab41ddb8dad93184aef719]), partition=RANGE (key) PARTITION 1073741823 <= VALUES
I20260601 13:30:50.810444  6834 data_dirs.cc:400] Could only allocate 1 dirs of requested 3 for tablet 07d2700add464463a6907ba03e787d93. 1 dirs total, 0 dirs full, 0 dirs failed
I20260601 13:30:50.810659  6837 data_dirs.cc:400] Could only allocate 1 dirs of requested 3 for tablet bf5ea8d495054c7c8c96573815024945. 1 dirs total, 0 dirs full, 0 dirs failed
I20260601 13:30:50.811120  6987 tablet_service.cc:1511] Processing CreateTablet for tablet 07d2700add464463a6907ba03e787d93 (DEFAULT_TABLE table=test-workload [id=cbcbf2d755ab41ddb8dad93184aef719]), partition=RANGE (key) PARTITION 1073741823 <= VALUES
I20260601 13:30:50.812748  6987 data_dirs.cc:400] Could only allocate 1 dirs of requested 3 for tablet 07d2700add464463a6907ba03e787d93. 1 dirs total, 0 dirs full, 0 dirs failed
I20260601 13:30:50.813864  7045 tablet_bootstrap.cc:492] T bf5ea8d495054c7c8c96573815024945 P ac4fcba0368a40ef9c71d240c4075f28: Bootstrap starting.
I20260601 13:30:50.814988  7044 tablet_bootstrap.cc:492] T bf5ea8d495054c7c8c96573815024945 P f92e9e11b8f14d6cb913a538c2720b4c: Bootstrap starting.
I20260601 13:30:50.815145  6912 tablet_service.cc:1511] Processing CreateTablet for tablet 07d2700add464463a6907ba03e787d93 (DEFAULT_TABLE table=test-workload [id=cbcbf2d755ab41ddb8dad93184aef719]), partition=RANGE (key) PARTITION 1073741823 <= VALUES
I20260601 13:30:50.815196  6913 tablet_service.cc:1511] Processing CreateTablet for tablet bf5ea8d495054c7c8c96573815024945 (DEFAULT_TABLE table=test-workload [id=cbcbf2d755ab41ddb8dad93184aef719]), partition=RANGE (key) PARTITION VALUES < 1073741823
I20260601 13:30:50.815421  6912 data_dirs.cc:400] Could only allocate 1 dirs of requested 3 for tablet 07d2700add464463a6907ba03e787d93. 1 dirs total, 0 dirs full, 0 dirs failed
I20260601 13:30:50.815588  6913 data_dirs.cc:400] Could only allocate 1 dirs of requested 3 for tablet bf5ea8d495054c7c8c96573815024945. 1 dirs total, 0 dirs full, 0 dirs failed
I20260601 13:30:50.816154  7044 tablet_bootstrap.cc:654] T bf5ea8d495054c7c8c96573815024945 P f92e9e11b8f14d6cb913a538c2720b4c: Neither blocks nor log segments found. Creating new log.
I20260601 13:30:50.817590  7044 tablet_bootstrap.cc:492] T bf5ea8d495054c7c8c96573815024945 P f92e9e11b8f14d6cb913a538c2720b4c: No bootstrap required, opened a new log
I20260601 13:30:50.817694  7044 ts_tablet_manager.cc:1403] T bf5ea8d495054c7c8c96573815024945 P f92e9e11b8f14d6cb913a538c2720b4c: Time spent bootstrapping tablet: real 0.003s	user 0.002s	sys 0.000s
I20260601 13:30:50.818187  7044 raft_consensus.cc:359] T bf5ea8d495054c7c8c96573815024945 P f92e9e11b8f14d6cb913a538c2720b4c [term 0 FOLLOWER]: Replica starting. Triggering 0 pending ops. Active config: opid_index: -1 OBSOLETE_local: false peers { permanent_uuid: "f92e9e11b8f14d6cb913a538c2720b4c" member_type: VOTER last_known_addr { host: "127.4.252.3" port: 45757 } } peers { permanent_uuid: "ac4fcba0368a40ef9c71d240c4075f28" member_type: VOTER last_known_addr { host: "127.4.252.1" port: 33621 } } peers { permanent_uuid: "896d0d2376894f28b91ddb7c87cebc57" member_type: VOTER last_known_addr { host: "127.4.252.2" port: 34865 } }
I20260601 13:30:50.818308  7044 raft_consensus.cc:385] T bf5ea8d495054c7c8c96573815024945 P f92e9e11b8f14d6cb913a538c2720b4c [term 0 FOLLOWER]: Consensus starting up: Expiring failure detector timer to make a prompt election more likely
I20260601 13:30:50.818356  7044 raft_consensus.cc:740] T bf5ea8d495054c7c8c96573815024945 P f92e9e11b8f14d6cb913a538c2720b4c [term 0 FOLLOWER]: Becoming Follower/Learner. State: Replica: f92e9e11b8f14d6cb913a538c2720b4c, State: Initialized, Role: FOLLOWER
I20260601 13:30:50.818504  7044 consensus_queue.cc:260] T bf5ea8d495054c7c8c96573815024945 P f92e9e11b8f14d6cb913a538c2720b4c [NON_LEADER]: Queue going to NON_LEADER mode. State: All replicated index: 0, Majority replicated index: 0, Committed index: 0, Last appended: 0.0, Last appended by leader: 0, Current term: 0, Majority size: -1, State: 0, Mode: NON_LEADER, active raft config: opid_index: -1 OBSOLETE_local: false peers { permanent_uuid: "f92e9e11b8f14d6cb913a538c2720b4c" member_type: VOTER last_known_addr { host: "127.4.252.3" port: 45757 } } peers { permanent_uuid: "ac4fcba0368a40ef9c71d240c4075f28" member_type: VOTER last_known_addr { host: "127.4.252.1" port: 33621 } } peers { permanent_uuid: "896d0d2376894f28b91ddb7c87cebc57" member_type: VOTER last_known_addr { host: "127.4.252.2" port: 34865 } }
I20260601 13:30:50.818991  7044 ts_tablet_manager.cc:1434] T bf5ea8d495054c7c8c96573815024945 P f92e9e11b8f14d6cb913a538c2720b4c: Time spent starting tablet: real 0.001s	user 0.002s	sys 0.000s
I20260601 13:30:50.819233  7044 tablet_bootstrap.cc:492] T 07d2700add464463a6907ba03e787d93 P f92e9e11b8f14d6cb913a538c2720b4c: Bootstrap starting.
I20260601 13:30:50.820143  7044 tablet_bootstrap.cc:654] T 07d2700add464463a6907ba03e787d93 P f92e9e11b8f14d6cb913a538c2720b4c: Neither blocks nor log segments found. Creating new log.
I20260601 13:30:50.820955  7045 tablet_bootstrap.cc:654] T bf5ea8d495054c7c8c96573815024945 P ac4fcba0368a40ef9c71d240c4075f28: Neither blocks nor log segments found. Creating new log.
I20260601 13:30:50.821810  7044 tablet_bootstrap.cc:492] T 07d2700add464463a6907ba03e787d93 P f92e9e11b8f14d6cb913a538c2720b4c: No bootstrap required, opened a new log
I20260601 13:30:50.821866  7047 tablet_bootstrap.cc:492] T bf5ea8d495054c7c8c96573815024945 P 896d0d2376894f28b91ddb7c87cebc57: Bootstrap starting.
I20260601 13:30:50.821902  7044 ts_tablet_manager.cc:1403] T 07d2700add464463a6907ba03e787d93 P f92e9e11b8f14d6cb913a538c2720b4c: Time spent bootstrapping tablet: real 0.003s	user 0.002s	sys 0.000s
I20260601 13:30:50.822410  7044 raft_consensus.cc:359] T 07d2700add464463a6907ba03e787d93 P f92e9e11b8f14d6cb913a538c2720b4c [term 0 FOLLOWER]: Replica starting. Triggering 0 pending ops. Active config: opid_index: -1 OBSOLETE_local: false peers { permanent_uuid: "ac4fcba0368a40ef9c71d240c4075f28" member_type: VOTER last_known_addr { host: "127.4.252.1" port: 33621 } } peers { permanent_uuid: "896d0d2376894f28b91ddb7c87cebc57" member_type: VOTER last_known_addr { host: "127.4.252.2" port: 34865 } } peers { permanent_uuid: "f92e9e11b8f14d6cb913a538c2720b4c" member_type: VOTER last_known_addr { host: "127.4.252.3" port: 45757 } }
I20260601 13:30:50.822525  7044 raft_consensus.cc:385] T 07d2700add464463a6907ba03e787d93 P f92e9e11b8f14d6cb913a538c2720b4c [term 0 FOLLOWER]: Consensus starting up: Expiring failure detector timer to make a prompt election more likely
I20260601 13:30:50.822561  7044 raft_consensus.cc:740] T 07d2700add464463a6907ba03e787d93 P f92e9e11b8f14d6cb913a538c2720b4c [term 0 FOLLOWER]: Becoming Follower/Learner. State: Replica: f92e9e11b8f14d6cb913a538c2720b4c, State: Initialized, Role: FOLLOWER
I20260601 13:30:50.822716  7044 consensus_queue.cc:260] T 07d2700add464463a6907ba03e787d93 P f92e9e11b8f14d6cb913a538c2720b4c [NON_LEADER]: Queue going to NON_LEADER mode. State: All replicated index: 0, Majority replicated index: 0, Committed index: 0, Last appended: 0.0, Last appended by leader: 0, Current term: 0, Majority size: -1, State: 0, Mode: NON_LEADER, active raft config: opid_index: -1 OBSOLETE_local: false peers { permanent_uuid: "ac4fcba0368a40ef9c71d240c4075f28" member_type: VOTER last_known_addr { host: "127.4.252.1" port: 33621 } } peers { permanent_uuid: "896d0d2376894f28b91ddb7c87cebc57" member_type: VOTER last_known_addr { host: "127.4.252.2" port: 34865 } } peers { permanent_uuid: "f92e9e11b8f14d6cb913a538c2720b4c" member_type: VOTER last_known_addr { host: "127.4.252.3" port: 45757 } }
I20260601 13:30:50.822803  7045 tablet_bootstrap.cc:492] T bf5ea8d495054c7c8c96573815024945 P ac4fcba0368a40ef9c71d240c4075f28: No bootstrap required, opened a new log
I20260601 13:30:50.822906  7045 ts_tablet_manager.cc:1403] T bf5ea8d495054c7c8c96573815024945 P ac4fcba0368a40ef9c71d240c4075f28: Time spent bootstrapping tablet: real 0.009s	user 0.003s	sys 0.000s
I20260601 13:30:50.823012  7044 ts_tablet_manager.cc:1434] T 07d2700add464463a6907ba03e787d93 P f92e9e11b8f14d6cb913a538c2720b4c: Time spent starting tablet: real 0.001s	user 0.001s	sys 0.000s
I20260601 13:30:50.823427  7045 raft_consensus.cc:359] T bf5ea8d495054c7c8c96573815024945 P ac4fcba0368a40ef9c71d240c4075f28 [term 0 FOLLOWER]: Replica starting. Triggering 0 pending ops. Active config: opid_index: -1 OBSOLETE_local: false peers { permanent_uuid: "f92e9e11b8f14d6cb913a538c2720b4c" member_type: VOTER last_known_addr { host: "127.4.252.3" port: 45757 } } peers { permanent_uuid: "ac4fcba0368a40ef9c71d240c4075f28" member_type: VOTER last_known_addr { host: "127.4.252.1" port: 33621 } } peers { permanent_uuid: "896d0d2376894f28b91ddb7c87cebc57" member_type: VOTER last_known_addr { host: "127.4.252.2" port: 34865 } }
I20260601 13:30:50.823572  7045 raft_consensus.cc:385] T bf5ea8d495054c7c8c96573815024945 P ac4fcba0368a40ef9c71d240c4075f28 [term 0 FOLLOWER]: Consensus starting up: Expiring failure detector timer to make a prompt election more likely
I20260601 13:30:50.823601  7045 raft_consensus.cc:740] T bf5ea8d495054c7c8c96573815024945 P ac4fcba0368a40ef9c71d240c4075f28 [term 0 FOLLOWER]: Becoming Follower/Learner. State: Replica: ac4fcba0368a40ef9c71d240c4075f28, State: Initialized, Role: FOLLOWER
I20260601 13:30:50.823755  7045 consensus_queue.cc:260] T bf5ea8d495054c7c8c96573815024945 P ac4fcba0368a40ef9c71d240c4075f28 [NON_LEADER]: Queue going to NON_LEADER mode. State: All replicated index: 0, Majority replicated index: 0, Committed index: 0, Last appended: 0.0, Last appended by leader: 0, Current term: 0, Majority size: -1, State: 0, Mode: NON_LEADER, active raft config: opid_index: -1 OBSOLETE_local: false peers { permanent_uuid: "f92e9e11b8f14d6cb913a538c2720b4c" member_type: VOTER last_known_addr { host: "127.4.252.3" port: 45757 } } peers { permanent_uuid: "ac4fcba0368a40ef9c71d240c4075f28" member_type: VOTER last_known_addr { host: "127.4.252.1" port: 33621 } } peers { permanent_uuid: "896d0d2376894f28b91ddb7c87cebc57" member_type: VOTER last_known_addr { host: "127.4.252.2" port: 34865 } }
I20260601 13:30:50.824139  7045 ts_tablet_manager.cc:1434] T bf5ea8d495054c7c8c96573815024945 P ac4fcba0368a40ef9c71d240c4075f28: Time spent starting tablet: real 0.001s	user 0.001s	sys 0.000s
I20260601 13:30:50.824339  7045 tablet_bootstrap.cc:492] T 07d2700add464463a6907ba03e787d93 P ac4fcba0368a40ef9c71d240c4075f28: Bootstrap starting.
I20260601 13:30:50.825552  7045 tablet_bootstrap.cc:654] T 07d2700add464463a6907ba03e787d93 P ac4fcba0368a40ef9c71d240c4075f28: Neither blocks nor log segments found. Creating new log.
I20260601 13:30:50.826969  7045 tablet_bootstrap.cc:492] T 07d2700add464463a6907ba03e787d93 P ac4fcba0368a40ef9c71d240c4075f28: No bootstrap required, opened a new log
I20260601 13:30:50.827083  7045 ts_tablet_manager.cc:1403] T 07d2700add464463a6907ba03e787d93 P ac4fcba0368a40ef9c71d240c4075f28: Time spent bootstrapping tablet: real 0.003s	user 0.002s	sys 0.000s
I20260601 13:30:50.827116  7047 tablet_bootstrap.cc:654] T bf5ea8d495054c7c8c96573815024945 P 896d0d2376894f28b91ddb7c87cebc57: Neither blocks nor log segments found. Creating new log.
I20260601 13:30:50.827636  7045 raft_consensus.cc:359] T 07d2700add464463a6907ba03e787d93 P ac4fcba0368a40ef9c71d240c4075f28 [term 0 FOLLOWER]: Replica starting. Triggering 0 pending ops. Active config: opid_index: -1 OBSOLETE_local: false peers { permanent_uuid: "ac4fcba0368a40ef9c71d240c4075f28" member_type: VOTER last_known_addr { host: "127.4.252.1" port: 33621 } } peers { permanent_uuid: "896d0d2376894f28b91ddb7c87cebc57" member_type: VOTER last_known_addr { host: "127.4.252.2" port: 34865 } } peers { permanent_uuid: "f92e9e11b8f14d6cb913a538c2720b4c" member_type: VOTER last_known_addr { host: "127.4.252.3" port: 45757 } }
I20260601 13:30:50.827762  7045 raft_consensus.cc:385] T 07d2700add464463a6907ba03e787d93 P ac4fcba0368a40ef9c71d240c4075f28 [term 0 FOLLOWER]: Consensus starting up: Expiring failure detector timer to make a prompt election more likely
I20260601 13:30:50.827801  7045 raft_consensus.cc:740] T 07d2700add464463a6907ba03e787d93 P ac4fcba0368a40ef9c71d240c4075f28 [term 0 FOLLOWER]: Becoming Follower/Learner. State: Replica: ac4fcba0368a40ef9c71d240c4075f28, State: Initialized, Role: FOLLOWER
I20260601 13:30:50.828054  7045 consensus_queue.cc:260] T 07d2700add464463a6907ba03e787d93 P ac4fcba0368a40ef9c71d240c4075f28 [NON_LEADER]: Queue going to NON_LEADER mode. State: All replicated index: 0, Majority replicated index: 0, Committed index: 0, Last appended: 0.0, Last appended by leader: 0, Current term: 0, Majority size: -1, State: 0, Mode: NON_LEADER, active raft config: opid_index: -1 OBSOLETE_local: false peers { permanent_uuid: "ac4fcba0368a40ef9c71d240c4075f28" member_type: VOTER last_known_addr { host: "127.4.252.1" port: 33621 } } peers { permanent_uuid: "896d0d2376894f28b91ddb7c87cebc57" member_type: VOTER last_known_addr { host: "127.4.252.2" port: 34865 } } peers { permanent_uuid: "f92e9e11b8f14d6cb913a538c2720b4c" member_type: VOTER last_known_addr { host: "127.4.252.3" port: 45757 } }
I20260601 13:30:50.828265  7047 tablet_bootstrap.cc:492] T bf5ea8d495054c7c8c96573815024945 P 896d0d2376894f28b91ddb7c87cebc57: No bootstrap required, opened a new log
I20260601 13:30:50.828373  7045 ts_tablet_manager.cc:1434] T 07d2700add464463a6907ba03e787d93 P ac4fcba0368a40ef9c71d240c4075f28: Time spent starting tablet: real 0.001s	user 0.000s	sys 0.000s
I20260601 13:30:50.828384  7047 ts_tablet_manager.cc:1403] T bf5ea8d495054c7c8c96573815024945 P 896d0d2376894f28b91ddb7c87cebc57: Time spent bootstrapping tablet: real 0.007s	user 0.000s	sys 0.002s
I20260601 13:30:50.828917  7047 raft_consensus.cc:359] T bf5ea8d495054c7c8c96573815024945 P 896d0d2376894f28b91ddb7c87cebc57 [term 0 FOLLOWER]: Replica starting. Triggering 0 pending ops. Active config: opid_index: -1 OBSOLETE_local: false peers { permanent_uuid: "f92e9e11b8f14d6cb913a538c2720b4c" member_type: VOTER last_known_addr { host: "127.4.252.3" port: 45757 } } peers { permanent_uuid: "ac4fcba0368a40ef9c71d240c4075f28" member_type: VOTER last_known_addr { host: "127.4.252.1" port: 33621 } } peers { permanent_uuid: "896d0d2376894f28b91ddb7c87cebc57" member_type: VOTER last_known_addr { host: "127.4.252.2" port: 34865 } }
I20260601 13:30:50.829032  7047 raft_consensus.cc:385] T bf5ea8d495054c7c8c96573815024945 P 896d0d2376894f28b91ddb7c87cebc57 [term 0 FOLLOWER]: Consensus starting up: Expiring failure detector timer to make a prompt election more likely
I20260601 13:30:50.829083  7047 raft_consensus.cc:740] T bf5ea8d495054c7c8c96573815024945 P 896d0d2376894f28b91ddb7c87cebc57 [term 0 FOLLOWER]: Becoming Follower/Learner. State: Replica: 896d0d2376894f28b91ddb7c87cebc57, State: Initialized, Role: FOLLOWER
