W20260601 13:31:42.271615 18539 instance_detector.cc:116] could not retrieve OpenStack instance metadata: Network error: curl error: HTTP response code said error: The requested URL returned error: 404
I20260601 13:31:42.271759 15796 server_base.cc:1061] running on GCE node
W20260601 13:31:42.271821 18536 instance_detector.cc:116] could not retrieve AWS instance metadata: Network error: curl error: HTTP response code said error: The requested URL returned error: 404
I20260601 13:31:42.272140 15796 hybrid_clock.cc:584] initializing the hybrid clock with 'system_unsync' time source
W20260601 13:31:42.272202 15796 system_unsync_time.cc:38] NTP support is disabled. Clock error bounds will not be accurate. This configuration is not suitable for distributed clusters.
I20260601 13:31:42.272223 15796 hybrid_clock.cc:648] HybridClock initialized: now 1780320702272223 us; error 0 us; skew 500 ppm
I20260601 13:31:42.273404 15796 webserver.cc:533] Webserver started at http://127.15.109.3:42005/ using document root <none> and password file <none>
I20260601 13:31:42.273579 15796 fs_manager.cc:362] Metadata directory not provided
I20260601 13:31:42.273640 15796 fs_manager.cc:368] Using write-ahead log directory (fs_wal_dir) as metadata directory
I20260601 13:31:42.273731 15796 server_base.cc:909] This appears to be a new deployment of Kudu; creating new FS layout
I20260601 13:31:42.273931 18533 heartbeater.cc:344] Connected to a master server at 127.15.109.62:33455
I20260601 13:31:42.274021 18533 heartbeater.cc:461] Registering TS with master...
I20260601 13:31:42.274227 15796 fs_manager.cc:1068] Generated new instance metadata in path /tmp/dist-test-taskY9FnRk/test-tmp/auto_rebalancer-test.0.AutoRebalancerTest.RangeAwareBuildClusterInfoGroupsByRange.1780320634350633-15796-0/minicluster-data/ts-2-root/instance:
uuid: "aaf086c4c60643d5990f1911b77bb0d8"
format_stamp: "Formatted at 2026-06-01 13:31:42 on dist-test-slave-p3vd"
I20260601 13:31:42.274262 18533 heartbeater.cc:507] Master 127.15.109.62:33455 requested a full tablet report, sending...
I20260601 13:31:42.274911 18328 ts_manager.cc:194] Registered new tserver with Master: c818f08d4a964617a41fb1eefcaaee83 (127.15.109.2:38321)
I20260601 13:31:42.275444 18328 master_service.cc:502] Signed X509 certificate for tserver {username='slave'} at 127.0.0.1:43744
I20260601 13:31:42.275967 15796 fs_manager.cc:696] Time spent creating directory manager: real 0.001s	user 0.001s	sys 0.001s
I20260601 13:31:42.276978 18544 log_block_manager.cc:4031] Time spent loading block containers with low live blocks: real 0.000s	user 0.000s	sys 0.000s
I20260601 13:31:42.277310 15796 fs_manager.cc:730] Time spent opening block manager: real 0.001s	user 0.001s	sys 0.000s
I20260601 13:31:42.277371 15796 fs_manager.cc:647] Opened local filesystem: /tmp/dist-test-taskY9FnRk/test-tmp/auto_rebalancer-test.0.AutoRebalancerTest.RangeAwareBuildClusterInfoGroupsByRange.1780320634350633-15796-0/minicluster-data/ts-2-root
uuid: "aaf086c4c60643d5990f1911b77bb0d8"
format_stamp: "Formatted at 2026-06-01 13:31:42 on dist-test-slave-p3vd"
I20260601 13:31:42.277463 15796 fs_report.cc:389] FS layout report
--------------------
wal directory: /tmp/dist-test-taskY9FnRk/test-tmp/auto_rebalancer-test.0.AutoRebalancerTest.RangeAwareBuildClusterInfoGroupsByRange.1780320634350633-15796-0/minicluster-data/ts-2-root
metadata directory: /tmp/dist-test-taskY9FnRk/test-tmp/auto_rebalancer-test.0.AutoRebalancerTest.RangeAwareBuildClusterInfoGroupsByRange.1780320634350633-15796-0/minicluster-data/ts-2-root
1 data directories: /tmp/dist-test-taskY9FnRk/test-tmp/auto_rebalancer-test.0.AutoRebalancerTest.RangeAwareBuildClusterInfoGroupsByRange.1780320634350633-15796-0/minicluster-data/ts-2-root/data
Total live blocks: 0
Total live bytes: 0
Total live bytes (after alignment): 0
Total number of LBM containers: 0 (0 full)
Did not check for missing blocks
Did not check for orphaned blocks
Total full LBM containers with extra space: 0 (0 repaired)
Total full LBM container extra space in bytes: 0 (0 repaired)
Total incomplete LBM containers: 0 (0 repaired)
Total LBM partial records: 0 (0 repaired)
Total corrupted LBM metadata records in RocksDB: 0 (0 repaired)
I20260601 13:31:42.296343 15796 rpc_server.cc:225] running with OpenSSL 1.1.1  11 Sep 2018
I20260601 13:31:42.296898 15796 kserver.cc:163] Server-wide thread pool size limit: 3276
I20260601 13:31:42.297242 15796 txn_system_client.cc:432] TxnSystemClient initialization is disabled...
I20260601 13:31:42.297749 15796 ts_tablet_manager.cc:585] Loaded tablet metadata (0 total tablets, 0 live tablets)
I20260601 13:31:42.297814 15796 ts_tablet_manager.cc:531] Time spent load tablet metadata: real 0.000s	user 0.000s	sys 0.000s
I20260601 13:31:42.297875 15796 ts_tablet_manager.cc:616] Registered 0 tablets
I20260601 13:31:42.297922 15796 ts_tablet_manager.cc:595] Time spent register tablets: real 0.000s	user 0.000s	sys 0.000s
I20260601 13:31:42.302505 15796 rpc_server.cc:307] RPC server started. Bound to: 127.15.109.3:42677
I20260601 13:31:42.302588 18607 acceptor_pool.cc:272] collecting diagnostics on the listening RPC socket 127.15.109.3:42677 every 8 connection(s)
I20260601 13:31:42.307478 18608 heartbeater.cc:344] Connected to a master server at 127.15.109.62:33455
I20260601 13:31:42.307626 18608 heartbeater.cc:461] Registering TS with master...
I20260601 13:31:42.307862 18608 heartbeater.cc:507] Master 127.15.109.62:33455 requested a full tablet report, sending...
I20260601 13:31:42.308712 18328 ts_manager.cc:194] Registered new tserver with Master: aaf086c4c60643d5990f1911b77bb0d8 (127.15.109.3:42677)
I20260601 13:31:42.309316 18328 master_service.cc:502] Signed X509 certificate for tserver {username='slave'} at 127.0.0.1:43748
I20260601 13:31:42.309769 15796 internal_mini_cluster.cc:371] 3 TS(s) registered with all masters after 0.006825951s
I20260601 13:31:43.263136 18457 heartbeater.cc:499] Master 127.15.109.62:33455 was elected leader, sending a full tablet report...
I20260601 13:31:43.276427 18533 heartbeater.cc:499] Master 127.15.109.62:33455 was elected leader, sending a full tablet report...
I20260601 13:31:43.310362 18608 heartbeater.cc:499] Master 127.15.109.62:33455 was elected leader, sending a full tablet report...
I20260601 13:31:43.344689 18328 catalog_manager.cc:2282] Servicing CreateTable request from {username='slave'} at 127.0.0.1:43750:
name: "range_aware_auto_rebalancer_test"
schema {
  columns {
    name: "key"
    type: INT32
    is_key: true
    is_nullable: false
    encoding: AUTO_ENCODING
    compression: DEFAULT_COMPRESSION
    cfile_block_size: 0
    immutable: false
  }
}
num_replicas: 3
split_rows_range_bounds {
  rows: "\006\001\000\000\000\000\007\001\n\000\000\000\006\001\n\000\000\000\007\001\024\000\000\000""\006\001\000\000\000\000\007\001\n\000\000\000\006\001\n\000\000\000\007\001\024\000\000\000"
  indirect_data: """"
}
partition_schema {
  hash_schema {
    columns {
      name: "key"
    }
    num_buckets: 2
    seed: 0
  }
  range_schema {
    columns {
      name: "key"
    }
  }
}
W20260601 13:31:43.345476 18328 catalog_manager.cc:7076] The number of live tablet servers is not enough to re-replicate a tablet replica of the newly created table range_aware_auto_rebalancer_test in case of a server failure: 4 tablet servers would be needed, 3 are available. Consider bringing up more tablet servers.
I20260601 13:31:43.361122 18421 tablet_service.cc:1511] Processing CreateTablet for tablet 05f9ab873f1e4c12b30509b664d654ac (DEFAULT_TABLE table=range_aware_auto_rebalancer_test [id=7a59c3014222426f88a9d575b527f516]), partition=HASH (key) PARTITION 0, RANGE (key) PARTITION 0 <= VALUES < 10
I20260601 13:31:43.361488 18421 data_dirs.cc:400] Could only allocate 1 dirs of requested 3 for tablet 05f9ab873f1e4c12b30509b664d654ac. 1 dirs total, 0 dirs full, 0 dirs failed
I20260601 13:31:43.362143 18572 tablet_service.cc:1511] Processing CreateTablet for tablet 05f9ab873f1e4c12b30509b664d654ac (DEFAULT_TABLE table=range_aware_auto_rebalancer_test [id=7a59c3014222426f88a9d575b527f516]), partition=HASH (key) PARTITION 0, RANGE (key) PARTITION 0 <= VALUES < 10
I20260601 13:31:43.362293 18571 tablet_service.cc:1511] Processing CreateTablet for tablet 4dd29d0ca52646bebe3563eafdb092ed (DEFAULT_TABLE table=range_aware_auto_rebalancer_test [id=7a59c3014222426f88a9d575b527f516]), partition=HASH (key) PARTITION 0, RANGE (key) PARTITION 10 <= VALUES < 20
I20260601 13:31:43.362421 18572 data_dirs.cc:400] Could only allocate 1 dirs of requested 3 for tablet 05f9ab873f1e4c12b30509b664d654ac. 1 dirs total, 0 dirs full, 0 dirs failed
I20260601 13:31:43.362533 18571 data_dirs.cc:400] Could only allocate 1 dirs of requested 3 for tablet 4dd29d0ca52646bebe3563eafdb092ed. 1 dirs total, 0 dirs full, 0 dirs failed
I20260601 13:31:43.364025 18628 tablet_bootstrap.cc:492] T 05f9ab873f1e4c12b30509b664d654ac P 9c2ad4e5553246c89dc912b8921dc89f: Bootstrap starting.
I20260601 13:31:43.364197 18420 tablet_service.cc:1511] Processing CreateTablet for tablet 4dd29d0ca52646bebe3563eafdb092ed (DEFAULT_TABLE table=range_aware_auto_rebalancer_test [id=7a59c3014222426f88a9d575b527f516]), partition=HASH (key) PARTITION 0, RANGE (key) PARTITION 10 <= VALUES < 20
I20260601 13:31:43.364434 18420 data_dirs.cc:400] Could only allocate 1 dirs of requested 3 for tablet 4dd29d0ca52646bebe3563eafdb092ed. 1 dirs total, 0 dirs full, 0 dirs failed
I20260601 13:31:43.364785 18570 tablet_service.cc:1511] Processing CreateTablet for tablet 980f1199d2a84ff69facc56025cdacb9 (DEFAULT_TABLE table=range_aware_auto_rebalancer_test [id=7a59c3014222426f88a9d575b527f516]), partition=HASH (key) PARTITION 1, RANGE (key) PARTITION 0 <= VALUES < 10
I20260601 13:31:43.364977 18570 data_dirs.cc:400] Could only allocate 1 dirs of requested 3 for tablet 980f1199d2a84ff69facc56025cdacb9. 1 dirs total, 0 dirs full, 0 dirs failed
I20260601 13:31:43.365146 18628 tablet_bootstrap.cc:654] T 05f9ab873f1e4c12b30509b664d654ac P 9c2ad4e5553246c89dc912b8921dc89f: Neither blocks nor log segments found. Creating new log.
I20260601 13:31:43.366369 18628 tablet_bootstrap.cc:492] T 05f9ab873f1e4c12b30509b664d654ac P 9c2ad4e5553246c89dc912b8921dc89f: No bootstrap required, opened a new log
I20260601 13:31:43.366447 18628 ts_tablet_manager.cc:1403] T 05f9ab873f1e4c12b30509b664d654ac P 9c2ad4e5553246c89dc912b8921dc89f: Time spent bootstrapping tablet: real 0.002s	user 0.002s	sys 0.000s
I20260601 13:31:43.366678 18419 tablet_service.cc:1511] Processing CreateTablet for tablet 980f1199d2a84ff69facc56025cdacb9 (DEFAULT_TABLE table=range_aware_auto_rebalancer_test [id=7a59c3014222426f88a9d575b527f516]), partition=HASH (key) PARTITION 1, RANGE (key) PARTITION 0 <= VALUES < 10
I20260601 13:31:43.366715 18569 tablet_service.cc:1511] Processing CreateTablet for tablet 145c9115794e46ffb2ab2a82b93e42f8 (DEFAULT_TABLE table=range_aware_auto_rebalancer_test [id=7a59c3014222426f88a9d575b527f516]), partition=HASH (key) PARTITION 1, RANGE (key) PARTITION 10 <= VALUES < 20
I20260601 13:31:43.366904 18569 data_dirs.cc:400] Could only allocate 1 dirs of requested 3 for tablet 145c9115794e46ffb2ab2a82b93e42f8. 1 dirs total, 0 dirs full, 0 dirs failed
I20260601 13:31:43.366923 18419 data_dirs.cc:400] Could only allocate 1 dirs of requested 3 for tablet 980f1199d2a84ff69facc56025cdacb9. 1 dirs total, 0 dirs full, 0 dirs failed
I20260601 13:31:43.366961 18628 raft_consensus.cc:359] T 05f9ab873f1e4c12b30509b664d654ac P 9c2ad4e5553246c89dc912b8921dc89f [term 0 FOLLOWER]: Replica starting. Triggering 0 pending ops. Active config: opid_index: -1 OBSOLETE_local: false peers { permanent_uuid: "9c2ad4e5553246c89dc912b8921dc89f" member_type: VOTER last_known_addr { host: "127.15.109.1" port: 33179 } } peers { permanent_uuid: "c818f08d4a964617a41fb1eefcaaee83" member_type: VOTER last_known_addr { host: "127.15.109.2" port: 38321 } } peers { permanent_uuid: "aaf086c4c60643d5990f1911b77bb0d8" member_type: VOTER last_known_addr { host: "127.15.109.3" port: 42677 } }
I20260601 13:31:43.367059 18628 raft_consensus.cc:385] T 05f9ab873f1e4c12b30509b664d654ac P 9c2ad4e5553246c89dc912b8921dc89f [term 0 FOLLOWER]: Consensus starting up: Expiring failure detector timer to make a prompt election more likely
I20260601 13:31:43.367091 18628 raft_consensus.cc:740] T 05f9ab873f1e4c12b30509b664d654ac P 9c2ad4e5553246c89dc912b8921dc89f [term 0 FOLLOWER]: Becoming Follower/Learner. State: Replica: 9c2ad4e5553246c89dc912b8921dc89f, State: Initialized, Role: FOLLOWER
I20260601 13:31:43.367208 18628 consensus_queue.cc:260] T 05f9ab873f1e4c12b30509b664d654ac P 9c2ad4e5553246c89dc912b8921dc89f [NON_LEADER]: Queue going to NON_LEADER mode. State: All replicated index: 0, Majority replicated index: 0, Committed index: 0, Last appended: 0.0, Last appended by leader: 0, Current term: 0, Majority size: -1, State: 0, Mode: NON_LEADER, active raft config: opid_index: -1 OBSOLETE_local: false peers { permanent_uuid: "9c2ad4e5553246c89dc912b8921dc89f" member_type: VOTER last_known_addr { host: "127.15.109.1" port: 33179 } } peers { permanent_uuid: "c818f08d4a964617a41fb1eefcaaee83" member_type: VOTER last_known_addr { host: "127.15.109.2" port: 38321 } } peers { permanent_uuid: "aaf086c4c60643d5990f1911b77bb0d8" member_type: VOTER last_known_addr { host: "127.15.109.3" port: 42677 } }
I20260601 13:31:43.367563 18628 ts_tablet_manager.cc:1434] T 05f9ab873f1e4c12b30509b664d654ac P 9c2ad4e5553246c89dc912b8921dc89f: Time spent starting tablet: real 0.001s	user 0.001s	sys 0.000s
I20260601 13:31:43.367725 18628 tablet_bootstrap.cc:492] T 4dd29d0ca52646bebe3563eafdb092ed P 9c2ad4e5553246c89dc912b8921dc89f: Bootstrap starting.
I20260601 13:31:43.368829 18628 tablet_bootstrap.cc:654] T 4dd29d0ca52646bebe3563eafdb092ed P 9c2ad4e5553246c89dc912b8921dc89f: Neither blocks nor log segments found. Creating new log.
I20260601 13:31:43.369295 18418 tablet_service.cc:1511] Processing CreateTablet for tablet 145c9115794e46ffb2ab2a82b93e42f8 (DEFAULT_TABLE table=range_aware_auto_rebalancer_test [id=7a59c3014222426f88a9d575b527f516]), partition=HASH (key) PARTITION 1, RANGE (key) PARTITION 10 <= VALUES < 20
I20260601 13:31:43.369544 18418 data_dirs.cc:400] Could only allocate 1 dirs of requested 3 for tablet 145c9115794e46ffb2ab2a82b93e42f8. 1 dirs total, 0 dirs full, 0 dirs failed
I20260601 13:31:43.370064 18628 tablet_bootstrap.cc:492] T 4dd29d0ca52646bebe3563eafdb092ed P 9c2ad4e5553246c89dc912b8921dc89f: No bootstrap required, opened a new log
I20260601 13:31:43.370142 18628 ts_tablet_manager.cc:1403] T 4dd29d0ca52646bebe3563eafdb092ed P 9c2ad4e5553246c89dc912b8921dc89f: Time spent bootstrapping tablet: real 0.002s	user 0.002s	sys 0.000s
I20260601 13:31:43.370607 18628 raft_consensus.cc:359] T 4dd29d0ca52646bebe3563eafdb092ed P 9c2ad4e5553246c89dc912b8921dc89f [term 0 FOLLOWER]: Replica starting. Triggering 0 pending ops. Active config: opid_index: -1 OBSOLETE_local: false peers { permanent_uuid: "9c2ad4e5553246c89dc912b8921dc89f" member_type: VOTER last_known_addr { host: "127.15.109.1" port: 33179 } } peers { permanent_uuid: "c818f08d4a964617a41fb1eefcaaee83" member_type: VOTER last_known_addr { host: "127.15.109.2" port: 38321 } } peers { permanent_uuid: "aaf086c4c60643d5990f1911b77bb0d8" member_type: VOTER last_known_addr { host: "127.15.109.3" port: 42677 } }
I20260601 13:31:43.370711 18628 raft_consensus.cc:385] T 4dd29d0ca52646bebe3563eafdb092ed P 9c2ad4e5553246c89dc912b8921dc89f [term 0 FOLLOWER]: Consensus starting up: Expiring failure detector timer to make a prompt election more likely
I20260601 13:31:43.370754 18628 raft_consensus.cc:740] T 4dd29d0ca52646bebe3563eafdb092ed P 9c2ad4e5553246c89dc912b8921dc89f [term 0 FOLLOWER]: Becoming Follower/Learner. State: Replica: 9c2ad4e5553246c89dc912b8921dc89f, State: Initialized, Role: FOLLOWER
I20260601 13:31:43.370893 18628 consensus_queue.cc:260] T 4dd29d0ca52646bebe3563eafdb092ed P 9c2ad4e5553246c89dc912b8921dc89f [NON_LEADER]: Queue going to NON_LEADER mode. State: All replicated index: 0, Majority replicated index: 0, Committed index: 0, Last appended: 0.0, Last appended by leader: 0, Current term: 0, Majority size: -1, State: 0, Mode: NON_LEADER, active raft config: opid_index: -1 OBSOLETE_local: false peers { permanent_uuid: "9c2ad4e5553246c89dc912b8921dc89f" member_type: VOTER last_known_addr { host: "127.15.109.1" port: 33179 } } peers { permanent_uuid: "c818f08d4a964617a41fb1eefcaaee83" member_type: VOTER last_known_addr { host: "127.15.109.2" port: 38321 } } peers { permanent_uuid: "aaf086c4c60643d5990f1911b77bb0d8" member_type: VOTER last_known_addr { host: "127.15.109.3" port: 42677 } }
I20260601 13:31:43.371157 18628 ts_tablet_manager.cc:1434] T 4dd29d0ca52646bebe3563eafdb092ed P 9c2ad4e5553246c89dc912b8921dc89f: Time spent starting tablet: real 0.001s	user 0.000s	sys 0.000s
I20260601 13:31:43.371318 18628 tablet_bootstrap.cc:492] T 980f1199d2a84ff69facc56025cdacb9 P 9c2ad4e5553246c89dc912b8921dc89f: Bootstrap starting.
I20260601 13:31:43.372192 18497 tablet_service.cc:1511] Processing CreateTablet for tablet 05f9ab873f1e4c12b30509b664d654ac (DEFAULT_TABLE table=range_aware_auto_rebalancer_test [id=7a59c3014222426f88a9d575b527f516]), partition=HASH (key) PARTITION 0, RANGE (key) PARTITION 0 <= VALUES < 10
I20260601 13:31:43.372424 18628 tablet_bootstrap.cc:654] T 980f1199d2a84ff69facc56025cdacb9 P 9c2ad4e5553246c89dc912b8921dc89f: Neither blocks nor log segments found. Creating new log.
I20260601 13:31:43.372496 18497 data_dirs.cc:400] Could only allocate 1 dirs of requested 3 for tablet 05f9ab873f1e4c12b30509b664d654ac. 1 dirs total, 0 dirs full, 0 dirs failed
I20260601 13:31:43.373258 18494 tablet_service.cc:1511] Processing CreateTablet for tablet 145c9115794e46ffb2ab2a82b93e42f8 (DEFAULT_TABLE table=range_aware_auto_rebalancer_test [id=7a59c3014222426f88a9d575b527f516]), partition=HASH (key) PARTITION 1, RANGE (key) PARTITION 10 <= VALUES < 20
I20260601 13:31:43.373540 18494 data_dirs.cc:400] Could only allocate 1 dirs of requested 3 for tablet 145c9115794e46ffb2ab2a82b93e42f8. 1 dirs total, 0 dirs full, 0 dirs failed
I20260601 13:31:43.373731 18628 tablet_bootstrap.cc:492] T 980f1199d2a84ff69facc56025cdacb9 P 9c2ad4e5553246c89dc912b8921dc89f: No bootstrap required, opened a new log
I20260601 13:31:43.373823 18628 ts_tablet_manager.cc:1403] T 980f1199d2a84ff69facc56025cdacb9 P 9c2ad4e5553246c89dc912b8921dc89f: Time spent bootstrapping tablet: real 0.003s	user 0.000s	sys 0.002s
I20260601 13:31:43.374267 18628 raft_consensus.cc:359] T 980f1199d2a84ff69facc56025cdacb9 P 9c2ad4e5553246c89dc912b8921dc89f [term 0 FOLLOWER]: Replica starting. Triggering 0 pending ops. Active config: opid_index: -1 OBSOLETE_local: false peers { permanent_uuid: "9c2ad4e5553246c89dc912b8921dc89f" member_type: VOTER last_known_addr { host: "127.15.109.1" port: 33179 } } peers { permanent_uuid: "c818f08d4a964617a41fb1eefcaaee83" member_type: VOTER last_known_addr { host: "127.15.109.2" port: 38321 } } peers { permanent_uuid: "aaf086c4c60643d5990f1911b77bb0d8" member_type: VOTER last_known_addr { host: "127.15.109.3" port: 42677 } }
I20260601 13:31:43.374382 18628 raft_consensus.cc:385] T 980f1199d2a84ff69facc56025cdacb9 P 9c2ad4e5553246c89dc912b8921dc89f [term 0 FOLLOWER]: Consensus starting up: Expiring failure detector timer to make a prompt election more likely
I20260601 13:31:43.374415 18628 raft_consensus.cc:740] T 980f1199d2a84ff69facc56025cdacb9 P 9c2ad4e5553246c89dc912b8921dc89f [term 0 FOLLOWER]: Becoming Follower/Learner. State: Replica: 9c2ad4e5553246c89dc912b8921dc89f, State: Initialized, Role: FOLLOWER
I20260601 13:31:43.374615 18628 consensus_queue.cc:260] T 980f1199d2a84ff69facc56025cdacb9 P 9c2ad4e5553246c89dc912b8921dc89f [NON_LEADER]: Queue going to NON_LEADER mode. State: All replicated index: 0, Majority replicated index: 0, Committed index: 0, Last appended: 0.0, Last appended by leader: 0, Current term: 0, Majority size: -1, State: 0, Mode: NON_LEADER, active raft config: opid_index: -1 OBSOLETE_local: false peers { permanent_uuid: "9c2ad4e5553246c89dc912b8921dc89f" member_type: VOTER last_known_addr { host: "127.15.109.1" port: 33179 } } peers { permanent_uuid: "c818f08d4a964617a41fb1eefcaaee83" member_type: VOTER last_known_addr { host: "127.15.109.2" port: 38321 } } peers { permanent_uuid: "aaf086c4c60643d5990f1911b77bb0d8" member_type: VOTER last_known_addr { host: "127.15.109.3" port: 42677 } }
I20260601 13:31:43.374722 18634 tablet_bootstrap.cc:492] T 05f9ab873f1e4c12b30509b664d654ac P c818f08d4a964617a41fb1eefcaaee83: Bootstrap starting.
I20260601 13:31:43.375067 18628 ts_tablet_manager.cc:1434] T 980f1199d2a84ff69facc56025cdacb9 P 9c2ad4e5553246c89dc912b8921dc89f: Time spent starting tablet: real 0.001s	user 0.000s	sys 0.001s
I20260601 13:31:43.375280 18628 tablet_bootstrap.cc:492] T 145c9115794e46ffb2ab2a82b93e42f8 P 9c2ad4e5553246c89dc912b8921dc89f: Bootstrap starting.
I20260601 13:31:43.375671 18495 tablet_service.cc:1511] Processing CreateTablet for tablet 980f1199d2a84ff69facc56025cdacb9 (DEFAULT_TABLE table=range_aware_auto_rebalancer_test [id=7a59c3014222426f88a9d575b527f516]), partition=HASH (key) PARTITION 1, RANGE (key) PARTITION 0 <= VALUES < 10
I20260601 13:31:43.375905 18634 tablet_bootstrap.cc:654] T 05f9ab873f1e4c12b30509b664d654ac P c818f08d4a964617a41fb1eefcaaee83: Neither blocks nor log segments found. Creating new log.
I20260601 13:31:43.375931 18495 data_dirs.cc:400] Could only allocate 1 dirs of requested 3 for tablet 980f1199d2a84ff69facc56025cdacb9. 1 dirs total, 0 dirs full, 0 dirs failed
I20260601 13:31:43.376281 18628 tablet_bootstrap.cc:654] T 145c9115794e46ffb2ab2a82b93e42f8 P 9c2ad4e5553246c89dc912b8921dc89f: Neither blocks nor log segments found. Creating new log.
I20260601 13:31:43.376863 18496 tablet_service.cc:1511] Processing CreateTablet for tablet 4dd29d0ca52646bebe3563eafdb092ed (DEFAULT_TABLE table=range_aware_auto_rebalancer_test [id=7a59c3014222426f88a9d575b527f516]), partition=HASH (key) PARTITION 0, RANGE (key) PARTITION 10 <= VALUES < 20
I20260601 13:31:43.377143 18496 data_dirs.cc:400] Could only allocate 1 dirs of requested 3 for tablet 4dd29d0ca52646bebe3563eafdb092ed. 1 dirs total, 0 dirs full, 0 dirs failed
I20260601 13:31:43.377242 18634 tablet_bootstrap.cc:492] T 05f9ab873f1e4c12b30509b664d654ac P c818f08d4a964617a41fb1eefcaaee83: No bootstrap required, opened a new log
I20260601 13:31:43.377362 18634 ts_tablet_manager.cc:1403] T 05f9ab873f1e4c12b30509b664d654ac P c818f08d4a964617a41fb1eefcaaee83: Time spent bootstrapping tablet: real 0.003s	user 0.002s	sys 0.000s
I20260601 13:31:43.377398 18628 tablet_bootstrap.cc:492] T 145c9115794e46ffb2ab2a82b93e42f8 P 9c2ad4e5553246c89dc912b8921dc89f: No bootstrap required, opened a new log
I20260601 13:31:43.377524 18628 ts_tablet_manager.cc:1403] T 145c9115794e46ffb2ab2a82b93e42f8 P 9c2ad4e5553246c89dc912b8921dc89f: Time spent bootstrapping tablet: real 0.002s	user 0.002s	sys 0.000s
I20260601 13:31:43.377959 18628 raft_consensus.cc:359] T 145c9115794e46ffb2ab2a82b93e42f8 P 9c2ad4e5553246c89dc912b8921dc89f [term 0 FOLLOWER]: Replica starting. Triggering 0 pending ops. Active config: opid_index: -1 OBSOLETE_local: false peers { permanent_uuid: "9c2ad4e5553246c89dc912b8921dc89f" member_type: VOTER last_known_addr { host: "127.15.109.1" port: 33179 } } peers { permanent_uuid: "c818f08d4a964617a41fb1eefcaaee83" member_type: VOTER last_known_addr { host: "127.15.109.2" port: 38321 } } peers { permanent_uuid: "aaf086c4c60643d5990f1911b77bb0d8" member_type: VOTER last_known_addr { host: "127.15.109.3" port: 42677 } }
I20260601 13:31:43.377925 18634 raft_consensus.cc:359] T 05f9ab873f1e4c12b30509b664d654ac P c818f08d4a964617a41fb1eefcaaee83 [term 0 FOLLOWER]: Replica starting. Triggering 0 pending ops. Active config: opid_index: -1 OBSOLETE_local: false peers { permanent_uuid: "9c2ad4e5553246c89dc912b8921dc89f" member_type: VOTER last_known_addr { host: "127.15.109.1" port: 33179 } } peers { permanent_uuid: "c818f08d4a964617a41fb1eefcaaee83" member_type: VOTER last_known_addr { host: "127.15.109.2" port: 38321 } } peers { permanent_uuid: "aaf086c4c60643d5990f1911b77bb0d8" member_type: VOTER last_known_addr { host: "127.15.109.3" port: 42677 } }
I20260601 13:31:43.378050 18628 raft_consensus.cc:385] T 145c9115794e46ffb2ab2a82b93e42f8 P 9c2ad4e5553246c89dc912b8921dc89f [term 0 FOLLOWER]: Consensus starting up: Expiring failure detector timer to make a prompt election more likely
I20260601 13:31:43.378111 18628 raft_consensus.cc:740] T 145c9115794e46ffb2ab2a82b93e42f8 P 9c2ad4e5553246c89dc912b8921dc89f [term 0 FOLLOWER]: Becoming Follower/Learner. State: Replica: 9c2ad4e5553246c89dc912b8921dc89f, State: Initialized, Role: FOLLOWER
I20260601 13:31:43.378268 18628 consensus_queue.cc:260] T 145c9115794e46ffb2ab2a82b93e42f8 P 9c2ad4e5553246c89dc912b8921dc89f [NON_LEADER]: Queue going to NON_LEADER mode. State: All replicated index: 0, Majority replicated index: 0, Committed index: 0, Last appended: 0.0, Last appended by leader: 0, Current term: 0, Majority size: -1, State: 0, Mode: NON_LEADER, active raft config: opid_index: -1 OBSOLETE_local: false peers { permanent_uuid: "9c2ad4e5553246c89dc912b8921dc89f" member_type: VOTER last_known_addr { host: "127.15.109.1" port: 33179 } } peers { permanent_uuid: "c818f08d4a964617a41fb1eefcaaee83" member_type: VOTER last_known_addr { host: "127.15.109.2" port: 38321 } } peers { permanent_uuid: "aaf086c4c60643d5990f1911b77bb0d8" member_type: VOTER last_known_addr { host: "127.15.109.3" port: 42677 } }
I20260601 13:31:43.378557 18628 ts_tablet_manager.cc:1434] T 145c9115794e46ffb2ab2a82b93e42f8 P 9c2ad4e5553246c89dc912b8921dc89f: Time spent starting tablet: real 0.001s	user 0.001s	sys 0.000s
I20260601 13:31:43.378062 18634 raft_consensus.cc:385] T 05f9ab873f1e4c12b30509b664d654ac P c818f08d4a964617a41fb1eefcaaee83 [term 0 FOLLOWER]: Consensus starting up: Expiring failure detector timer to make a prompt election more likely
I20260601 13:31:43.378767 18634 raft_consensus.cc:740] T 05f9ab873f1e4c12b30509b664d654ac P c818f08d4a964617a41fb1eefcaaee83 [term 0 FOLLOWER]: Becoming Follower/Learner. State: Replica: c818f08d4a964617a41fb1eefcaaee83, State: Initialized, Role: FOLLOWER
I20260601 13:31:43.378929 18634 consensus_queue.cc:260] T 05f9ab873f1e4c12b30509b664d654ac P c818f08d4a964617a41fb1eefcaaee83 [NON_LEADER]: Queue going to NON_LEADER mode. State: All replicated index: 0, Majority replicated index: 0, Committed index: 0, Last appended: 0.0, Last appended by leader: 0, Current term: 0, Majority size: -1, State: 0, Mode: NON_LEADER, active raft config: opid_index: -1 OBSOLETE_local: false peers { permanent_uuid: "9c2ad4e5553246c89dc912b8921dc89f" member_type: VOTER last_known_addr { host: "127.15.109.1" port: 33179 } } peers { permanent_uuid: "c818f08d4a964617a41fb1eefcaaee83" member_type: VOTER last_known_addr { host: "127.15.109.2" port: 38321 } } peers { permanent_uuid: "aaf086c4c60643d5990f1911b77bb0d8" member_type: VOTER last_known_addr { host: "127.15.109.3" port: 42677 } }
I20260601 13:31:43.379383 18634 ts_tablet_manager.cc:1434] T 05f9ab873f1e4c12b30509b664d654ac P c818f08d4a964617a41fb1eefcaaee83: Time spent starting tablet: real 0.002s	user 0.001s	sys 0.000s
I20260601 13:31:43.379501 18629 tablet_bootstrap.cc:492] T 4dd29d0ca52646bebe3563eafdb092ed P aaf086c4c60643d5990f1911b77bb0d8: Bootstrap starting.
I20260601 13:31:43.379878 18634 tablet_bootstrap.cc:492] T 145c9115794e46ffb2ab2a82b93e42f8 P c818f08d4a964617a41fb1eefcaaee83: Bootstrap starting.
I20260601 13:31:43.380653 18629 tablet_bootstrap.cc:654] T 4dd29d0ca52646bebe3563eafdb092ed P aaf086c4c60643d5990f1911b77bb0d8: Neither blocks nor log segments found. Creating new log.
I20260601 13:31:43.381019 18634 tablet_bootstrap.cc:654] T 145c9115794e46ffb2ab2a82b93e42f8 P c818f08d4a964617a41fb1eefcaaee83: Neither blocks nor log segments found. Creating new log.
I20260601 13:31:43.382314 18634 tablet_bootstrap.cc:492] T 145c9115794e46ffb2ab2a82b93e42f8 P c818f08d4a964617a41fb1eefcaaee83: No bootstrap required, opened a new log
I20260601 13:31:43.382480 18634 ts_tablet_manager.cc:1403] T 145c9115794e46ffb2ab2a82b93e42f8 P c818f08d4a964617a41fb1eefcaaee83: Time spent bootstrapping tablet: real 0.003s	user 0.000s	sys 0.002s
I20260601 13:31:43.382901 18634 raft_consensus.cc:359] T 145c9115794e46ffb2ab2a82b93e42f8 P c818f08d4a964617a41fb1eefcaaee83 [term 0 FOLLOWER]: Replica starting. Triggering 0 pending ops. Active config: opid_index: -1 OBSOLETE_local: false peers { permanent_uuid: "9c2ad4e5553246c89dc912b8921dc89f" member_type: VOTER last_known_addr { host: "127.15.109.1" port: 33179 } } peers { permanent_uuid: "c818f08d4a964617a41fb1eefcaaee83" member_type: VOTER last_known_addr { host: "127.15.109.2" port: 38321 } } peers { permanent_uuid: "aaf086c4c60643d5990f1911b77bb0d8" member_type: VOTER last_known_addr { host: "127.15.109.3" port: 42677 } }
I20260601 13:31:43.383001 18634 raft_consensus.cc:385] T 145c9115794e46ffb2ab2a82b93e42f8 P c818f08d4a964617a41fb1eefcaaee83 [term 0 FOLLOWER]: Consensus starting up: Expiring failure detector timer to make a prompt election more likely
I20260601 13:31:43.383024 18634 raft_consensus.cc:740] T 145c9115794e46ffb2ab2a82b93e42f8 P c818f08d4a964617a41fb1eefcaaee83 [term 0 FOLLOWER]: Becoming Follower/Learner. State: Replica: c818f08d4a964617a41fb1eefcaaee83, State: Initialized, Role: FOLLOWER
I20260601 13:31:43.383152 18634 consensus_queue.cc:260] T 145c9115794e46ffb2ab2a82b93e42f8 P c818f08d4a964617a41fb1eefcaaee83 [NON_LEADER]: Queue going to NON_LEADER mode. State: All replicated index: 0, Majority replicated index: 0, Committed index: 0, Last appended: 0.0, Last appended by leader: 0, Current term: 0, Majority size: -1, State: 0, Mode: NON_LEADER, active raft config: opid_index: -1 OBSOLETE_local: false peers { permanent_uuid: "9c2ad4e5553246c89dc912b8921dc89f" member_type: VOTER last_known_addr { host: "127.15.109.1" port: 33179 } } peers { permanent_uuid: "c818f08d4a964617a41fb1eefcaaee83" member_type: VOTER last_known_addr { host: "127.15.109.2" port: 38321 } } peers { permanent_uuid: "aaf086c4c60643d5990f1911b77bb0d8" member_type: VOTER last_known_addr { host: "127.15.109.3" port: 42677 } }
I20260601 13:31:43.383441 18634 ts_tablet_manager.cc:1434] T 145c9115794e46ffb2ab2a82b93e42f8 P c818f08d4a964617a41fb1eefcaaee83: Time spent starting tablet: real 0.001s	user 0.000s	sys 0.000s
I20260601 13:31:43.383631 18634 tablet_bootstrap.cc:492] T 980f1199d2a84ff69facc56025cdacb9 P c818f08d4a964617a41fb1eefcaaee83: Bootstrap starting.
I20260601 13:31:43.384627 18634 tablet_bootstrap.cc:654] T 980f1199d2a84ff69facc56025cdacb9 P c818f08d4a964617a41fb1eefcaaee83: Neither blocks nor log segments found. Creating new log.
I20260601 13:31:43.385200 18629 tablet_bootstrap.cc:492] T 4dd29d0ca52646bebe3563eafdb092ed P aaf086c4c60643d5990f1911b77bb0d8: No bootstrap required, opened a new log
I20260601 13:31:43.385308 18629 ts_tablet_manager.cc:1403] T 4dd29d0ca52646bebe3563eafdb092ed P aaf086c4c60643d5990f1911b77bb0d8: Time spent bootstrapping tablet: real 0.006s	user 0.000s	sys 0.002s
I20260601 13:31:43.385685 18634 tablet_bootstrap.cc:492] T 980f1199d2a84ff69facc56025cdacb9 P c818f08d4a964617a41fb1eefcaaee83: No bootstrap required, opened a new log
I20260601 13:31:43.385767 18634 ts_tablet_manager.cc:1403] T 980f1199d2a84ff69facc56025cdacb9 P c818f08d4a964617a41fb1eefcaaee83: Time spent bootstrapping tablet: real 0.002s	user 0.000s	sys 0.002s
I20260601 13:31:43.385710 18629 raft_consensus.cc:359] T 4dd29d0ca52646bebe3563eafdb092ed P aaf086c4c60643d5990f1911b77bb0d8 [term 0 FOLLOWER]: Replica starting. Triggering 0 pending ops. Active config: opid_index: -1 OBSOLETE_local: false peers { permanent_uuid: "9c2ad4e5553246c89dc912b8921dc89f" member_type: VOTER last_known_addr { host: "127.15.109.1" port: 33179 } } peers { permanent_uuid: "c818f08d4a964617a41fb1eefcaaee83" member_type: VOTER last_known_addr { host: "127.15.109.2" port: 38321 } } peers { permanent_uuid: "aaf086c4c60643d5990f1911b77bb0d8" member_type: VOTER last_known_addr { host: "127.15.109.3" port: 42677 } }
I20260601 13:31:43.385841 18629 raft_consensus.cc:385] T 4dd29d0ca52646bebe3563eafdb092ed P aaf086c4c60643d5990f1911b77bb0d8 [term 0 FOLLOWER]: Consensus starting up: Expiring failure detector timer to make a prompt election more likely
I20260601 13:31:43.385883 18629 raft_consensus.cc:740] T 4dd29d0ca52646bebe3563eafdb092ed P aaf086c4c60643d5990f1911b77bb0d8 [term 0 FOLLOWER]: Becoming Follower/Learner. State: Replica: aaf086c4c60643d5990f1911b77bb0d8, State: Initialized, Role: FOLLOWER
I20260601 13:31:43.386019 18629 consensus_queue.cc:260] T 4dd29d0ca52646bebe3563eafdb092ed P aaf086c4c60643d5990f1911b77bb0d8 [NON_LEADER]: Queue going to NON_LEADER mode. State: All replicated index: 0, Majority replicated index: 0, Committed index: 0, Last appended: 0.0, Last appended by leader: 0, Current term: 0, Majority size: -1, State: 0, Mode: NON_LEADER, active raft config: opid_index: -1 OBSOLETE_local: false peers { permanent_uuid: "9c2ad4e5553246c89dc912b8921dc89f" member_type: VOTER last_known_addr { host: "127.15.109.1" port: 33179 } } peers { permanent_uuid: "c818f08d4a964617a41fb1eefcaaee83" member_type: VOTER last_known_addr { host: "127.15.109.2" port: 38321 } } peers { permanent_uuid: "aaf086c4c60643d5990f1911b77bb0d8" member_type: VOTER last_known_addr { host: "127.15.109.3" port: 42677 } }
I20260601 13:31:43.386256 18634 raft_consensus.cc:359] T 980f1199d2a84ff69facc56025cdacb9 P c818f08d4a964617a41fb1eefcaaee83 [term 0 FOLLOWER]: Replica starting. Triggering 0 pending ops. Active config: opid_index: -1 OBSOLETE_local: false peers { permanent_uuid: "9c2ad4e5553246c89dc912b8921dc89f" member_type: VOTER last_known_addr { host: "127.15.109.1" port: 33179 } } peers { permanent_uuid: "c818f08d4a964617a41fb1eefcaaee83" member_type: VOTER last_known_addr { host: "127.15.109.2" port: 38321 } } peers { permanent_uuid: "aaf086c4c60643d5990f1911b77bb0d8" member_type: VOTER last_known_addr { host: "127.15.109.3" port: 42677 } }
I20260601 13:31:43.386370 18634 raft_consensus.cc:385] T 980f1199d2a84ff69facc56025cdacb9 P c818f08d4a964617a41fb1eefcaaee83 [term 0 FOLLOWER]: Consensus starting up: Expiring failure detector timer to make a prompt election more likely
I20260601 13:31:43.386399 18629 ts_tablet_manager.cc:1434] T 4dd29d0ca52646bebe3563eafdb092ed P aaf086c4c60643d5990f1911b77bb0d8: Time spent starting tablet: real 0.001s	user 0.000s	sys 0.001s
I20260601 13:31:43.386420 18634 raft_consensus.cc:740] T 980f1199d2a84ff69facc56025cdacb9 P c818f08d4a964617a41fb1eefcaaee83 [term 0 FOLLOWER]: Becoming Follower/Learner. State: Replica: c818f08d4a964617a41fb1eefcaaee83, State: Initialized, Role: FOLLOWER
I20260601 13:31:43.386543 18634 consensus_queue.cc:260] T 980f1199d2a84ff69facc56025cdacb9 P c818f08d4a964617a41fb1eefcaaee83 [NON_LEADER]: Queue going to NON_LEADER mode. State: All replicated index: 0, Majority replicated index: 0, Committed index: 0, Last appended: 0.0, Last appended by leader: 0, Current term: 0, Majority size: -1, State: 0, Mode: NON_LEADER, active raft config: opid_index: -1 OBSOLETE_local: false peers { permanent_uuid: "9c2ad4e5553246c89dc912b8921dc89f" member_type: VOTER last_known_addr { host: "127.15.109.1" port: 33179 } } peers { permanent_uuid: "c818f08d4a964617a41fb1eefcaaee83" member_type: VOTER last_known_addr { host: "127.15.109.2" port: 38321 } } peers { permanent_uuid: "aaf086c4c60643d5990f1911b77bb0d8" member_type: VOTER last_known_addr { host: "127.15.109.3" port: 42677 } }
I20260601 13:31:43.386613 18629 tablet_bootstrap.cc:492] T 05f9ab873f1e4c12b30509b664d654ac P aaf086c4c60643d5990f1911b77bb0d8: Bootstrap starting.
I20260601 13:31:43.386802 18634 ts_tablet_manager.cc:1434] T 980f1199d2a84ff69facc56025cdacb9 P c818f08d4a964617a41fb1eefcaaee83: Time spent starting tablet: real 0.001s	user 0.000s	sys 0.000s
I20260601 13:31:43.386989 18634 tablet_bootstrap.cc:492] T 4dd29d0ca52646bebe3563eafdb092ed P c818f08d4a964617a41fb1eefcaaee83: Bootstrap starting.
I20260601 13:31:43.387462 18629 tablet_bootstrap.cc:654] T 05f9ab873f1e4c12b30509b664d654ac P aaf086c4c60643d5990f1911b77bb0d8: Neither blocks nor log segments found. Creating new log.
I20260601 13:31:43.387996 18634 tablet_bootstrap.cc:654] T 4dd29d0ca52646bebe3563eafdb092ed P c818f08d4a964617a41fb1eefcaaee83: Neither blocks nor log segments found. Creating new log.
I20260601 13:31:43.388928 18629 tablet_bootstrap.cc:492] T 05f9ab873f1e4c12b30509b664d654ac P aaf086c4c60643d5990f1911b77bb0d8: No bootstrap required, opened a new log
I20260601 13:31:43.389019 18629 ts_tablet_manager.cc:1403] T 05f9ab873f1e4c12b30509b664d654ac P aaf086c4c60643d5990f1911b77bb0d8: Time spent bootstrapping tablet: real 0.002s	user 0.000s	sys 0.001s
I20260601 13:31:43.389045 18634 tablet_bootstrap.cc:492] T 4dd29d0ca52646bebe3563eafdb092ed P c818f08d4a964617a41fb1eefcaaee83: No bootstrap required, opened a new log
I20260601 13:31:43.389119 18634 ts_tablet_manager.cc:1403] T 4dd29d0ca52646bebe3563eafdb092ed P c818f08d4a964617a41fb1eefcaaee83: Time spent bootstrapping tablet: real 0.002s	user 0.000s	sys 0.002s
I20260601 13:31:43.389583 18634 raft_consensus.cc:359] T 4dd29d0ca52646bebe3563eafdb092ed P c818f08d4a964617a41fb1eefcaaee83 [term 0 FOLLOWER]: Replica starting. Triggering 0 pending ops. Active config: opid_index: -1 OBSOLETE_local: false peers { permanent_uuid: "9c2ad4e5553246c89dc912b8921dc89f" member_type: VOTER last_known_addr { host: "127.15.109.1" port: 33179 } } peers { permanent_uuid: "c818f08d4a964617a41fb1eefcaaee83" member_type: VOTER last_known_addr { host: "127.15.109.2" port: 38321 } } peers { permanent_uuid: "aaf086c4c60643d5990f1911b77bb0d8" member_type: VOTER last_known_addr { host: "127.15.109.3" port: 42677 } }
I20260601 13:31:43.389744 18634 raft_consensus.cc:385] T 4dd29d0ca52646bebe3563eafdb092ed P c818f08d4a964617a41fb1eefcaaee83 [term 0 FOLLOWER]: Consensus starting up: Expiring failure detector timer to make a prompt election more likely
I20260601 13:31:43.389816 18634 raft_consensus.cc:740] T 4dd29d0ca52646bebe3563eafdb092ed P c818f08d4a964617a41fb1eefcaaee83 [term 0 FOLLOWER]: Becoming Follower/Learner. State: Replica: c818f08d4a964617a41fb1eefcaaee83, State: Initialized, Role: FOLLOWER
I20260601 13:31:43.389962 18634 consensus_queue.cc:260] T 4dd29d0ca52646bebe3563eafdb092ed P c818f08d4a964617a41fb1eefcaaee83 [NON_LEADER]: Queue going to NON_LEADER mode. State: All replicated index: 0, Majority replicated index: 0, Committed index: 0, Last appended: 0.0, Last appended by leader: 0, Current term: 0, Majority size: -1, State: 0, Mode: NON_LEADER, active raft config: opid_index: -1 OBSOLETE_local: false peers { permanent_uuid: "9c2ad4e5553246c89dc912b8921dc89f" member_type: VOTER last_known_addr { host: "127.15.109.1" port: 33179 } } peers { permanent_uuid: "c818f08d4a964617a41fb1eefcaaee83" member_type: VOTER last_known_addr { host: "127.15.109.2" port: 38321 } } peers { permanent_uuid: "aaf086c4c60643d5990f1911b77bb0d8" member_type: VOTER last_known_addr { host: "127.15.109.3" port: 42677 } }
I20260601 13:31:43.389999 18629 raft_consensus.cc:359] T 05f9ab873f1e4c12b30509b664d654ac P aaf086c4c60643d5990f1911b77bb0d8 [term 0 FOLLOWER]: Replica starting. Triggering 0 pending ops. Active config: opid_index: -1 OBSOLETE_local: false peers { permanent_uuid: "9c2ad4e5553246c89dc912b8921dc89f" member_type: VOTER last_known_addr { host: "127.15.109.1" port: 33179 } } peers { permanent_uuid: "c818f08d4a964617a41fb1eefcaaee83" member_type: VOTER last_known_addr { host: "127.15.109.2" port: 38321 } } peers { permanent_uuid: "aaf086c4c60643d5990f1911b77bb0d8" member_type: VOTER last_known_addr { host: "127.15.109.3" port: 42677 } }
I20260601 13:31:43.390151 18629 raft_consensus.cc:385] T 05f9ab873f1e4c12b30509b664d654ac P aaf086c4c60643d5990f1911b77bb0d8 [term 0 FOLLOWER]: Consensus starting up: Expiring failure detector timer to make a prompt election more likely
I20260601 13:31:43.390205 18629 raft_consensus.cc:740] T 05f9ab873f1e4c12b30509b664d654ac P aaf086c4c60643d5990f1911b77bb0d8 [term 0 FOLLOWER]: Becoming Follower/Learner. State: Replica: aaf086c4c60643d5990f1911b77bb0d8, State: Initialized, Role: FOLLOWER
I20260601 13:31:43.390383 18634 ts_tablet_manager.cc:1434] T 4dd29d0ca52646bebe3563eafdb092ed P c818f08d4a964617a41fb1eefcaaee83: Time spent starting tablet: real 0.001s	user 0.000s	sys 0.001s
I20260601 13:31:43.390352 18629 consensus_queue.cc:260] T 05f9ab873f1e4c12b30509b664d654ac P aaf086c4c60643d5990f1911b77bb0d8 [NON_LEADER]: Queue going to NON_LEADER mode. State: All replicated index: 0, Majority replicated index: 0, Committed index: 0, Last appended: 0.0, Last appended by leader: 0, Current term: 0, Majority size: -1, State: 0, Mode: NON_LEADER, active raft config: opid_index: -1 OBSOLETE_local: false peers { permanent_uuid: "9c2ad4e5553246c89dc912b8921dc89f" member_type: VOTER last_known_addr { host: "127.15.109.1" port: 33179 } } peers { permanent_uuid: "c818f08d4a964617a41fb1eefcaaee83" member_type: VOTER last_known_addr { host: "127.15.109.2" port: 38321 } } peers { permanent_uuid: "aaf086c4c60643d5990f1911b77bb0d8" member_type: VOTER last_known_addr { host: "127.15.109.3" port: 42677 } }
I20260601 13:31:43.390681 18629 ts_tablet_manager.cc:1434] T 05f9ab873f1e4c12b30509b664d654ac P aaf086c4c60643d5990f1911b77bb0d8: Time spent starting tablet: real 0.002s	user 0.001s	sys 0.000s
I20260601 13:31:43.390864 18629 tablet_bootstrap.cc:492] T 980f1199d2a84ff69facc56025cdacb9 P aaf086c4c60643d5990f1911b77bb0d8: Bootstrap starting.
I20260601 13:31:43.392015 18629 tablet_bootstrap.cc:654] T 980f1199d2a84ff69facc56025cdacb9 P aaf086c4c60643d5990f1911b77bb0d8: Neither blocks nor log segments found. Creating new log.
I20260601 13:31:43.393260 18629 tablet_bootstrap.cc:492] T 980f1199d2a84ff69facc56025cdacb9 P aaf086c4c60643d5990f1911b77bb0d8: No bootstrap required, opened a new log
I20260601 13:31:43.393365 18629 ts_tablet_manager.cc:1403] T 980f1199d2a84ff69facc56025cdacb9 P aaf086c4c60643d5990f1911b77bb0d8: Time spent bootstrapping tablet: real 0.003s	user 0.001s	sys 0.001s
I20260601 13:31:43.393754 18629 raft_consensus.cc:359] T 980f1199d2a84ff69facc56025cdacb9 P aaf086c4c60643d5990f1911b77bb0d8 [term 0 FOLLOWER]: Replica starting. Triggering 0 pending ops. Active config: opid_index: -1 OBSOLETE_local: false peers { permanent_uuid: "9c2ad4e5553246c89dc912b8921dc89f" member_type: VOTER last_known_addr { host: "127.15.109.1" port: 33179 } } peers { permanent_uuid: "c818f08d4a964617a41fb1eefcaaee83" member_type: VOTER last_known_addr { host: "127.15.109.2" port: 38321 } } peers { permanent_uuid: "aaf086c4c60643d5990f1911b77bb0d8" member_type: VOTER last_known_addr { host: "127.15.109.3" port: 42677 } }
I20260601 13:31:43.393865 18629 raft_consensus.cc:385] T 980f1199d2a84ff69facc56025cdacb9 P aaf086c4c60643d5990f1911b77bb0d8 [term 0 FOLLOWER]: Consensus starting up: Expiring failure detector timer to make a prompt election more likely
I20260601 13:31:43.393909 18629 raft_consensus.cc:740] T 980f1199d2a84ff69facc56025cdacb9 P aaf086c4c60643d5990f1911b77bb0d8 [term 0 FOLLOWER]: Becoming Follower/Learner. State: Replica: aaf086c4c60643d5990f1911b77bb0d8, State: Initialized, Role: FOLLOWER
I20260601 13:31:43.394033 18629 consensus_queue.cc:260] T 980f1199d2a84ff69facc56025cdacb9 P aaf086c4c60643d5990f1911b77bb0d8 [NON_LEADER]: Queue going to NON_LEADER mode. State: All replicated index: 0, Majority replicated index: 0, Committed index: 0, Last appended: 0.0, Last appended by leader: 0, Current term: 0, Majority size: -1, State: 0, Mode: NON_LEADER, active raft config: opid_index: -1 OBSOLETE_local: false peers { permanent_uuid: "9c2ad4e5553246c89dc912b8921dc89f" member_type: VOTER last_known_addr { host: "127.15.109.1" port: 33179 } } peers { permanent_uuid: "c818f08d4a964617a41fb1eefcaaee83" member_type: VOTER last_known_addr { host: "127.15.109.2" port: 38321 } } peers { permanent_uuid: "aaf086c4c60643d5990f1911b77bb0d8" member_type: VOTER last_known_addr { host: "127.15.109.3" port: 42677 } }
I20260601 13:31:43.394308 18629 ts_tablet_manager.cc:1434] T 980f1199d2a84ff69facc56025cdacb9 P aaf086c4c60643d5990f1911b77bb0d8: Time spent starting tablet: real 0.001s	user 0.000s	sys 0.000s
I20260601 13:31:43.394472 18629 tablet_bootstrap.cc:492] T 145c9115794e46ffb2ab2a82b93e42f8 P aaf086c4c60643d5990f1911b77bb0d8: Bootstrap starting.
I20260601 13:31:43.395402 18629 tablet_bootstrap.cc:654] T 145c9115794e46ffb2ab2a82b93e42f8 P aaf086c4c60643d5990f1911b77bb0d8: Neither blocks nor log segments found. Creating new log.
I20260601 13:31:43.396463 18629 tablet_bootstrap.cc:492] T 145c9115794e46ffb2ab2a82b93e42f8 P aaf086c4c60643d5990f1911b77bb0d8: No bootstrap required, opened a new log
I20260601 13:31:43.396576 18629 ts_tablet_manager.cc:1403] T 145c9115794e46ffb2ab2a82b93e42f8 P aaf086c4c60643d5990f1911b77bb0d8: Time spent bootstrapping tablet: real 0.002s	user 0.001s	sys 0.001s
I20260601 13:31:43.397033 18629 raft_consensus.cc:359] T 145c9115794e46ffb2ab2a82b93e42f8 P aaf086c4c60643d5990f1911b77bb0d8 [term 0 FOLLOWER]: Replica starting. Triggering 0 pending ops. Active config: opid_index: -1 OBSOLETE_local: false peers { permanent_uuid: "9c2ad4e5553246c89dc912b8921dc89f" member_type: VOTER last_known_addr { host: "127.15.109.1" port: 33179 } } peers { permanent_uuid: "c818f08d4a964617a41fb1eefcaaee83" member_type: VOTER last_known_addr { host: "127.15.109.2" port: 38321 } } peers { permanent_uuid: "aaf086c4c60643d5990f1911b77bb0d8" member_type: VOTER last_known_addr { host: "127.15.109.3" port: 42677 } }
I20260601 13:31:43.397114 18629 raft_consensus.cc:385] T 145c9115794e46ffb2ab2a82b93e42f8 P aaf086c4c60643d5990f1911b77bb0d8 [term 0 FOLLOWER]: Consensus starting up: Expiring failure detector timer to make a prompt election more likely
I20260601 13:31:43.397135 18629 raft_consensus.cc:740] T 145c9115794e46ffb2ab2a82b93e42f8 P aaf086c4c60643d5990f1911b77bb0d8 [term 0 FOLLOWER]: Becoming Follower/Learner. State: Replica: aaf086c4c60643d5990f1911b77bb0d8, State: Initialized, Role: FOLLOWER
I20260601 13:31:43.397220 18629 consensus_queue.cc:260] T 145c9115794e46ffb2ab2a82b93e42f8 P aaf086c4c60643d5990f1911b77bb0d8 [NON_LEADER]: Queue going to NON_LEADER mode. State: All replicated index: 0, Majority replicated index: 0, Committed index: 0, Last appended: 0.0, Last appended by leader: 0, Current term: 0, Majority size: -1, State: 0, Mode: NON_LEADER, active raft config: opid_index: -1 OBSOLETE_local: false peers { permanent_uuid: "9c2ad4e5553246c89dc912b8921dc89f" member_type: VOTER last_known_addr { host: "127.15.109.1" port: 33179 } } peers { permanent_uuid: "c818f08d4a964617a41fb1eefcaaee83" member_type: VOTER last_known_addr { host: "127.15.109.2" port: 38321 } } peers { permanent_uuid: "aaf086c4c60643d5990f1911b77bb0d8" member_type: VOTER last_known_addr { host: "127.15.109.3" port: 42677 } }
I20260601 13:31:43.397435 18629 ts_tablet_manager.cc:1434] T 145c9115794e46ffb2ab2a82b93e42f8 P aaf086c4c60643d5990f1911b77bb0d8: Time spent starting tablet: real 0.001s	user 0.000s	sys 0.000s
I20260601 13:31:43.422565 18641 raft_consensus.cc:493] T 145c9115794e46ffb2ab2a82b93e42f8 P aaf086c4c60643d5990f1911b77bb0d8 [term 0 FOLLOWER]: Starting pre-election (no leader contacted us within the election timeout)
I20260601 13:31:43.422719 18641 raft_consensus.cc:515] T 145c9115794e46ffb2ab2a82b93e42f8 P aaf086c4c60643d5990f1911b77bb0d8 [term 0 FOLLOWER]: Starting pre-election with config: opid_index: -1 OBSOLETE_local: false peers { permanent_uuid: "9c2ad4e5553246c89dc912b8921dc89f" member_type: VOTER last_known_addr { host: "127.15.109.1" port: 33179 } } peers { permanent_uuid: "c818f08d4a964617a41fb1eefcaaee83" member_type: VOTER last_known_addr { host: "127.15.109.2" port: 38321 } } peers { permanent_uuid: "aaf086c4c60643d5990f1911b77bb0d8" member_type: VOTER last_known_addr { host: "127.15.109.3" port: 42677 } }
I20260601 13:31:43.423390 18641 leader_election.cc:290] T 145c9115794e46ffb2ab2a82b93e42f8 P aaf086c4c60643d5990f1911b77bb0d8 [CANDIDATE]: Term 1 pre-election: Requested pre-vote from peers 9c2ad4e5553246c89dc912b8921dc89f (127.15.109.1:33179), c818f08d4a964617a41fb1eefcaaee83 (127.15.109.2:38321)
I20260601 13:31:43.427248 18431 tablet_service.cc:1917] Received RequestConsensusVote() RPC: tablet_id: "145c9115794e46ffb2ab2a82b93e42f8" candidate_uuid: "aaf086c4c60643d5990f1911b77bb0d8" candidate_term: 1 candidate_status { last_received { term: 0 index: 0 } } ignore_live_leader: false dest_uuid: "9c2ad4e5553246c89dc912b8921dc89f" is_pre_election: true
I20260601 13:31:43.427407 18431 raft_consensus.cc:2468] T 145c9115794e46ffb2ab2a82b93e42f8 P 9c2ad4e5553246c89dc912b8921dc89f [term 0 FOLLOWER]: Leader pre-election vote request: Granting yes vote for candidate aaf086c4c60643d5990f1911b77bb0d8 in term 0.
I20260601 13:31:43.427692 18507 tablet_service.cc:1917] Received RequestConsensusVote() RPC: tablet_id: "145c9115794e46ffb2ab2a82b93e42f8" candidate_uuid: "aaf086c4c60643d5990f1911b77bb0d8" candidate_term: 1 candidate_status { last_received { term: 0 index: 0 } } ignore_live_leader: false dest_uuid: "c818f08d4a964617a41fb1eefcaaee83" is_pre_election: true
I20260601 13:31:43.427753 18547 leader_election.cc:304] T 145c9115794e46ffb2ab2a82b93e42f8 P aaf086c4c60643d5990f1911b77bb0d8 [CANDIDATE]: Term 1 pre-election: Election decided. Result: candidate won. Election summary: received 2 responses out of 3 voters: 2 yes votes; 0 no votes. yes voters: 9c2ad4e5553246c89dc912b8921dc89f, aaf086c4c60643d5990f1911b77bb0d8; no voters: 
I20260601 13:31:43.427858 18507 raft_consensus.cc:2468] T 145c9115794e46ffb2ab2a82b93e42f8 P c818f08d4a964617a41fb1eefcaaee83 [term 0 FOLLOWER]: Leader pre-election vote request: Granting yes vote for candidate aaf086c4c60643d5990f1911b77bb0d8 in term 0.
