I20260601 13:31:42.785641 16636 tablet_bootstrap.cc:492] T 8219ae7d23454aa6abfa282b8ac7ff41 P d964b702d08c4e6e949130abe349d88f: Bootstrap starting.
I20260601 13:31:42.785854 16635 ts_tablet_manager.cc:1434] T c25dd7c269594a8c9275c44a0702374f P 6d9a27171a0c45ffbf4f7377e5551d45: Time spent starting tablet: real 0.001s	user 0.001s	sys 0.000s
I20260601 13:31:42.786015 16635 tablet_bootstrap.cc:492] T 8219ae7d23454aa6abfa282b8ac7ff41 P 6d9a27171a0c45ffbf4f7377e5551d45: Bootstrap starting.
I20260601 13:31:42.786188 16761 tablet_bootstrap.cc:654] T 770720ca1e25471f9c3a2f4dd1bd4ccc P 7a2dc22330df4e63b2b77981f5a99323: Neither blocks nor log segments found. Creating new log.
I20260601 13:31:42.786769 16750 heartbeater.cc:499] Master 127.13.35.254:44471 was elected leader, sending a full tablet report...
I20260601 13:31:42.786906 16636 tablet_bootstrap.cc:654] T 8219ae7d23454aa6abfa282b8ac7ff41 P d964b702d08c4e6e949130abe349d88f: Neither blocks nor log segments found. Creating new log.
I20260601 13:31:42.787037 16635 tablet_bootstrap.cc:654] T 8219ae7d23454aa6abfa282b8ac7ff41 P 6d9a27171a0c45ffbf4f7377e5551d45: Neither blocks nor log segments found. Creating new log.
I20260601 13:31:42.778504 16707 tablet_service.cc:1511] Processing CreateTablet for tablet 67927652c7e5413eaa79009c9ccfd76b (DEFAULT_TABLE table=range_aware_rebalance_new_range [id=8a3f0cae51784b8e83171ac821641b36]), partition=HASH (key) PARTITION 7, RANGE (key) PARTITION 10 <= VALUES < 20
I20260601 13:31:42.787448 16638 raft_consensus.cc:493] T 30713a3675fc4fae807be617b9b47dd4 P 6d9a27171a0c45ffbf4f7377e5551d45 [term 0 FOLLOWER]: Starting pre-election (no leader contacted us within the election timeout)
I20260601 13:31:42.787524 16638 raft_consensus.cc:515] T 30713a3675fc4fae807be617b9b47dd4 P 6d9a27171a0c45ffbf4f7377e5551d45 [term 0 FOLLOWER]: Starting pre-election with config: opid_index: -1 OBSOLETE_local: false peers { permanent_uuid: "7a2dc22330df4e63b2b77981f5a99323" member_type: VOTER last_known_addr { host: "127.13.35.196" port: 41687 } } peers { permanent_uuid: "6d9a27171a0c45ffbf4f7377e5551d45" member_type: VOTER last_known_addr { host: "127.13.35.194" port: 45335 } } peers { permanent_uuid: "b2cc8162f10e4d1bb6c0028c40727ea2" member_type: VOTER last_known_addr { host: "127.13.35.195" port: 38781 } }
I20260601 13:31:42.787672 16707 data_dirs.cc:400] Could only allocate 1 dirs of requested 3 for tablet 67927652c7e5413eaa79009c9ccfd76b. 1 dirs total, 0 dirs full, 0 dirs failed
I20260601 13:31:42.787878 16638 leader_election.cc:290] T 30713a3675fc4fae807be617b9b47dd4 P 6d9a27171a0c45ffbf4f7377e5551d45 [CANDIDATE]: Term 1 pre-election: Requested pre-vote from peers 7a2dc22330df4e63b2b77981f5a99323 (127.13.35.196:41687), b2cc8162f10e4d1bb6c0028c40727ea2 (127.13.35.195:38781)
I20260601 13:31:42.788097 16724 tablet_service.cc:1917] Received RequestConsensusVote() RPC: tablet_id: "30713a3675fc4fae807be617b9b47dd4" candidate_uuid: "6d9a27171a0c45ffbf4f7377e5551d45" candidate_term: 1 candidate_status { last_received { term: 0 index: 0 } } ignore_live_leader: false dest_uuid: "7a2dc22330df4e63b2b77981f5a99323" is_pre_election: true
I20260601 13:31:42.788338 16588 tablet_service.cc:1917] Received RequestConsensusVote() RPC: tablet_id: "30713a3675fc4fae807be617b9b47dd4" candidate_uuid: "6d9a27171a0c45ffbf4f7377e5551d45" candidate_term: 1 candidate_status { last_received { term: 0 index: 0 } } ignore_live_leader: false dest_uuid: "b2cc8162f10e4d1bb6c0028c40727ea2" is_pre_election: true
W20260601 13:31:42.788547 16479 leader_election.cc:343] T 30713a3675fc4fae807be617b9b47dd4 P 6d9a27171a0c45ffbf4f7377e5551d45 [CANDIDATE]: Term 1 pre-election: Tablet error from VoteRequest() call to peer 7a2dc22330df4e63b2b77981f5a99323 (127.13.35.196:41687): Illegal state: must be running to vote when last-logged opid is not known
W20260601 13:31:42.788663 16478 leader_election.cc:343] T 30713a3675fc4fae807be617b9b47dd4 P 6d9a27171a0c45ffbf4f7377e5551d45 [CANDIDATE]: Term 1 pre-election: Tablet error from VoteRequest() call to peer b2cc8162f10e4d1bb6c0028c40727ea2 (127.13.35.195:38781): Illegal state: must be running to vote when last-logged opid is not known
I20260601 13:31:42.788717 16478 leader_election.cc:304] T 30713a3675fc4fae807be617b9b47dd4 P 6d9a27171a0c45ffbf4f7377e5551d45 [CANDIDATE]: Term 1 pre-election: Election decided. Result: candidate lost. Election summary: received 3 responses out of 3 voters: 1 yes votes; 2 no votes. yes voters: 6d9a27171a0c45ffbf4f7377e5551d45; no voters: 7a2dc22330df4e63b2b77981f5a99323, b2cc8162f10e4d1bb6c0028c40727ea2
I20260601 13:31:42.788934 16638 raft_consensus.cc:2749] T 30713a3675fc4fae807be617b9b47dd4 P 6d9a27171a0c45ffbf4f7377e5551d45 [term 0 FOLLOWER]: Leader pre-election lost for term 1. Reason: could not achieve majority
I20260601 13:31:42.789119 16766 raft_consensus.cc:493] T 66d9aa9f9c69481ea0b3d53dc3f1dd18 P 7a2dc22330df4e63b2b77981f5a99323 [term 0 FOLLOWER]: Starting pre-election (no leader contacted us within the election timeout)
I20260601 13:31:42.789199 16766 raft_consensus.cc:515] T 66d9aa9f9c69481ea0b3d53dc3f1dd18 P 7a2dc22330df4e63b2b77981f5a99323 [term 0 FOLLOWER]: Starting pre-election with config: opid_index: -1 OBSOLETE_local: false peers { permanent_uuid: "d964b702d08c4e6e949130abe349d88f" member_type: VOTER last_known_addr { host: "127.13.35.193" port: 44639 } } peers { permanent_uuid: "6d9a27171a0c45ffbf4f7377e5551d45" member_type: VOTER last_known_addr { host: "127.13.35.194" port: 45335 } } peers { permanent_uuid: "7a2dc22330df4e63b2b77981f5a99323" member_type: VOTER last_known_addr { host: "127.13.35.196" port: 41687 } }
I20260601 13:31:42.789769 16761 tablet_bootstrap.cc:492] T 770720ca1e25471f9c3a2f4dd1bd4ccc P 7a2dc22330df4e63b2b77981f5a99323: No bootstrap required, opened a new log
I20260601 13:31:42.789852 16761 ts_tablet_manager.cc:1403] T 770720ca1e25471f9c3a2f4dd1bd4ccc P 7a2dc22330df4e63b2b77981f5a99323: Time spent bootstrapping tablet: real 0.005s	user 0.002s	sys 0.000s
I20260601 13:31:42.790206 16761 raft_consensus.cc:359] T 770720ca1e25471f9c3a2f4dd1bd4ccc P 7a2dc22330df4e63b2b77981f5a99323 [term 0 FOLLOWER]: Replica starting. Triggering 0 pending ops. Active config: opid_index: -1 OBSOLETE_local: false peers { permanent_uuid: "7a2dc22330df4e63b2b77981f5a99323" member_type: VOTER last_known_addr { host: "127.13.35.196" port: 41687 } } peers { permanent_uuid: "b2cc8162f10e4d1bb6c0028c40727ea2" member_type: VOTER last_known_addr { host: "127.13.35.195" port: 38781 } } peers { permanent_uuid: "d964b702d08c4e6e949130abe349d88f" member_type: VOTER last_known_addr { host: "127.13.35.193" port: 44639 } }
I20260601 13:31:42.790308 16761 raft_consensus.cc:385] T 770720ca1e25471f9c3a2f4dd1bd4ccc P 7a2dc22330df4e63b2b77981f5a99323 [term 0 FOLLOWER]: Consensus starting up: Expiring failure detector timer to make a prompt election more likely
I20260601 13:31:42.790362 16761 raft_consensus.cc:740] T 770720ca1e25471f9c3a2f4dd1bd4ccc P 7a2dc22330df4e63b2b77981f5a99323 [term 0 FOLLOWER]: Becoming Follower/Learner. State: Replica: 7a2dc22330df4e63b2b77981f5a99323, State: Initialized, Role: FOLLOWER
I20260601 13:31:42.790496 16761 consensus_queue.cc:260] T 770720ca1e25471f9c3a2f4dd1bd4ccc P 7a2dc22330df4e63b2b77981f5a99323 [NON_LEADER]: Queue going to NON_LEADER mode. State: All replicated index: 0, Majority replicated index: 0, Committed index: 0, Last appended: 0.0, Last appended by leader: 0, Current term: 0, Majority size: -1, State: 0, Mode: NON_LEADER, active raft config: opid_index: -1 OBSOLETE_local: false peers { permanent_uuid: "7a2dc22330df4e63b2b77981f5a99323" member_type: VOTER last_known_addr { host: "127.13.35.196" port: 41687 } } peers { permanent_uuid: "b2cc8162f10e4d1bb6c0028c40727ea2" member_type: VOTER last_known_addr { host: "127.13.35.195" port: 38781 } } peers { permanent_uuid: "d964b702d08c4e6e949130abe349d88f" member_type: VOTER last_known_addr { host: "127.13.35.193" port: 44639 } }
I20260601 13:31:42.784477 16634 tablet_bootstrap.cc:654] T 67927652c7e5413eaa79009c9ccfd76b P b2cc8162f10e4d1bb6c0028c40727ea2: Neither blocks nor log segments found. Creating new log.
I20260601 13:31:42.791395 16761 ts_tablet_manager.cc:1434] T 770720ca1e25471f9c3a2f4dd1bd4ccc P 7a2dc22330df4e63b2b77981f5a99323: Time spent starting tablet: real 0.001s	user 0.001s	sys 0.000s
I20260601 13:31:42.791565 16761 tablet_bootstrap.cc:492] T 30713a3675fc4fae807be617b9b47dd4 P 7a2dc22330df4e63b2b77981f5a99323: Bootstrap starting.
I20260601 13:31:42.792050 16636 tablet_bootstrap.cc:492] T 8219ae7d23454aa6abfa282b8ac7ff41 P d964b702d08c4e6e949130abe349d88f: No bootstrap required, opened a new log
I20260601 13:31:42.792142 16636 ts_tablet_manager.cc:1403] T 8219ae7d23454aa6abfa282b8ac7ff41 P d964b702d08c4e6e949130abe349d88f: Time spent bootstrapping tablet: real 0.007s	user 0.000s	sys 0.002s
I20260601 13:31:42.792172 16766 leader_election.cc:290] T 66d9aa9f9c69481ea0b3d53dc3f1dd18 P 7a2dc22330df4e63b2b77981f5a99323 [CANDIDATE]: Term 1 pre-election: Requested pre-vote from peers d964b702d08c4e6e949130abe349d88f (127.13.35.193:44639), 6d9a27171a0c45ffbf4f7377e5551d45 (127.13.35.194:45335)
I20260601 13:31:42.792588 16636 raft_consensus.cc:359] T 8219ae7d23454aa6abfa282b8ac7ff41 P d964b702d08c4e6e949130abe349d88f [term 0 FOLLOWER]: Replica starting. Triggering 0 pending ops. Active config: opid_index: -1 OBSOLETE_local: false peers { permanent_uuid: "7a2dc22330df4e63b2b77981f5a99323" member_type: VOTER last_known_addr { host: "127.13.35.196" port: 41687 } } peers { permanent_uuid: "d964b702d08c4e6e949130abe349d88f" member_type: VOTER last_known_addr { host: "127.13.35.193" port: 44639 } } peers { permanent_uuid: "6d9a27171a0c45ffbf4f7377e5551d45" member_type: VOTER last_known_addr { host: "127.13.35.194" port: 45335 } }
I20260601 13:31:42.792683 16636 raft_consensus.cc:385] T 8219ae7d23454aa6abfa282b8ac7ff41 P d964b702d08c4e6e949130abe349d88f [term 0 FOLLOWER]: Consensus starting up: Expiring failure detector timer to make a prompt election more likely
I20260601 13:31:42.792711 16636 raft_consensus.cc:740] T 8219ae7d23454aa6abfa282b8ac7ff41 P d964b702d08c4e6e949130abe349d88f [term 0 FOLLOWER]: Becoming Follower/Learner. State: Replica: d964b702d08c4e6e949130abe349d88f, State: Initialized, Role: FOLLOWER
I20260601 13:31:42.792873 16635 tablet_bootstrap.cc:492] T 8219ae7d23454aa6abfa282b8ac7ff41 P 6d9a27171a0c45ffbf4f7377e5551d45: No bootstrap required, opened a new log
I20260601 13:31:42.792850 16636 consensus_queue.cc:260] T 8219ae7d23454aa6abfa282b8ac7ff41 P d964b702d08c4e6e949130abe349d88f [NON_LEADER]: Queue going to NON_LEADER mode. State: All replicated index: 0, Majority replicated index: 0, Committed index: 0, Last appended: 0.0, Last appended by leader: 0, Current term: 0, Majority size: -1, State: 0, Mode: NON_LEADER, active raft config: opid_index: -1 OBSOLETE_local: false peers { permanent_uuid: "7a2dc22330df4e63b2b77981f5a99323" member_type: VOTER last_known_addr { host: "127.13.35.196" port: 41687 } } peers { permanent_uuid: "d964b702d08c4e6e949130abe349d88f" member_type: VOTER last_known_addr { host: "127.13.35.193" port: 44639 } } peers { permanent_uuid: "6d9a27171a0c45ffbf4f7377e5551d45" member_type: VOTER last_known_addr { host: "127.13.35.194" port: 45335 } }
I20260601 13:31:42.792958 16635 ts_tablet_manager.cc:1403] T 8219ae7d23454aa6abfa282b8ac7ff41 P 6d9a27171a0c45ffbf4f7377e5551d45: Time spent bootstrapping tablet: real 0.007s	user 0.002s	sys 0.000s
I20260601 13:31:42.793179 16636 ts_tablet_manager.cc:1434] T 8219ae7d23454aa6abfa282b8ac7ff41 P d964b702d08c4e6e949130abe349d88f: Time spent starting tablet: real 0.001s	user 0.000s	sys 0.001s
I20260601 13:31:42.793332 16636 tablet_bootstrap.cc:492] T c862e8e5fba24909aa96815152d2211f P d964b702d08c4e6e949130abe349d88f: Bootstrap starting.
I20260601 13:31:42.793435 16761 tablet_bootstrap.cc:654] T 30713a3675fc4fae807be617b9b47dd4 P 7a2dc22330df4e63b2b77981f5a99323: Neither blocks nor log segments found. Creating new log.
I20260601 13:31:42.793399 16635 raft_consensus.cc:359] T 8219ae7d23454aa6abfa282b8ac7ff41 P 6d9a27171a0c45ffbf4f7377e5551d45 [term 0 FOLLOWER]: Replica starting. Triggering 0 pending ops. Active config: opid_index: -1 OBSOLETE_local: false peers { permanent_uuid: "7a2dc22330df4e63b2b77981f5a99323" member_type: VOTER last_known_addr { host: "127.13.35.196" port: 41687 } } peers { permanent_uuid: "d964b702d08c4e6e949130abe349d88f" member_type: VOTER last_known_addr { host: "127.13.35.193" port: 44639 } } peers { permanent_uuid: "6d9a27171a0c45ffbf4f7377e5551d45" member_type: VOTER last_known_addr { host: "127.13.35.194" port: 45335 } }
I20260601 13:31:42.793500 16635 raft_consensus.cc:385] T 8219ae7d23454aa6abfa282b8ac7ff41 P 6d9a27171a0c45ffbf4f7377e5551d45 [term 0 FOLLOWER]: Consensus starting up: Expiring failure detector timer to make a prompt election more likely
I20260601 13:31:42.793533 16635 raft_consensus.cc:740] T 8219ae7d23454aa6abfa282b8ac7ff41 P 6d9a27171a0c45ffbf4f7377e5551d45 [term 0 FOLLOWER]: Becoming Follower/Learner. State: Replica: 6d9a27171a0c45ffbf4f7377e5551d45, State: Initialized, Role: FOLLOWER
I20260601 13:31:42.793670 16635 consensus_queue.cc:260] T 8219ae7d23454aa6abfa282b8ac7ff41 P 6d9a27171a0c45ffbf4f7377e5551d45 [NON_LEADER]: Queue going to NON_LEADER mode. State: All replicated index: 0, Majority replicated index: 0, Committed index: 0, Last appended: 0.0, Last appended by leader: 0, Current term: 0, Majority size: -1, State: 0, Mode: NON_LEADER, active raft config: opid_index: -1 OBSOLETE_local: false peers { permanent_uuid: "7a2dc22330df4e63b2b77981f5a99323" member_type: VOTER last_known_addr { host: "127.13.35.196" port: 41687 } } peers { permanent_uuid: "d964b702d08c4e6e949130abe349d88f" member_type: VOTER last_known_addr { host: "127.13.35.193" port: 44639 } } peers { permanent_uuid: "6d9a27171a0c45ffbf4f7377e5551d45" member_type: VOTER last_known_addr { host: "127.13.35.194" port: 45335 } }
I20260601 13:31:42.793938 16635 ts_tablet_manager.cc:1434] T 8219ae7d23454aa6abfa282b8ac7ff41 P 6d9a27171a0c45ffbf4f7377e5551d45: Time spent starting tablet: real 0.001s	user 0.000s	sys 0.000s
I20260601 13:31:42.794301 16636 tablet_bootstrap.cc:654] T c862e8e5fba24909aa96815152d2211f P d964b702d08c4e6e949130abe349d88f: Neither blocks nor log segments found. Creating new log.
I20260601 13:31:42.795408 16636 tablet_bootstrap.cc:492] T c862e8e5fba24909aa96815152d2211f P d964b702d08c4e6e949130abe349d88f: No bootstrap required, opened a new log
I20260601 13:31:42.795490 16636 ts_tablet_manager.cc:1403] T c862e8e5fba24909aa96815152d2211f P d964b702d08c4e6e949130abe349d88f: Time spent bootstrapping tablet: real 0.002s	user 0.000s	sys 0.002s
I20260601 13:31:42.791167 16334 catalog_manager.cc:6241] T 00000000000000000000000000000000 P acf51870f42e4c9a86a0984333becd74: range_aware_rebalance_new_range [id=8a3f0cae51784b8e83171ac821641b36] alter complete (version 0)
I20260601 13:31:42.795886 16636 raft_consensus.cc:359] T c862e8e5fba24909aa96815152d2211f P d964b702d08c4e6e949130abe349d88f [term 0 FOLLOWER]: Replica starting. Triggering 0 pending ops. Active config: opid_index: -1 OBSOLETE_local: false peers { permanent_uuid: "6d9a27171a0c45ffbf4f7377e5551d45" member_type: VOTER last_known_addr { host: "127.13.35.194" port: 45335 } } peers { permanent_uuid: "d964b702d08c4e6e949130abe349d88f" member_type: VOTER last_known_addr { host: "127.13.35.193" port: 44639 } } peers { permanent_uuid: "7a2dc22330df4e63b2b77981f5a99323" member_type: VOTER last_known_addr { host: "127.13.35.196" port: 41687 } }
I20260601 13:31:42.795977 16636 raft_consensus.cc:385] T c862e8e5fba24909aa96815152d2211f P d964b702d08c4e6e949130abe349d88f [term 0 FOLLOWER]: Consensus starting up: Expiring failure detector timer to make a prompt election more likely
I20260601 13:31:42.796010 16636 raft_consensus.cc:740] T c862e8e5fba24909aa96815152d2211f P d964b702d08c4e6e949130abe349d88f [term 0 FOLLOWER]: Becoming Follower/Learner. State: Replica: d964b702d08c4e6e949130abe349d88f, State: Initialized, Role: FOLLOWER
I20260601 13:31:42.796144 16636 consensus_queue.cc:260] T c862e8e5fba24909aa96815152d2211f P d964b702d08c4e6e949130abe349d88f [NON_LEADER]: Queue going to NON_LEADER mode. State: All replicated index: 0, Majority replicated index: 0, Committed index: 0, Last appended: 0.0, Last appended by leader: 0, Current term: 0, Majority size: -1, State: 0, Mode: NON_LEADER, active raft config: opid_index: -1 OBSOLETE_local: false peers { permanent_uuid: "6d9a27171a0c45ffbf4f7377e5551d45" member_type: VOTER last_known_addr { host: "127.13.35.194" port: 45335 } } peers { permanent_uuid: "d964b702d08c4e6e949130abe349d88f" member_type: VOTER last_known_addr { host: "127.13.35.193" port: 44639 } } peers { permanent_uuid: "7a2dc22330df4e63b2b77981f5a99323" member_type: VOTER last_known_addr { host: "127.13.35.196" port: 41687 } }
I20260601 13:31:42.796370 16436 tablet_service.cc:1917] Received RequestConsensusVote() RPC: tablet_id: "66d9aa9f9c69481ea0b3d53dc3f1dd18" candidate_uuid: "7a2dc22330df4e63b2b77981f5a99323" candidate_term: 1 candidate_status { last_received { term: 0 index: 0 } } ignore_live_leader: false dest_uuid: "d964b702d08c4e6e949130abe349d88f" is_pre_election: true
I20260601 13:31:42.796487 16436 raft_consensus.cc:2468] T 66d9aa9f9c69481ea0b3d53dc3f1dd18 P d964b702d08c4e6e949130abe349d88f [term 0 FOLLOWER]: Leader pre-election vote request: Granting yes vote for candidate 7a2dc22330df4e63b2b77981f5a99323 in term 0.
I20260601 13:31:42.796738 16687 leader_election.cc:304] T 66d9aa9f9c69481ea0b3d53dc3f1dd18 P 7a2dc22330df4e63b2b77981f5a99323 [CANDIDATE]: Term 1 pre-election: Election decided. Result: candidate won. Election summary: received 2 responses out of 3 voters: 2 yes votes; 0 no votes. yes voters: 7a2dc22330df4e63b2b77981f5a99323, d964b702d08c4e6e949130abe349d88f; no voters: 
I20260601 13:31:42.797062 16636 ts_tablet_manager.cc:1434] T c862e8e5fba24909aa96815152d2211f P d964b702d08c4e6e949130abe349d88f: Time spent starting tablet: real 0.002s	user 0.000s	sys 0.001s
I20260601 13:31:42.797421 16436 raft_consensus.cc:3060] T 7c2a75f098744e15928fd8220fc6de73 P d964b702d08c4e6e949130abe349d88f [term 0 FOLLOWER]: Advancing to term 1
I20260601 13:31:42.797566 16767 raft_consensus.cc:2804] T 66d9aa9f9c69481ea0b3d53dc3f1dd18 P 7a2dc22330df4e63b2b77981f5a99323 [term 0 FOLLOWER]: Leader pre-election won for term 1
I20260601 13:31:42.797662 16767 raft_consensus.cc:493] T 66d9aa9f9c69481ea0b3d53dc3f1dd18 P 7a2dc22330df4e63b2b77981f5a99323 [term 0 FOLLOWER]: Starting leader election (no leader contacted us within the election timeout)
I20260601 13:31:42.797729 16767 raft_consensus.cc:3060] T 66d9aa9f9c69481ea0b3d53dc3f1dd18 P 7a2dc22330df4e63b2b77981f5a99323 [term 0 FOLLOWER]: Advancing to term 1
I20260601 13:31:42.798667 16767 raft_consensus.cc:515] T 66d9aa9f9c69481ea0b3d53dc3f1dd18 P 7a2dc22330df4e63b2b77981f5a99323 [term 1 FOLLOWER]: Starting leader election with config: opid_index: -1 OBSOLETE_local: false peers { permanent_uuid: "d964b702d08c4e6e949130abe349d88f" member_type: VOTER last_known_addr { host: "127.13.35.193" port: 44639 } } peers { permanent_uuid: "6d9a27171a0c45ffbf4f7377e5551d45" member_type: VOTER last_known_addr { host: "127.13.35.194" port: 45335 } } peers { permanent_uuid: "7a2dc22330df4e63b2b77981f5a99323" member_type: VOTER last_known_addr { host: "127.13.35.196" port: 41687 } }
I20260601 13:31:42.798907 16638 consensus_queue.cc:1048] T 7c2a75f098744e15928fd8220fc6de73 P 6d9a27171a0c45ffbf4f7377e5551d45 [LEADER]: Connected to new peer: Peer: permanent_uuid: "d964b702d08c4e6e949130abe349d88f" member_type: VOTER last_known_addr { host: "127.13.35.193" port: 44639 }, Status: LMP_MISMATCH, Last received: 0.0, Next index: 1, Last known committed idx: 0, Time since last communication: 0.000s
I20260601 13:31:42.799302 16436 tablet_service.cc:1917] Received RequestConsensusVote() RPC: tablet_id: "66d9aa9f9c69481ea0b3d53dc3f1dd18" candidate_uuid: "7a2dc22330df4e63b2b77981f5a99323" candidate_term: 1 candidate_status { last_received { term: 0 index: 0 } } ignore_live_leader: false dest_uuid: "d964b702d08c4e6e949130abe349d88f"
I20260601 13:31:42.799420 16436 raft_consensus.cc:3060] T 66d9aa9f9c69481ea0b3d53dc3f1dd18 P d964b702d08c4e6e949130abe349d88f [term 0 FOLLOWER]: Advancing to term 1
I20260601 13:31:42.800050 16436 raft_consensus.cc:2468] T 66d9aa9f9c69481ea0b3d53dc3f1dd18 P d964b702d08c4e6e949130abe349d88f [term 1 FOLLOWER]: Leader election vote request: Granting yes vote for candidate 7a2dc22330df4e63b2b77981f5a99323 in term 1.
I20260601 13:31:42.800345 16687 leader_election.cc:304] T 66d9aa9f9c69481ea0b3d53dc3f1dd18 P 7a2dc22330df4e63b2b77981f5a99323 [CANDIDATE]: Term 1 election: Election decided. Result: candidate won. Election summary: received 2 responses out of 3 voters: 2 yes votes; 0 no votes. yes voters: 7a2dc22330df4e63b2b77981f5a99323, d964b702d08c4e6e949130abe349d88f; no voters: 
I20260601 13:31:42.800731 16634 tablet_bootstrap.cc:492] T 67927652c7e5413eaa79009c9ccfd76b P b2cc8162f10e4d1bb6c0028c40727ea2: No bootstrap required, opened a new log
I20260601 13:31:42.800835 16634 ts_tablet_manager.cc:1403] T 67927652c7e5413eaa79009c9ccfd76b P b2cc8162f10e4d1bb6c0028c40727ea2: Time spent bootstrapping tablet: real 0.017s	user 0.000s	sys 0.002s
I20260601 13:31:42.801237 16634 raft_consensus.cc:359] T 67927652c7e5413eaa79009c9ccfd76b P b2cc8162f10e4d1bb6c0028c40727ea2 [term 0 FOLLOWER]: Replica starting. Triggering 0 pending ops. Active config: opid_index: -1 OBSOLETE_local: false peers { permanent_uuid: "7a2dc22330df4e63b2b77981f5a99323" member_type: VOTER last_known_addr { host: "127.13.35.196" port: 41687 } } peers { permanent_uuid: "b2cc8162f10e4d1bb6c0028c40727ea2" member_type: VOTER last_known_addr { host: "127.13.35.195" port: 38781 } } peers { permanent_uuid: "d964b702d08c4e6e949130abe349d88f" member_type: VOTER last_known_addr { host: "127.13.35.193" port: 44639 } }
I20260601 13:31:42.801337 16634 raft_consensus.cc:385] T 67927652c7e5413eaa79009c9ccfd76b P b2cc8162f10e4d1bb6c0028c40727ea2 [term 0 FOLLOWER]: Consensus starting up: Expiring failure detector timer to make a prompt election more likely
I20260601 13:31:42.801370 16634 raft_consensus.cc:740] T 67927652c7e5413eaa79009c9ccfd76b P b2cc8162f10e4d1bb6c0028c40727ea2 [term 0 FOLLOWER]: Becoming Follower/Learner. State: Replica: b2cc8162f10e4d1bb6c0028c40727ea2, State: Initialized, Role: FOLLOWER
I20260601 13:31:42.801481 16634 consensus_queue.cc:260] T 67927652c7e5413eaa79009c9ccfd76b P b2cc8162f10e4d1bb6c0028c40727ea2 [NON_LEADER]: Queue going to NON_LEADER mode. State: All replicated index: 0, Majority replicated index: 0, Committed index: 0, Last appended: 0.0, Last appended by leader: 0, Current term: 0, Majority size: -1, State: 0, Mode: NON_LEADER, active raft config: opid_index: -1 OBSOLETE_local: false peers { permanent_uuid: "7a2dc22330df4e63b2b77981f5a99323" member_type: VOTER last_known_addr { host: "127.13.35.196" port: 41687 } } peers { permanent_uuid: "b2cc8162f10e4d1bb6c0028c40727ea2" member_type: VOTER last_known_addr { host: "127.13.35.195" port: 38781 } } peers { permanent_uuid: "d964b702d08c4e6e949130abe349d88f" member_type: VOTER last_known_addr { host: "127.13.35.193" port: 44639 } }
I20260601 13:31:42.801548 16766 raft_consensus.cc:2804] T 66d9aa9f9c69481ea0b3d53dc3f1dd18 P 7a2dc22330df4e63b2b77981f5a99323 [term 1 FOLLOWER]: Leader election won for term 1
I20260601 13:31:42.801646 16766 raft_consensus.cc:697] T 66d9aa9f9c69481ea0b3d53dc3f1dd18 P 7a2dc22330df4e63b2b77981f5a99323 [term 1 LEADER]: Becoming Leader. State: Replica: 7a2dc22330df4e63b2b77981f5a99323, State: Running, Role: LEADER
I20260601 13:31:42.801759 16766 consensus_queue.cc:237] T 66d9aa9f9c69481ea0b3d53dc3f1dd18 P 7a2dc22330df4e63b2b77981f5a99323 [LEADER]: Queue going to LEADER mode. State: All replicated index: 0, Majority replicated index: 0, Committed index: 0, Last appended: 0.0, Last appended by leader: 0, Current term: 1, Majority size: 2, State: 0, Mode: LEADER, active raft config: opid_index: -1 OBSOLETE_local: false peers { permanent_uuid: "d964b702d08c4e6e949130abe349d88f" member_type: VOTER last_known_addr { host: "127.13.35.193" port: 44639 } } peers { permanent_uuid: "6d9a27171a0c45ffbf4f7377e5551d45" member_type: VOTER last_known_addr { host: "127.13.35.194" port: 45335 } } peers { permanent_uuid: "7a2dc22330df4e63b2b77981f5a99323" member_type: VOTER last_known_addr { host: "127.13.35.196" port: 41687 } }
I20260601 13:31:42.802513 16767 leader_election.cc:290] T 66d9aa9f9c69481ea0b3d53dc3f1dd18 P 7a2dc22330df4e63b2b77981f5a99323 [CANDIDATE]: Term 1 election: Requested vote from peers d964b702d08c4e6e949130abe349d88f (127.13.35.193:44639), 6d9a27171a0c45ffbf4f7377e5551d45 (127.13.35.194:45335)
I20260601 13:31:42.803155 16513 tablet_service.cc:1917] Received RequestConsensusVote() RPC: tablet_id: "66d9aa9f9c69481ea0b3d53dc3f1dd18" candidate_uuid: "7a2dc22330df4e63b2b77981f5a99323" candidate_term: 1 candidate_status { last_received { term: 0 index: 0 } } ignore_live_leader: false dest_uuid: "6d9a27171a0c45ffbf4f7377e5551d45" is_pre_election: true
I20260601 13:31:42.803298 16513 raft_consensus.cc:2468] T 66d9aa9f9c69481ea0b3d53dc3f1dd18 P 6d9a27171a0c45ffbf4f7377e5551d45 [term 0 FOLLOWER]: Leader pre-election vote request: Granting yes vote for candidate 7a2dc22330df4e63b2b77981f5a99323 in term 0.
I20260601 13:31:42.803324 16761 tablet_bootstrap.cc:492] T 30713a3675fc4fae807be617b9b47dd4 P 7a2dc22330df4e63b2b77981f5a99323: No bootstrap required, opened a new log
I20260601 13:31:42.803414 16761 ts_tablet_manager.cc:1403] T 30713a3675fc4fae807be617b9b47dd4 P 7a2dc22330df4e63b2b77981f5a99323: Time spent bootstrapping tablet: real 0.012s	user 0.002s	sys 0.000s
I20260601 13:31:42.803524 16512 tablet_service.cc:1917] Received RequestConsensusVote() RPC: tablet_id: "66d9aa9f9c69481ea0b3d53dc3f1dd18" candidate_uuid: "7a2dc22330df4e63b2b77981f5a99323" candidate_term: 1 candidate_status { last_received { term: 0 index: 0 } } ignore_live_leader: false dest_uuid: "6d9a27171a0c45ffbf4f7377e5551d45"
I20260601 13:31:42.803612 16512 raft_consensus.cc:3060] T 66d9aa9f9c69481ea0b3d53dc3f1dd18 P 6d9a27171a0c45ffbf4f7377e5551d45 [term 0 FOLLOWER]: Advancing to term 1
I20260601 13:31:42.803822 16333 catalog_manager.cc:5696] T 66d9aa9f9c69481ea0b3d53dc3f1dd18 P 7a2dc22330df4e63b2b77981f5a99323 reported cstate change: term changed from 0 to 1, leader changed from <none> to 7a2dc22330df4e63b2b77981f5a99323 (127.13.35.196). New cstate: current_term: 1 leader_uuid: "7a2dc22330df4e63b2b77981f5a99323" committed_config { opid_index: -1 OBSOLETE_local: false peers { permanent_uuid: "d964b702d08c4e6e949130abe349d88f" member_type: VOTER last_known_addr { host: "127.13.35.193" port: 44639 } health_report { overall_health: UNKNOWN } } peers { permanent_uuid: "6d9a27171a0c45ffbf4f7377e5551d45" member_type: VOTER last_known_addr { host: "127.13.35.194" port: 45335 } health_report { overall_health: UNKNOWN } } peers { permanent_uuid: "7a2dc22330df4e63b2b77981f5a99323" member_type: VOTER last_known_addr { host: "127.13.35.196" port: 41687 } health_report { overall_health: HEALTHY } } }
I20260601 13:31:42.803820 16761 raft_consensus.cc:359] T 30713a3675fc4fae807be617b9b47dd4 P 7a2dc22330df4e63b2b77981f5a99323 [term 0 FOLLOWER]: Replica starting. Triggering 0 pending ops. Active config: opid_index: -1 OBSOLETE_local: false peers { permanent_uuid: "7a2dc22330df4e63b2b77981f5a99323" member_type: VOTER last_known_addr { host: "127.13.35.196" port: 41687 } } peers { permanent_uuid: "6d9a27171a0c45ffbf4f7377e5551d45" member_type: VOTER last_known_addr { host: "127.13.35.194" port: 45335 } } peers { permanent_uuid: "b2cc8162f10e4d1bb6c0028c40727ea2" member_type: VOTER last_known_addr { host: "127.13.35.195" port: 38781 } }
I20260601 13:31:42.804543 16761 raft_consensus.cc:385] T 30713a3675fc4fae807be617b9b47dd4 P 7a2dc22330df4e63b2b77981f5a99323 [term 0 FOLLOWER]: Consensus starting up: Expiring failure detector timer to make a prompt election more likely
I20260601 13:31:42.804587 16761 raft_consensus.cc:740] T 30713a3675fc4fae807be617b9b47dd4 P 7a2dc22330df4e63b2b77981f5a99323 [term 0 FOLLOWER]: Becoming Follower/Learner. State: Replica: 7a2dc22330df4e63b2b77981f5a99323, State: Initialized, Role: FOLLOWER
I20260601 13:31:42.804600 16512 raft_consensus.cc:2468] T 66d9aa9f9c69481ea0b3d53dc3f1dd18 P 6d9a27171a0c45ffbf4f7377e5551d45 [term 1 FOLLOWER]: Leader election vote request: Granting yes vote for candidate 7a2dc22330df4e63b2b77981f5a99323 in term 1.
I20260601 13:31:42.804736 16761 consensus_queue.cc:260] T 30713a3675fc4fae807be617b9b47dd4 P 7a2dc22330df4e63b2b77981f5a99323 [NON_LEADER]: Queue going to NON_LEADER mode. State: All replicated index: 0, Majority replicated index: 0, Committed index: 0, Last appended: 0.0, Last appended by leader: 0, Current term: 0, Majority size: -1, State: 0, Mode: NON_LEADER, active raft config: opid_index: -1 OBSOLETE_local: false peers { permanent_uuid: "7a2dc22330df4e63b2b77981f5a99323" member_type: VOTER last_known_addr { host: "127.13.35.196" port: 41687 } } peers { permanent_uuid: "6d9a27171a0c45ffbf4f7377e5551d45" member_type: VOTER last_known_addr { host: "127.13.35.194" port: 45335 } } peers { permanent_uuid: "b2cc8162f10e4d1bb6c0028c40727ea2" member_type: VOTER last_known_addr { host: "127.13.35.195" port: 38781 } }
I20260601 13:31:42.804780 16670 consensus_queue.cc:1048] T 7c2a75f098744e15928fd8220fc6de73 P 6d9a27171a0c45ffbf4f7377e5551d45 [LEADER]: Connected to new peer: Peer: permanent_uuid: "b2cc8162f10e4d1bb6c0028c40727ea2" member_type: VOTER last_known_addr { host: "127.13.35.195" port: 38781 }, Status: LMP_MISMATCH, Last received: 0.0, Next index: 1, Last known committed idx: 0, Time since last communication: 0.000s
I20260601 13:31:42.805042 16761 ts_tablet_manager.cc:1434] T 30713a3675fc4fae807be617b9b47dd4 P 7a2dc22330df4e63b2b77981f5a99323: Time spent starting tablet: real 0.002s	user 0.001s	sys 0.000s
I20260601 13:31:42.805200 16761 tablet_bootstrap.cc:492] T c862e8e5fba24909aa96815152d2211f P 7a2dc22330df4e63b2b77981f5a99323: Bootstrap starting.
I20260601 13:31:42.805218 16634 ts_tablet_manager.cc:1434] T 67927652c7e5413eaa79009c9ccfd76b P b2cc8162f10e4d1bb6c0028c40727ea2: Time spent starting tablet: real 0.004s	user 0.000s	sys 0.001s
I20260601 13:31:42.805393 16634 tablet_bootstrap.cc:492] T 30713a3675fc4fae807be617b9b47dd4 P b2cc8162f10e4d1bb6c0028c40727ea2: Bootstrap starting.
I20260601 13:31:42.806211 16761 tablet_bootstrap.cc:654] T c862e8e5fba24909aa96815152d2211f P 7a2dc22330df4e63b2b77981f5a99323: Neither blocks nor log segments found. Creating new log.
I20260601 13:31:42.807698 16761 tablet_bootstrap.cc:492] T c862e8e5fba24909aa96815152d2211f P 7a2dc22330df4e63b2b77981f5a99323: No bootstrap required, opened a new log
I20260601 13:31:42.807787 16761 ts_tablet_manager.cc:1403] T c862e8e5fba24909aa96815152d2211f P 7a2dc22330df4e63b2b77981f5a99323: Time spent bootstrapping tablet: real 0.003s	user 0.002s	sys 0.000s
I20260601 13:31:42.808209 16761 raft_consensus.cc:359] T c862e8e5fba24909aa96815152d2211f P 7a2dc22330df4e63b2b77981f5a99323 [term 0 FOLLOWER]: Replica starting. Triggering 0 pending ops. Active config: opid_index: -1 OBSOLETE_local: false peers { permanent_uuid: "6d9a27171a0c45ffbf4f7377e5551d45" member_type: VOTER last_known_addr { host: "127.13.35.194" port: 45335 } } peers { permanent_uuid: "d964b702d08c4e6e949130abe349d88f" member_type: VOTER last_known_addr { host: "127.13.35.193" port: 44639 } } peers { permanent_uuid: "7a2dc22330df4e63b2b77981f5a99323" member_type: VOTER last_known_addr { host: "127.13.35.196" port: 41687 } }
I20260601 13:31:42.808323 16761 raft_consensus.cc:385] T c862e8e5fba24909aa96815152d2211f P 7a2dc22330df4e63b2b77981f5a99323 [term 0 FOLLOWER]: Consensus starting up: Expiring failure detector timer to make a prompt election more likely
I20260601 13:31:42.808370 16761 raft_consensus.cc:740] T c862e8e5fba24909aa96815152d2211f P 7a2dc22330df4e63b2b77981f5a99323 [term 0 FOLLOWER]: Becoming Follower/Learner. State: Replica: 7a2dc22330df4e63b2b77981f5a99323, State: Initialized, Role: FOLLOWER
I20260601 13:31:42.808516 16761 consensus_queue.cc:260] T c862e8e5fba24909aa96815152d2211f P 7a2dc22330df4e63b2b77981f5a99323 [NON_LEADER]: Queue going to NON_LEADER mode. State: All replicated index: 0, Majority replicated index: 0, Committed index: 0, Last appended: 0.0, Last appended by leader: 0, Current term: 0, Majority size: -1, State: 0, Mode: NON_LEADER, active raft config: opid_index: -1 OBSOLETE_local: false peers { permanent_uuid: "6d9a27171a0c45ffbf4f7377e5551d45" member_type: VOTER last_known_addr { host: "127.13.35.194" port: 45335 } } peers { permanent_uuid: "d964b702d08c4e6e949130abe349d88f" member_type: VOTER last_known_addr { host: "127.13.35.193" port: 44639 } } peers { permanent_uuid: "7a2dc22330df4e63b2b77981f5a99323" member_type: VOTER last_known_addr { host: "127.13.35.196" port: 41687 } }
I20260601 13:31:42.808773 16761 ts_tablet_manager.cc:1434] T c862e8e5fba24909aa96815152d2211f P 7a2dc22330df4e63b2b77981f5a99323: Time spent starting tablet: real 0.001s	user 0.001s	sys 0.000s
I20260601 13:31:42.808974 16761 tablet_bootstrap.cc:492] T e8dbbc9ba1db41daa2a260acd9162091 P 7a2dc22330df4e63b2b77981f5a99323: Bootstrap starting.
I20260601 13:31:42.809756 16761 tablet_bootstrap.cc:654] T e8dbbc9ba1db41daa2a260acd9162091 P 7a2dc22330df4e63b2b77981f5a99323: Neither blocks nor log segments found. Creating new log.
I20260601 13:31:42.810870 16761 tablet_bootstrap.cc:492] T e8dbbc9ba1db41daa2a260acd9162091 P 7a2dc22330df4e63b2b77981f5a99323: No bootstrap required, opened a new log
I20260601 13:31:42.810973 16761 ts_tablet_manager.cc:1403] T e8dbbc9ba1db41daa2a260acd9162091 P 7a2dc22330df4e63b2b77981f5a99323: Time spent bootstrapping tablet: real 0.002s	user 0.002s	sys 0.000s
I20260601 13:31:42.811089 16634 tablet_bootstrap.cc:654] T 30713a3675fc4fae807be617b9b47dd4 P b2cc8162f10e4d1bb6c0028c40727ea2: Neither blocks nor log segments found. Creating new log.
I20260601 13:31:42.811497 16761 raft_consensus.cc:359] T e8dbbc9ba1db41daa2a260acd9162091 P 7a2dc22330df4e63b2b77981f5a99323 [term 0 FOLLOWER]: Replica starting. Triggering 0 pending ops. Active config: opid_index: -1 OBSOLETE_local: false peers { permanent_uuid: "d964b702d08c4e6e949130abe349d88f" member_type: VOTER last_known_addr { host: "127.13.35.193" port: 44639 } } peers { permanent_uuid: "b2cc8162f10e4d1bb6c0028c40727ea2" member_type: VOTER last_known_addr { host: "127.13.35.195" port: 38781 } } peers { permanent_uuid: "7a2dc22330df4e63b2b77981f5a99323" member_type: VOTER last_known_addr { host: "127.13.35.196" port: 41687 } }
I20260601 13:31:42.811642 16761 raft_consensus.cc:385] T e8dbbc9ba1db41daa2a260acd9162091 P 7a2dc22330df4e63b2b77981f5a99323 [term 0 FOLLOWER]: Consensus starting up: Expiring failure detector timer to make a prompt election more likely
I20260601 13:31:42.811707 16761 raft_consensus.cc:740] T e8dbbc9ba1db41daa2a260acd9162091 P 7a2dc22330df4e63b2b77981f5a99323 [term 0 FOLLOWER]: Becoming Follower/Learner. State: Replica: 7a2dc22330df4e63b2b77981f5a99323, State: Initialized, Role: FOLLOWER
I20260601 13:31:42.811872 16761 consensus_queue.cc:260] T e8dbbc9ba1db41daa2a260acd9162091 P 7a2dc22330df4e63b2b77981f5a99323 [NON_LEADER]: Queue going to NON_LEADER mode. State: All replicated index: 0, Majority replicated index: 0, Committed index: 0, Last appended: 0.0, Last appended by leader: 0, Current term: 0, Majority size: -1, State: 0, Mode: NON_LEADER, active raft config: opid_index: -1 OBSOLETE_local: false peers { permanent_uuid: "d964b702d08c4e6e949130abe349d88f" member_type: VOTER last_known_addr { host: "127.13.35.193" port: 44639 } } peers { permanent_uuid: "b2cc8162f10e4d1bb6c0028c40727ea2" member_type: VOTER last_known_addr { host: "127.13.35.195" port: 38781 } } peers { permanent_uuid: "7a2dc22330df4e63b2b77981f5a99323" member_type: VOTER last_known_addr { host: "127.13.35.196" port: 41687 } }
I20260601 13:31:42.812176 16761 ts_tablet_manager.cc:1434] T e8dbbc9ba1db41daa2a260acd9162091 P 7a2dc22330df4e63b2b77981f5a99323: Time spent starting tablet: real 0.001s	user 0.001s	sys 0.000s
I20260601 13:31:42.812211 16670 consensus_queue.cc:1048] T e41202ab1b9b43099658c25e9a704ef1 P 6d9a27171a0c45ffbf4f7377e5551d45 [LEADER]: Connected to new peer: Peer: permanent_uuid: "b2cc8162f10e4d1bb6c0028c40727ea2" member_type: VOTER last_known_addr { host: "127.13.35.195" port: 38781 }, Status: LMP_MISMATCH, Last received: 0.0, Next index: 1, Last known committed idx: 0, Time since last communication: 0.000s
I20260601 13:31:42.812361 16761 tablet_bootstrap.cc:492] T c25dd7c269594a8c9275c44a0702374f P 7a2dc22330df4e63b2b77981f5a99323: Bootstrap starting.
I20260601 13:31:42.812671 16634 tablet_bootstrap.cc:492] T 30713a3675fc4fae807be617b9b47dd4 P b2cc8162f10e4d1bb6c0028c40727ea2: No bootstrap required, opened a new log
I20260601 13:31:42.812767 16634 ts_tablet_manager.cc:1403] T 30713a3675fc4fae807be617b9b47dd4 P b2cc8162f10e4d1bb6c0028c40727ea2: Time spent bootstrapping tablet: real 0.007s	user 0.002s	sys 0.000s
I20260601 13:31:42.813194 16634 raft_consensus.cc:359] T 30713a3675fc4fae807be617b9b47dd4 P b2cc8162f10e4d1bb6c0028c40727ea2 [term 0 FOLLOWER]: Replica starting. Triggering 0 pending ops. Active config: opid_index: -1 OBSOLETE_local: false peers { permanent_uuid: "7a2dc22330df4e63b2b77981f5a99323" member_type: VOTER last_known_addr { host: "127.13.35.196" port: 41687 } } peers { permanent_uuid: "6d9a27171a0c45ffbf4f7377e5551d45" member_type: VOTER last_known_addr { host: "127.13.35.194" port: 45335 } } peers { permanent_uuid: "b2cc8162f10e4d1bb6c0028c40727ea2" member_type: VOTER last_known_addr { host: "127.13.35.195" port: 38781 } }
I20260601 13:31:42.813299 16634 raft_consensus.cc:385] T 30713a3675fc4fae807be617b9b47dd4 P b2cc8162f10e4d1bb6c0028c40727ea2 [term 0 FOLLOWER]: Consensus starting up: Expiring failure detector timer to make a prompt election more likely
I20260601 13:31:42.813344 16634 raft_consensus.cc:740] T 30713a3675fc4fae807be617b9b47dd4 P b2cc8162f10e4d1bb6c0028c40727ea2 [term 0 FOLLOWER]: Becoming Follower/Learner. State: Replica: b2cc8162f10e4d1bb6c0028c40727ea2, State: Initialized, Role: FOLLOWER
I20260601 13:31:42.813395 16761 tablet_bootstrap.cc:654] T c25dd7c269594a8c9275c44a0702374f P 7a2dc22330df4e63b2b77981f5a99323: Neither blocks nor log segments found. Creating new log.
I20260601 13:31:42.813458 16634 consensus_queue.cc:260] T 30713a3675fc4fae807be617b9b47dd4 P b2cc8162f10e4d1bb6c0028c40727ea2 [NON_LEADER]: Queue going to NON_LEADER mode. State: All replicated index: 0, Majority replicated index: 0, Committed index: 0, Last appended: 0.0, Last appended by leader: 0, Current term: 0, Majority size: -1, State: 0, Mode: NON_LEADER, active raft config: opid_index: -1 OBSOLETE_local: false peers { permanent_uuid: "7a2dc22330df4e63b2b77981f5a99323" member_type: VOTER last_known_addr { host: "127.13.35.196" port: 41687 } } peers { permanent_uuid: "6d9a27171a0c45ffbf4f7377e5551d45" member_type: VOTER last_known_addr { host: "127.13.35.194" port: 45335 } } peers { permanent_uuid: "b2cc8162f10e4d1bb6c0028c40727ea2" member_type: VOTER last_known_addr { host: "127.13.35.195" port: 38781 } }
I20260601 13:31:42.813728 16634 ts_tablet_manager.cc:1434] T 30713a3675fc4fae807be617b9b47dd4 P b2cc8162f10e4d1bb6c0028c40727ea2: Time spent starting tablet: real 0.001s	user 0.001s	sys 0.000s
I20260601 13:31:42.813927 16634 tablet_bootstrap.cc:492] T 770720ca1e25471f9c3a2f4dd1bd4ccc P b2cc8162f10e4d1bb6c0028c40727ea2: Bootstrap starting.
I20260601 13:31:42.814486 16761 tablet_bootstrap.cc:492] T c25dd7c269594a8c9275c44a0702374f P 7a2dc22330df4e63b2b77981f5a99323: No bootstrap required, opened a new log
I20260601 13:31:42.814594 16761 ts_tablet_manager.cc:1403] T c25dd7c269594a8c9275c44a0702374f P 7a2dc22330df4e63b2b77981f5a99323: Time spent bootstrapping tablet: real 0.002s	user 0.002s	sys 0.000s
I20260601 13:31:42.814905 16634 tablet_bootstrap.cc:654] T 770720ca1e25471f9c3a2f4dd1bd4ccc P b2cc8162f10e4d1bb6c0028c40727ea2: Neither blocks nor log segments found. Creating new log.
I20260601 13:31:42.815029 16761 raft_consensus.cc:359] T c25dd7c269594a8c9275c44a0702374f P 7a2dc22330df4e63b2b77981f5a99323 [term 0 FOLLOWER]: Replica starting. Triggering 0 pending ops. Active config: opid_index: -1 OBSOLETE_local: false peers { permanent_uuid: "7a2dc22330df4e63b2b77981f5a99323" member_type: VOTER last_known_addr { host: "127.13.35.196" port: 41687 } } peers { permanent_uuid: "6d9a27171a0c45ffbf4f7377e5551d45" member_type: VOTER last_known_addr { host: "127.13.35.194" port: 45335 } } peers { permanent_uuid: "b2cc8162f10e4d1bb6c0028c40727ea2" member_type: VOTER last_known_addr { host: "127.13.35.195" port: 38781 } }
I20260601 13:31:42.815136 16761 raft_consensus.cc:385] T c25dd7c269594a8c9275c44a0702374f P 7a2dc22330df4e63b2b77981f5a99323 [term 0 FOLLOWER]: Consensus starting up: Expiring failure detector timer to make a prompt election more likely
I20260601 13:31:42.815166 16761 raft_consensus.cc:740] T c25dd7c269594a8c9275c44a0702374f P 7a2dc22330df4e63b2b77981f5a99323 [term 0 FOLLOWER]: Becoming Follower/Learner. State: Replica: 7a2dc22330df4e63b2b77981f5a99323, State: Initialized, Role: FOLLOWER
I20260601 13:31:42.816092 16761 consensus_queue.cc:260] T c25dd7c269594a8c9275c44a0702374f P 7a2dc22330df4e63b2b77981f5a99323 [NON_LEADER]: Queue going to NON_LEADER mode. State: All replicated index: 0, Majority replicated index: 0, Committed index: 0, Last appended: 0.0, Last appended by leader: 0, Current term: 0, Majority size: -1, State: 0, Mode: NON_LEADER, active raft config: opid_index: -1 OBSOLETE_local: false peers { permanent_uuid: "7a2dc22330df4e63b2b77981f5a99323" member_type: VOTER last_known_addr { host: "127.13.35.196" port: 41687 } } peers { permanent_uuid: "6d9a27171a0c45ffbf4f7377e5551d45" member_type: VOTER last_known_addr { host: "127.13.35.194" port: 45335 } } peers { permanent_uuid: "b2cc8162f10e4d1bb6c0028c40727ea2" member_type: VOTER last_known_addr { host: "127.13.35.195" port: 38781 } }
I20260601 13:31:42.816422 16761 ts_tablet_manager.cc:1434] T c25dd7c269594a8c9275c44a0702374f P 7a2dc22330df4e63b2b77981f5a99323: Time spent starting tablet: real 0.002s	user 0.001s	sys 0.000s
I20260601 13:31:42.816613 16761 tablet_bootstrap.cc:492] T 8219ae7d23454aa6abfa282b8ac7ff41 P 7a2dc22330df4e63b2b77981f5a99323: Bootstrap starting.
I20260601 13:31:42.816768 16634 tablet_bootstrap.cc:492] T 770720ca1e25471f9c3a2f4dd1bd4ccc P b2cc8162f10e4d1bb6c0028c40727ea2: No bootstrap required, opened a new log
I20260601 13:31:42.816834 16634 ts_tablet_manager.cc:1403] T 770720ca1e25471f9c3a2f4dd1bd4ccc P b2cc8162f10e4d1bb6c0028c40727ea2: Time spent bootstrapping tablet: real 0.003s	user 0.000s	sys 0.002s
I20260601 13:31:42.817124 16634 raft_consensus.cc:359] T 770720ca1e25471f9c3a2f4dd1bd4ccc P b2cc8162f10e4d1bb6c0028c40727ea2 [term 0 FOLLOWER]: Replica starting. Triggering 0 pending ops. Active config: opid_index: -1 OBSOLETE_local: false peers { permanent_uuid: "7a2dc22330df4e63b2b77981f5a99323" member_type: VOTER last_known_addr { host: "127.13.35.196" port: 41687 } } peers { permanent_uuid: "b2cc8162f10e4d1bb6c0028c40727ea2" member_type: VOTER last_known_addr { host: "127.13.35.195" port: 38781 } } peers { permanent_uuid: "d964b702d08c4e6e949130abe349d88f" member_type: VOTER last_known_addr { host: "127.13.35.193" port: 44639 } }
I20260601 13:31:42.817188 16634 raft_consensus.cc:385] T 770720ca1e25471f9c3a2f4dd1bd4ccc P b2cc8162f10e4d1bb6c0028c40727ea2 [term 0 FOLLOWER]: Consensus starting up: Expiring failure detector timer to make a prompt election more likely
I20260601 13:31:42.817209 16634 raft_consensus.cc:740] T 770720ca1e25471f9c3a2f4dd1bd4ccc P b2cc8162f10e4d1bb6c0028c40727ea2 [term 0 FOLLOWER]: Becoming Follower/Learner. State: Replica: b2cc8162f10e4d1bb6c0028c40727ea2, State: Initialized, Role: FOLLOWER
I20260601 13:31:42.817327 16634 consensus_queue.cc:260] T 770720ca1e25471f9c3a2f4dd1bd4ccc P b2cc8162f10e4d1bb6c0028c40727ea2 [NON_LEADER]: Queue going to NON_LEADER mode. State: All replicated index: 0, Majority replicated index: 0, Committed index: 0, Last appended: 0.0, Last appended by leader: 0, Current term: 0, Majority size: -1, State: 0, Mode: NON_LEADER, active raft config: opid_index: -1 OBSOLETE_local: false peers { permanent_uuid: "7a2dc22330df4e63b2b77981f5a99323" member_type: VOTER last_known_addr { host: "127.13.35.196" port: 41687 } } peers { permanent_uuid: "b2cc8162f10e4d1bb6c0028c40727ea2" member_type: VOTER last_known_addr { host: "127.13.35.195" port: 38781 } } peers { permanent_uuid: "d964b702d08c4e6e949130abe349d88f" member_type: VOTER last_known_addr { host: "127.13.35.193" port: 44639 } }
I20260601 13:31:42.817589 16634 ts_tablet_manager.cc:1434] T 770720ca1e25471f9c3a2f4dd1bd4ccc P b2cc8162f10e4d1bb6c0028c40727ea2: Time spent starting tablet: real 0.001s	user 0.000s	sys 0.001s
I20260601 13:31:42.817816 16761 tablet_bootstrap.cc:654] T 8219ae7d23454aa6abfa282b8ac7ff41 P 7a2dc22330df4e63b2b77981f5a99323: Neither blocks nor log segments found. Creating new log.
I20260601 13:31:42.818909 16761 tablet_bootstrap.cc:492] T 8219ae7d23454aa6abfa282b8ac7ff41 P 7a2dc22330df4e63b2b77981f5a99323: No bootstrap required, opened a new log
I20260601 13:31:42.819011 16761 ts_tablet_manager.cc:1403] T 8219ae7d23454aa6abfa282b8ac7ff41 P 7a2dc22330df4e63b2b77981f5a99323: Time spent bootstrapping tablet: real 0.002s	user 0.002s	sys 0.000s
I20260601 13:31:42.819501 16761 raft_consensus.cc:359] T 8219ae7d23454aa6abfa282b8ac7ff41 P 7a2dc22330df4e63b2b77981f5a99323 [term 0 FOLLOWER]: Replica starting. Triggering 0 pending ops. Active config: opid_index: -1 OBSOLETE_local: false peers { permanent_uuid: "7a2dc22330df4e63b2b77981f5a99323" member_type: VOTER last_known_addr { host: "127.13.35.196" port: 41687 } } peers { permanent_uuid: "d964b702d08c4e6e949130abe349d88f" member_type: VOTER last_known_addr { host: "127.13.35.193" port: 44639 } } peers { permanent_uuid: "6d9a27171a0c45ffbf4f7377e5551d45" member_type: VOTER last_known_addr { host: "127.13.35.194" port: 45335 } }
I20260601 13:31:42.819592 16761 raft_consensus.cc:385] T 8219ae7d23454aa6abfa282b8ac7ff41 P 7a2dc22330df4e63b2b77981f5a99323 [term 0 FOLLOWER]: Consensus starting up: Expiring failure detector timer to make a prompt election more likely
I20260601 13:31:42.819626 16761 raft_consensus.cc:740] T 8219ae7d23454aa6abfa282b8ac7ff41 P 7a2dc22330df4e63b2b77981f5a99323 [term 0 FOLLOWER]: Becoming Follower/Learner. State: Replica: 7a2dc22330df4e63b2b77981f5a99323, State: Initialized, Role: FOLLOWER
I20260601 13:31:42.819751 16761 consensus_queue.cc:260] T 8219ae7d23454aa6abfa282b8ac7ff41 P 7a2dc22330df4e63b2b77981f5a99323 [NON_LEADER]: Queue going to NON_LEADER mode. State: All replicated index: 0, Majority replicated index: 0, Committed index: 0, Last appended: 0.0, Last appended by leader: 0, Current term: 0, Majority size: -1, State: 0, Mode: NON_LEADER, active raft config: opid_index: -1 OBSOLETE_local: false peers { permanent_uuid: "7a2dc22330df4e63b2b77981f5a99323" member_type: VOTER last_known_addr { host: "127.13.35.196" port: 41687 } } peers { permanent_uuid: "d964b702d08c4e6e949130abe349d88f" member_type: VOTER last_known_addr { host: "127.13.35.193" port: 44639 } } peers { permanent_uuid: "6d9a27171a0c45ffbf4f7377e5551d45" member_type: VOTER last_known_addr { host: "127.13.35.194" port: 45335 } }
I20260601 13:31:42.819890 16638 consensus_queue.cc:1048] T e41202ab1b9b43099658c25e9a704ef1 P 6d9a27171a0c45ffbf4f7377e5551d45 [LEADER]: Connected to new peer: Peer: permanent_uuid: "d964b702d08c4e6e949130abe349d88f" member_type: VOTER last_known_addr { host: "127.13.35.193" port: 44639 }, Status: LMP_MISMATCH, Last received: 0.0, Next index: 1, Last known committed idx: 0, Time since last communication: 0.000s
I20260601 13:31:42.820030 16761 ts_tablet_manager.cc:1434] T 8219ae7d23454aa6abfa282b8ac7ff41 P 7a2dc22330df4e63b2b77981f5a99323: Time spent starting tablet: real 0.001s	user 0.001s	sys 0.000s
I20260601 13:31:42.820178 16761 tablet_bootstrap.cc:492] T 67927652c7e5413eaa79009c9ccfd76b P 7a2dc22330df4e63b2b77981f5a99323: Bootstrap starting.
I20260601 13:31:42.821157 16761 tablet_bootstrap.cc:654] T 67927652c7e5413eaa79009c9ccfd76b P 7a2dc22330df4e63b2b77981f5a99323: Neither blocks nor log segments found. Creating new log.
I20260601 13:31:42.822906 16761 tablet_bootstrap.cc:492] T 67927652c7e5413eaa79009c9ccfd76b P 7a2dc22330df4e63b2b77981f5a99323: No bootstrap required, opened a new log
I20260601 13:31:42.823024 16761 ts_tablet_manager.cc:1403] T 67927652c7e5413eaa79009c9ccfd76b P 7a2dc22330df4e63b2b77981f5a99323: Time spent bootstrapping tablet: real 0.003s	user 0.002s	sys 0.000s
I20260601 13:31:42.823523 16761 raft_consensus.cc:359] T 67927652c7e5413eaa79009c9ccfd76b P 7a2dc22330df4e63b2b77981f5a99323 [term 0 FOLLOWER]: Replica starting. Triggering 0 pending ops. Active config: opid_index: -1 OBSOLETE_local: false peers { permanent_uuid: "7a2dc22330df4e63b2b77981f5a99323" member_type: VOTER last_known_addr { host: "127.13.35.196" port: 41687 } } peers { permanent_uuid: "b2cc8162f10e4d1bb6c0028c40727ea2" member_type: VOTER last_known_addr { host: "127.13.35.195" port: 38781 } } peers { permanent_uuid: "d964b702d08c4e6e949130abe349d88f" member_type: VOTER last_known_addr { host: "127.13.35.193" port: 44639 } }
I20260601 13:31:42.823650 16761 raft_consensus.cc:385] T 67927652c7e5413eaa79009c9ccfd76b P 7a2dc22330df4e63b2b77981f5a99323 [term 0 FOLLOWER]: Consensus starting up: Expiring failure detector timer to make a prompt election more likely
I20260601 13:31:42.823693 16761 raft_consensus.cc:740] T 67927652c7e5413eaa79009c9ccfd76b P 7a2dc22330df4e63b2b77981f5a99323 [term 0 FOLLOWER]: Becoming Follower/Learner. State: Replica: 7a2dc22330df4e63b2b77981f5a99323, State: Initialized, Role: FOLLOWER
