I20260601 13:31:48.697566 18219 tablet_replica.cc:333] T 417e2acd069540af84791650342a1c65 P 9c2e6bb7990e4503ab114897e8b82b96: stopping tablet replica
I20260601 13:31:48.697692 18219 raft_consensus.cc:2243] T 417e2acd069540af84791650342a1c65 P 9c2e6bb7990e4503ab114897e8b82b96 [term 1 FOLLOWER]: Raft consensus shutting down.
I20260601 13:31:48.697834 18219 raft_consensus.cc:2272] T 417e2acd069540af84791650342a1c65 P 9c2e6bb7990e4503ab114897e8b82b96 [term 1 FOLLOWER]: Raft consensus is shut down!
I20260601 13:31:48.698411 18219 tablet_replica.cc:333] T ad5a9055c9a2462999ffd9d04f78add3 P 9c2e6bb7990e4503ab114897e8b82b96: stopping tablet replica
I20260601 13:31:48.698523 18219 raft_consensus.cc:2243] T ad5a9055c9a2462999ffd9d04f78add3 P 9c2e6bb7990e4503ab114897e8b82b96 [term 2 FOLLOWER]: Raft consensus shutting down.
I20260601 13:31:48.698668 18219 raft_consensus.cc:2272] T ad5a9055c9a2462999ffd9d04f78add3 P 9c2e6bb7990e4503ab114897e8b82b96 [term 2 FOLLOWER]: Raft consensus is shut down!
I20260601 13:31:48.699079 18219 tablet_replica.cc:333] T 64aadf52350844c5934dfa4107602e9b P 9c2e6bb7990e4503ab114897e8b82b96: stopping tablet replica
I20260601 13:31:48.699203 18219 raft_consensus.cc:2243] T 64aadf52350844c5934dfa4107602e9b P 9c2e6bb7990e4503ab114897e8b82b96 [term 1 LEADER]: Raft consensus shutting down.
I20260601 13:31:48.699380 18219 raft_consensus.cc:2272] T 64aadf52350844c5934dfa4107602e9b P 9c2e6bb7990e4503ab114897e8b82b96 [term 1 FOLLOWER]: Raft consensus is shut down!
I20260601 13:31:48.699787 18219 tablet_replica.cc:333] T cabec350ac194985a9774d89a0323512 P 9c2e6bb7990e4503ab114897e8b82b96: stopping tablet replica
I20260601 13:31:48.699908 18219 raft_consensus.cc:2243] T cabec350ac194985a9774d89a0323512 P 9c2e6bb7990e4503ab114897e8b82b96 [term 3 LEADER]: Raft consensus shutting down.
I20260601 13:31:48.700084 18219 raft_consensus.cc:2272] T cabec350ac194985a9774d89a0323512 P 9c2e6bb7990e4503ab114897e8b82b96 [term 3 FOLLOWER]: Raft consensus is shut down!
I20260601 13:31:48.700507 18219 tablet_replica.cc:333] T ffaac401519b40259cf4935808eb379e P 9c2e6bb7990e4503ab114897e8b82b96: stopping tablet replica
I20260601 13:31:48.700613 18219 raft_consensus.cc:2243] T ffaac401519b40259cf4935808eb379e P 9c2e6bb7990e4503ab114897e8b82b96 [term 3 FOLLOWER]: Raft consensus shutting down.
I20260601 13:31:48.700714 18219 raft_consensus.cc:2272] T ffaac401519b40259cf4935808eb379e P 9c2e6bb7990e4503ab114897e8b82b96 [term 3 FOLLOWER]: Raft consensus is shut down!
W20260601 13:31:48.714828 21462 consensus_peers.cc:597] T 75fbfb2f59d64d0b9cba405dc99a690c P 129186c59b274f62b1d970116071dc5c -> Peer 9c2e6bb7990e4503ab114897e8b82b96 (127.17.202.195:46235): Couldn't send request to peer 9c2e6bb7990e4503ab114897e8b82b96. Status: Network error: Client connection negotiation failed: client connection to 127.17.202.195:46235: connect: Connection refused (error 111). This is attempt 1: this message will repeat every 5th retry.
I20260601 13:31:48.716037 18219 tablet_server.cc:196] TabletServer@127.17.202.195:0 shutdown complete.
I20260601 13:31:48.719715 18219 tablet_server.cc:179] TabletServer@127.17.202.196:0 shutting down...
I20260601 13:31:48.723333 18219 ts_tablet_manager.cc:1507] Shutting down tablet manager...
I20260601 13:31:48.723577 18219 tablet_replica.cc:333] T e023ca33b9764b8c81c2a5aaa880640d P 129186c59b274f62b1d970116071dc5c: stopping tablet replica
I20260601 13:31:48.723728 18219 raft_consensus.cc:2243] T e023ca33b9764b8c81c2a5aaa880640d P 129186c59b274f62b1d970116071dc5c [term 2 FOLLOWER]: Raft consensus shutting down.
I20260601 13:31:48.723884 18219 raft_consensus.cc:2272] T e023ca33b9764b8c81c2a5aaa880640d P 129186c59b274f62b1d970116071dc5c [term 2 FOLLOWER]: Raft consensus is shut down!
I20260601 13:31:48.724506 18219 tablet_replica.cc:333] T dbe1672bfe1b4c01976385133acbc466 P 129186c59b274f62b1d970116071dc5c: stopping tablet replica
I20260601 13:31:48.724597 18219 raft_consensus.cc:2243] T dbe1672bfe1b4c01976385133acbc466 P 129186c59b274f62b1d970116071dc5c [term 2 FOLLOWER]: Raft consensus shutting down.
I20260601 13:31:48.724702 18219 raft_consensus.cc:2272] T dbe1672bfe1b4c01976385133acbc466 P 129186c59b274f62b1d970116071dc5c [term 2 FOLLOWER]: Raft consensus is shut down!
I20260601 13:31:48.725080 18219 tablet_replica.cc:333] T 4cc5cf875f1945a89626d9e3dc8e4207 P 129186c59b274f62b1d970116071dc5c: stopping tablet replica
I20260601 13:31:48.725157 18219 raft_consensus.cc:2243] T 4cc5cf875f1945a89626d9e3dc8e4207 P 129186c59b274f62b1d970116071dc5c [term 4 LEADER]: Raft consensus shutting down.
I20260601 13:31:48.725317 18219 raft_consensus.cc:2272] T 4cc5cf875f1945a89626d9e3dc8e4207 P 129186c59b274f62b1d970116071dc5c [term 4 FOLLOWER]: Raft consensus is shut down!
I20260601 13:31:48.725580 18219 tablet_replica.cc:333] T 417e2acd069540af84791650342a1c65 P 129186c59b274f62b1d970116071dc5c: stopping tablet replica
I20260601 13:31:48.725652 18219 raft_consensus.cc:2243] T 417e2acd069540af84791650342a1c65 P 129186c59b274f62b1d970116071dc5c [term 1 FOLLOWER]: Raft consensus shutting down.
I20260601 13:31:48.725728 18219 raft_consensus.cc:2272] T 417e2acd069540af84791650342a1c65 P 129186c59b274f62b1d970116071dc5c [term 1 FOLLOWER]: Raft consensus is shut down!
I20260601 13:31:48.726117 18219 tablet_replica.cc:333] T d31790c2bd574b0a943face666b754cf P 129186c59b274f62b1d970116071dc5c: stopping tablet replica
I20260601 13:31:48.726193 18219 raft_consensus.cc:2243] T d31790c2bd574b0a943face666b754cf P 129186c59b274f62b1d970116071dc5c [term 2 FOLLOWER]: Raft consensus shutting down.
I20260601 13:31:48.726274 18219 raft_consensus.cc:2272] T d31790c2bd574b0a943face666b754cf P 129186c59b274f62b1d970116071dc5c [term 2 FOLLOWER]: Raft consensus is shut down!
I20260601 13:31:48.726519 18219 tablet_replica.cc:333] T ad5a9055c9a2462999ffd9d04f78add3 P 129186c59b274f62b1d970116071dc5c: stopping tablet replica
I20260601 13:31:48.726594 18219 raft_consensus.cc:2243] T ad5a9055c9a2462999ffd9d04f78add3 P 129186c59b274f62b1d970116071dc5c [term 2 FOLLOWER]: Raft consensus shutting down.
I20260601 13:31:48.726675 18219 raft_consensus.cc:2272] T ad5a9055c9a2462999ffd9d04f78add3 P 129186c59b274f62b1d970116071dc5c [term 2 FOLLOWER]: Raft consensus is shut down!
I20260601 13:31:48.726922 18219 tablet_replica.cc:333] T 64aadf52350844c5934dfa4107602e9b P 129186c59b274f62b1d970116071dc5c: stopping tablet replica
I20260601 13:31:48.726994 18219 raft_consensus.cc:2243] T 64aadf52350844c5934dfa4107602e9b P 129186c59b274f62b1d970116071dc5c [term 1 FOLLOWER]: Raft consensus shutting down.
I20260601 13:31:48.727067 18219 raft_consensus.cc:2272] T 64aadf52350844c5934dfa4107602e9b P 129186c59b274f62b1d970116071dc5c [term 1 FOLLOWER]: Raft consensus is shut down!
I20260601 13:31:48.727301 18219 tablet_replica.cc:333] T 589a09df533e483c9fd64d8c8511047c P 129186c59b274f62b1d970116071dc5c: stopping tablet replica
I20260601 13:31:48.727367 18219 raft_consensus.cc:2243] T 589a09df533e483c9fd64d8c8511047c P 129186c59b274f62b1d970116071dc5c [term 1 FOLLOWER]: Raft consensus shutting down.
I20260601 13:31:48.727445 18219 raft_consensus.cc:2272] T 589a09df533e483c9fd64d8c8511047c P 129186c59b274f62b1d970116071dc5c [term 1 FOLLOWER]: Raft consensus is shut down!
I20260601 13:31:48.727674 18219 tablet_replica.cc:333] T 4d87b19a366f456ca2bd228a7a16a501 P 129186c59b274f62b1d970116071dc5c: stopping tablet replica
I20260601 13:31:48.727747 18219 raft_consensus.cc:2243] T 4d87b19a366f456ca2bd228a7a16a501 P 129186c59b274f62b1d970116071dc5c [term 3 FOLLOWER]: Raft consensus shutting down.
I20260601 13:31:48.727831 18219 raft_consensus.cc:2272] T 4d87b19a366f456ca2bd228a7a16a501 P 129186c59b274f62b1d970116071dc5c [term 3 FOLLOWER]: Raft consensus is shut down!
I20260601 13:31:48.728082 18219 tablet_replica.cc:333] T 158c2839c97e4455b2489eb34834b93c P 129186c59b274f62b1d970116071dc5c: stopping tablet replica
I20260601 13:31:48.728145 18219 raft_consensus.cc:2243] T 158c2839c97e4455b2489eb34834b93c P 129186c59b274f62b1d970116071dc5c [term 3 LEADER]: Raft consensus shutting down.
I20260601 13:31:48.728286 18219 raft_consensus.cc:2272] T 158c2839c97e4455b2489eb34834b93c P 129186c59b274f62b1d970116071dc5c [term 3 FOLLOWER]: Raft consensus is shut down!
I20260601 13:31:48.728542 18219 tablet_replica.cc:333] T 75fbfb2f59d64d0b9cba405dc99a690c P 129186c59b274f62b1d970116071dc5c: stopping tablet replica
I20260601 13:31:48.728606 18219 raft_consensus.cc:2243] T 75fbfb2f59d64d0b9cba405dc99a690c P 129186c59b274f62b1d970116071dc5c [term 2 LEADER]: Raft consensus shutting down.
I20260601 13:31:48.728722 18219 raft_consensus.cc:2272] T 75fbfb2f59d64d0b9cba405dc99a690c P 129186c59b274f62b1d970116071dc5c [term 2 FOLLOWER]: Raft consensus is shut down!
I20260601 13:31:48.729053 18219 tablet_replica.cc:333] T 8a744f6959e44db99607de77a6422502 P 129186c59b274f62b1d970116071dc5c: stopping tablet replica
I20260601 13:31:48.729121 18219 raft_consensus.cc:2243] T 8a744f6959e44db99607de77a6422502 P 129186c59b274f62b1d970116071dc5c [term 1 FOLLOWER]: Raft consensus shutting down.
I20260601 13:31:48.729202 18219 raft_consensus.cc:2272] T 8a744f6959e44db99607de77a6422502 P 129186c59b274f62b1d970116071dc5c [term 1 FOLLOWER]: Raft consensus is shut down!
I20260601 13:31:48.743189 18219 tablet_server.cc:196] TabletServer@127.17.202.196:0 shutdown complete.
I20260601 13:31:48.746622 18219 master.cc:562] Master@127.17.202.254:43601 shutting down...
I20260601 13:31:48.750196 18219 raft_consensus.cc:2243] T 00000000000000000000000000000000 P a4b666b9ebf446e68064a41d0af830ed [term 1 LEADER]: Raft consensus shutting down.
I20260601 13:31:48.750375 18219 raft_consensus.cc:2272] T 00000000000000000000000000000000 P a4b666b9ebf446e68064a41d0af830ed [term 1 FOLLOWER]: Raft consensus is shut down!
I20260601 13:31:48.750427 18219 tablet_replica.cc:333] T 00000000000000000000000000000000 P a4b666b9ebf446e68064a41d0af830ed: stopping tablet replica
I20260601 13:31:48.763688 18219 master.cc:584] Master@127.17.202.254:43601 shutdown complete.
[       OK ] AutoRebalancerTest.RangeAwareRebalancesNewRangeReplicas (14182 ms)
[ RUN      ] AutoRebalancerTest.NoReplicaMovesIfLocationLoadSkewedByOne
I20260601 13:31:48.781221 18219 internal_mini_cluster.cc:156] Creating distributed mini masters. Addrs: 127.17.202.254:33885
I20260601 13:31:48.781621 18219 file_cache.cc:492] Constructed file cache file cache with capacity 419430
W20260601 13:31:48.783861 21851 instance_detector.cc:116] could not retrieve Azure instance metadata: Network error: curl error: HTTP response code said error: The requested URL returned error: 404
W20260601 13:31:48.783900 21850 instance_detector.cc:116] could not retrieve AWS instance metadata: Network error: curl error: HTTP response code said error: The requested URL returned error: 404
I20260601 13:31:48.783851 18219 server_base.cc:1061] running on GCE node
W20260601 13:31:48.783851 21853 instance_detector.cc:116] could not retrieve OpenStack instance metadata: Network error: curl error: HTTP response code said error: The requested URL returned error: 404
I20260601 13:31:48.784241 18219 hybrid_clock.cc:584] initializing the hybrid clock with 'system_unsync' time source
W20260601 13:31:48.784313 18219 system_unsync_time.cc:38] NTP support is disabled. Clock error bounds will not be accurate. This configuration is not suitable for distributed clusters.
I20260601 13:31:48.784348 18219 hybrid_clock.cc:648] HybridClock initialized: now 1780320708784346 us; error 0 us; skew 500 ppm
I20260601 13:31:48.785290 18219 webserver.cc:533] Webserver started at http://127.17.202.254:45967/ using document root <none> and password file <none>
I20260601 13:31:48.785463 18219 fs_manager.cc:362] Metadata directory not provided
I20260601 13:31:48.785532 18219 fs_manager.cc:368] Using write-ahead log directory (fs_wal_dir) as metadata directory
I20260601 13:31:48.785611 18219 server_base.cc:909] This appears to be a new deployment of Kudu; creating new FS layout
I20260601 13:31:48.786023 18219 fs_manager.cc:1068] Generated new instance metadata in path /tmp/dist-test-task3z_E5e/test-tmp/auto_rebalancer-test.0.AutoRebalancerTest.NoReplicaMovesIfLocationLoadSkewedByOne.1780320625301330-18219-0/minicluster-data/master-0-root/instance:
uuid: "bc182885ed884c91820ab6a2f2c20545"
format_stamp: "Formatted at 2026-06-01 13:31:48 on dist-test-slave-h0d8"
I20260601 13:31:48.787465 18219 fs_manager.cc:696] Time spent creating directory manager: real 0.001s	user 0.000s	sys 0.002s
I20260601 13:31:48.788347 21858 log_block_manager.cc:4031] Time spent loading block containers with low live blocks: real 0.000s	user 0.000s	sys 0.000s
I20260601 13:31:48.788582 18219 fs_manager.cc:730] Time spent opening block manager: real 0.001s	user 0.000s	sys 0.001s
I20260601 13:31:48.788667 18219 fs_manager.cc:647] Opened local filesystem: /tmp/dist-test-task3z_E5e/test-tmp/auto_rebalancer-test.0.AutoRebalancerTest.NoReplicaMovesIfLocationLoadSkewedByOne.1780320625301330-18219-0/minicluster-data/master-0-root
uuid: "bc182885ed884c91820ab6a2f2c20545"
format_stamp: "Formatted at 2026-06-01 13:31:48 on dist-test-slave-h0d8"
I20260601 13:31:48.788756 18219 fs_report.cc:389] FS layout report
--------------------
wal directory: /tmp/dist-test-task3z_E5e/test-tmp/auto_rebalancer-test.0.AutoRebalancerTest.NoReplicaMovesIfLocationLoadSkewedByOne.1780320625301330-18219-0/minicluster-data/master-0-root
metadata directory: /tmp/dist-test-task3z_E5e/test-tmp/auto_rebalancer-test.0.AutoRebalancerTest.NoReplicaMovesIfLocationLoadSkewedByOne.1780320625301330-18219-0/minicluster-data/master-0-root
1 data directories: /tmp/dist-test-task3z_E5e/test-tmp/auto_rebalancer-test.0.AutoRebalancerTest.NoReplicaMovesIfLocationLoadSkewedByOne.1780320625301330-18219-0/minicluster-data/master-0-root/data
Total live blocks: 0
Total live bytes: 0
Total live bytes (after alignment): 0
Total number of LBM containers: 0 (0 full)
Did not check for missing blocks
Did not check for orphaned blocks
Total full LBM containers with extra space: 0 (0 repaired)
Total full LBM container extra space in bytes: 0 (0 repaired)
Total incomplete LBM containers: 0 (0 repaired)
Total LBM partial records: 0 (0 repaired)
Total corrupted LBM metadata records in RocksDB: 0 (0 repaired)
I20260601 13:31:48.808182 18219 rpc_server.cc:225] running with OpenSSL 1.1.1  11 Sep 2018
I20260601 13:31:48.808622 18219 kserver.cc:163] Server-wide thread pool size limit: 3276
I20260601 13:31:48.813010 18219 rpc_server.cc:307] RPC server started. Bound to: 127.17.202.254:33885
I20260601 13:31:48.820462 21910 acceptor_pool.cc:272] collecting diagnostics on the listening RPC socket 127.17.202.254:33885 every 8 connection(s)
I20260601 13:31:48.820926 21911 data_dirs.cc:400] Could only allocate 1 dirs of requested 3 for tablet 00000000000000000000000000000000. 1 dirs total, 0 dirs full, 0 dirs failed
I20260601 13:31:48.822762 21911 tablet_bootstrap.cc:492] T 00000000000000000000000000000000 P bc182885ed884c91820ab6a2f2c20545: Bootstrap starting.
I20260601 13:31:48.823550 21911 tablet_bootstrap.cc:654] T 00000000000000000000000000000000 P bc182885ed884c91820ab6a2f2c20545: Neither blocks nor log segments found. Creating new log.
I20260601 13:31:48.824621 21911 tablet_bootstrap.cc:492] T 00000000000000000000000000000000 P bc182885ed884c91820ab6a2f2c20545: No bootstrap required, opened a new log
I20260601 13:31:48.825030 21911 raft_consensus.cc:359] T 00000000000000000000000000000000 P bc182885ed884c91820ab6a2f2c20545 [term 0 FOLLOWER]: Replica starting. Triggering 0 pending ops. Active config: opid_index: -1 OBSOLETE_local: true peers { permanent_uuid: "bc182885ed884c91820ab6a2f2c20545" member_type: VOTER }
I20260601 13:31:48.825119 21911 raft_consensus.cc:385] T 00000000000000000000000000000000 P bc182885ed884c91820ab6a2f2c20545 [term 0 FOLLOWER]: Consensus starting up: Expiring failure detector timer to make a prompt election more likely
I20260601 13:31:48.825140 21911 raft_consensus.cc:740] T 00000000000000000000000000000000 P bc182885ed884c91820ab6a2f2c20545 [term 0 FOLLOWER]: Becoming Follower/Learner. State: Replica: bc182885ed884c91820ab6a2f2c20545, State: Initialized, Role: FOLLOWER
I20260601 13:31:48.825245 21911 consensus_queue.cc:260] T 00000000000000000000000000000000 P bc182885ed884c91820ab6a2f2c20545 [NON_LEADER]: Queue going to NON_LEADER mode. State: All replicated index: 0, Majority replicated index: 0, Committed index: 0, Last appended: 0.0, Last appended by leader: 0, Current term: 0, Majority size: -1, State: 0, Mode: NON_LEADER, active raft config: opid_index: -1 OBSOLETE_local: true peers { permanent_uuid: "bc182885ed884c91820ab6a2f2c20545" member_type: VOTER }
I20260601 13:31:48.825311 21911 raft_consensus.cc:399] T 00000000000000000000000000000000 P bc182885ed884c91820ab6a2f2c20545 [term 0 FOLLOWER]: Only one voter in the Raft config. Triggering election immediately
I20260601 13:31:48.825333 21911 raft_consensus.cc:493] T 00000000000000000000000000000000 P bc182885ed884c91820ab6a2f2c20545 [term 0 FOLLOWER]: Starting leader election (initial election of a single-replica configuration)
I20260601 13:31:48.825361 21911 raft_consensus.cc:3060] T 00000000000000000000000000000000 P bc182885ed884c91820ab6a2f2c20545 [term 0 FOLLOWER]: Advancing to term 1
I20260601 13:31:48.825994 21911 raft_consensus.cc:515] T 00000000000000000000000000000000 P bc182885ed884c91820ab6a2f2c20545 [term 1 FOLLOWER]: Starting leader election with config: opid_index: -1 OBSOLETE_local: true peers { permanent_uuid: "bc182885ed884c91820ab6a2f2c20545" member_type: VOTER }
I20260601 13:31:48.826107 21911 leader_election.cc:304] T 00000000000000000000000000000000 P bc182885ed884c91820ab6a2f2c20545 [CANDIDATE]: Term 1 election: Election decided. Result: candidate won. Election summary: received 1 responses out of 1 voters: 1 yes votes; 0 no votes. yes voters: bc182885ed884c91820ab6a2f2c20545; no voters: 
I20260601 13:31:48.826282 21911 leader_election.cc:290] T 00000000000000000000000000000000 P bc182885ed884c91820ab6a2f2c20545 [CANDIDATE]: Term 1 election: Requested vote from peers 
I20260601 13:31:48.826435 21914 raft_consensus.cc:2804] T 00000000000000000000000000000000 P bc182885ed884c91820ab6a2f2c20545 [term 1 FOLLOWER]: Leader election won for term 1
I20260601 13:31:48.826635 21914 raft_consensus.cc:697] T 00000000000000000000000000000000 P bc182885ed884c91820ab6a2f2c20545 [term 1 LEADER]: Becoming Leader. State: Replica: bc182885ed884c91820ab6a2f2c20545, State: Running, Role: LEADER
I20260601 13:31:48.826803 21911 sys_catalog.cc:565] T 00000000000000000000000000000000 P bc182885ed884c91820ab6a2f2c20545 [sys.catalog]: configured and running, proceeding with master startup.
I20260601 13:31:48.826781 21914 consensus_queue.cc:237] T 00000000000000000000000000000000 P bc182885ed884c91820ab6a2f2c20545 [LEADER]: Queue going to LEADER mode. State: All replicated index: 0, Majority replicated index: 0, Committed index: 0, Last appended: 0.0, Last appended by leader: 0, Current term: 1, Majority size: 1, State: 0, Mode: LEADER, active raft config: opid_index: -1 OBSOLETE_local: true peers { permanent_uuid: "bc182885ed884c91820ab6a2f2c20545" member_type: VOTER }
I20260601 13:31:48.827231 21915 sys_catalog.cc:455] T 00000000000000000000000000000000 P bc182885ed884c91820ab6a2f2c20545 [sys.catalog]: SysCatalogTable state changed. Reason: RaftConsensus started. Latest consensus state: current_term: 1 leader_uuid: "bc182885ed884c91820ab6a2f2c20545" committed_config { opid_index: -1 OBSOLETE_local: true peers { permanent_uuid: "bc182885ed884c91820ab6a2f2c20545" member_type: VOTER } }
I20260601 13:31:48.827247 21916 sys_catalog.cc:455] T 00000000000000000000000000000000 P bc182885ed884c91820ab6a2f2c20545 [sys.catalog]: SysCatalogTable state changed. Reason: New leader bc182885ed884c91820ab6a2f2c20545. Latest consensus state: current_term: 1 leader_uuid: "bc182885ed884c91820ab6a2f2c20545" committed_config { opid_index: -1 OBSOLETE_local: true peers { permanent_uuid: "bc182885ed884c91820ab6a2f2c20545" member_type: VOTER } }
I20260601 13:31:48.827345 21916 sys_catalog.cc:458] T 00000000000000000000000000000000 P bc182885ed884c91820ab6a2f2c20545 [sys.catalog]: This master's current role is: LEADER
I20260601 13:31:48.827641 21918 catalog_manager.cc:1510] Loading table and tablet metadata into memory...
I20260601 13:31:48.827610 21915 sys_catalog.cc:458] T 00000000000000000000000000000000 P bc182885ed884c91820ab6a2f2c20545 [sys.catalog]: This master's current role is: LEADER
I20260601 13:31:48.828483 21918 catalog_manager.cc:1519] Initializing Kudu cluster ID...
I20260601 13:31:48.828840 18219 internal_mini_cluster.cc:184] Waiting to initialize catalog manager on master 0
I20260601 13:31:48.830458 21918 catalog_manager.cc:1382] Generated new cluster ID: e450a9e5777f41d2896e0dff77d6ac29
I20260601 13:31:48.830540 21918 catalog_manager.cc:1530] Initializing Kudu internal certificate authority...
I20260601 13:31:48.839995 21918 catalog_manager.cc:1405] Generated new certificate authority record
I20260601 13:31:48.840591 21918 catalog_manager.cc:1539] Loading token signing keys...
I20260601 13:31:48.847493 21918 catalog_manager.cc:6069] T 00000000000000000000000000000000 P bc182885ed884c91820ab6a2f2c20545: Generated new TSK 0
I20260601 13:31:48.847689 21918 catalog_manager.cc:1549] Initializing in-progress tserver states...
I20260601 13:31:48.861441 18219 file_cache.cc:492] Constructed file cache file cache with capacity 419430
W20260601 13:31:48.863435 21933 instance_detector.cc:116] could not retrieve Azure instance metadata: Network error: curl error: HTTP response code said error: The requested URL returned error: 404
I20260601 13:31:48.863502 18219 server_base.cc:1061] running on GCE node
W20260601 13:31:48.863481 21932 instance_detector.cc:116] could not retrieve AWS instance metadata: Network error: curl error: HTTP response code said error: The requested URL returned error: 404
W20260601 13:31:48.863523 21935 instance_detector.cc:116] could not retrieve OpenStack instance metadata: Network error: curl error: HTTP response code said error: The requested URL returned error: 404
I20260601 13:31:48.863828 18219 hybrid_clock.cc:584] initializing the hybrid clock with 'system_unsync' time source
W20260601 13:31:48.863896 18219 system_unsync_time.cc:38] NTP support is disabled. Clock error bounds will not be accurate. This configuration is not suitable for distributed clusters.
I20260601 13:31:48.863922 18219 hybrid_clock.cc:648] HybridClock initialized: now 1780320708863921 us; error 0 us; skew 500 ppm
I20260601 13:31:48.865064 18219 webserver.cc:533] Webserver started at http://127.17.202.193:45607/ using document root <none> and password file <none>
I20260601 13:31:48.865243 18219 fs_manager.cc:362] Metadata directory not provided
I20260601 13:31:48.865314 18219 fs_manager.cc:368] Using write-ahead log directory (fs_wal_dir) as metadata directory
I20260601 13:31:48.865394 18219 server_base.cc:909] This appears to be a new deployment of Kudu; creating new FS layout
I20260601 13:31:48.865825 18219 fs_manager.cc:1068] Generated new instance metadata in path /tmp/dist-test-task3z_E5e/test-tmp/auto_rebalancer-test.0.AutoRebalancerTest.NoReplicaMovesIfLocationLoadSkewedByOne.1780320625301330-18219-0/minicluster-data/ts-0-root/instance:
uuid: "f40c0c45293e44748016aedb45909420"
format_stamp: "Formatted at 2026-06-01 13:31:48 on dist-test-slave-h0d8"
I20260601 13:31:48.867313 18219 fs_manager.cc:696] Time spent creating directory manager: real 0.001s	user 0.000s	sys 0.002s
I20260601 13:31:48.868249 21940 log_block_manager.cc:4031] Time spent loading block containers with low live blocks: real 0.000s	user 0.000s	sys 0.000s
I20260601 13:31:48.868491 18219 fs_manager.cc:730] Time spent opening block manager: real 0.001s	user 0.000s	sys 0.001s
I20260601 13:31:48.868582 18219 fs_manager.cc:647] Opened local filesystem: /tmp/dist-test-task3z_E5e/test-tmp/auto_rebalancer-test.0.AutoRebalancerTest.NoReplicaMovesIfLocationLoadSkewedByOne.1780320625301330-18219-0/minicluster-data/ts-0-root
uuid: "f40c0c45293e44748016aedb45909420"
format_stamp: "Formatted at 2026-06-01 13:31:48 on dist-test-slave-h0d8"
I20260601 13:31:48.868686 18219 fs_report.cc:389] FS layout report
--------------------
wal directory: /tmp/dist-test-task3z_E5e/test-tmp/auto_rebalancer-test.0.AutoRebalancerTest.NoReplicaMovesIfLocationLoadSkewedByOne.1780320625301330-18219-0/minicluster-data/ts-0-root
metadata directory: /tmp/dist-test-task3z_E5e/test-tmp/auto_rebalancer-test.0.AutoRebalancerTest.NoReplicaMovesIfLocationLoadSkewedByOne.1780320625301330-18219-0/minicluster-data/ts-0-root
1 data directories: /tmp/dist-test-task3z_E5e/test-tmp/auto_rebalancer-test.0.AutoRebalancerTest.NoReplicaMovesIfLocationLoadSkewedByOne.1780320625301330-18219-0/minicluster-data/ts-0-root/data
Total live blocks: 0
Total live bytes: 0
Total live bytes (after alignment): 0
Total number of LBM containers: 0 (0 full)
Did not check for missing blocks
Did not check for orphaned blocks
Total full LBM containers with extra space: 0 (0 repaired)
Total full LBM container extra space in bytes: 0 (0 repaired)
Total incomplete LBM containers: 0 (0 repaired)
Total LBM partial records: 0 (0 repaired)
Total corrupted LBM metadata records in RocksDB: 0 (0 repaired)
I20260601 13:31:48.878250 18219 rpc_server.cc:225] running with OpenSSL 1.1.1  11 Sep 2018
I20260601 13:31:48.878716 18219 kserver.cc:163] Server-wide thread pool size limit: 3276
I20260601 13:31:48.879043 18219 txn_system_client.cc:432] TxnSystemClient initialization is disabled...
I20260601 13:31:48.879572 18219 ts_tablet_manager.cc:585] Loaded tablet metadata (0 total tablets, 0 live tablets)
I20260601 13:31:48.879644 18219 ts_tablet_manager.cc:531] Time spent load tablet metadata: real 0.000s	user 0.000s	sys 0.000s
I20260601 13:31:48.879724 18219 ts_tablet_manager.cc:616] Registered 0 tablets
I20260601 13:31:48.879776 18219 ts_tablet_manager.cc:595] Time spent register tablets: real 0.000s	user 0.000s	sys 0.000s
I20260601 13:31:48.884313 18219 rpc_server.cc:307] RPC server started. Bound to: 127.17.202.193:45235
I20260601 13:31:48.884984 22003 acceptor_pool.cc:272] collecting diagnostics on the listening RPC socket 127.17.202.193:45235 every 8 connection(s)
I20260601 13:31:48.885604 18219 file_cache.cc:492] Constructed file cache file cache with capacity 419430
W20260601 13:31:48.887466 22008 instance_detector.cc:116] could not retrieve AWS instance metadata: Network error: curl error: HTTP response code said error: The requested URL returned error: 404
W20260601 13:31:48.887475 22009 instance_detector.cc:116] could not retrieve Azure instance metadata: Network error: curl error: HTTP response code said error: The requested URL returned error: 404
I20260601 13:31:48.887791 18219 server_base.cc:1061] running on GCE node
W20260601 13:31:48.887925 22011 instance_detector.cc:116] could not retrieve OpenStack instance metadata: Network error: curl error: HTTP response code said error: The requested URL returned error: 404
I20260601 13:31:48.888156 18219 hybrid_clock.cc:584] initializing the hybrid clock with 'system_unsync' time source
W20260601 13:31:48.888217 18219 system_unsync_time.cc:38] NTP support is disabled. Clock error bounds will not be accurate. This configuration is not suitable for distributed clusters.
I20260601 13:31:48.888250 18219 hybrid_clock.cc:648] HybridClock initialized: now 1780320708888250 us; error 0 us; skew 500 ppm
I20260601 13:31:48.889284 18219 webserver.cc:533] Webserver started at http://127.17.202.194:45399/ using document root <none> and password file <none>
I20260601 13:31:48.889470 18219 fs_manager.cc:362] Metadata directory not provided
I20260601 13:31:48.889578 18219 fs_manager.cc:368] Using write-ahead log directory (fs_wal_dir) as metadata directory
I20260601 13:31:48.889665 18219 server_base.cc:909] This appears to be a new deployment of Kudu; creating new FS layout
I20260601 13:31:48.890146 18219 fs_manager.cc:1068] Generated new instance metadata in path /tmp/dist-test-task3z_E5e/test-tmp/auto_rebalancer-test.0.AutoRebalancerTest.NoReplicaMovesIfLocationLoadSkewedByOne.1780320625301330-18219-0/minicluster-data/ts-1-root/instance:
uuid: "13c2fb32099f449c8755ac3056f0b21d"
format_stamp: "Formatted at 2026-06-01 13:31:48 on dist-test-slave-h0d8"
I20260601 13:31:48.891145 22004 heartbeater.cc:344] Connected to a master server at 127.17.202.254:33885
I20260601 13:31:48.891251 22004 heartbeater.cc:461] Registering TS with master...
I20260601 13:31:48.891492 22004 heartbeater.cc:507] Master 127.17.202.254:33885 requested a full tablet report, sending...
I20260601 13:31:48.891896 18219 fs_manager.cc:696] Time spent creating directory manager: real 0.001s	user 0.000s	sys 0.002s
I20260601 13:31:48.892203 21875 ts_manager.cc:194] Registered new tserver with Master: f40c0c45293e44748016aedb45909420 (127.17.202.193:45235)
I20260601 13:31:48.892972 22016 log_block_manager.cc:4031] Time spent loading block containers with low live blocks: real 0.000s	user 0.000s	sys 0.000s
I20260601 13:31:48.893057 21875 master_service.cc:502] Signed X509 certificate for tserver {username='slave'} at 127.0.0.1:34654
I20260601 13:31:48.893244 18219 fs_manager.cc:730] Time spent opening block manager: real 0.001s	user 0.000s	sys 0.001s
I20260601 13:31:48.893316 18219 fs_manager.cc:647] Opened local filesystem: /tmp/dist-test-task3z_E5e/test-tmp/auto_rebalancer-test.0.AutoRebalancerTest.NoReplicaMovesIfLocationLoadSkewedByOne.1780320625301330-18219-0/minicluster-data/ts-1-root
uuid: "13c2fb32099f449c8755ac3056f0b21d"
format_stamp: "Formatted at 2026-06-01 13:31:48 on dist-test-slave-h0d8"
I20260601 13:31:48.893404 18219 fs_report.cc:389] FS layout report
--------------------
wal directory: /tmp/dist-test-task3z_E5e/test-tmp/auto_rebalancer-test.0.AutoRebalancerTest.NoReplicaMovesIfLocationLoadSkewedByOne.1780320625301330-18219-0/minicluster-data/ts-1-root
metadata directory: /tmp/dist-test-task3z_E5e/test-tmp/auto_rebalancer-test.0.AutoRebalancerTest.NoReplicaMovesIfLocationLoadSkewedByOne.1780320625301330-18219-0/minicluster-data/ts-1-root
1 data directories: /tmp/dist-test-task3z_E5e/test-tmp/auto_rebalancer-test.0.AutoRebalancerTest.NoReplicaMovesIfLocationLoadSkewedByOne.1780320625301330-18219-0/minicluster-data/ts-1-root/data
Total live blocks: 0
Total live bytes: 0
Total live bytes (after alignment): 0
Total number of LBM containers: 0 (0 full)
Did not check for missing blocks
Did not check for orphaned blocks
Total full LBM containers with extra space: 0 (0 repaired)
Total full LBM container extra space in bytes: 0 (0 repaired)
Total incomplete LBM containers: 0 (0 repaired)
Total LBM partial records: 0 (0 repaired)
Total corrupted LBM metadata records in RocksDB: 0 (0 repaired)
I20260601 13:31:48.908569 18219 rpc_server.cc:225] running with OpenSSL 1.1.1  11 Sep 2018
I20260601 13:31:48.909123 18219 kserver.cc:163] Server-wide thread pool size limit: 3276
I20260601 13:31:48.909464 18219 txn_system_client.cc:432] TxnSystemClient initialization is disabled...
I20260601 13:31:48.909991 18219 ts_tablet_manager.cc:585] Loaded tablet metadata (0 total tablets, 0 live tablets)
I20260601 13:31:48.910056 18219 ts_tablet_manager.cc:531] Time spent load tablet metadata: real 0.000s	user 0.000s	sys 0.000s
I20260601 13:31:48.910122 18219 ts_tablet_manager.cc:616] Registered 0 tablets
I20260601 13:31:48.910175 18219 ts_tablet_manager.cc:595] Time spent register tablets: real 0.000s	user 0.000s	sys 0.000s
I20260601 13:31:48.914302 18219 rpc_server.cc:307] RPC server started. Bound to: 127.17.202.194:37101
I20260601 13:31:48.914376 22079 acceptor_pool.cc:272] collecting diagnostics on the listening RPC socket 127.17.202.194:37101 every 8 connection(s)
I20260601 13:31:48.915184 18219 file_cache.cc:492] Constructed file cache file cache with capacity 419430
W20260601 13:31:48.917112 22083 instance_detector.cc:116] could not retrieve AWS instance metadata: Network error: curl error: HTTP response code said error: The requested URL returned error: 404
W20260601 13:31:48.917167 22086 instance_detector.cc:116] could not retrieve OpenStack instance metadata: Network error: curl error: HTTP response code said error: The requested URL returned error: 404
W20260601 13:31:48.917393 22084 instance_detector.cc:116] could not retrieve Azure instance metadata: Network error: curl error: HTTP response code said error: The requested URL returned error: 404
I20260601 13:31:48.917439 18219 server_base.cc:1061] running on GCE node
I20260601 13:31:48.917680 18219 hybrid_clock.cc:584] initializing the hybrid clock with 'system_unsync' time source
W20260601 13:31:48.917721 18219 system_unsync_time.cc:38] NTP support is disabled. Clock error bounds will not be accurate. This configuration is not suitable for distributed clusters.
I20260601 13:31:48.917737 18219 hybrid_clock.cc:648] HybridClock initialized: now 1780320708917736 us; error 0 us; skew 500 ppm
I20260601 13:31:48.918723 18219 webserver.cc:533] Webserver started at http://127.17.202.195:35409/ using document root <none> and password file <none>
I20260601 13:31:48.918911 18219 fs_manager.cc:362] Metadata directory not provided
I20260601 13:31:48.918980 18219 fs_manager.cc:368] Using write-ahead log directory (fs_wal_dir) as metadata directory
I20260601 13:31:48.919062 18219 server_base.cc:909] This appears to be a new deployment of Kudu; creating new FS layout
I20260601 13:31:48.919494 18219 fs_manager.cc:1068] Generated new instance metadata in path /tmp/dist-test-task3z_E5e/test-tmp/auto_rebalancer-test.0.AutoRebalancerTest.NoReplicaMovesIfLocationLoadSkewedByOne.1780320625301330-18219-0/minicluster-data/ts-2-root/instance:
uuid: "87b6641049ae46898db7ff190f38ed8c"
format_stamp: "Formatted at 2026-06-01 13:31:48 on dist-test-slave-h0d8"
I20260601 13:31:48.919792 22080 heartbeater.cc:344] Connected to a master server at 127.17.202.254:33885
I20260601 13:31:48.919905 22080 heartbeater.cc:461] Registering TS with master...
I20260601 13:31:48.920132 22080 heartbeater.cc:507] Master 127.17.202.254:33885 requested a full tablet report, sending...
I20260601 13:31:48.920819 21875 ts_manager.cc:194] Registered new tserver with Master: 13c2fb32099f449c8755ac3056f0b21d (127.17.202.194:37101)
I20260601 13:31:48.921344 18219 fs_manager.cc:696] Time spent creating directory manager: real 0.002s	user 0.002s	sys 0.000s
I20260601 13:31:48.921571 21875 master_service.cc:502] Signed X509 certificate for tserver {username='slave'} at 127.0.0.1:34660
I20260601 13:31:48.922446 22091 log_block_manager.cc:4031] Time spent loading block containers with low live blocks: real 0.000s	user 0.000s	sys 0.000s
I20260601 13:31:48.922711 18219 fs_manager.cc:730] Time spent opening block manager: real 0.001s	user 0.001s	sys 0.000s
I20260601 13:31:48.922801 18219 fs_manager.cc:647] Opened local filesystem: /tmp/dist-test-task3z_E5e/test-tmp/auto_rebalancer-test.0.AutoRebalancerTest.NoReplicaMovesIfLocationLoadSkewedByOne.1780320625301330-18219-0/minicluster-data/ts-2-root
uuid: "87b6641049ae46898db7ff190f38ed8c"
format_stamp: "Formatted at 2026-06-01 13:31:48 on dist-test-slave-h0d8"
I20260601 13:31:48.922894 18219 fs_report.cc:389] FS layout report
--------------------
wal directory: /tmp/dist-test-task3z_E5e/test-tmp/auto_rebalancer-test.0.AutoRebalancerTest.NoReplicaMovesIfLocationLoadSkewedByOne.1780320625301330-18219-0/minicluster-data/ts-2-root
metadata directory: /tmp/dist-test-task3z_E5e/test-tmp/auto_rebalancer-test.0.AutoRebalancerTest.NoReplicaMovesIfLocationLoadSkewedByOne.1780320625301330-18219-0/minicluster-data/ts-2-root
1 data directories: /tmp/dist-test-task3z_E5e/test-tmp/auto_rebalancer-test.0.AutoRebalancerTest.NoReplicaMovesIfLocationLoadSkewedByOne.1780320625301330-18219-0/minicluster-data/ts-2-root/data
Total live blocks: 0
Total live bytes: 0
Total live bytes (after alignment): 0
Total number of LBM containers: 0 (0 full)
Did not check for missing blocks
Did not check for orphaned blocks
Total full LBM containers with extra space: 0 (0 repaired)
Total full LBM container extra space in bytes: 0 (0 repaired)
Total incomplete LBM containers: 0 (0 repaired)
Total LBM partial records: 0 (0 repaired)
Total corrupted LBM metadata records in RocksDB: 0 (0 repaired)
I20260601 13:31:48.931439 18219 rpc_server.cc:225] running with OpenSSL 1.1.1  11 Sep 2018
I20260601 13:31:48.931931 18219 kserver.cc:163] Server-wide thread pool size limit: 3276
I20260601 13:31:48.932264 18219 txn_system_client.cc:432] TxnSystemClient initialization is disabled...
I20260601 13:31:48.932777 18219 ts_tablet_manager.cc:585] Loaded tablet metadata (0 total tablets, 0 live tablets)
I20260601 13:31:48.932839 18219 ts_tablet_manager.cc:531] Time spent load tablet metadata: real 0.000s	user 0.000s	sys 0.000s
I20260601 13:31:48.932925 18219 ts_tablet_manager.cc:616] Registered 0 tablets
I20260601 13:31:48.932961 18219 ts_tablet_manager.cc:595] Time spent register tablets: real 0.000s	user 0.000s	sys 0.000s
I20260601 13:31:48.937057 18219 rpc_server.cc:307] RPC server started. Bound to: 127.17.202.195:37499
I20260601 13:31:48.937114 22154 acceptor_pool.cc:272] collecting diagnostics on the listening RPC socket 127.17.202.195:37499 every 8 connection(s)
I20260601 13:31:48.937945 18219 file_cache.cc:492] Constructed file cache file cache with capacity 419430
W20260601 13:31:48.939890 22158 instance_detector.cc:116] could not retrieve AWS instance metadata: Network error: curl error: HTTP response code said error: The requested URL returned error: 404
W20260601 13:31:48.940037 22159 instance_detector.cc:116] could not retrieve Azure instance metadata: Network error: curl error: HTTP response code said error: The requested URL returned error: 404
W20260601 13:31:48.940186 22161 instance_detector.cc:116] could not retrieve OpenStack instance metadata: Network error: curl error: HTTP response code said error: The requested URL returned error: 404
I20260601 13:31:48.940795 18219 server_base.cc:1061] running on GCE node
I20260601 13:31:48.941037 18219 hybrid_clock.cc:584] initializing the hybrid clock with 'system_unsync' time source
W20260601 13:31:48.941108 18219 system_unsync_time.cc:38] NTP support is disabled. Clock error bounds will not be accurate. This configuration is not suitable for distributed clusters.
I20260601 13:31:48.941143 18219 hybrid_clock.cc:648] HybridClock initialized: now 1780320708941142 us; error 0 us; skew 500 ppm
I20260601 13:31:48.942042 18219 webserver.cc:533] Webserver started at http://127.17.202.196:34575/ using document root <none> and password file <none>
I20260601 13:31:48.942214 18219 fs_manager.cc:362] Metadata directory not provided
I20260601 13:31:48.942284 18219 fs_manager.cc:368] Using write-ahead log directory (fs_wal_dir) as metadata directory
I20260601 13:31:48.942387 18219 server_base.cc:909] This appears to be a new deployment of Kudu; creating new FS layout
I20260601 13:31:48.942492 22155 heartbeater.cc:344] Connected to a master server at 127.17.202.254:33885
I20260601 13:31:48.942585 22155 heartbeater.cc:461] Registering TS with master...
I20260601 13:31:48.942830 22155 heartbeater.cc:507] Master 127.17.202.254:33885 requested a full tablet report, sending...
I20260601 13:31:48.942867 18219 fs_manager.cc:1068] Generated new instance metadata in path /tmp/dist-test-task3z_E5e/test-tmp/auto_rebalancer-test.0.AutoRebalancerTest.NoReplicaMovesIfLocationLoadSkewedByOne.1780320625301330-18219-0/minicluster-data/ts-3-root/instance:
uuid: "b6ca6cde246748f7833436b70091b8e8"
format_stamp: "Formatted at 2026-06-01 13:31:48 on dist-test-slave-h0d8"
I20260601 13:31:48.943511 21875 ts_manager.cc:194] Registered new tserver with Master: 87b6641049ae46898db7ff190f38ed8c (127.17.202.195:37499)
I20260601 13:31:48.944078 21875 master_service.cc:502] Signed X509 certificate for tserver {username='slave'} at 127.0.0.1:34674
I20260601 13:31:48.944681 18219 fs_manager.cc:696] Time spent creating directory manager: real 0.002s	user 0.000s	sys 0.002s
I20260601 13:31:48.945724 22166 log_block_manager.cc:4031] Time spent loading block containers with low live blocks: real 0.000s	user 0.000s	sys 0.000s
I20260601 13:31:48.945978 18219 fs_manager.cc:730] Time spent opening block manager: real 0.001s	user 0.001s	sys 0.000s
I20260601 13:31:48.946041 18219 fs_manager.cc:647] Opened local filesystem: /tmp/dist-test-task3z_E5e/test-tmp/auto_rebalancer-test.0.AutoRebalancerTest.NoReplicaMovesIfLocationLoadSkewedByOne.1780320625301330-18219-0/minicluster-data/ts-3-root
uuid: "b6ca6cde246748f7833436b70091b8e8"
format_stamp: "Formatted at 2026-06-01 13:31:48 on dist-test-slave-h0d8"
I20260601 13:31:48.946142 18219 fs_report.cc:389] FS layout report
--------------------
wal directory: /tmp/dist-test-task3z_E5e/test-tmp/auto_rebalancer-test.0.AutoRebalancerTest.NoReplicaMovesIfLocationLoadSkewedByOne.1780320625301330-18219-0/minicluster-data/ts-3-root
metadata directory: /tmp/dist-test-task3z_E5e/test-tmp/auto_rebalancer-test.0.AutoRebalancerTest.NoReplicaMovesIfLocationLoadSkewedByOne.1780320625301330-18219-0/minicluster-data/ts-3-root
1 data directories: /tmp/dist-test-task3z_E5e/test-tmp/auto_rebalancer-test.0.AutoRebalancerTest.NoReplicaMovesIfLocationLoadSkewedByOne.1780320625301330-18219-0/minicluster-data/ts-3-root/data
Total live blocks: 0
Total live bytes: 0
Total live bytes (after alignment): 0
Total number of LBM containers: 0 (0 full)
Did not check for missing blocks
Did not check for orphaned blocks
Total full LBM containers with extra space: 0 (0 repaired)
Total full LBM container extra space in bytes: 0 (0 repaired)
Total incomplete LBM containers: 0 (0 repaired)
Total LBM partial records: 0 (0 repaired)
Total corrupted LBM metadata records in RocksDB: 0 (0 repaired)
I20260601 13:31:48.955889 18219 rpc_server.cc:225] running with OpenSSL 1.1.1  11 Sep 2018
I20260601 13:31:48.956390 18219 kserver.cc:163] Server-wide thread pool size limit: 3276
I20260601 13:31:48.956724 18219 txn_system_client.cc:432] TxnSystemClient initialization is disabled...
I20260601 13:31:48.957295 18219 ts_tablet_manager.cc:585] Loaded tablet metadata (0 total tablets, 0 live tablets)
I20260601 13:31:48.957367 18219 ts_tablet_manager.cc:531] Time spent load tablet metadata: real 0.000s	user 0.000s	sys 0.000s
I20260601 13:31:48.957430 18219 ts_tablet_manager.cc:616] Registered 0 tablets
I20260601 13:31:48.957466 18219 ts_tablet_manager.cc:595] Time spent register tablets: real 0.000s	user 0.000s	sys 0.000s
I20260601 13:31:48.962380 18219 rpc_server.cc:307] RPC server started. Bound to: 127.17.202.196:45981
I20260601 13:31:48.962430 22229 acceptor_pool.cc:272] collecting diagnostics on the listening RPC socket 127.17.202.196:45981 every 8 connection(s)
I20260601 13:31:48.967355 22230 heartbeater.cc:344] Connected to a master server at 127.17.202.254:33885
I20260601 13:31:48.967497 22230 heartbeater.cc:461] Registering TS with master...
I20260601 13:31:48.967761 22230 heartbeater.cc:507] Master 127.17.202.254:33885 requested a full tablet report, sending...
I20260601 13:31:48.968390 21875 ts_manager.cc:194] Registered new tserver with Master: b6ca6cde246748f7833436b70091b8e8 (127.17.202.196:45981)
I20260601 13:31:48.968657 18219 internal_mini_cluster.cc:371] 4 TS(s) registered with all masters after 0.005621379s
I20260601 13:31:48.969008 21875 master_service.cc:502] Signed X509 certificate for tserver {username='slave'} at 127.0.0.1:34684
I20260601 13:31:49.894083 22004 heartbeater.cc:499] Master 127.17.202.254:33885 was elected leader, sending a full tablet report...
I20260601 13:31:49.922660 22080 heartbeater.cc:499] Master 127.17.202.254:33885 was elected leader, sending a full tablet report...
I20260601 13:31:49.945127 22155 heartbeater.cc:499] Master 127.17.202.254:33885 was elected leader, sending a full tablet report...
I20260601 13:31:49.970129 22230 heartbeater.cc:499] Master 127.17.202.254:33885 was elected leader, sending a full tablet report...
I20260601 13:31:50.007990 21875 catalog_manager.cc:2282] Servicing CreateTable request from {username='slave'} at 127.0.0.1:34702:
name: "test-workload"
schema {
  columns {
    name: "key"
    type: INT32
    is_key: true
    is_nullable: false
    encoding: AUTO_ENCODING
    compression: DEFAULT_COMPRESSION
    cfile_block_size: 0
    immutable: false
  }
  columns {
    name: "int_val"
    type: INT32
    is_key: false
    is_nullable: false
    encoding: AUTO_ENCODING
    compression: DEFAULT_COMPRESSION
    cfile_block_size: 0
    immutable: false
  }
  columns {
    name: "string_val"
    type: STRING
    is_key: false
    is_nullable: true
    encoding: AUTO_ENCODING
    compression: DEFAULT_COMPRESSION
    cfile_block_size: 0
    immutable: false
  }
}
num_replicas: 3
split_rows_range_bounds {
}
partition_schema {
  range_schema {
    columns {
      name: "key"
    }
  }
}
I20260601 13:31:50.018828 22044 tablet_service.cc:1511] Processing CreateTablet for tablet b0db21eaf7254b70b1a14a148a35d756 (DEFAULT_TABLE table=test-workload [id=45345cba43a144c7b60387c66a83b22c]), partition=RANGE (key) PARTITION UNBOUNDED
I20260601 13:31:50.019100 22194 tablet_service.cc:1511] Processing CreateTablet for tablet b0db21eaf7254b70b1a14a148a35d756 (DEFAULT_TABLE table=test-workload [id=45345cba43a144c7b60387c66a83b22c]), partition=RANGE (key) PARTITION UNBOUNDED
I20260601 13:31:50.019194 22044 data_dirs.cc:400] Could only allocate 1 dirs of requested 3 for tablet b0db21eaf7254b70b1a14a148a35d756. 1 dirs total, 0 dirs full, 0 dirs failed
I20260601 13:31:50.019145 21968 tablet_service.cc:1511] Processing CreateTablet for tablet b0db21eaf7254b70b1a14a148a35d756 (DEFAULT_TABLE table=test-workload [id=45345cba43a144c7b60387c66a83b22c]), partition=RANGE (key) PARTITION UNBOUNDED
I20260601 13:31:50.019309 22194 data_dirs.cc:400] Could only allocate 1 dirs of requested 3 for tablet b0db21eaf7254b70b1a14a148a35d756. 1 dirs total, 0 dirs full, 0 dirs failed
I20260601 13:31:50.019402 21968 data_dirs.cc:400] Could only allocate 1 dirs of requested 3 for tablet b0db21eaf7254b70b1a14a148a35d756. 1 dirs total, 0 dirs full, 0 dirs failed
I20260601 13:31:50.021528 22251 tablet_bootstrap.cc:492] T b0db21eaf7254b70b1a14a148a35d756 P b6ca6cde246748f7833436b70091b8e8: Bootstrap starting.
I20260601 13:31:50.021955 22252 tablet_bootstrap.cc:492] T b0db21eaf7254b70b1a14a148a35d756 P f40c0c45293e44748016aedb45909420: Bootstrap starting.
I20260601 13:31:50.022588 22251 tablet_bootstrap.cc:654] T b0db21eaf7254b70b1a14a148a35d756 P b6ca6cde246748f7833436b70091b8e8: Neither blocks nor log segments found. Creating new log.
I20260601 13:31:50.022939 22252 tablet_bootstrap.cc:654] T b0db21eaf7254b70b1a14a148a35d756 P f40c0c45293e44748016aedb45909420: Neither blocks nor log segments found. Creating new log.
I20260601 13:31:50.023759 22253 tablet_bootstrap.cc:492] T b0db21eaf7254b70b1a14a148a35d756 P 13c2fb32099f449c8755ac3056f0b21d: Bootstrap starting.
I20260601 13:31:50.023859 22251 tablet_bootstrap.cc:492] T b0db21eaf7254b70b1a14a148a35d756 P b6ca6cde246748f7833436b70091b8e8: No bootstrap required, opened a new log
I20260601 13:31:50.023977 22251 ts_tablet_manager.cc:1403] T b0db21eaf7254b70b1a14a148a35d756 P b6ca6cde246748f7833436b70091b8e8: Time spent bootstrapping tablet: real 0.003s	user 0.002s	sys 0.000s
I20260601 13:31:50.024099 22252 tablet_bootstrap.cc:492] T b0db21eaf7254b70b1a14a148a35d756 P f40c0c45293e44748016aedb45909420: No bootstrap required, opened a new log
I20260601 13:31:50.024199 22252 ts_tablet_manager.cc:1403] T b0db21eaf7254b70b1a14a148a35d756 P f40c0c45293e44748016aedb45909420: Time spent bootstrapping tablet: real 0.002s	user 0.002s	sys 0.000s
I20260601 13:31:50.024452 22251 raft_consensus.cc:359] T b0db21eaf7254b70b1a14a148a35d756 P b6ca6cde246748f7833436b70091b8e8 [term 0 FOLLOWER]: Replica starting. Triggering 0 pending ops. Active config: opid_index: -1 OBSOLETE_local: false peers { permanent_uuid: "13c2fb32099f449c8755ac3056f0b21d" member_type: VOTER last_known_addr { host: "127.17.202.194" port: 37101 } } peers { permanent_uuid: "f40c0c45293e44748016aedb45909420" member_type: VOTER last_known_addr { host: "127.17.202.193" port: 45235 } } peers { permanent_uuid: "b6ca6cde246748f7833436b70091b8e8" member_type: VOTER last_known_addr { host: "127.17.202.196" port: 45981 } }
I20260601 13:31:50.024631 22251 raft_consensus.cc:385] T b0db21eaf7254b70b1a14a148a35d756 P b6ca6cde246748f7833436b70091b8e8 [term 0 FOLLOWER]: Consensus starting up: Expiring failure detector timer to make a prompt election more likely
I20260601 13:31:50.024690 22251 raft_consensus.cc:740] T b0db21eaf7254b70b1a14a148a35d756 P b6ca6cde246748f7833436b70091b8e8 [term 0 FOLLOWER]: Becoming Follower/Learner. State: Replica: b6ca6cde246748f7833436b70091b8e8, State: Initialized, Role: FOLLOWER
I20260601 13:31:50.024818 22252 raft_consensus.cc:359] T b0db21eaf7254b70b1a14a148a35d756 P f40c0c45293e44748016aedb45909420 [term 0 FOLLOWER]: Replica starting. Triggering 0 pending ops. Active config: opid_index: -1 OBSOLETE_local: false peers { permanent_uuid: "13c2fb32099f449c8755ac3056f0b21d" member_type: VOTER last_known_addr { host: "127.17.202.194" port: 37101 } } peers { permanent_uuid: "f40c0c45293e44748016aedb45909420" member_type: VOTER last_known_addr { host: "127.17.202.193" port: 45235 } } peers { permanent_uuid: "b6ca6cde246748f7833436b70091b8e8" member_type: VOTER last_known_addr { host: "127.17.202.196" port: 45981 } }
