I20260601 13:21:12.775760 17438 raft_consensus.cc:2243] T 00000000000000000000000000000000 P b444b5cc760841c98d52998378850052 [term 3 FOLLOWER]: Raft consensus shutting down.
I20260601 13:21:12.775939 17438 raft_consensus.cc:2272] T 00000000000000000000000000000000 P b444b5cc760841c98d52998378850052 [term 3 FOLLOWER]: Raft consensus is shut down!
I20260601 13:21:12.776029 17438 tablet_replica.cc:333] T 00000000000000000000000000000000 P b444b5cc760841c98d52998378850052: stopping tablet replica
I20260601 13:21:12.788749 17438 master.cc:584] Master@127.17.7.188:41947 shutdown complete.
[       OK ] AutoRebalancerTest.NextLeaderResumesAutoRebalancing (6644 ms)
[ RUN      ] AutoRebalancerTest.MovesScheduledIfAddTserver
I20260601 13:21:12.796239 17438 internal_mini_cluster.cc:156] Creating distributed mini masters. Addrs: 127.17.7.190:46275
I20260601 13:21:12.796617 17438 file_cache.cc:492] Constructed file cache file cache with capacity 419430
W20260601 13:21:12.799053 19063 instance_detector.cc:116] could not retrieve OpenStack instance metadata: Network error: curl error: HTTP response code said error: The requested URL returned error: 404
W20260601 13:21:12.799064 19060 instance_detector.cc:116] could not retrieve AWS instance metadata: Network error: curl error: HTTP response code said error: The requested URL returned error: 404
W20260601 13:21:12.799075 19061 instance_detector.cc:116] could not retrieve Azure instance metadata: Network error: curl error: HTTP response code said error: The requested URL returned error: 404
I20260601 13:21:12.799072 17438 server_base.cc:1061] running on GCE node
I20260601 13:21:12.799525 17438 hybrid_clock.cc:584] initializing the hybrid clock with 'system_unsync' time source
W20260601 13:21:12.799568 17438 system_unsync_time.cc:38] NTP support is disabled. Clock error bounds will not be accurate. This configuration is not suitable for distributed clusters.
I20260601 13:21:12.799583 17438 hybrid_clock.cc:648] HybridClock initialized: now 1780320072799583 us; error 0 us; skew 500 ppm
I20260601 13:21:12.800321 17438 webserver.cc:533] Webserver started at http://127.17.7.190:39315/ using document root <none> and password file <none>
I20260601 13:21:12.800453 17438 fs_manager.cc:362] Metadata directory not provided
I20260601 13:21:12.800520 17438 fs_manager.cc:368] Using write-ahead log directory (fs_wal_dir) as metadata directory
I20260601 13:21:12.800578 17438 server_base.cc:909] This appears to be a new deployment of Kudu; creating new FS layout
I20260601 13:21:12.800944 17438 fs_manager.cc:1068] Generated new instance metadata in path /tmp/dist-test-taskCGQdIK/test-tmp/auto_rebalancer-test.0.AutoRebalancerTest.MovesScheduledIfAddTserver.1780320055940734-17438-0/minicluster-data/master-0-root/instance:
uuid: "97ae1a8cebf44296a19686368a02e35a"
format_stamp: "Formatted at 2026-06-01 13:21:12 on dist-test-slave-8n6g"
I20260601 13:21:12.802309 17438 fs_manager.cc:696] Time spent creating directory manager: real 0.001s	user 0.001s	sys 0.000s
I20260601 13:21:12.803268 19068 log_block_manager.cc:4031] Time spent loading block containers with low live blocks: real 0.000s	user 0.000s	sys 0.000s
I20260601 13:21:12.803520 17438 fs_manager.cc:730] Time spent opening block manager: real 0.001s	user 0.001s	sys 0.000s
I20260601 13:21:12.803606 17438 fs_manager.cc:647] Opened local filesystem: /tmp/dist-test-taskCGQdIK/test-tmp/auto_rebalancer-test.0.AutoRebalancerTest.MovesScheduledIfAddTserver.1780320055940734-17438-0/minicluster-data/master-0-root
uuid: "97ae1a8cebf44296a19686368a02e35a"
format_stamp: "Formatted at 2026-06-01 13:21:12 on dist-test-slave-8n6g"
I20260601 13:21:12.803694 17438 fs_report.cc:389] FS layout report
--------------------
wal directory: /tmp/dist-test-taskCGQdIK/test-tmp/auto_rebalancer-test.0.AutoRebalancerTest.MovesScheduledIfAddTserver.1780320055940734-17438-0/minicluster-data/master-0-root
metadata directory: /tmp/dist-test-taskCGQdIK/test-tmp/auto_rebalancer-test.0.AutoRebalancerTest.MovesScheduledIfAddTserver.1780320055940734-17438-0/minicluster-data/master-0-root
1 data directories: /tmp/dist-test-taskCGQdIK/test-tmp/auto_rebalancer-test.0.AutoRebalancerTest.MovesScheduledIfAddTserver.1780320055940734-17438-0/minicluster-data/master-0-root/data
Total live blocks: 0
Total live bytes: 0
Total live bytes (after alignment): 0
Total number of LBM containers: 0 (0 full)
Did not check for missing blocks
Did not check for orphaned blocks
Total full LBM containers with extra space: 0 (0 repaired)
Total full LBM container extra space in bytes: 0 (0 repaired)
Total incomplete LBM containers: 0 (0 repaired)
Total LBM partial records: 0 (0 repaired)
Total corrupted LBM metadata records in RocksDB: 0 (0 repaired)
I20260601 13:21:12.832520 17438 rpc_server.cc:225] running with OpenSSL 1.1.1  11 Sep 2018
I20260601 13:21:12.832952 17438 kserver.cc:163] Server-wide thread pool size limit: 3276
I20260601 13:21:12.837146 17438 rpc_server.cc:307] RPC server started. Bound to: 127.17.7.190:46275
I20260601 13:21:12.840229 19120 acceptor_pool.cc:272] collecting diagnostics on the listening RPC socket 127.17.7.190:46275 every 8 connection(s)
I20260601 13:21:12.840655 19121 data_dirs.cc:400] Could only allocate 1 dirs of requested 3 for tablet 00000000000000000000000000000000. 1 dirs total, 0 dirs full, 0 dirs failed
I20260601 13:21:12.842334 19121 tablet_bootstrap.cc:492] T 00000000000000000000000000000000 P 97ae1a8cebf44296a19686368a02e35a: Bootstrap starting.
I20260601 13:21:12.843158 19121 tablet_bootstrap.cc:654] T 00000000000000000000000000000000 P 97ae1a8cebf44296a19686368a02e35a: Neither blocks nor log segments found. Creating new log.
I20260601 13:21:12.844111 19121 tablet_bootstrap.cc:492] T 00000000000000000000000000000000 P 97ae1a8cebf44296a19686368a02e35a: No bootstrap required, opened a new log
I20260601 13:21:12.844460 19121 raft_consensus.cc:359] T 00000000000000000000000000000000 P 97ae1a8cebf44296a19686368a02e35a [term 0 FOLLOWER]: Replica starting. Triggering 0 pending ops. Active config: opid_index: -1 OBSOLETE_local: true peers { permanent_uuid: "97ae1a8cebf44296a19686368a02e35a" member_type: VOTER }
I20260601 13:21:12.844547 19121 raft_consensus.cc:385] T 00000000000000000000000000000000 P 97ae1a8cebf44296a19686368a02e35a [term 0 FOLLOWER]: Consensus starting up: Expiring failure detector timer to make a prompt election more likely
I20260601 13:21:12.844570 19121 raft_consensus.cc:740] T 00000000000000000000000000000000 P 97ae1a8cebf44296a19686368a02e35a [term 0 FOLLOWER]: Becoming Follower/Learner. State: Replica: 97ae1a8cebf44296a19686368a02e35a, State: Initialized, Role: FOLLOWER
I20260601 13:21:12.844702 19121 consensus_queue.cc:260] T 00000000000000000000000000000000 P 97ae1a8cebf44296a19686368a02e35a [NON_LEADER]: Queue going to NON_LEADER mode. State: All replicated index: 0, Majority replicated index: 0, Committed index: 0, Last appended: 0.0, Last appended by leader: 0, Current term: 0, Majority size: -1, State: 0, Mode: NON_LEADER, active raft config: opid_index: -1 OBSOLETE_local: true peers { permanent_uuid: "97ae1a8cebf44296a19686368a02e35a" member_type: VOTER }
I20260601 13:21:12.844785 19121 raft_consensus.cc:399] T 00000000000000000000000000000000 P 97ae1a8cebf44296a19686368a02e35a [term 0 FOLLOWER]: Only one voter in the Raft config. Triggering election immediately
I20260601 13:21:12.844810 19121 raft_consensus.cc:493] T 00000000000000000000000000000000 P 97ae1a8cebf44296a19686368a02e35a [term 0 FOLLOWER]: Starting leader election (initial election of a single-replica configuration)
I20260601 13:21:12.844851 19121 raft_consensus.cc:3060] T 00000000000000000000000000000000 P 97ae1a8cebf44296a19686368a02e35a [term 0 FOLLOWER]: Advancing to term 1
I20260601 13:21:12.845481 19121 raft_consensus.cc:515] T 00000000000000000000000000000000 P 97ae1a8cebf44296a19686368a02e35a [term 1 FOLLOWER]: Starting leader election with config: opid_index: -1 OBSOLETE_local: true peers { permanent_uuid: "97ae1a8cebf44296a19686368a02e35a" member_type: VOTER }
I20260601 13:21:12.845584 19121 leader_election.cc:304] T 00000000000000000000000000000000 P 97ae1a8cebf44296a19686368a02e35a [CANDIDATE]: Term 1 election: Election decided. Result: candidate won. Election summary: received 1 responses out of 1 voters: 1 yes votes; 0 no votes. yes voters: 97ae1a8cebf44296a19686368a02e35a; no voters: 
I20260601 13:21:12.845714 19121 leader_election.cc:290] T 00000000000000000000000000000000 P 97ae1a8cebf44296a19686368a02e35a [CANDIDATE]: Term 1 election: Requested vote from peers 
I20260601 13:21:12.845865 19124 raft_consensus.cc:2804] T 00000000000000000000000000000000 P 97ae1a8cebf44296a19686368a02e35a [term 1 FOLLOWER]: Leader election won for term 1
I20260601 13:21:12.846055 19124 raft_consensus.cc:697] T 00000000000000000000000000000000 P 97ae1a8cebf44296a19686368a02e35a [term 1 LEADER]: Becoming Leader. State: Replica: 97ae1a8cebf44296a19686368a02e35a, State: Running, Role: LEADER
I20260601 13:21:12.846186 19121 sys_catalog.cc:565] T 00000000000000000000000000000000 P 97ae1a8cebf44296a19686368a02e35a [sys.catalog]: configured and running, proceeding with master startup.
I20260601 13:21:12.846203 19124 consensus_queue.cc:237] T 00000000000000000000000000000000 P 97ae1a8cebf44296a19686368a02e35a [LEADER]: Queue going to LEADER mode. State: All replicated index: 0, Majority replicated index: 0, Committed index: 0, Last appended: 0.0, Last appended by leader: 0, Current term: 1, Majority size: 1, State: 0, Mode: LEADER, active raft config: opid_index: -1 OBSOLETE_local: true peers { permanent_uuid: "97ae1a8cebf44296a19686368a02e35a" member_type: VOTER }
I20260601 13:21:12.846702 19125 sys_catalog.cc:455] T 00000000000000000000000000000000 P 97ae1a8cebf44296a19686368a02e35a [sys.catalog]: SysCatalogTable state changed. Reason: RaftConsensus started. Latest consensus state: current_term: 1 leader_uuid: "97ae1a8cebf44296a19686368a02e35a" committed_config { opid_index: -1 OBSOLETE_local: true peers { permanent_uuid: "97ae1a8cebf44296a19686368a02e35a" member_type: VOTER } }
I20260601 13:21:12.846876 19125 sys_catalog.cc:458] T 00000000000000000000000000000000 P 97ae1a8cebf44296a19686368a02e35a [sys.catalog]: This master's current role is: LEADER
I20260601 13:21:12.846731 19126 sys_catalog.cc:455] T 00000000000000000000000000000000 P 97ae1a8cebf44296a19686368a02e35a [sys.catalog]: SysCatalogTable state changed. Reason: New leader 97ae1a8cebf44296a19686368a02e35a. Latest consensus state: current_term: 1 leader_uuid: "97ae1a8cebf44296a19686368a02e35a" committed_config { opid_index: -1 OBSOLETE_local: true peers { permanent_uuid: "97ae1a8cebf44296a19686368a02e35a" member_type: VOTER } }
I20260601 13:21:12.847002 19126 sys_catalog.cc:458] T 00000000000000000000000000000000 P 97ae1a8cebf44296a19686368a02e35a [sys.catalog]: This master's current role is: LEADER
I20260601 13:21:12.847443 19132 catalog_manager.cc:1510] Loading table and tablet metadata into memory...
I20260601 13:21:12.848210 19132 catalog_manager.cc:1519] Initializing Kudu cluster ID...
I20260601 13:21:12.848577 17438 internal_mini_cluster.cc:184] Waiting to initialize catalog manager on master 0
I20260601 13:21:12.850095 19132 catalog_manager.cc:1382] Generated new cluster ID: 345869498fe241599221e1a5667e852a
I20260601 13:21:12.850144 19132 catalog_manager.cc:1530] Initializing Kudu internal certificate authority...
I20260601 13:21:12.867666 19132 catalog_manager.cc:1405] Generated new certificate authority record
I20260601 13:21:12.868227 19132 catalog_manager.cc:1539] Loading token signing keys...
I20260601 13:21:12.874622 19132 catalog_manager.cc:6069] T 00000000000000000000000000000000 P 97ae1a8cebf44296a19686368a02e35a: Generated new TSK 0
I20260601 13:21:12.874835 19132 catalog_manager.cc:1549] Initializing in-progress tserver states...
I20260601 13:21:12.880837 17438 file_cache.cc:492] Constructed file cache file cache with capacity 419430
W20260601 13:21:12.883020 19145 instance_detector.cc:116] could not retrieve OpenStack instance metadata: Network error: curl error: HTTP response code said error: The requested URL returned error: 404
W20260601 13:21:12.883112 19142 instance_detector.cc:116] could not retrieve AWS instance metadata: Network error: curl error: HTTP response code said error: The requested URL returned error: 404
I20260601 13:21:12.883133 17438 server_base.cc:1061] running on GCE node
W20260601 13:21:12.883065 19143 instance_detector.cc:116] could not retrieve Azure instance metadata: Network error: curl error: HTTP response code said error: The requested URL returned error: 404
I20260601 13:21:12.883420 17438 hybrid_clock.cc:584] initializing the hybrid clock with 'system_unsync' time source
W20260601 13:21:12.883487 17438 system_unsync_time.cc:38] NTP support is disabled. Clock error bounds will not be accurate. This configuration is not suitable for distributed clusters.
I20260601 13:21:12.883548 17438 hybrid_clock.cc:648] HybridClock initialized: now 1780320072883546 us; error 0 us; skew 500 ppm
I20260601 13:21:12.884423 17438 webserver.cc:533] Webserver started at http://127.17.7.129:38547/ using document root <none> and password file <none>
I20260601 13:21:12.884620 17438 fs_manager.cc:362] Metadata directory not provided
I20260601 13:21:12.884691 17438 fs_manager.cc:368] Using write-ahead log directory (fs_wal_dir) as metadata directory
I20260601 13:21:12.884765 17438 server_base.cc:909] This appears to be a new deployment of Kudu; creating new FS layout
I20260601 13:21:12.885143 17438 fs_manager.cc:1068] Generated new instance metadata in path /tmp/dist-test-taskCGQdIK/test-tmp/auto_rebalancer-test.0.AutoRebalancerTest.MovesScheduledIfAddTserver.1780320055940734-17438-0/minicluster-data/ts-0-root/instance:
uuid: "204c6fec0b8341efb695afb27419ccbd"
format_stamp: "Formatted at 2026-06-01 13:21:12 on dist-test-slave-8n6g"
I20260601 13:21:12.886706 17438 fs_manager.cc:696] Time spent creating directory manager: real 0.001s	user 0.000s	sys 0.002s
I20260601 13:21:12.887725 19150 log_block_manager.cc:4031] Time spent loading block containers with low live blocks: real 0.000s	user 0.000s	sys 0.000s
I20260601 13:21:12.887939 17438 fs_manager.cc:730] Time spent opening block manager: real 0.001s	user 0.000s	sys 0.000s
I20260601 13:21:12.888022 17438 fs_manager.cc:647] Opened local filesystem: /tmp/dist-test-taskCGQdIK/test-tmp/auto_rebalancer-test.0.AutoRebalancerTest.MovesScheduledIfAddTserver.1780320055940734-17438-0/minicluster-data/ts-0-root
uuid: "204c6fec0b8341efb695afb27419ccbd"
format_stamp: "Formatted at 2026-06-01 13:21:12 on dist-test-slave-8n6g"
I20260601 13:21:12.888089 17438 fs_report.cc:389] FS layout report
--------------------
wal directory: /tmp/dist-test-taskCGQdIK/test-tmp/auto_rebalancer-test.0.AutoRebalancerTest.MovesScheduledIfAddTserver.1780320055940734-17438-0/minicluster-data/ts-0-root
metadata directory: /tmp/dist-test-taskCGQdIK/test-tmp/auto_rebalancer-test.0.AutoRebalancerTest.MovesScheduledIfAddTserver.1780320055940734-17438-0/minicluster-data/ts-0-root
1 data directories: /tmp/dist-test-taskCGQdIK/test-tmp/auto_rebalancer-test.0.AutoRebalancerTest.MovesScheduledIfAddTserver.1780320055940734-17438-0/minicluster-data/ts-0-root/data
Total live blocks: 0
Total live bytes: 0
Total live bytes (after alignment): 0
Total number of LBM containers: 0 (0 full)
Did not check for missing blocks
Did not check for orphaned blocks
Total full LBM containers with extra space: 0 (0 repaired)
Total full LBM container extra space in bytes: 0 (0 repaired)
Total incomplete LBM containers: 0 (0 repaired)
Total LBM partial records: 0 (0 repaired)
Total corrupted LBM metadata records in RocksDB: 0 (0 repaired)
I20260601 13:21:12.894059 17438 rpc_server.cc:225] running with OpenSSL 1.1.1  11 Sep 2018
I20260601 13:21:12.894384 17438 kserver.cc:163] Server-wide thread pool size limit: 3276
I20260601 13:21:12.894671 17438 txn_system_client.cc:432] TxnSystemClient initialization is disabled...
I20260601 13:21:12.895170 17438 ts_tablet_manager.cc:585] Loaded tablet metadata (0 total tablets, 0 live tablets)
I20260601 13:21:12.895229 17438 ts_tablet_manager.cc:531] Time spent load tablet metadata: real 0.000s	user 0.000s	sys 0.000s
I20260601 13:21:12.895283 17438 ts_tablet_manager.cc:616] Registered 0 tablets
I20260601 13:21:12.895315 17438 ts_tablet_manager.cc:595] Time spent register tablets: real 0.000s	user 0.000s	sys 0.000s
I20260601 13:21:12.899430 17438 rpc_server.cc:307] RPC server started. Bound to: 127.17.7.129:43911
I20260601 13:21:12.899463 19213 acceptor_pool.cc:272] collecting diagnostics on the listening RPC socket 127.17.7.129:43911 every 8 connection(s)
I20260601 13:21:12.900223 17438 file_cache.cc:492] Constructed file cache file cache with capacity 419430
W20260601 13:21:12.902063 19218 instance_detector.cc:116] could not retrieve AWS instance metadata: Network error: curl error: HTTP response code said error: The requested URL returned error: 404
W20260601 13:21:12.902063 19221 instance_detector.cc:116] could not retrieve OpenStack instance metadata: Network error: curl error: HTTP response code said error: The requested URL returned error: 404
W20260601 13:21:12.902194 19219 instance_detector.cc:116] could not retrieve Azure instance metadata: Network error: curl error: HTTP response code said error: The requested URL returned error: 404
I20260601 13:21:12.902457 17438 server_base.cc:1061] running on GCE node
I20260601 13:21:12.902630 17438 hybrid_clock.cc:584] initializing the hybrid clock with 'system_unsync' time source
W20260601 13:21:12.902674 17438 system_unsync_time.cc:38] NTP support is disabled. Clock error bounds will not be accurate. This configuration is not suitable for distributed clusters.
I20260601 13:21:12.902695 17438 hybrid_clock.cc:648] HybridClock initialized: now 1780320072902695 us; error 0 us; skew 500 ppm
I20260601 13:21:12.903577 17438 webserver.cc:533] Webserver started at http://127.17.7.130:45485/ using document root <none> and password file <none>
I20260601 13:21:12.903744 17438 fs_manager.cc:362] Metadata directory not provided
I20260601 13:21:12.903820 17438 fs_manager.cc:368] Using write-ahead log directory (fs_wal_dir) as metadata directory
I20260601 13:21:12.903899 17438 server_base.cc:909] This appears to be a new deployment of Kudu; creating new FS layout
I20260601 13:21:12.904311 17438 fs_manager.cc:1068] Generated new instance metadata in path /tmp/dist-test-taskCGQdIK/test-tmp/auto_rebalancer-test.0.AutoRebalancerTest.MovesScheduledIfAddTserver.1780320055940734-17438-0/minicluster-data/ts-1-root/instance:
uuid: "32475b5f5427476f93a3d0ba26cb161c"
format_stamp: "Formatted at 2026-06-01 13:21:12 on dist-test-slave-8n6g"
I20260601 13:21:12.906072 17438 fs_manager.cc:696] Time spent creating directory manager: real 0.001s	user 0.001s	sys 0.000s
I20260601 13:21:12.907295 19226 log_block_manager.cc:4031] Time spent loading block containers with low live blocks: real 0.000s	user 0.000s	sys 0.000s
I20260601 13:21:12.907797 17438 fs_manager.cc:730] Time spent opening block manager: real 0.001s	user 0.001s	sys 0.000s
I20260601 13:21:12.907889 17438 fs_manager.cc:647] Opened local filesystem: /tmp/dist-test-taskCGQdIK/test-tmp/auto_rebalancer-test.0.AutoRebalancerTest.MovesScheduledIfAddTserver.1780320055940734-17438-0/minicluster-data/ts-1-root
uuid: "32475b5f5427476f93a3d0ba26cb161c"
format_stamp: "Formatted at 2026-06-01 13:21:12 on dist-test-slave-8n6g"
I20260601 13:21:12.907984 17438 fs_report.cc:389] FS layout report
--------------------
wal directory: /tmp/dist-test-taskCGQdIK/test-tmp/auto_rebalancer-test.0.AutoRebalancerTest.MovesScheduledIfAddTserver.1780320055940734-17438-0/minicluster-data/ts-1-root
metadata directory: /tmp/dist-test-taskCGQdIK/test-tmp/auto_rebalancer-test.0.AutoRebalancerTest.MovesScheduledIfAddTserver.1780320055940734-17438-0/minicluster-data/ts-1-root
1 data directories: /tmp/dist-test-taskCGQdIK/test-tmp/auto_rebalancer-test.0.AutoRebalancerTest.MovesScheduledIfAddTserver.1780320055940734-17438-0/minicluster-data/ts-1-root/data
Total live blocks: 0
Total live bytes: 0
Total live bytes (after alignment): 0
Total number of LBM containers: 0 (0 full)
Did not check for missing blocks
Did not check for orphaned blocks
Total full LBM containers with extra space: 0 (0 repaired)
Total full LBM container extra space in bytes: 0 (0 repaired)
Total incomplete LBM containers: 0 (0 repaired)
Total LBM partial records: 0 (0 repaired)
Total corrupted LBM metadata records in RocksDB: 0 (0 repaired)
I20260601 13:21:12.910912 19214 heartbeater.cc:344] Connected to a master server at 127.17.7.190:46275
I20260601 13:21:12.911036 19214 heartbeater.cc:461] Registering TS with master...
I20260601 13:21:12.911267 19214 heartbeater.cc:507] Master 127.17.7.190:46275 requested a full tablet report, sending...
I20260601 13:21:12.911863 19085 ts_manager.cc:194] Registered new tserver with Master: 204c6fec0b8341efb695afb27419ccbd (127.17.7.129:43911)
I20260601 13:21:12.912633 19085 master_service.cc:502] Signed X509 certificate for tserver {username='slave'} at 127.0.0.1:49080
I20260601 13:21:12.930749 17438 rpc_server.cc:225] running with OpenSSL 1.1.1  11 Sep 2018
I20260601 13:21:12.931210 17438 kserver.cc:163] Server-wide thread pool size limit: 3276
I20260601 13:21:12.931568 17438 txn_system_client.cc:432] TxnSystemClient initialization is disabled...
I20260601 13:21:12.932083 17438 ts_tablet_manager.cc:585] Loaded tablet metadata (0 total tablets, 0 live tablets)
I20260601 13:21:12.932124 17438 ts_tablet_manager.cc:531] Time spent load tablet metadata: real 0.000s	user 0.000s	sys 0.000s
I20260601 13:21:12.932181 17438 ts_tablet_manager.cc:616] Registered 0 tablets
I20260601 13:21:12.932219 17438 ts_tablet_manager.cc:595] Time spent register tablets: real 0.000s	user 0.000s	sys 0.000s
I20260601 13:21:12.936228 17438 rpc_server.cc:307] RPC server started. Bound to: 127.17.7.130:36259
I20260601 13:21:12.936318 19289 acceptor_pool.cc:272] collecting diagnostics on the listening RPC socket 127.17.7.130:36259 every 8 connection(s)
I20260601 13:21:12.937143 17438 file_cache.cc:492] Constructed file cache file cache with capacity 419430
W20260601 13:21:12.939260 19293 instance_detector.cc:116] could not retrieve AWS instance metadata: Network error: curl error: HTTP response code said error: The requested URL returned error: 404
W20260601 13:21:12.939311 19294 instance_detector.cc:116] could not retrieve Azure instance metadata: Network error: curl error: HTTP response code said error: The requested URL returned error: 404
W20260601 13:21:12.939821 19296 instance_detector.cc:116] could not retrieve OpenStack instance metadata: Network error: curl error: HTTP response code said error: The requested URL returned error: 404
I20260601 13:21:12.939924 17438 server_base.cc:1061] running on GCE node
I20260601 13:21:12.940217 17438 hybrid_clock.cc:584] initializing the hybrid clock with 'system_unsync' time source
W20260601 13:21:12.940289 17438 system_unsync_time.cc:38] NTP support is disabled. Clock error bounds will not be accurate. This configuration is not suitable for distributed clusters.
I20260601 13:21:12.940317 17438 hybrid_clock.cc:648] HybridClock initialized: now 1780320072940316 us; error 0 us; skew 500 ppm
I20260601 13:21:12.941257 17438 webserver.cc:533] Webserver started at http://127.17.7.131:44525/ using document root <none> and password file <none>
I20260601 13:21:12.941363 19290 heartbeater.cc:344] Connected to a master server at 127.17.7.190:46275
I20260601 13:21:12.941426 17438 fs_manager.cc:362] Metadata directory not provided
I20260601 13:21:12.941455 19290 heartbeater.cc:461] Registering TS with master...
I20260601 13:21:12.941483 17438 fs_manager.cc:368] Using write-ahead log directory (fs_wal_dir) as metadata directory
I20260601 13:21:12.941552 17438 server_base.cc:909] This appears to be a new deployment of Kudu; creating new FS layout
I20260601 13:21:12.941695 19290 heartbeater.cc:507] Master 127.17.7.190:46275 requested a full tablet report, sending...
I20260601 13:21:12.942003 17438 fs_manager.cc:1068] Generated new instance metadata in path /tmp/dist-test-taskCGQdIK/test-tmp/auto_rebalancer-test.0.AutoRebalancerTest.MovesScheduledIfAddTserver.1780320055940734-17438-0/minicluster-data/ts-2-root/instance:
uuid: "7199174c60964be79e24fcf133e7619b"
format_stamp: "Formatted at 2026-06-01 13:21:12 on dist-test-slave-8n6g"
I20260601 13:21:12.942329 19085 ts_manager.cc:194] Registered new tserver with Master: 32475b5f5427476f93a3d0ba26cb161c (127.17.7.130:36259)
I20260601 13:21:12.942852 19085 master_service.cc:502] Signed X509 certificate for tserver {username='slave'} at 127.0.0.1:49082
I20260601 13:21:12.943619 17438 fs_manager.cc:696] Time spent creating directory manager: real 0.001s	user 0.002s	sys 0.000s
I20260601 13:21:12.944553 19301 log_block_manager.cc:4031] Time spent loading block containers with low live blocks: real 0.000s	user 0.000s	sys 0.000s
I20260601 13:21:12.944804 17438 fs_manager.cc:730] Time spent opening block manager: real 0.001s	user 0.001s	sys 0.000s
I20260601 13:21:12.944885 17438 fs_manager.cc:647] Opened local filesystem: /tmp/dist-test-taskCGQdIK/test-tmp/auto_rebalancer-test.0.AutoRebalancerTest.MovesScheduledIfAddTserver.1780320055940734-17438-0/minicluster-data/ts-2-root
uuid: "7199174c60964be79e24fcf133e7619b"
format_stamp: "Formatted at 2026-06-01 13:21:12 on dist-test-slave-8n6g"
I20260601 13:21:12.944953 17438 fs_report.cc:389] FS layout report
--------------------
wal directory: /tmp/dist-test-taskCGQdIK/test-tmp/auto_rebalancer-test.0.AutoRebalancerTest.MovesScheduledIfAddTserver.1780320055940734-17438-0/minicluster-data/ts-2-root
metadata directory: /tmp/dist-test-taskCGQdIK/test-tmp/auto_rebalancer-test.0.AutoRebalancerTest.MovesScheduledIfAddTserver.1780320055940734-17438-0/minicluster-data/ts-2-root
1 data directories: /tmp/dist-test-taskCGQdIK/test-tmp/auto_rebalancer-test.0.AutoRebalancerTest.MovesScheduledIfAddTserver.1780320055940734-17438-0/minicluster-data/ts-2-root/data
Total live blocks: 0
Total live bytes: 0
Total live bytes (after alignment): 0
Total number of LBM containers: 0 (0 full)
Did not check for missing blocks
Did not check for orphaned blocks
Total full LBM containers with extra space: 0 (0 repaired)
Total full LBM container extra space in bytes: 0 (0 repaired)
Total incomplete LBM containers: 0 (0 repaired)
Total LBM partial records: 0 (0 repaired)
Total corrupted LBM metadata records in RocksDB: 0 (0 repaired)
I20260601 13:21:12.954173 17438 rpc_server.cc:225] running with OpenSSL 1.1.1  11 Sep 2018
I20260601 13:21:12.954627 17438 kserver.cc:163] Server-wide thread pool size limit: 3276
I20260601 13:21:12.954993 17438 txn_system_client.cc:432] TxnSystemClient initialization is disabled...
I20260601 13:21:12.955556 17438 ts_tablet_manager.cc:585] Loaded tablet metadata (0 total tablets, 0 live tablets)
I20260601 13:21:12.955608 17438 ts_tablet_manager.cc:531] Time spent load tablet metadata: real 0.000s	user 0.000s	sys 0.000s
I20260601 13:21:12.955658 17438 ts_tablet_manager.cc:616] Registered 0 tablets
I20260601 13:21:12.955691 17438 ts_tablet_manager.cc:595] Time spent register tablets: real 0.000s	user 0.000s	sys 0.000s
I20260601 13:21:12.960084 17438 rpc_server.cc:307] RPC server started. Bound to: 127.17.7.131:43585
I20260601 13:21:12.960152 19364 acceptor_pool.cc:272] collecting diagnostics on the listening RPC socket 127.17.7.131:43585 every 8 connection(s)
I20260601 13:21:12.964735 19365 heartbeater.cc:344] Connected to a master server at 127.17.7.190:46275
I20260601 13:21:12.964850 19365 heartbeater.cc:461] Registering TS with master...
I20260601 13:21:12.965075 19365 heartbeater.cc:507] Master 127.17.7.190:46275 requested a full tablet report, sending...
I20260601 13:21:12.965692 19085 ts_manager.cc:194] Registered new tserver with Master: 7199174c60964be79e24fcf133e7619b (127.17.7.131:43585)
I20260601 13:21:12.966082 17438 internal_mini_cluster.cc:371] 3 TS(s) registered with all masters after 0.005570143s
I20260601 13:21:12.966192 19085 master_service.cc:502] Signed X509 certificate for tserver {username='slave'} at 127.0.0.1:49088
I20260601 13:21:13.913568 19214 heartbeater.cc:499] Master 127.17.7.190:46275 was elected leader, sending a full tablet report...
I20260601 13:21:13.943894 19290 heartbeater.cc:499] Master 127.17.7.190:46275 was elected leader, sending a full tablet report...
I20260601 13:21:13.967206 19365 heartbeater.cc:499] Master 127.17.7.190:46275 was elected leader, sending a full tablet report...
I20260601 13:21:14.000898 19085 catalog_manager.cc:2282] Servicing CreateTable request from {username='slave'} at 127.0.0.1:41564:
name: "test-workload"
schema {
  columns {
    name: "key"
    type: INT32
    is_key: true
    is_nullable: false
    encoding: AUTO_ENCODING
    compression: DEFAULT_COMPRESSION
    cfile_block_size: 0
    immutable: false
  }
  columns {
    name: "int_val"
    type: INT32
    is_key: false
    is_nullable: false
    encoding: AUTO_ENCODING
    compression: DEFAULT_COMPRESSION
    cfile_block_size: 0
    immutable: false
  }
  columns {
    name: "string_val"
    type: STRING
    is_key: false
    is_nullable: true
    encoding: AUTO_ENCODING
    compression: DEFAULT_COMPRESSION
    cfile_block_size: 0
    immutable: false
  }
}
num_replicas: 3
split_rows_range_bounds {
  rows: "\004\001\000\377\377\377?""\004\001\000\377\377\377?"
  indirect_data: """"
}
partition_schema {
  range_schema {
    columns {
      name: "key"
    }
  }
}
W20260601 13:21:14.001487 19085 catalog_manager.cc:7076] The number of live tablet servers is not enough to re-replicate a tablet replica of the newly created table test-workload in case of a server failure: 4 tablet servers would be needed, 3 are available. Consider bringing up more tablet servers.
I20260601 13:21:14.013127 19178 tablet_service.cc:1511] Processing CreateTablet for tablet 87b0effaca24450da01813fee29675be (DEFAULT_TABLE table=test-workload [id=b5286dded69e4bc487f1965bda3a67fb]), partition=RANGE (key) PARTITION VALUES < 1073741823
I20260601 13:21:14.013180 19177 tablet_service.cc:1511] Processing CreateTablet for tablet 12041d3e6fb04b15ad579b9d21679e1f (DEFAULT_TABLE table=test-workload [id=b5286dded69e4bc487f1965bda3a67fb]), partition=RANGE (key) PARTITION 1073741823 <= VALUES
I20260601 13:21:14.013245 19329 tablet_service.cc:1511] Processing CreateTablet for tablet 87b0effaca24450da01813fee29675be (DEFAULT_TABLE table=test-workload [id=b5286dded69e4bc487f1965bda3a67fb]), partition=RANGE (key) PARTITION VALUES < 1073741823
I20260601 13:21:14.013484 19178 data_dirs.cc:400] Could only allocate 1 dirs of requested 3 for tablet 87b0effaca24450da01813fee29675be. 1 dirs total, 0 dirs full, 0 dirs failed
I20260601 13:21:14.013484 19329 data_dirs.cc:400] Could only allocate 1 dirs of requested 3 for tablet 87b0effaca24450da01813fee29675be. 1 dirs total, 0 dirs full, 0 dirs failed
I20260601 13:21:14.013676 19328 tablet_service.cc:1511] Processing CreateTablet for tablet 12041d3e6fb04b15ad579b9d21679e1f (DEFAULT_TABLE table=test-workload [id=b5286dded69e4bc487f1965bda3a67fb]), partition=RANGE (key) PARTITION 1073741823 <= VALUES
I20260601 13:21:14.013892 19328 data_dirs.cc:400] Could only allocate 1 dirs of requested 3 for tablet 12041d3e6fb04b15ad579b9d21679e1f. 1 dirs total, 0 dirs full, 0 dirs failed
I20260601 13:21:14.015231 19253 tablet_service.cc:1511] Processing CreateTablet for tablet 12041d3e6fb04b15ad579b9d21679e1f (DEFAULT_TABLE table=test-workload [id=b5286dded69e4bc487f1965bda3a67fb]), partition=RANGE (key) PARTITION 1073741823 <= VALUES
I20260601 13:21:14.015473 19253 data_dirs.cc:400] Could only allocate 1 dirs of requested 3 for tablet 12041d3e6fb04b15ad579b9d21679e1f. 1 dirs total, 0 dirs full, 0 dirs failed
I20260601 13:21:14.016423 19386 tablet_bootstrap.cc:492] T 87b0effaca24450da01813fee29675be P 204c6fec0b8341efb695afb27419ccbd: Bootstrap starting.
I20260601 13:21:14.017397 19386 tablet_bootstrap.cc:654] T 87b0effaca24450da01813fee29675be P 204c6fec0b8341efb695afb27419ccbd: Neither blocks nor log segments found. Creating new log.
I20260601 13:21:14.017520 19387 tablet_bootstrap.cc:492] T 12041d3e6fb04b15ad579b9d21679e1f P 32475b5f5427476f93a3d0ba26cb161c: Bootstrap starting.
I20260601 13:21:14.017665 19254 tablet_service.cc:1511] Processing CreateTablet for tablet 87b0effaca24450da01813fee29675be (DEFAULT_TABLE table=test-workload [id=b5286dded69e4bc487f1965bda3a67fb]), partition=RANGE (key) PARTITION VALUES < 1073741823
I20260601 13:21:14.017957 19254 data_dirs.cc:400] Could only allocate 1 dirs of requested 3 for tablet 87b0effaca24450da01813fee29675be. 1 dirs total, 0 dirs full, 0 dirs failed
I20260601 13:21:14.018257 19385 tablet_bootstrap.cc:492] T 12041d3e6fb04b15ad579b9d21679e1f P 7199174c60964be79e24fcf133e7619b: Bootstrap starting.
I20260601 13:21:14.018637 19387 tablet_bootstrap.cc:654] T 12041d3e6fb04b15ad579b9d21679e1f P 32475b5f5427476f93a3d0ba26cb161c: Neither blocks nor log segments found. Creating new log.
I20260601 13:21:14.018754 19386 tablet_bootstrap.cc:492] T 87b0effaca24450da01813fee29675be P 204c6fec0b8341efb695afb27419ccbd: No bootstrap required, opened a new log
I20260601 13:21:14.019412 19177 data_dirs.cc:400] Could only allocate 1 dirs of requested 3 for tablet 12041d3e6fb04b15ad579b9d21679e1f. 1 dirs total, 0 dirs full, 0 dirs failed
I20260601 13:21:14.019583 19386 ts_tablet_manager.cc:1403] T 87b0effaca24450da01813fee29675be P 204c6fec0b8341efb695afb27419ccbd: Time spent bootstrapping tablet: real 0.003s	user 0.002s	sys 0.000s
I20260601 13:21:14.019887 19385 tablet_bootstrap.cc:654] T 12041d3e6fb04b15ad579b9d21679e1f P 7199174c60964be79e24fcf133e7619b: Neither blocks nor log segments found. Creating new log.
I20260601 13:21:14.020071 19386 raft_consensus.cc:359] T 87b0effaca24450da01813fee29675be P 204c6fec0b8341efb695afb27419ccbd [term 0 FOLLOWER]: Replica starting. Triggering 0 pending ops. Active config: opid_index: -1 OBSOLETE_local: false peers { permanent_uuid: "7199174c60964be79e24fcf133e7619b" member_type: VOTER last_known_addr { host: "127.17.7.131" port: 43585 } } peers { permanent_uuid: "204c6fec0b8341efb695afb27419ccbd" member_type: VOTER last_known_addr { host: "127.17.7.129" port: 43911 } } peers { permanent_uuid: "32475b5f5427476f93a3d0ba26cb161c" member_type: VOTER last_known_addr { host: "127.17.7.130" port: 36259 } }
I20260601 13:21:14.020186 19386 raft_consensus.cc:385] T 87b0effaca24450da01813fee29675be P 204c6fec0b8341efb695afb27419ccbd [term 0 FOLLOWER]: Consensus starting up: Expiring failure detector timer to make a prompt election more likely
I20260601 13:21:14.020228 19386 raft_consensus.cc:740] T 87b0effaca24450da01813fee29675be P 204c6fec0b8341efb695afb27419ccbd [term 0 FOLLOWER]: Becoming Follower/Learner. State: Replica: 204c6fec0b8341efb695afb27419ccbd, State: Initialized, Role: FOLLOWER
I20260601 13:21:14.020442 19386 consensus_queue.cc:260] T 87b0effaca24450da01813fee29675be P 204c6fec0b8341efb695afb27419ccbd [NON_LEADER]: Queue going to NON_LEADER mode. State: All replicated index: 0, Majority replicated index: 0, Committed index: 0, Last appended: 0.0, Last appended by leader: 0, Current term: 0, Majority size: -1, State: 0, Mode: NON_LEADER, active raft config: opid_index: -1 OBSOLETE_local: false peers { permanent_uuid: "7199174c60964be79e24fcf133e7619b" member_type: VOTER last_known_addr { host: "127.17.7.131" port: 43585 } } peers { permanent_uuid: "204c6fec0b8341efb695afb27419ccbd" member_type: VOTER last_known_addr { host: "127.17.7.129" port: 43911 } } peers { permanent_uuid: "32475b5f5427476f93a3d0ba26cb161c" member_type: VOTER last_known_addr { host: "127.17.7.130" port: 36259 } }
I20260601 13:21:14.021121 19385 tablet_bootstrap.cc:492] T 12041d3e6fb04b15ad579b9d21679e1f P 7199174c60964be79e24fcf133e7619b: No bootstrap required, opened a new log
I20260601 13:21:14.021219 19385 ts_tablet_manager.cc:1403] T 12041d3e6fb04b15ad579b9d21679e1f P 7199174c60964be79e24fcf133e7619b: Time spent bootstrapping tablet: real 0.003s	user 0.002s	sys 0.000s
I20260601 13:21:14.021306 19386 ts_tablet_manager.cc:1434] T 87b0effaca24450da01813fee29675be P 204c6fec0b8341efb695afb27419ccbd: Time spent starting tablet: real 0.002s	user 0.001s	sys 0.000s
I20260601 13:21:14.021677 19385 raft_consensus.cc:359] T 12041d3e6fb04b15ad579b9d21679e1f P 7199174c60964be79e24fcf133e7619b [term 0 FOLLOWER]: Replica starting. Triggering 0 pending ops. Active config: opid_index: -1 OBSOLETE_local: false peers { permanent_uuid: "204c6fec0b8341efb695afb27419ccbd" member_type: VOTER last_known_addr { host: "127.17.7.129" port: 43911 } } peers { permanent_uuid: "32475b5f5427476f93a3d0ba26cb161c" member_type: VOTER last_known_addr { host: "127.17.7.130" port: 36259 } } peers { permanent_uuid: "7199174c60964be79e24fcf133e7619b" member_type: VOTER last_known_addr { host: "127.17.7.131" port: 43585 } }
I20260601 13:21:14.021821 19387 tablet_bootstrap.cc:492] T 12041d3e6fb04b15ad579b9d21679e1f P 32475b5f5427476f93a3d0ba26cb161c: No bootstrap required, opened a new log
I20260601 13:21:14.021836 19385 raft_consensus.cc:385] T 12041d3e6fb04b15ad579b9d21679e1f P 7199174c60964be79e24fcf133e7619b [term 0 FOLLOWER]: Consensus starting up: Expiring failure detector timer to make a prompt election more likely
I20260601 13:21:14.021951 19386 tablet_bootstrap.cc:492] T 12041d3e6fb04b15ad579b9d21679e1f P 204c6fec0b8341efb695afb27419ccbd: Bootstrap starting.
I20260601 13:21:14.022008 19385 raft_consensus.cc:740] T 12041d3e6fb04b15ad579b9d21679e1f P 7199174c60964be79e24fcf133e7619b [term 0 FOLLOWER]: Becoming Follower/Learner. State: Replica: 7199174c60964be79e24fcf133e7619b, State: Initialized, Role: FOLLOWER
I20260601 13:21:14.021972 19387 ts_tablet_manager.cc:1403] T 12041d3e6fb04b15ad579b9d21679e1f P 32475b5f5427476f93a3d0ba26cb161c: Time spent bootstrapping tablet: real 0.005s	user 0.002s	sys 0.000s
I20260601 13:21:14.022241 19385 consensus_queue.cc:260] T 12041d3e6fb04b15ad579b9d21679e1f P 7199174c60964be79e24fcf133e7619b [NON_LEADER]: Queue going to NON_LEADER mode. State: All replicated index: 0, Majority replicated index: 0, Committed index: 0, Last appended: 0.0, Last appended by leader: 0, Current term: 0, Majority size: -1, State: 0, Mode: NON_LEADER, active raft config: opid_index: -1 OBSOLETE_local: false peers { permanent_uuid: "204c6fec0b8341efb695afb27419ccbd" member_type: VOTER last_known_addr { host: "127.17.7.129" port: 43911 } } peers { permanent_uuid: "32475b5f5427476f93a3d0ba26cb161c" member_type: VOTER last_known_addr { host: "127.17.7.130" port: 36259 } } peers { permanent_uuid: "7199174c60964be79e24fcf133e7619b" member_type: VOTER last_known_addr { host: "127.17.7.131" port: 43585 } }
I20260601 13:21:14.022535 19387 raft_consensus.cc:359] T 12041d3e6fb04b15ad579b9d21679e1f P 32475b5f5427476f93a3d0ba26cb161c [term 0 FOLLOWER]: Replica starting. Triggering 0 pending ops. Active config: opid_index: -1 OBSOLETE_local: false peers { permanent_uuid: "204c6fec0b8341efb695afb27419ccbd" member_type: VOTER last_known_addr { host: "127.17.7.129" port: 43911 } } peers { permanent_uuid: "32475b5f5427476f93a3d0ba26cb161c" member_type: VOTER last_known_addr { host: "127.17.7.130" port: 36259 } } peers { permanent_uuid: "7199174c60964be79e24fcf133e7619b" member_type: VOTER last_known_addr { host: "127.17.7.131" port: 43585 } }
I20260601 13:21:14.022639 19385 ts_tablet_manager.cc:1434] T 12041d3e6fb04b15ad579b9d21679e1f P 7199174c60964be79e24fcf133e7619b: Time spent starting tablet: real 0.001s	user 0.001s	sys 0.000s
I20260601 13:21:14.022691 19387 raft_consensus.cc:385] T 12041d3e6fb04b15ad579b9d21679e1f P 32475b5f5427476f93a3d0ba26cb161c [term 0 FOLLOWER]: Consensus starting up: Expiring failure detector timer to make a prompt election more likely
I20260601 13:21:14.022877 19387 raft_consensus.cc:740] T 12041d3e6fb04b15ad579b9d21679e1f P 32475b5f5427476f93a3d0ba26cb161c [term 0 FOLLOWER]: Becoming Follower/Learner. State: Replica: 32475b5f5427476f93a3d0ba26cb161c, State: Initialized, Role: FOLLOWER
I20260601 13:21:14.023036 19385 tablet_bootstrap.cc:492] T 87b0effaca24450da01813fee29675be P 7199174c60964be79e24fcf133e7619b: Bootstrap starting.
I20260601 13:21:14.023068 19386 tablet_bootstrap.cc:654] T 12041d3e6fb04b15ad579b9d21679e1f P 204c6fec0b8341efb695afb27419ccbd: Neither blocks nor log segments found. Creating new log.
I20260601 13:21:14.023327 19387 consensus_queue.cc:260] T 12041d3e6fb04b15ad579b9d21679e1f P 32475b5f5427476f93a3d0ba26cb161c [NON_LEADER]: Queue going to NON_LEADER mode. State: All replicated index: 0, Majority replicated index: 0, Committed index: 0, Last appended: 0.0, Last appended by leader: 0, Current term: 0, Majority size: -1, State: 0, Mode: NON_LEADER, active raft config: opid_index: -1 OBSOLETE_local: false peers { permanent_uuid: "204c6fec0b8341efb695afb27419ccbd" member_type: VOTER last_known_addr { host: "127.17.7.129" port: 43911 } } peers { permanent_uuid: "32475b5f5427476f93a3d0ba26cb161c" member_type: VOTER last_known_addr { host: "127.17.7.130" port: 36259 } } peers { permanent_uuid: "7199174c60964be79e24fcf133e7619b" member_type: VOTER last_known_addr { host: "127.17.7.131" port: 43585 } }
I20260601 13:21:14.024501 19387 ts_tablet_manager.cc:1434] T 12041d3e6fb04b15ad579b9d21679e1f P 32475b5f5427476f93a3d0ba26cb161c: Time spent starting tablet: real 0.002s	user 0.001s	sys 0.000s
I20260601 13:21:14.024605 19385 tablet_bootstrap.cc:654] T 87b0effaca24450da01813fee29675be P 7199174c60964be79e24fcf133e7619b: Neither blocks nor log segments found. Creating new log.
I20260601 13:21:14.024734 19387 tablet_bootstrap.cc:492] T 87b0effaca24450da01813fee29675be P 32475b5f5427476f93a3d0ba26cb161c: Bootstrap starting.
I20260601 13:21:14.025153 19386 tablet_bootstrap.cc:492] T 12041d3e6fb04b15ad579b9d21679e1f P 204c6fec0b8341efb695afb27419ccbd: No bootstrap required, opened a new log
I20260601 13:21:14.025285 19386 ts_tablet_manager.cc:1403] T 12041d3e6fb04b15ad579b9d21679e1f P 204c6fec0b8341efb695afb27419ccbd: Time spent bootstrapping tablet: real 0.003s	user 0.000s	sys 0.002s
I20260601 13:21:14.025748 19387 tablet_bootstrap.cc:654] T 87b0effaca24450da01813fee29675be P 32475b5f5427476f93a3d0ba26cb161c: Neither blocks nor log segments found. Creating new log.
I20260601 13:21:14.025805 19386 raft_consensus.cc:359] T 12041d3e6fb04b15ad579b9d21679e1f P 204c6fec0b8341efb695afb27419ccbd [term 0 FOLLOWER]: Replica starting. Triggering 0 pending ops. Active config: opid_index: -1 OBSOLETE_local: false peers { permanent_uuid: "204c6fec0b8341efb695afb27419ccbd" member_type: VOTER last_known_addr { host: "127.17.7.129" port: 43911 } } peers { permanent_uuid: "32475b5f5427476f93a3d0ba26cb161c" member_type: VOTER last_known_addr { host: "127.17.7.130" port: 36259 } } peers { permanent_uuid: "7199174c60964be79e24fcf133e7619b" member_type: VOTER last_known_addr { host: "127.17.7.131" port: 43585 } }
I20260601 13:21:14.025884 19385 tablet_bootstrap.cc:492] T 87b0effaca24450da01813fee29675be P 7199174c60964be79e24fcf133e7619b: No bootstrap required, opened a new log
I20260601 13:21:14.025918 19386 raft_consensus.cc:385] T 12041d3e6fb04b15ad579b9d21679e1f P 204c6fec0b8341efb695afb27419ccbd [term 0 FOLLOWER]: Consensus starting up: Expiring failure detector timer to make a prompt election more likely
I20260601 13:21:14.025961 19385 ts_tablet_manager.cc:1403] T 87b0effaca24450da01813fee29675be P 7199174c60964be79e24fcf133e7619b: Time spent bootstrapping tablet: real 0.003s	user 0.002s	sys 0.000s
I20260601 13:21:14.025992 19386 raft_consensus.cc:740] T 12041d3e6fb04b15ad579b9d21679e1f P 204c6fec0b8341efb695afb27419ccbd [term 0 FOLLOWER]: Becoming Follower/Learner. State: Replica: 204c6fec0b8341efb695afb27419ccbd, State: Initialized, Role: FOLLOWER
I20260601 13:21:14.026126 19386 consensus_queue.cc:260] T 12041d3e6fb04b15ad579b9d21679e1f P 204c6fec0b8341efb695afb27419ccbd [NON_LEADER]: Queue going to NON_LEADER mode. State: All replicated index: 0, Majority replicated index: 0, Committed index: 0, Last appended: 0.0, Last appended by leader: 0, Current term: 0, Majority size: -1, State: 0, Mode: NON_LEADER, active raft config: opid_index: -1 OBSOLETE_local: false peers { permanent_uuid: "204c6fec0b8341efb695afb27419ccbd" member_type: VOTER last_known_addr { host: "127.17.7.129" port: 43911 } } peers { permanent_uuid: "32475b5f5427476f93a3d0ba26cb161c" member_type: VOTER last_known_addr { host: "127.17.7.130" port: 36259 } } peers { permanent_uuid: "7199174c60964be79e24fcf133e7619b" member_type: VOTER last_known_addr { host: "127.17.7.131" port: 43585 } }
I20260601 13:21:14.026355 19386 ts_tablet_manager.cc:1434] T 12041d3e6fb04b15ad579b9d21679e1f P 204c6fec0b8341efb695afb27419ccbd: Time spent starting tablet: real 0.001s	user 0.000s	sys 0.001s
I20260601 13:21:14.026384 19385 raft_consensus.cc:359] T 87b0effaca24450da01813fee29675be P 7199174c60964be79e24fcf133e7619b [term 0 FOLLOWER]: Replica starting. Triggering 0 pending ops. Active config: opid_index: -1 OBSOLETE_local: false peers { permanent_uuid: "7199174c60964be79e24fcf133e7619b" member_type: VOTER last_known_addr { host: "127.17.7.131" port: 43585 } } peers { permanent_uuid: "204c6fec0b8341efb695afb27419ccbd" member_type: VOTER last_known_addr { host: "127.17.7.129" port: 43911 } } peers { permanent_uuid: "32475b5f5427476f93a3d0ba26cb161c" member_type: VOTER last_known_addr { host: "127.17.7.130" port: 36259 } }
I20260601 13:21:14.026463 19385 raft_consensus.cc:385] T 87b0effaca24450da01813fee29675be P 7199174c60964be79e24fcf133e7619b [term 0 FOLLOWER]: Consensus starting up: Expiring failure detector timer to make a prompt election more likely
I20260601 13:21:14.026494 19385 raft_consensus.cc:740] T 87b0effaca24450da01813fee29675be P 7199174c60964be79e24fcf133e7619b [term 0 FOLLOWER]: Becoming Follower/Learner. State: Replica: 7199174c60964be79e24fcf133e7619b, State: Initialized, Role: FOLLOWER
I20260601 13:21:14.026638 19385 consensus_queue.cc:260] T 87b0effaca24450da01813fee29675be P 7199174c60964be79e24fcf133e7619b [NON_LEADER]: Queue going to NON_LEADER mode. State: All replicated index: 0, Majority replicated index: 0, Committed index: 0, Last appended: 0.0, Last appended by leader: 0, Current term: 0, Majority size: -1, State: 0, Mode: NON_LEADER, active raft config: opid_index: -1 OBSOLETE_local: false peers { permanent_uuid: "7199174c60964be79e24fcf133e7619b" member_type: VOTER last_known_addr { host: "127.17.7.131" port: 43585 } } peers { permanent_uuid: "204c6fec0b8341efb695afb27419ccbd" member_type: VOTER last_known_addr { host: "127.17.7.129" port: 43911 } } peers { permanent_uuid: "32475b5f5427476f93a3d0ba26cb161c" member_type: VOTER last_known_addr { host: "127.17.7.130" port: 36259 } }
I20260601 13:21:14.026926 19387 tablet_bootstrap.cc:492] T 87b0effaca24450da01813fee29675be P 32475b5f5427476f93a3d0ba26cb161c: No bootstrap required, opened a new log
I20260601 13:21:14.027012 19385 ts_tablet_manager.cc:1434] T 87b0effaca24450da01813fee29675be P 7199174c60964be79e24fcf133e7619b: Time spent starting tablet: real 0.001s	user 0.001s	sys 0.000s
I20260601 13:21:14.027029 19387 ts_tablet_manager.cc:1403] T 87b0effaca24450da01813fee29675be P 32475b5f5427476f93a3d0ba26cb161c: Time spent bootstrapping tablet: real 0.002s	user 0.002s	sys 0.000s
I20260601 13:21:14.027508 19387 raft_consensus.cc:359] T 87b0effaca24450da01813fee29675be P 32475b5f5427476f93a3d0ba26cb161c [term 0 FOLLOWER]: Replica starting. Triggering 0 pending ops. Active config: opid_index: -1 OBSOLETE_local: false peers { permanent_uuid: "7199174c60964be79e24fcf133e7619b" member_type: VOTER last_known_addr { host: "127.17.7.131" port: 43585 } } peers { permanent_uuid: "204c6fec0b8341efb695afb27419ccbd" member_type: VOTER last_known_addr { host: "127.17.7.129" port: 43911 } } peers { permanent_uuid: "32475b5f5427476f93a3d0ba26cb161c" member_type: VOTER last_known_addr { host: "127.17.7.130" port: 36259 } }
I20260601 13:21:14.027617 19387 raft_consensus.cc:385] T 87b0effaca24450da01813fee29675be P 32475b5f5427476f93a3d0ba26cb161c [term 0 FOLLOWER]: Consensus starting up: Expiring failure detector timer to make a prompt election more likely
I20260601 13:21:14.027652 19387 raft_consensus.cc:740] T 87b0effaca24450da01813fee29675be P 32475b5f5427476f93a3d0ba26cb161c [term 0 FOLLOWER]: Becoming Follower/Learner. State: Replica: 32475b5f5427476f93a3d0ba26cb161c, State: Initialized, Role: FOLLOWER
I20260601 13:21:14.027757 19387 consensus_queue.cc:260] T 87b0effaca24450da01813fee29675be P 32475b5f5427476f93a3d0ba26cb161c [NON_LEADER]: Queue going to NON_LEADER mode. State: All replicated index: 0, Majority replicated index: 0, Committed index: 0, Last appended: 0.0, Last appended by leader: 0, Current term: 0, Majority size: -1, State: 0, Mode: NON_LEADER, active raft config: opid_index: -1 OBSOLETE_local: false peers { permanent_uuid: "7199174c60964be79e24fcf133e7619b" member_type: VOTER last_known_addr { host: "127.17.7.131" port: 43585 } } peers { permanent_uuid: "204c6fec0b8341efb695afb27419ccbd" member_type: VOTER last_known_addr { host: "127.17.7.129" port: 43911 } } peers { permanent_uuid: "32475b5f5427476f93a3d0ba26cb161c" member_type: VOTER last_known_addr { host: "127.17.7.130" port: 36259 } }
I20260601 13:21:14.028048 19387 ts_tablet_manager.cc:1434] T 87b0effaca24450da01813fee29675be P 32475b5f5427476f93a3d0ba26cb161c: Time spent starting tablet: real 0.001s	user 0.001s	sys 0.000s
I20260601 13:21:14.068557 19391 raft_consensus.cc:493] T 87b0effaca24450da01813fee29675be P 204c6fec0b8341efb695afb27419ccbd [term 0 FOLLOWER]: Starting pre-election (no leader contacted us within the election timeout)
