W20260601 13:31:29.727207  8232 catalog_manager.cc:7076] The number of live tablet servers is not enough to re-replicate a tablet replica of the newly created table range_aware_rebalance_new_range in case of a server failure: 4 tablet servers would be needed, 3 are available. Consider bringing up more tablet servers.
I20260601 13:31:29.739228  8476 tablet_service.cc:1511] Processing CreateTablet for tablet 926d90fe8c1e4e31b5f57d72a6eabc6f (DEFAULT_TABLE table=range_aware_rebalance_new_range [id=20aa45a2420342a29a86b1176ca88946]), partition=HASH (key) PARTITION 0, RANGE (key) PARTITION 0 <= VALUES < 10
I20260601 13:31:29.739636  8476 data_dirs.cc:400] Could only allocate 1 dirs of requested 3 for tablet 926d90fe8c1e4e31b5f57d72a6eabc6f. 1 dirs total, 0 dirs full, 0 dirs failed
I20260601 13:31:29.739657  8469 tablet_service.cc:1511] Processing CreateTablet for tablet beab242dfb274e0e9623bff00df14f0d (DEFAULT_TABLE table=range_aware_rebalance_new_range [id=20aa45a2420342a29a86b1176ca88946]), partition=HASH (key) PARTITION 7, RANGE (key) PARTITION 0 <= VALUES < 10
I20260601 13:31:29.739941  8469 data_dirs.cc:400] Could only allocate 1 dirs of requested 3 for tablet beab242dfb274e0e9623bff00df14f0d. 1 dirs total, 0 dirs full, 0 dirs failed
I20260601 13:31:29.740265  8324 tablet_service.cc:1511] Processing CreateTablet for tablet b86ff55f36684fd8a04b2f66156dd6d1 (DEFAULT_TABLE table=range_aware_rebalance_new_range [id=20aa45a2420342a29a86b1176ca88946]), partition=HASH (key) PARTITION 1, RANGE (key) PARTITION 0 <= VALUES < 10
I20260601 13:31:29.740500  8324 data_dirs.cc:400] Could only allocate 1 dirs of requested 3 for tablet b86ff55f36684fd8a04b2f66156dd6d1. 1 dirs total, 0 dirs full, 0 dirs failed
I20260601 13:31:29.740612  8325 tablet_service.cc:1511] Processing CreateTablet for tablet 926d90fe8c1e4e31b5f57d72a6eabc6f (DEFAULT_TABLE table=range_aware_rebalance_new_range [id=20aa45a2420342a29a86b1176ca88946]), partition=HASH (key) PARTITION 0, RANGE (key) PARTITION 0 <= VALUES < 10
I20260601 13:31:29.740859  8325 data_dirs.cc:400] Could only allocate 1 dirs of requested 3 for tablet 926d90fe8c1e4e31b5f57d72a6eabc6f. 1 dirs total, 0 dirs full, 0 dirs failed
I20260601 13:31:29.742071  8475 tablet_service.cc:1511] Processing CreateTablet for tablet b86ff55f36684fd8a04b2f66156dd6d1 (DEFAULT_TABLE table=range_aware_rebalance_new_range [id=20aa45a2420342a29a86b1176ca88946]), partition=HASH (key) PARTITION 1, RANGE (key) PARTITION 0 <= VALUES < 10
I20260601 13:31:29.742311  8475 data_dirs.cc:400] Could only allocate 1 dirs of requested 3 for tablet b86ff55f36684fd8a04b2f66156dd6d1. 1 dirs total, 0 dirs full, 0 dirs failed
I20260601 13:31:29.742578  8533 tablet_bootstrap.cc:492] T b86ff55f36684fd8a04b2f66156dd6d1 P 94aa8cf25cd54d94918790897121c1a6: Bootstrap starting.
I20260601 13:31:29.742913  8323 tablet_service.cc:1511] Processing CreateTablet for tablet 79e765cdd2d848f091bfbda4efc797f2 (DEFAULT_TABLE table=range_aware_rebalance_new_range [id=20aa45a2420342a29a86b1176ca88946]), partition=HASH (key) PARTITION 2, RANGE (key) PARTITION 0 <= VALUES < 10
I20260601 13:31:29.743150  8323 data_dirs.cc:400] Could only allocate 1 dirs of requested 3 for tablet 79e765cdd2d848f091bfbda4efc797f2. 1 dirs total, 0 dirs full, 0 dirs failed
I20260601 13:31:29.743619  8533 tablet_bootstrap.cc:654] T b86ff55f36684fd8a04b2f66156dd6d1 P 94aa8cf25cd54d94918790897121c1a6: Neither blocks nor log segments found. Creating new log.
I20260601 13:31:29.743573  8318 tablet_service.cc:1511] Processing CreateTablet for tablet beab242dfb274e0e9623bff00df14f0d (DEFAULT_TABLE table=range_aware_rebalance_new_range [id=20aa45a2420342a29a86b1176ca88946]), partition=HASH (key) PARTITION 7, RANGE (key) PARTITION 0 <= VALUES < 10
I20260601 13:31:29.743826  8318 data_dirs.cc:400] Could only allocate 1 dirs of requested 3 for tablet beab242dfb274e0e9623bff00df14f0d. 1 dirs total, 0 dirs full, 0 dirs failed
I20260601 13:31:29.744297  8474 tablet_service.cc:1511] Processing CreateTablet for tablet 79e765cdd2d848f091bfbda4efc797f2 (DEFAULT_TABLE table=range_aware_rebalance_new_range [id=20aa45a2420342a29a86b1176ca88946]), partition=HASH (key) PARTITION 2, RANGE (key) PARTITION 0 <= VALUES < 10
I20260601 13:31:29.744526  8474 data_dirs.cc:400] Could only allocate 1 dirs of requested 3 for tablet 79e765cdd2d848f091bfbda4efc797f2. 1 dirs total, 0 dirs full, 0 dirs failed
I20260601 13:31:29.745326  8533 tablet_bootstrap.cc:492] T b86ff55f36684fd8a04b2f66156dd6d1 P 94aa8cf25cd54d94918790897121c1a6: No bootstrap required, opened a new log
I20260601 13:31:29.745388  8533 ts_tablet_manager.cc:1403] T b86ff55f36684fd8a04b2f66156dd6d1 P 94aa8cf25cd54d94918790897121c1a6: Time spent bootstrapping tablet: real 0.003s	user 0.002s	sys 0.000s
I20260601 13:31:29.745690  8319 tablet_service.cc:1511] Processing CreateTablet for tablet 2808c5f137ce4c67b602e7f787a3c9b6 (DEFAULT_TABLE table=range_aware_rebalance_new_range [id=20aa45a2420342a29a86b1176ca88946]), partition=HASH (key) PARTITION 6, RANGE (key) PARTITION 0 <= VALUES < 10
I20260601 13:31:29.745739  8533 raft_consensus.cc:359] T b86ff55f36684fd8a04b2f66156dd6d1 P 94aa8cf25cd54d94918790897121c1a6 [term 0 FOLLOWER]: Replica starting. Triggering 0 pending ops. Active config: opid_index: -1 OBSOLETE_local: false peers { permanent_uuid: "94aa8cf25cd54d94918790897121c1a6" member_type: VOTER last_known_addr { host: "127.5.58.129" port: 36211 } } peers { permanent_uuid: "d2329b76123341beae746cdfd8321a69" member_type: VOTER last_known_addr { host: "127.5.58.130" port: 39449 } } peers { permanent_uuid: "9dcbaf0b4cc94202b738cc00f1faff45" member_type: VOTER last_known_addr { host: "127.5.58.131" port: 37883 } }
I20260601 13:31:29.745818  8533 raft_consensus.cc:385] T b86ff55f36684fd8a04b2f66156dd6d1 P 94aa8cf25cd54d94918790897121c1a6 [term 0 FOLLOWER]: Consensus starting up: Expiring failure detector timer to make a prompt election more likely
I20260601 13:31:29.745838  8533 raft_consensus.cc:740] T b86ff55f36684fd8a04b2f66156dd6d1 P 94aa8cf25cd54d94918790897121c1a6 [term 0 FOLLOWER]: Becoming Follower/Learner. State: Replica: 94aa8cf25cd54d94918790897121c1a6, State: Initialized, Role: FOLLOWER
I20260601 13:31:29.745918  8319 data_dirs.cc:400] Could only allocate 1 dirs of requested 3 for tablet 2808c5f137ce4c67b602e7f787a3c9b6. 1 dirs total, 0 dirs full, 0 dirs failed
I20260601 13:31:29.745940  8533 consensus_queue.cc:260] T b86ff55f36684fd8a04b2f66156dd6d1 P 94aa8cf25cd54d94918790897121c1a6 [NON_LEADER]: Queue going to NON_LEADER mode. State: All replicated index: 0, Majority replicated index: 0, Committed index: 0, Last appended: 0.0, Last appended by leader: 0, Current term: 0, Majority size: -1, State: 0, Mode: NON_LEADER, active raft config: opid_index: -1 OBSOLETE_local: false peers { permanent_uuid: "94aa8cf25cd54d94918790897121c1a6" member_type: VOTER last_known_addr { host: "127.5.58.129" port: 36211 } } peers { permanent_uuid: "d2329b76123341beae746cdfd8321a69" member_type: VOTER last_known_addr { host: "127.5.58.130" port: 39449 } } peers { permanent_uuid: "9dcbaf0b4cc94202b738cc00f1faff45" member_type: VOTER last_known_addr { host: "127.5.58.131" port: 37883 } }
I20260601 13:31:29.746284  8533 ts_tablet_manager.cc:1434] T b86ff55f36684fd8a04b2f66156dd6d1 P 94aa8cf25cd54d94918790897121c1a6: Time spent starting tablet: real 0.001s	user 0.001s	sys 0.000s
I20260601 13:31:29.746426  8533 tablet_bootstrap.cc:492] T 926d90fe8c1e4e31b5f57d72a6eabc6f P 94aa8cf25cd54d94918790897121c1a6: Bootstrap starting.
I20260601 13:31:29.746388  8473 tablet_service.cc:1511] Processing CreateTablet for tablet 0f7938633eb343318845d3090811d6d3 (DEFAULT_TABLE table=range_aware_rebalance_new_range [id=20aa45a2420342a29a86b1176ca88946]), partition=HASH (key) PARTITION 3, RANGE (key) PARTITION 0 <= VALUES < 10
I20260601 13:31:29.746603  8473 data_dirs.cc:400] Could only allocate 1 dirs of requested 3 for tablet 0f7938633eb343318845d3090811d6d3. 1 dirs total, 0 dirs full, 0 dirs failed
I20260601 13:31:29.747193  8533 tablet_bootstrap.cc:654] T 926d90fe8c1e4e31b5f57d72a6eabc6f P 94aa8cf25cd54d94918790897121c1a6: Neither blocks nor log segments found. Creating new log.
I20260601 13:31:29.747822  8320 tablet_service.cc:1511] Processing CreateTablet for tablet 2d19f0c55d584755be5b72dba59f05a8 (DEFAULT_TABLE table=range_aware_rebalance_new_range [id=20aa45a2420342a29a86b1176ca88946]), partition=HASH (key) PARTITION 5, RANGE (key) PARTITION 0 <= VALUES < 10
I20260601 13:31:29.748037  8320 data_dirs.cc:400] Could only allocate 1 dirs of requested 3 for tablet 2d19f0c55d584755be5b72dba59f05a8. 1 dirs total, 0 dirs full, 0 dirs failed
I20260601 13:31:29.748127  8533 tablet_bootstrap.cc:492] T 926d90fe8c1e4e31b5f57d72a6eabc6f P 94aa8cf25cd54d94918790897121c1a6: No bootstrap required, opened a new log
I20260601 13:31:29.748188  8533 ts_tablet_manager.cc:1403] T 926d90fe8c1e4e31b5f57d72a6eabc6f P 94aa8cf25cd54d94918790897121c1a6: Time spent bootstrapping tablet: real 0.002s	user 0.000s	sys 0.001s
I20260601 13:31:29.748493  8472 tablet_service.cc:1511] Processing CreateTablet for tablet 890ae9c42a754ae1823691e28856a193 (DEFAULT_TABLE table=range_aware_rebalance_new_range [id=20aa45a2420342a29a86b1176ca88946]), partition=HASH (key) PARTITION 4, RANGE (key) PARTITION 0 <= VALUES < 10
I20260601 13:31:29.748531  8533 raft_consensus.cc:359] T 926d90fe8c1e4e31b5f57d72a6eabc6f P 94aa8cf25cd54d94918790897121c1a6 [term 0 FOLLOWER]: Replica starting. Triggering 0 pending ops. Active config: opid_index: -1 OBSOLETE_local: false peers { permanent_uuid: "94aa8cf25cd54d94918790897121c1a6" member_type: VOTER last_known_addr { host: "127.5.58.129" port: 36211 } } peers { permanent_uuid: "9dcbaf0b4cc94202b738cc00f1faff45" member_type: VOTER last_known_addr { host: "127.5.58.131" port: 37883 } } peers { permanent_uuid: "d2329b76123341beae746cdfd8321a69" member_type: VOTER last_known_addr { host: "127.5.58.130" port: 39449 } }
I20260601 13:31:29.748606  8533 raft_consensus.cc:385] T 926d90fe8c1e4e31b5f57d72a6eabc6f P 94aa8cf25cd54d94918790897121c1a6 [term 0 FOLLOWER]: Consensus starting up: Expiring failure detector timer to make a prompt election more likely
I20260601 13:31:29.748625  8533 raft_consensus.cc:740] T 926d90fe8c1e4e31b5f57d72a6eabc6f P 94aa8cf25cd54d94918790897121c1a6 [term 0 FOLLOWER]: Becoming Follower/Learner. State: Replica: 94aa8cf25cd54d94918790897121c1a6, State: Initialized, Role: FOLLOWER
I20260601 13:31:29.748703  8472 data_dirs.cc:400] Could only allocate 1 dirs of requested 3 for tablet 890ae9c42a754ae1823691e28856a193. 1 dirs total, 0 dirs full, 0 dirs failed
I20260601 13:31:29.748720  8533 consensus_queue.cc:260] T 926d90fe8c1e4e31b5f57d72a6eabc6f P 94aa8cf25cd54d94918790897121c1a6 [NON_LEADER]: Queue going to NON_LEADER mode. State: All replicated index: 0, Majority replicated index: 0, Committed index: 0, Last appended: 0.0, Last appended by leader: 0, Current term: 0, Majority size: -1, State: 0, Mode: NON_LEADER, active raft config: opid_index: -1 OBSOLETE_local: false peers { permanent_uuid: "94aa8cf25cd54d94918790897121c1a6" member_type: VOTER last_known_addr { host: "127.5.58.129" port: 36211 } } peers { permanent_uuid: "9dcbaf0b4cc94202b738cc00f1faff45" member_type: VOTER last_known_addr { host: "127.5.58.131" port: 37883 } } peers { permanent_uuid: "d2329b76123341beae746cdfd8321a69" member_type: VOTER last_known_addr { host: "127.5.58.130" port: 39449 } }
I20260601 13:31:29.748960  8533 ts_tablet_manager.cc:1434] T 926d90fe8c1e4e31b5f57d72a6eabc6f P 94aa8cf25cd54d94918790897121c1a6: Time spent starting tablet: real 0.001s	user 0.000s	sys 0.000s
I20260601 13:31:29.749080  8533 tablet_bootstrap.cc:492] T 79e765cdd2d848f091bfbda4efc797f2 P 94aa8cf25cd54d94918790897121c1a6: Bootstrap starting.
I20260601 13:31:29.749787  8533 tablet_bootstrap.cc:654] T 79e765cdd2d848f091bfbda4efc797f2 P 94aa8cf25cd54d94918790897121c1a6: Neither blocks nor log segments found. Creating new log.
I20260601 13:31:29.749905  8321 tablet_service.cc:1511] Processing CreateTablet for tablet 890ae9c42a754ae1823691e28856a193 (DEFAULT_TABLE table=range_aware_rebalance_new_range [id=20aa45a2420342a29a86b1176ca88946]), partition=HASH (key) PARTITION 4, RANGE (key) PARTITION 0 <= VALUES < 10
I20260601 13:31:29.750120  8321 data_dirs.cc:400] Could only allocate 1 dirs of requested 3 for tablet 890ae9c42a754ae1823691e28856a193. 1 dirs total, 0 dirs full, 0 dirs failed
I20260601 13:31:29.750547  8471 tablet_service.cc:1511] Processing CreateTablet for tablet 2d19f0c55d584755be5b72dba59f05a8 (DEFAULT_TABLE table=range_aware_rebalance_new_range [id=20aa45a2420342a29a86b1176ca88946]), partition=HASH (key) PARTITION 5, RANGE (key) PARTITION 0 <= VALUES < 10
I20260601 13:31:29.750635  8533 tablet_bootstrap.cc:492] T 79e765cdd2d848f091bfbda4efc797f2 P 94aa8cf25cd54d94918790897121c1a6: No bootstrap required, opened a new log
I20260601 13:31:29.750691  8533 ts_tablet_manager.cc:1403] T 79e765cdd2d848f091bfbda4efc797f2 P 94aa8cf25cd54d94918790897121c1a6: Time spent bootstrapping tablet: real 0.002s	user 0.000s	sys 0.001s
I20260601 13:31:29.750768  8471 data_dirs.cc:400] Could only allocate 1 dirs of requested 3 for tablet 2d19f0c55d584755be5b72dba59f05a8. 1 dirs total, 0 dirs full, 0 dirs failed
I20260601 13:31:29.750999  8533 raft_consensus.cc:359] T 79e765cdd2d848f091bfbda4efc797f2 P 94aa8cf25cd54d94918790897121c1a6 [term 0 FOLLOWER]: Replica starting. Triggering 0 pending ops. Active config: opid_index: -1 OBSOLETE_local: false peers { permanent_uuid: "94aa8cf25cd54d94918790897121c1a6" member_type: VOTER last_known_addr { host: "127.5.58.129" port: 36211 } } peers { permanent_uuid: "d2329b76123341beae746cdfd8321a69" member_type: VOTER last_known_addr { host: "127.5.58.130" port: 39449 } } peers { permanent_uuid: "9dcbaf0b4cc94202b738cc00f1faff45" member_type: VOTER last_known_addr { host: "127.5.58.131" port: 37883 } }
I20260601 13:31:29.751068  8533 raft_consensus.cc:385] T 79e765cdd2d848f091bfbda4efc797f2 P 94aa8cf25cd54d94918790897121c1a6 [term 0 FOLLOWER]: Consensus starting up: Expiring failure detector timer to make a prompt election more likely
I20260601 13:31:29.751087  8533 raft_consensus.cc:740] T 79e765cdd2d848f091bfbda4efc797f2 P 94aa8cf25cd54d94918790897121c1a6 [term 0 FOLLOWER]: Becoming Follower/Learner. State: Replica: 94aa8cf25cd54d94918790897121c1a6, State: Initialized, Role: FOLLOWER
I20260601 13:31:29.751183  8533 consensus_queue.cc:260] T 79e765cdd2d848f091bfbda4efc797f2 P 94aa8cf25cd54d94918790897121c1a6 [NON_LEADER]: Queue going to NON_LEADER mode. State: All replicated index: 0, Majority replicated index: 0, Committed index: 0, Last appended: 0.0, Last appended by leader: 0, Current term: 0, Majority size: -1, State: 0, Mode: NON_LEADER, active raft config: opid_index: -1 OBSOLETE_local: false peers { permanent_uuid: "94aa8cf25cd54d94918790897121c1a6" member_type: VOTER last_known_addr { host: "127.5.58.129" port: 36211 } } peers { permanent_uuid: "d2329b76123341beae746cdfd8321a69" member_type: VOTER last_known_addr { host: "127.5.58.130" port: 39449 } } peers { permanent_uuid: "9dcbaf0b4cc94202b738cc00f1faff45" member_type: VOTER last_known_addr { host: "127.5.58.131" port: 37883 } }
I20260601 13:31:29.751441  8533 ts_tablet_manager.cc:1434] T 79e765cdd2d848f091bfbda4efc797f2 P 94aa8cf25cd54d94918790897121c1a6: Time spent starting tablet: real 0.001s	user 0.000s	sys 0.001s
I20260601 13:31:29.751556  8533 tablet_bootstrap.cc:492] T beab242dfb274e0e9623bff00df14f0d P 94aa8cf25cd54d94918790897121c1a6: Bootstrap starting.
I20260601 13:31:29.752043  8322 tablet_service.cc:1511] Processing CreateTablet for tablet 0f7938633eb343318845d3090811d6d3 (DEFAULT_TABLE table=range_aware_rebalance_new_range [id=20aa45a2420342a29a86b1176ca88946]), partition=HASH (key) PARTITION 3, RANGE (key) PARTITION 0 <= VALUES < 10
I20260601 13:31:29.752226  8533 tablet_bootstrap.cc:654] T beab242dfb274e0e9623bff00df14f0d P 94aa8cf25cd54d94918790897121c1a6: Neither blocks nor log segments found. Creating new log.
I20260601 13:31:29.752272  8322 data_dirs.cc:400] Could only allocate 1 dirs of requested 3 for tablet 0f7938633eb343318845d3090811d6d3. 1 dirs total, 0 dirs full, 0 dirs failed
I20260601 13:31:29.752653  8470 tablet_service.cc:1511] Processing CreateTablet for tablet 2808c5f137ce4c67b602e7f787a3c9b6 (DEFAULT_TABLE table=range_aware_rebalance_new_range [id=20aa45a2420342a29a86b1176ca88946]), partition=HASH (key) PARTITION 6, RANGE (key) PARTITION 0 <= VALUES < 10
I20260601 13:31:29.752866  8470 data_dirs.cc:400] Could only allocate 1 dirs of requested 3 for tablet 2808c5f137ce4c67b602e7f787a3c9b6. 1 dirs total, 0 dirs full, 0 dirs failed
I20260601 13:31:29.753043  8533 tablet_bootstrap.cc:492] T beab242dfb274e0e9623bff00df14f0d P 94aa8cf25cd54d94918790897121c1a6: No bootstrap required, opened a new log
I20260601 13:31:29.753103  8533 ts_tablet_manager.cc:1403] T beab242dfb274e0e9623bff00df14f0d P 94aa8cf25cd54d94918790897121c1a6: Time spent bootstrapping tablet: real 0.002s	user 0.000s	sys 0.001s
I20260601 13:31:29.753420  8533 raft_consensus.cc:359] T beab242dfb274e0e9623bff00df14f0d P 94aa8cf25cd54d94918790897121c1a6 [term 0 FOLLOWER]: Replica starting. Triggering 0 pending ops. Active config: opid_index: -1 OBSOLETE_local: false peers { permanent_uuid: "94aa8cf25cd54d94918790897121c1a6" member_type: VOTER last_known_addr { host: "127.5.58.129" port: 36211 } } peers { permanent_uuid: "d2329b76123341beae746cdfd8321a69" member_type: VOTER last_known_addr { host: "127.5.58.130" port: 39449 } } peers { permanent_uuid: "9dcbaf0b4cc94202b738cc00f1faff45" member_type: VOTER last_known_addr { host: "127.5.58.131" port: 37883 } }
I20260601 13:31:29.753487  8533 raft_consensus.cc:385] T beab242dfb274e0e9623bff00df14f0d P 94aa8cf25cd54d94918790897121c1a6 [term 0 FOLLOWER]: Consensus starting up: Expiring failure detector timer to make a prompt election more likely
I20260601 13:31:29.753506  8533 raft_consensus.cc:740] T beab242dfb274e0e9623bff00df14f0d P 94aa8cf25cd54d94918790897121c1a6 [term 0 FOLLOWER]: Becoming Follower/Learner. State: Replica: 94aa8cf25cd54d94918790897121c1a6, State: Initialized, Role: FOLLOWER
I20260601 13:31:29.753574  8533 consensus_queue.cc:260] T beab242dfb274e0e9623bff00df14f0d P 94aa8cf25cd54d94918790897121c1a6 [NON_LEADER]: Queue going to NON_LEADER mode. State: All replicated index: 0, Majority replicated index: 0, Committed index: 0, Last appended: 0.0, Last appended by leader: 0, Current term: 0, Majority size: -1, State: 0, Mode: NON_LEADER, active raft config: opid_index: -1 OBSOLETE_local: false peers { permanent_uuid: "94aa8cf25cd54d94918790897121c1a6" member_type: VOTER last_known_addr { host: "127.5.58.129" port: 36211 } } peers { permanent_uuid: "d2329b76123341beae746cdfd8321a69" member_type: VOTER last_known_addr { host: "127.5.58.130" port: 39449 } } peers { permanent_uuid: "9dcbaf0b4cc94202b738cc00f1faff45" member_type: VOTER last_known_addr { host: "127.5.58.131" port: 37883 } }
I20260601 13:31:29.753775  8533 ts_tablet_manager.cc:1434] T beab242dfb274e0e9623bff00df14f0d P 94aa8cf25cd54d94918790897121c1a6: Time spent starting tablet: real 0.001s	user 0.000s	sys 0.000s
I20260601 13:31:29.753887  8533 tablet_bootstrap.cc:492] T 2808c5f137ce4c67b602e7f787a3c9b6 P 94aa8cf25cd54d94918790897121c1a6: Bootstrap starting.
I20260601 13:31:29.754652  8533 tablet_bootstrap.cc:654] T 2808c5f137ce4c67b602e7f787a3c9b6 P 94aa8cf25cd54d94918790897121c1a6: Neither blocks nor log segments found. Creating new log.
I20260601 13:31:29.755472  8532 tablet_bootstrap.cc:492] T 926d90fe8c1e4e31b5f57d72a6eabc6f P 9dcbaf0b4cc94202b738cc00f1faff45: Bootstrap starting.
I20260601 13:31:29.755673  8533 tablet_bootstrap.cc:492] T 2808c5f137ce4c67b602e7f787a3c9b6 P 94aa8cf25cd54d94918790897121c1a6: No bootstrap required, opened a new log
I20260601 13:31:29.755759  8533 ts_tablet_manager.cc:1403] T 2808c5f137ce4c67b602e7f787a3c9b6 P 94aa8cf25cd54d94918790897121c1a6: Time spent bootstrapping tablet: real 0.002s	user 0.000s	sys 0.001s
I20260601 13:31:29.756194  8533 raft_consensus.cc:359] T 2808c5f137ce4c67b602e7f787a3c9b6 P 94aa8cf25cd54d94918790897121c1a6 [term 0 FOLLOWER]: Replica starting. Triggering 0 pending ops. Active config: opid_index: -1 OBSOLETE_local: false peers { permanent_uuid: "94aa8cf25cd54d94918790897121c1a6" member_type: VOTER last_known_addr { host: "127.5.58.129" port: 36211 } } peers { permanent_uuid: "d2329b76123341beae746cdfd8321a69" member_type: VOTER last_known_addr { host: "127.5.58.130" port: 39449 } } peers { permanent_uuid: "9dcbaf0b4cc94202b738cc00f1faff45" member_type: VOTER last_known_addr { host: "127.5.58.131" port: 37883 } }
I20260601 13:31:29.756301  8533 raft_consensus.cc:385] T 2808c5f137ce4c67b602e7f787a3c9b6 P 94aa8cf25cd54d94918790897121c1a6 [term 0 FOLLOWER]: Consensus starting up: Expiring failure detector timer to make a prompt election more likely
I20260601 13:31:29.756333  8533 raft_consensus.cc:740] T 2808c5f137ce4c67b602e7f787a3c9b6 P 94aa8cf25cd54d94918790897121c1a6 [term 0 FOLLOWER]: Becoming Follower/Learner. State: Replica: 94aa8cf25cd54d94918790897121c1a6, State: Initialized, Role: FOLLOWER
I20260601 13:31:29.756431  8533 consensus_queue.cc:260] T 2808c5f137ce4c67b602e7f787a3c9b6 P 94aa8cf25cd54d94918790897121c1a6 [NON_LEADER]: Queue going to NON_LEADER mode. State: All replicated index: 0, Majority replicated index: 0, Committed index: 0, Last appended: 0.0, Last appended by leader: 0, Current term: 0, Majority size: -1, State: 0, Mode: NON_LEADER, active raft config: opid_index: -1 OBSOLETE_local: false peers { permanent_uuid: "94aa8cf25cd54d94918790897121c1a6" member_type: VOTER last_known_addr { host: "127.5.58.129" port: 36211 } } peers { permanent_uuid: "d2329b76123341beae746cdfd8321a69" member_type: VOTER last_known_addr { host: "127.5.58.130" port: 39449 } } peers { permanent_uuid: "9dcbaf0b4cc94202b738cc00f1faff45" member_type: VOTER last_known_addr { host: "127.5.58.131" port: 37883 } }
I20260601 13:31:29.756681  8533 ts_tablet_manager.cc:1434] T 2808c5f137ce4c67b602e7f787a3c9b6 P 94aa8cf25cd54d94918790897121c1a6: Time spent starting tablet: real 0.001s	user 0.000s	sys 0.001s
I20260601 13:31:29.756829  8532 tablet_bootstrap.cc:654] T 926d90fe8c1e4e31b5f57d72a6eabc6f P 9dcbaf0b4cc94202b738cc00f1faff45: Neither blocks nor log segments found. Creating new log.
I20260601 13:31:29.756851  8533 tablet_bootstrap.cc:492] T 2d19f0c55d584755be5b72dba59f05a8 P 94aa8cf25cd54d94918790897121c1a6: Bootstrap starting.
I20260601 13:31:29.757745  8399 tablet_service.cc:1511] Processing CreateTablet for tablet 79e765cdd2d848f091bfbda4efc797f2 (DEFAULT_TABLE table=range_aware_rebalance_new_range [id=20aa45a2420342a29a86b1176ca88946]), partition=HASH (key) PARTITION 2, RANGE (key) PARTITION 0 <= VALUES < 10
I20260601 13:31:29.757867  8533 tablet_bootstrap.cc:654] T 2d19f0c55d584755be5b72dba59f05a8 P 94aa8cf25cd54d94918790897121c1a6: Neither blocks nor log segments found. Creating new log.
I20260601 13:31:29.758011  8399 data_dirs.cc:400] Could only allocate 1 dirs of requested 3 for tablet 79e765cdd2d848f091bfbda4efc797f2. 1 dirs total, 0 dirs full, 0 dirs failed
I20260601 13:31:29.758030  8401 tablet_service.cc:1511] Processing CreateTablet for tablet 926d90fe8c1e4e31b5f57d72a6eabc6f (DEFAULT_TABLE table=range_aware_rebalance_new_range [id=20aa45a2420342a29a86b1176ca88946]), partition=HASH (key) PARTITION 0, RANGE (key) PARTITION 0 <= VALUES < 10
I20260601 13:31:29.758417  8400 tablet_service.cc:1511] Processing CreateTablet for tablet b86ff55f36684fd8a04b2f66156dd6d1 (DEFAULT_TABLE table=range_aware_rebalance_new_range [id=20aa45a2420342a29a86b1176ca88946]), partition=HASH (key) PARTITION 1, RANGE (key) PARTITION 0 <= VALUES < 10
I20260601 13:31:29.758855  8533 tablet_bootstrap.cc:492] T 2d19f0c55d584755be5b72dba59f05a8 P 94aa8cf25cd54d94918790897121c1a6: No bootstrap required, opened a new log
I20260601 13:31:29.758824  8398 tablet_service.cc:1511] Processing CreateTablet for tablet 0f7938633eb343318845d3090811d6d3 (DEFAULT_TABLE table=range_aware_rebalance_new_range [id=20aa45a2420342a29a86b1176ca88946]), partition=HASH (key) PARTITION 3, RANGE (key) PARTITION 0 <= VALUES < 10
I20260601 13:31:29.758932  8533 ts_tablet_manager.cc:1403] T 2d19f0c55d584755be5b72dba59f05a8 P 94aa8cf25cd54d94918790897121c1a6: Time spent bootstrapping tablet: real 0.002s	user 0.001s	sys 0.001s
I20260601 13:31:29.759210  8397 tablet_service.cc:1511] Processing CreateTablet for tablet 890ae9c42a754ae1823691e28856a193 (DEFAULT_TABLE table=range_aware_rebalance_new_range [id=20aa45a2420342a29a86b1176ca88946]), partition=HASH (key) PARTITION 4, RANGE (key) PARTITION 0 <= VALUES < 10
I20260601 13:31:29.759369  8533 raft_consensus.cc:359] T 2d19f0c55d584755be5b72dba59f05a8 P 94aa8cf25cd54d94918790897121c1a6 [term 0 FOLLOWER]: Replica starting. Triggering 0 pending ops. Active config: opid_index: -1 OBSOLETE_local: false peers { permanent_uuid: "94aa8cf25cd54d94918790897121c1a6" member_type: VOTER last_known_addr { host: "127.5.58.129" port: 36211 } } peers { permanent_uuid: "d2329b76123341beae746cdfd8321a69" member_type: VOTER last_known_addr { host: "127.5.58.130" port: 39449 } } peers { permanent_uuid: "9dcbaf0b4cc94202b738cc00f1faff45" member_type: VOTER last_known_addr { host: "127.5.58.131" port: 37883 } }
I20260601 13:31:29.759501  8533 raft_consensus.cc:385] T 2d19f0c55d584755be5b72dba59f05a8 P 94aa8cf25cd54d94918790897121c1a6 [term 0 FOLLOWER]: Consensus starting up: Expiring failure detector timer to make a prompt election more likely
I20260601 13:31:29.759531  8533 raft_consensus.cc:740] T 2d19f0c55d584755be5b72dba59f05a8 P 94aa8cf25cd54d94918790897121c1a6 [term 0 FOLLOWER]: Becoming Follower/Learner. State: Replica: 94aa8cf25cd54d94918790897121c1a6, State: Initialized, Role: FOLLOWER
I20260601 13:31:29.759639  8533 consensus_queue.cc:260] T 2d19f0c55d584755be5b72dba59f05a8 P 94aa8cf25cd54d94918790897121c1a6 [NON_LEADER]: Queue going to NON_LEADER mode. State: All replicated index: 0, Majority replicated index: 0, Committed index: 0, Last appended: 0.0, Last appended by leader: 0, Current term: 0, Majority size: -1, State: 0, Mode: NON_LEADER, active raft config: opid_index: -1 OBSOLETE_local: false peers { permanent_uuid: "94aa8cf25cd54d94918790897121c1a6" member_type: VOTER last_known_addr { host: "127.5.58.129" port: 36211 } } peers { permanent_uuid: "d2329b76123341beae746cdfd8321a69" member_type: VOTER last_known_addr { host: "127.5.58.130" port: 39449 } } peers { permanent_uuid: "9dcbaf0b4cc94202b738cc00f1faff45" member_type: VOTER last_known_addr { host: "127.5.58.131" port: 37883 } }
I20260601 13:31:29.759805  8393 tablet_service.cc:1511] Processing CreateTablet for tablet 2808c5f137ce4c67b602e7f787a3c9b6 (DEFAULT_TABLE table=range_aware_rebalance_new_range [id=20aa45a2420342a29a86b1176ca88946]), partition=HASH (key) PARTITION 6, RANGE (key) PARTITION 0 <= VALUES < 10
I20260601 13:31:29.759891  8533 ts_tablet_manager.cc:1434] T 2d19f0c55d584755be5b72dba59f05a8 P 94aa8cf25cd54d94918790897121c1a6: Time spent starting tablet: real 0.001s	user 0.001s	sys 0.000s
I20260601 13:31:29.760083  8533 tablet_bootstrap.cc:492] T 890ae9c42a754ae1823691e28856a193 P 94aa8cf25cd54d94918790897121c1a6: Bootstrap starting.
I20260601 13:31:29.760196  8394 tablet_service.cc:1511] Processing CreateTablet for tablet beab242dfb274e0e9623bff00df14f0d (DEFAULT_TABLE table=range_aware_rebalance_new_range [id=20aa45a2420342a29a86b1176ca88946]), partition=HASH (key) PARTITION 7, RANGE (key) PARTITION 0 <= VALUES < 10
I20260601 13:31:29.759639  8396 tablet_service.cc:1511] Processing CreateTablet for tablet 2d19f0c55d584755be5b72dba59f05a8 (DEFAULT_TABLE table=range_aware_rebalance_new_range [id=20aa45a2420342a29a86b1176ca88946]), partition=HASH (key) PARTITION 5, RANGE (key) PARTITION 0 <= VALUES < 10
I20260601 13:31:29.760705  8401 data_dirs.cc:400] Could only allocate 1 dirs of requested 3 for tablet 926d90fe8c1e4e31b5f57d72a6eabc6f. 1 dirs total, 0 dirs full, 0 dirs failed
I20260601 13:31:29.760982  8533 tablet_bootstrap.cc:654] T 890ae9c42a754ae1823691e28856a193 P 94aa8cf25cd54d94918790897121c1a6: Neither blocks nor log segments found. Creating new log.
I20260601 13:31:29.760998  8396 data_dirs.cc:400] Could only allocate 1 dirs of requested 3 for tablet 2d19f0c55d584755be5b72dba59f05a8. 1 dirs total, 0 dirs full, 0 dirs failed
I20260601 13:31:29.761979  8533 tablet_bootstrap.cc:492] T 890ae9c42a754ae1823691e28856a193 P 94aa8cf25cd54d94918790897121c1a6: No bootstrap required, opened a new log
I20260601 13:31:29.762059  8533 ts_tablet_manager.cc:1403] T 890ae9c42a754ae1823691e28856a193 P 94aa8cf25cd54d94918790897121c1a6: Time spent bootstrapping tablet: real 0.002s	user 0.001s	sys 0.000s
I20260601 13:31:29.762543  8533 raft_consensus.cc:359] T 890ae9c42a754ae1823691e28856a193 P 94aa8cf25cd54d94918790897121c1a6 [term 0 FOLLOWER]: Replica starting. Triggering 0 pending ops. Active config: opid_index: -1 OBSOLETE_local: false peers { permanent_uuid: "d2329b76123341beae746cdfd8321a69" member_type: VOTER last_known_addr { host: "127.5.58.130" port: 39449 } } peers { permanent_uuid: "94aa8cf25cd54d94918790897121c1a6" member_type: VOTER last_known_addr { host: "127.5.58.129" port: 36211 } } peers { permanent_uuid: "9dcbaf0b4cc94202b738cc00f1faff45" member_type: VOTER last_known_addr { host: "127.5.58.131" port: 37883 } }
I20260601 13:31:29.762694  8533 raft_consensus.cc:385] T 890ae9c42a754ae1823691e28856a193 P 94aa8cf25cd54d94918790897121c1a6 [term 0 FOLLOWER]: Consensus starting up: Expiring failure detector timer to make a prompt election more likely
I20260601 13:31:29.762759  8393 data_dirs.cc:400] Could only allocate 1 dirs of requested 3 for tablet 2808c5f137ce4c67b602e7f787a3c9b6. 1 dirs total, 0 dirs full, 0 dirs failed
I20260601 13:31:29.762759  8533 raft_consensus.cc:740] T 890ae9c42a754ae1823691e28856a193 P 94aa8cf25cd54d94918790897121c1a6 [term 0 FOLLOWER]: Becoming Follower/Learner. State: Replica: 94aa8cf25cd54d94918790897121c1a6, State: Initialized, Role: FOLLOWER
I20260601 13:31:29.763002  8398 data_dirs.cc:400] Could only allocate 1 dirs of requested 3 for tablet 0f7938633eb343318845d3090811d6d3. 1 dirs total, 0 dirs full, 0 dirs failed
I20260601 13:31:29.763118  8533 consensus_queue.cc:260] T 890ae9c42a754ae1823691e28856a193 P 94aa8cf25cd54d94918790897121c1a6 [NON_LEADER]: Queue going to NON_LEADER mode. State: All replicated index: 0, Majority replicated index: 0, Committed index: 0, Last appended: 0.0, Last appended by leader: 0, Current term: 0, Majority size: -1, State: 0, Mode: NON_LEADER, active raft config: opid_index: -1 OBSOLETE_local: false peers { permanent_uuid: "d2329b76123341beae746cdfd8321a69" member_type: VOTER last_known_addr { host: "127.5.58.130" port: 39449 } } peers { permanent_uuid: "94aa8cf25cd54d94918790897121c1a6" member_type: VOTER last_known_addr { host: "127.5.58.129" port: 36211 } } peers { permanent_uuid: "9dcbaf0b4cc94202b738cc00f1faff45" member_type: VOTER last_known_addr { host: "127.5.58.131" port: 37883 } }
I20260601 13:31:29.763442  8394 data_dirs.cc:400] Could only allocate 1 dirs of requested 3 for tablet beab242dfb274e0e9623bff00df14f0d. 1 dirs total, 0 dirs full, 0 dirs failed
I20260601 13:31:29.763573  8533 ts_tablet_manager.cc:1434] T 890ae9c42a754ae1823691e28856a193 P 94aa8cf25cd54d94918790897121c1a6: Time spent starting tablet: real 0.001s	user 0.002s	sys 0.000s
I20260601 13:31:29.765225  8400 data_dirs.cc:400] Could only allocate 1 dirs of requested 3 for tablet b86ff55f36684fd8a04b2f66156dd6d1. 1 dirs total, 0 dirs full, 0 dirs failed
I20260601 13:31:29.765518  8533 tablet_bootstrap.cc:492] T 0f7938633eb343318845d3090811d6d3 P 94aa8cf25cd54d94918790897121c1a6: Bootstrap starting.
I20260601 13:31:29.766426  8533 tablet_bootstrap.cc:654] T 0f7938633eb343318845d3090811d6d3 P 94aa8cf25cd54d94918790897121c1a6: Neither blocks nor log segments found. Creating new log.
I20260601 13:31:29.766894  8397 data_dirs.cc:400] Could only allocate 1 dirs of requested 3 for tablet 890ae9c42a754ae1823691e28856a193. 1 dirs total, 0 dirs full, 0 dirs failed
I20260601 13:31:29.767500  8533 tablet_bootstrap.cc:492] T 0f7938633eb343318845d3090811d6d3 P 94aa8cf25cd54d94918790897121c1a6: No bootstrap required, opened a new log
I20260601 13:31:29.767500  8532 tablet_bootstrap.cc:492] T 926d90fe8c1e4e31b5f57d72a6eabc6f P 9dcbaf0b4cc94202b738cc00f1faff45: No bootstrap required, opened a new log
I20260601 13:31:29.767613  8533 ts_tablet_manager.cc:1403] T 0f7938633eb343318845d3090811d6d3 P 94aa8cf25cd54d94918790897121c1a6: Time spent bootstrapping tablet: real 0.004s	user 0.002s	sys 0.000s
I20260601 13:31:29.767613  8532 ts_tablet_manager.cc:1403] T 926d90fe8c1e4e31b5f57d72a6eabc6f P 9dcbaf0b4cc94202b738cc00f1faff45: Time spent bootstrapping tablet: real 0.012s	user 0.002s	sys 0.000s
I20260601 13:31:29.768054  8533 raft_consensus.cc:359] T 0f7938633eb343318845d3090811d6d3 P 94aa8cf25cd54d94918790897121c1a6 [term 0 FOLLOWER]: Replica starting. Triggering 0 pending ops. Active config: opid_index: -1 OBSOLETE_local: false peers { permanent_uuid: "94aa8cf25cd54d94918790897121c1a6" member_type: VOTER last_known_addr { host: "127.5.58.129" port: 36211 } } peers { permanent_uuid: "d2329b76123341beae746cdfd8321a69" member_type: VOTER last_known_addr { host: "127.5.58.130" port: 39449 } } peers { permanent_uuid: "9dcbaf0b4cc94202b738cc00f1faff45" member_type: VOTER last_known_addr { host: "127.5.58.131" port: 37883 } }
I20260601 13:31:29.768054  8532 raft_consensus.cc:359] T 926d90fe8c1e4e31b5f57d72a6eabc6f P 9dcbaf0b4cc94202b738cc00f1faff45 [term 0 FOLLOWER]: Replica starting. Triggering 0 pending ops. Active config: opid_index: -1 OBSOLETE_local: false peers { permanent_uuid: "94aa8cf25cd54d94918790897121c1a6" member_type: VOTER last_known_addr { host: "127.5.58.129" port: 36211 } } peers { permanent_uuid: "9dcbaf0b4cc94202b738cc00f1faff45" member_type: VOTER last_known_addr { host: "127.5.58.131" port: 37883 } } peers { permanent_uuid: "d2329b76123341beae746cdfd8321a69" member_type: VOTER last_known_addr { host: "127.5.58.130" port: 39449 } }
I20260601 13:31:29.768190  8533 raft_consensus.cc:385] T 0f7938633eb343318845d3090811d6d3 P 94aa8cf25cd54d94918790897121c1a6 [term 0 FOLLOWER]: Consensus starting up: Expiring failure detector timer to make a prompt election more likely
I20260601 13:31:29.768199  8532 raft_consensus.cc:385] T 926d90fe8c1e4e31b5f57d72a6eabc6f P 9dcbaf0b4cc94202b738cc00f1faff45 [term 0 FOLLOWER]: Consensus starting up: Expiring failure detector timer to make a prompt election more likely
I20260601 13:31:29.768239  8533 raft_consensus.cc:740] T 0f7938633eb343318845d3090811d6d3 P 94aa8cf25cd54d94918790897121c1a6 [term 0 FOLLOWER]: Becoming Follower/Learner. State: Replica: 94aa8cf25cd54d94918790897121c1a6, State: Initialized, Role: FOLLOWER
I20260601 13:31:29.768245  8532 raft_consensus.cc:740] T 926d90fe8c1e4e31b5f57d72a6eabc6f P 9dcbaf0b4cc94202b738cc00f1faff45 [term 0 FOLLOWER]: Becoming Follower/Learner. State: Replica: 9dcbaf0b4cc94202b738cc00f1faff45, State: Initialized, Role: FOLLOWER
I20260601 13:31:29.768366  8533 consensus_queue.cc:260] T 0f7938633eb343318845d3090811d6d3 P 94aa8cf25cd54d94918790897121c1a6 [NON_LEADER]: Queue going to NON_LEADER mode. State: All replicated index: 0, Majority replicated index: 0, Committed index: 0, Last appended: 0.0, Last appended by leader: 0, Current term: 0, Majority size: -1, State: 0, Mode: NON_LEADER, active raft config: opid_index: -1 OBSOLETE_local: false peers { permanent_uuid: "94aa8cf25cd54d94918790897121c1a6" member_type: VOTER last_known_addr { host: "127.5.58.129" port: 36211 } } peers { permanent_uuid: "d2329b76123341beae746cdfd8321a69" member_type: VOTER last_known_addr { host: "127.5.58.130" port: 39449 } } peers { permanent_uuid: "9dcbaf0b4cc94202b738cc00f1faff45" member_type: VOTER last_known_addr { host: "127.5.58.131" port: 37883 } }
I20260601 13:31:29.768366  8532 consensus_queue.cc:260] T 926d90fe8c1e4e31b5f57d72a6eabc6f P 9dcbaf0b4cc94202b738cc00f1faff45 [NON_LEADER]: Queue going to NON_LEADER mode. State: All replicated index: 0, Majority replicated index: 0, Committed index: 0, Last appended: 0.0, Last appended by leader: 0, Current term: 0, Majority size: -1, State: 0, Mode: NON_LEADER, active raft config: opid_index: -1 OBSOLETE_local: false peers { permanent_uuid: "94aa8cf25cd54d94918790897121c1a6" member_type: VOTER last_known_addr { host: "127.5.58.129" port: 36211 } } peers { permanent_uuid: "9dcbaf0b4cc94202b738cc00f1faff45" member_type: VOTER last_known_addr { host: "127.5.58.131" port: 37883 } } peers { permanent_uuid: "d2329b76123341beae746cdfd8321a69" member_type: VOTER last_known_addr { host: "127.5.58.130" port: 39449 } }
I20260601 13:31:29.768656  8533 ts_tablet_manager.cc:1434] T 0f7938633eb343318845d3090811d6d3 P 94aa8cf25cd54d94918790897121c1a6: Time spent starting tablet: real 0.001s	user 0.000s	sys 0.001s
I20260601 13:31:29.768738  8532 ts_tablet_manager.cc:1434] T 926d90fe8c1e4e31b5f57d72a6eabc6f P 9dcbaf0b4cc94202b738cc00f1faff45: Time spent starting tablet: real 0.001s	user 0.001s	sys 0.000s
I20260601 13:31:29.768904  8532 tablet_bootstrap.cc:492] T beab242dfb274e0e9623bff00df14f0d P 9dcbaf0b4cc94202b738cc00f1faff45: Bootstrap starting.
I20260601 13:31:29.769122  8542 tablet_bootstrap.cc:492] T 79e765cdd2d848f091bfbda4efc797f2 P d2329b76123341beae746cdfd8321a69: Bootstrap starting.
I20260601 13:31:29.770190  8532 tablet_bootstrap.cc:654] T beab242dfb274e0e9623bff00df14f0d P 9dcbaf0b4cc94202b738cc00f1faff45: Neither blocks nor log segments found. Creating new log.
I20260601 13:31:29.770190  8542 tablet_bootstrap.cc:654] T 79e765cdd2d848f091bfbda4efc797f2 P d2329b76123341beae746cdfd8321a69: Neither blocks nor log segments found. Creating new log.
I20260601 13:31:29.771404  8542 tablet_bootstrap.cc:492] T 79e765cdd2d848f091bfbda4efc797f2 P d2329b76123341beae746cdfd8321a69: No bootstrap required, opened a new log
I20260601 13:31:29.771404  8532 tablet_bootstrap.cc:492] T beab242dfb274e0e9623bff00df14f0d P 9dcbaf0b4cc94202b738cc00f1faff45: No bootstrap required, opened a new log
I20260601 13:31:29.771512  8542 ts_tablet_manager.cc:1403] T 79e765cdd2d848f091bfbda4efc797f2 P d2329b76123341beae746cdfd8321a69: Time spent bootstrapping tablet: real 0.002s	user 0.002s	sys 0.000s
I20260601 13:31:29.771541  8532 ts_tablet_manager.cc:1403] T beab242dfb274e0e9623bff00df14f0d P 9dcbaf0b4cc94202b738cc00f1faff45: Time spent bootstrapping tablet: real 0.003s	user 0.002s	sys 0.000s
I20260601 13:31:29.771878  8542 raft_consensus.cc:359] T 79e765cdd2d848f091bfbda4efc797f2 P d2329b76123341beae746cdfd8321a69 [term 0 FOLLOWER]: Replica starting. Triggering 0 pending ops. Active config: opid_index: -1 OBSOLETE_local: false peers { permanent_uuid: "94aa8cf25cd54d94918790897121c1a6" member_type: VOTER last_known_addr { host: "127.5.58.129" port: 36211 } } peers { permanent_uuid: "d2329b76123341beae746cdfd8321a69" member_type: VOTER last_known_addr { host: "127.5.58.130" port: 39449 } } peers { permanent_uuid: "9dcbaf0b4cc94202b738cc00f1faff45" member_type: VOTER last_known_addr { host: "127.5.58.131" port: 37883 } }
I20260601 13:31:29.771965  8542 raft_consensus.cc:385] T 79e765cdd2d848f091bfbda4efc797f2 P d2329b76123341beae746cdfd8321a69 [term 0 FOLLOWER]: Consensus starting up: Expiring failure detector timer to make a prompt election more likely
I20260601 13:31:29.771926  8532 raft_consensus.cc:359] T beab242dfb274e0e9623bff00df14f0d P 9dcbaf0b4cc94202b738cc00f1faff45 [term 0 FOLLOWER]: Replica starting. Triggering 0 pending ops. Active config: opid_index: -1 OBSOLETE_local: false peers { permanent_uuid: "94aa8cf25cd54d94918790897121c1a6" member_type: VOTER last_known_addr { host: "127.5.58.129" port: 36211 } } peers { permanent_uuid: "d2329b76123341beae746cdfd8321a69" member_type: VOTER last_known_addr { host: "127.5.58.130" port: 39449 } } peers { permanent_uuid: "9dcbaf0b4cc94202b738cc00f1faff45" member_type: VOTER last_known_addr { host: "127.5.58.131" port: 37883 } }
I20260601 13:31:29.771986  8542 raft_consensus.cc:740] T 79e765cdd2d848f091bfbda4efc797f2 P d2329b76123341beae746cdfd8321a69 [term 0 FOLLOWER]: Becoming Follower/Learner. State: Replica: d2329b76123341beae746cdfd8321a69, State: Initialized, Role: FOLLOWER
I20260601 13:31:29.772014  8532 raft_consensus.cc:385] T beab242dfb274e0e9623bff00df14f0d P 9dcbaf0b4cc94202b738cc00f1faff45 [term 0 FOLLOWER]: Consensus starting up: Expiring failure detector timer to make a prompt election more likely
I20260601 13:31:29.772055  8532 raft_consensus.cc:740] T beab242dfb274e0e9623bff00df14f0d P 9dcbaf0b4cc94202b738cc00f1faff45 [term 0 FOLLOWER]: Becoming Follower/Learner. State: Replica: 9dcbaf0b4cc94202b738cc00f1faff45, State: Initialized, Role: FOLLOWER
I20260601 13:31:29.772166  8532 consensus_queue.cc:260] T beab242dfb274e0e9623bff00df14f0d P 9dcbaf0b4cc94202b738cc00f1faff45 [NON_LEADER]: Queue going to NON_LEADER mode. State: All replicated index: 0, Majority replicated index: 0, Committed index: 0, Last appended: 0.0, Last appended by leader: 0, Current term: 0, Majority size: -1, State: 0, Mode: NON_LEADER, active raft config: opid_index: -1 OBSOLETE_local: false peers { permanent_uuid: "94aa8cf25cd54d94918790897121c1a6" member_type: VOTER last_known_addr { host: "127.5.58.129" port: 36211 } } peers { permanent_uuid: "d2329b76123341beae746cdfd8321a69" member_type: VOTER last_known_addr { host: "127.5.58.130" port: 39449 } } peers { permanent_uuid: "9dcbaf0b4cc94202b738cc00f1faff45" member_type: VOTER last_known_addr { host: "127.5.58.131" port: 37883 } }
I20260601 13:31:29.772176  8542 consensus_queue.cc:260] T 79e765cdd2d848f091bfbda4efc797f2 P d2329b76123341beae746cdfd8321a69 [NON_LEADER]: Queue going to NON_LEADER mode. State: All replicated index: 0, Majority replicated index: 0, Committed index: 0, Last appended: 0.0, Last appended by leader: 0, Current term: 0, Majority size: -1, State: 0, Mode: NON_LEADER, active raft config: opid_index: -1 OBSOLETE_local: false peers { permanent_uuid: "94aa8cf25cd54d94918790897121c1a6" member_type: VOTER last_known_addr { host: "127.5.58.129" port: 36211 } } peers { permanent_uuid: "d2329b76123341beae746cdfd8321a69" member_type: VOTER last_known_addr { host: "127.5.58.130" port: 39449 } } peers { permanent_uuid: "9dcbaf0b4cc94202b738cc00f1faff45" member_type: VOTER last_known_addr { host: "127.5.58.131" port: 37883 } }
I20260601 13:31:29.772424  8532 ts_tablet_manager.cc:1434] T beab242dfb274e0e9623bff00df14f0d P 9dcbaf0b4cc94202b738cc00f1faff45: Time spent starting tablet: real 0.001s	user 0.001s	sys 0.000s
I20260601 13:31:29.772562  8542 ts_tablet_manager.cc:1434] T 79e765cdd2d848f091bfbda4efc797f2 P d2329b76123341beae746cdfd8321a69: Time spent starting tablet: real 0.001s	user 0.001s	sys 0.000s
I20260601 13:31:29.772583  8532 tablet_bootstrap.cc:492] T b86ff55f36684fd8a04b2f66156dd6d1 P 9dcbaf0b4cc94202b738cc00f1faff45: Bootstrap starting.
I20260601 13:31:29.772708  8542 tablet_bootstrap.cc:492] T 926d90fe8c1e4e31b5f57d72a6eabc6f P d2329b76123341beae746cdfd8321a69: Bootstrap starting.
I20260601 13:31:29.773551  8532 tablet_bootstrap.cc:654] T b86ff55f36684fd8a04b2f66156dd6d1 P 9dcbaf0b4cc94202b738cc00f1faff45: Neither blocks nor log segments found. Creating new log.
I20260601 13:31:29.773658  8542 tablet_bootstrap.cc:654] T 926d90fe8c1e4e31b5f57d72a6eabc6f P d2329b76123341beae746cdfd8321a69: Neither blocks nor log segments found. Creating new log.
I20260601 13:31:29.774776  8532 tablet_bootstrap.cc:492] T b86ff55f36684fd8a04b2f66156dd6d1 P 9dcbaf0b4cc94202b738cc00f1faff45: No bootstrap required, opened a new log
I20260601 13:31:29.774816  8542 tablet_bootstrap.cc:492] T 926d90fe8c1e4e31b5f57d72a6eabc6f P d2329b76123341beae746cdfd8321a69: No bootstrap required, opened a new log
I20260601 13:31:29.774861  8532 ts_tablet_manager.cc:1403] T b86ff55f36684fd8a04b2f66156dd6d1 P 9dcbaf0b4cc94202b738cc00f1faff45: Time spent bootstrapping tablet: real 0.002s	user 0.002s	sys 0.000s
I20260601 13:31:29.774888  8542 ts_tablet_manager.cc:1403] T 926d90fe8c1e4e31b5f57d72a6eabc6f P d2329b76123341beae746cdfd8321a69: Time spent bootstrapping tablet: real 0.002s	user 0.002s	sys 0.000s
I20260601 13:31:29.775372  8542 raft_consensus.cc:359] T 926d90fe8c1e4e31b5f57d72a6eabc6f P d2329b76123341beae746cdfd8321a69 [term 0 FOLLOWER]: Replica starting. Triggering 0 pending ops. Active config: opid_index: -1 OBSOLETE_local: false peers { permanent_uuid: "94aa8cf25cd54d94918790897121c1a6" member_type: VOTER last_known_addr { host: "127.5.58.129" port: 36211 } } peers { permanent_uuid: "9dcbaf0b4cc94202b738cc00f1faff45" member_type: VOTER last_known_addr { host: "127.5.58.131" port: 37883 } } peers { permanent_uuid: "d2329b76123341beae746cdfd8321a69" member_type: VOTER last_known_addr { host: "127.5.58.130" port: 39449 } }
I20260601 13:31:29.775290  8532 raft_consensus.cc:359] T b86ff55f36684fd8a04b2f66156dd6d1 P 9dcbaf0b4cc94202b738cc00f1faff45 [term 0 FOLLOWER]: Replica starting. Triggering 0 pending ops. Active config: opid_index: -1 OBSOLETE_local: false peers { permanent_uuid: "94aa8cf25cd54d94918790897121c1a6" member_type: VOTER last_known_addr { host: "127.5.58.129" port: 36211 } } peers { permanent_uuid: "d2329b76123341beae746cdfd8321a69" member_type: VOTER last_known_addr { host: "127.5.58.130" port: 39449 } } peers { permanent_uuid: "9dcbaf0b4cc94202b738cc00f1faff45" member_type: VOTER last_known_addr { host: "127.5.58.131" port: 37883 } }
I20260601 13:31:29.775471  8542 raft_consensus.cc:385] T 926d90fe8c1e4e31b5f57d72a6eabc6f P d2329b76123341beae746cdfd8321a69 [term 0 FOLLOWER]: Consensus starting up: Expiring failure detector timer to make a prompt election more likely
I20260601 13:31:29.775489  8532 raft_consensus.cc:385] T b86ff55f36684fd8a04b2f66156dd6d1 P 9dcbaf0b4cc94202b738cc00f1faff45 [term 0 FOLLOWER]: Consensus starting up: Expiring failure detector timer to make a prompt election more likely
I20260601 13:31:29.775494  8542 raft_consensus.cc:740] T 926d90fe8c1e4e31b5f57d72a6eabc6f P d2329b76123341beae746cdfd8321a69 [term 0 FOLLOWER]: Becoming Follower/Learner. State: Replica: d2329b76123341beae746cdfd8321a69, State: Initialized, Role: FOLLOWER
I20260601 13:31:29.775542  8532 raft_consensus.cc:740] T b86ff55f36684fd8a04b2f66156dd6d1 P 9dcbaf0b4cc94202b738cc00f1faff45 [term 0 FOLLOWER]: Becoming Follower/Learner. State: Replica: 9dcbaf0b4cc94202b738cc00f1faff45, State: Initialized, Role: FOLLOWER
I20260601 13:31:29.775660  8542 consensus_queue.cc:260] T 926d90fe8c1e4e31b5f57d72a6eabc6f P d2329b76123341beae746cdfd8321a69 [NON_LEADER]: Queue going to NON_LEADER mode. State: All replicated index: 0, Majority replicated index: 0, Committed index: 0, Last appended: 0.0, Last appended by leader: 0, Current term: 0, Majority size: -1, State: 0, Mode: NON_LEADER, active raft config: opid_index: -1 OBSOLETE_local: false peers { permanent_uuid: "94aa8cf25cd54d94918790897121c1a6" member_type: VOTER last_known_addr { host: "127.5.58.129" port: 36211 } } peers { permanent_uuid: "9dcbaf0b4cc94202b738cc00f1faff45" member_type: VOTER last_known_addr { host: "127.5.58.131" port: 37883 } } peers { permanent_uuid: "d2329b76123341beae746cdfd8321a69" member_type: VOTER last_known_addr { host: "127.5.58.130" port: 39449 } }
I20260601 13:31:29.775660  8532 consensus_queue.cc:260] T b86ff55f36684fd8a04b2f66156dd6d1 P 9dcbaf0b4cc94202b738cc00f1faff45 [NON_LEADER]: Queue going to NON_LEADER mode. State: All replicated index: 0, Majority replicated index: 0, Committed index: 0, Last appended: 0.0, Last appended by leader: 0, Current term: 0, Majority size: -1, State: 0, Mode: NON_LEADER, active raft config: opid_index: -1 OBSOLETE_local: false peers { permanent_uuid: "94aa8cf25cd54d94918790897121c1a6" member_type: VOTER last_known_addr { host: "127.5.58.129" port: 36211 } } peers { permanent_uuid: "d2329b76123341beae746cdfd8321a69" member_type: VOTER last_known_addr { host: "127.5.58.130" port: 39449 } } peers { permanent_uuid: "9dcbaf0b4cc94202b738cc00f1faff45" member_type: VOTER last_known_addr { host: "127.5.58.131" port: 37883 } }
I20260601 13:31:29.775961  8532 ts_tablet_manager.cc:1434] T b86ff55f36684fd8a04b2f66156dd6d1 P 9dcbaf0b4cc94202b738cc00f1faff45: Time spent starting tablet: real 0.001s	user 0.000s	sys 0.001s
I20260601 13:31:29.775962  8542 ts_tablet_manager.cc:1434] T 926d90fe8c1e4e31b5f57d72a6eabc6f P d2329b76123341beae746cdfd8321a69: Time spent starting tablet: real 0.001s	user 0.000s	sys 0.001s
I20260601 13:31:29.776149  8532 tablet_bootstrap.cc:492] T 79e765cdd2d848f091bfbda4efc797f2 P 9dcbaf0b4cc94202b738cc00f1faff45: Bootstrap starting.
I20260601 13:31:29.776194  8542 tablet_bootstrap.cc:492] T 2d19f0c55d584755be5b72dba59f05a8 P d2329b76123341beae746cdfd8321a69: Bootstrap starting.
I20260601 13:31:29.777112  8542 tablet_bootstrap.cc:654] T 2d19f0c55d584755be5b72dba59f05a8 P d2329b76123341beae746cdfd8321a69: Neither blocks nor log segments found. Creating new log.
I20260601 13:31:29.777168  8532 tablet_bootstrap.cc:654] T 79e765cdd2d848f091bfbda4efc797f2 P 9dcbaf0b4cc94202b738cc00f1faff45: Neither blocks nor log segments found. Creating new log.
I20260601 13:31:29.778211  8532 tablet_bootstrap.cc:492] T 79e765cdd2d848f091bfbda4efc797f2 P 9dcbaf0b4cc94202b738cc00f1faff45: No bootstrap required, opened a new log
I20260601 13:31:29.778313  8532 ts_tablet_manager.cc:1403] T 79e765cdd2d848f091bfbda4efc797f2 P 9dcbaf0b4cc94202b738cc00f1faff45: Time spent bootstrapping tablet: real 0.002s	user 0.000s	sys 0.002s
