I20260601 13:30:36.912266  7314 consensus_queue.cc:260] T 105ca4dc7d5e49ec8c6bf98462a71789 P 44122dd2faa34a9da4d5641851e09baf [NON_LEADER]: Queue going to NON_LEADER mode. State: All replicated index: 0, Majority replicated index: 0, Committed index: 0, Last appended: 0.0, Last appended by leader: 0, Current term: 0, Majority size: -1, State: 0, Mode: NON_LEADER, active raft config: opid_index: -1 OBSOLETE_local: false peers { permanent_uuid: "44122dd2faa34a9da4d5641851e09baf" member_type: VOTER last_known_addr { host: "127.5.58.129" port: 35859 } } peers { permanent_uuid: "e1b2be72fa0f4e0692e7b8a6090fd6d0" member_type: VOTER last_known_addr { host: "127.5.58.130" port: 46391 } } peers { permanent_uuid: "cc69168207634734af094318aa48f08e" member_type: VOTER last_known_addr { host: "127.5.58.131" port: 43075 } }
I20260601 13:30:36.912520  7314 ts_tablet_manager.cc:1434] T 105ca4dc7d5e49ec8c6bf98462a71789 P 44122dd2faa34a9da4d5641851e09baf: Time spent starting tablet: real 0.001s	user 0.000s	sys 0.001s
I20260601 13:30:36.912568  7311 ts_tablet_manager.cc:1434] T b25851d36e484e749974b95924977e40 P cc69168207634734af094318aa48f08e: Time spent starting tablet: real 0.001s	user 0.001s	sys 0.000s
I20260601 13:30:36.912719  7311 tablet_bootstrap.cc:492] T 105ca4dc7d5e49ec8c6bf98462a71789 P cc69168207634734af094318aa48f08e: Bootstrap starting.
I20260601 13:30:36.913545  7311 tablet_bootstrap.cc:654] T 105ca4dc7d5e49ec8c6bf98462a71789 P cc69168207634734af094318aa48f08e: Neither blocks nor log segments found. Creating new log.
I20260601 13:30:36.914654  7311 tablet_bootstrap.cc:492] T 105ca4dc7d5e49ec8c6bf98462a71789 P cc69168207634734af094318aa48f08e: No bootstrap required, opened a new log
I20260601 13:30:36.914739  7311 ts_tablet_manager.cc:1403] T 105ca4dc7d5e49ec8c6bf98462a71789 P cc69168207634734af094318aa48f08e: Time spent bootstrapping tablet: real 0.002s	user 0.001s	sys 0.000s
I20260601 13:30:36.915122  7311 raft_consensus.cc:359] T 105ca4dc7d5e49ec8c6bf98462a71789 P cc69168207634734af094318aa48f08e [term 0 FOLLOWER]: Replica starting. Triggering 0 pending ops. Active config: opid_index: -1 OBSOLETE_local: false peers { permanent_uuid: "44122dd2faa34a9da4d5641851e09baf" member_type: VOTER last_known_addr { host: "127.5.58.129" port: 35859 } } peers { permanent_uuid: "e1b2be72fa0f4e0692e7b8a6090fd6d0" member_type: VOTER last_known_addr { host: "127.5.58.130" port: 46391 } } peers { permanent_uuid: "cc69168207634734af094318aa48f08e" member_type: VOTER last_known_addr { host: "127.5.58.131" port: 43075 } }
I20260601 13:30:36.915203  7311 raft_consensus.cc:385] T 105ca4dc7d5e49ec8c6bf98462a71789 P cc69168207634734af094318aa48f08e [term 0 FOLLOWER]: Consensus starting up: Expiring failure detector timer to make a prompt election more likely
I20260601 13:30:36.915225  7311 raft_consensus.cc:740] T 105ca4dc7d5e49ec8c6bf98462a71789 P cc69168207634734af094318aa48f08e [term 0 FOLLOWER]: Becoming Follower/Learner. State: Replica: cc69168207634734af094318aa48f08e, State: Initialized, Role: FOLLOWER
I20260601 13:30:36.915400  7311 consensus_queue.cc:260] T 105ca4dc7d5e49ec8c6bf98462a71789 P cc69168207634734af094318aa48f08e [NON_LEADER]: Queue going to NON_LEADER mode. State: All replicated index: 0, Majority replicated index: 0, Committed index: 0, Last appended: 0.0, Last appended by leader: 0, Current term: 0, Majority size: -1, State: 0, Mode: NON_LEADER, active raft config: opid_index: -1 OBSOLETE_local: false peers { permanent_uuid: "44122dd2faa34a9da4d5641851e09baf" member_type: VOTER last_known_addr { host: "127.5.58.129" port: 35859 } } peers { permanent_uuid: "e1b2be72fa0f4e0692e7b8a6090fd6d0" member_type: VOTER last_known_addr { host: "127.5.58.130" port: 46391 } } peers { permanent_uuid: "cc69168207634734af094318aa48f08e" member_type: VOTER last_known_addr { host: "127.5.58.131" port: 43075 } }
I20260601 13:30:36.915633  7311 ts_tablet_manager.cc:1434] T 105ca4dc7d5e49ec8c6bf98462a71789 P cc69168207634734af094318aa48f08e: Time spent starting tablet: real 0.001s	user 0.001s	sys 0.000s
I20260601 13:30:37.034217  7319 raft_consensus.cc:493] T b25851d36e484e749974b95924977e40 P 44122dd2faa34a9da4d5641851e09baf [term 0 FOLLOWER]: Starting pre-election (no leader contacted us within the election timeout)
I20260601 13:30:37.034384  7319 raft_consensus.cc:515] T b25851d36e484e749974b95924977e40 P 44122dd2faa34a9da4d5641851e09baf [term 0 FOLLOWER]: Starting pre-election with config: opid_index: -1 OBSOLETE_local: false peers { permanent_uuid: "cc69168207634734af094318aa48f08e" member_type: VOTER last_known_addr { host: "127.5.58.131" port: 43075 } } peers { permanent_uuid: "e1b2be72fa0f4e0692e7b8a6090fd6d0" member_type: VOTER last_known_addr { host: "127.5.58.130" port: 46391 } } peers { permanent_uuid: "44122dd2faa34a9da4d5641851e09baf" member_type: VOTER last_known_addr { host: "127.5.58.129" port: 35859 } }
I20260601 13:30:37.034965  7319 leader_election.cc:290] T b25851d36e484e749974b95924977e40 P 44122dd2faa34a9da4d5641851e09baf [CANDIDATE]: Term 1 pre-election: Requested pre-vote from peers cc69168207634734af094318aa48f08e (127.5.58.131:43075), e1b2be72fa0f4e0692e7b8a6090fd6d0 (127.5.58.130:46391)
I20260601 13:30:37.038110  7321 raft_consensus.cc:493] T 105ca4dc7d5e49ec8c6bf98462a71789 P cc69168207634734af094318aa48f08e [term 0 FOLLOWER]: Starting pre-election (no leader contacted us within the election timeout)
I20260601 13:30:37.038232  7321 raft_consensus.cc:515] T 105ca4dc7d5e49ec8c6bf98462a71789 P cc69168207634734af094318aa48f08e [term 0 FOLLOWER]: Starting pre-election with config: opid_index: -1 OBSOLETE_local: false peers { permanent_uuid: "44122dd2faa34a9da4d5641851e09baf" member_type: VOTER last_known_addr { host: "127.5.58.129" port: 35859 } } peers { permanent_uuid: "e1b2be72fa0f4e0692e7b8a6090fd6d0" member_type: VOTER last_known_addr { host: "127.5.58.130" port: 46391 } } peers { permanent_uuid: "cc69168207634734af094318aa48f08e" member_type: VOTER last_known_addr { host: "127.5.58.131" port: 43075 } }
I20260601 13:30:37.038566  7190 tablet_service.cc:1917] Received RequestConsensusVote() RPC: tablet_id: "b25851d36e484e749974b95924977e40" candidate_uuid: "44122dd2faa34a9da4d5641851e09baf" candidate_term: 1 candidate_status { last_received { term: 0 index: 0 } } ignore_live_leader: false dest_uuid: "e1b2be72fa0f4e0692e7b8a6090fd6d0" is_pre_election: true
I20260601 13:30:37.038570  7265 tablet_service.cc:1917] Received RequestConsensusVote() RPC: tablet_id: "b25851d36e484e749974b95924977e40" candidate_uuid: "44122dd2faa34a9da4d5641851e09baf" candidate_term: 1 candidate_status { last_received { term: 0 index: 0 } } ignore_live_leader: false dest_uuid: "cc69168207634734af094318aa48f08e" is_pre_election: true
I20260601 13:30:37.038741  7321 leader_election.cc:290] T 105ca4dc7d5e49ec8c6bf98462a71789 P cc69168207634734af094318aa48f08e [CANDIDATE]: Term 1 pre-election: Requested pre-vote from peers 44122dd2faa34a9da4d5641851e09baf (127.5.58.129:35859), e1b2be72fa0f4e0692e7b8a6090fd6d0 (127.5.58.130:46391)
I20260601 13:30:37.038739  7265 raft_consensus.cc:2468] T b25851d36e484e749974b95924977e40 P cc69168207634734af094318aa48f08e [term 0 FOLLOWER]: Leader pre-election vote request: Granting yes vote for candidate 44122dd2faa34a9da4d5641851e09baf in term 0.
I20260601 13:30:37.038739  7190 raft_consensus.cc:2468] T b25851d36e484e749974b95924977e40 P e1b2be72fa0f4e0692e7b8a6090fd6d0 [term 0 FOLLOWER]: Leader pre-election vote request: Granting yes vote for candidate 44122dd2faa34a9da4d5641851e09baf in term 0.
I20260601 13:30:37.039220  7077 leader_election.cc:304] T b25851d36e484e749974b95924977e40 P 44122dd2faa34a9da4d5641851e09baf [CANDIDATE]: Term 1 pre-election: Election decided. Result: candidate won. Election summary: received 2 responses out of 3 voters: 2 yes votes; 0 no votes. yes voters: 44122dd2faa34a9da4d5641851e09baf, cc69168207634734af094318aa48f08e; no voters: 
I20260601 13:30:37.039459  7319 raft_consensus.cc:2804] T b25851d36e484e749974b95924977e40 P 44122dd2faa34a9da4d5641851e09baf [term 0 FOLLOWER]: Leader pre-election won for term 1
I20260601 13:30:37.039528  7319 raft_consensus.cc:493] T b25851d36e484e749974b95924977e40 P 44122dd2faa34a9da4d5641851e09baf [term 0 FOLLOWER]: Starting leader election (no leader contacted us within the election timeout)
I20260601 13:30:37.039578  7319 raft_consensus.cc:3060] T b25851d36e484e749974b95924977e40 P 44122dd2faa34a9da4d5641851e09baf [term 0 FOLLOWER]: Advancing to term 1
I20260601 13:30:37.040660  7319 raft_consensus.cc:515] T b25851d36e484e749974b95924977e40 P 44122dd2faa34a9da4d5641851e09baf [term 1 FOLLOWER]: Starting leader election with config: opid_index: -1 OBSOLETE_local: false peers { permanent_uuid: "cc69168207634734af094318aa48f08e" member_type: VOTER last_known_addr { host: "127.5.58.131" port: 43075 } } peers { permanent_uuid: "e1b2be72fa0f4e0692e7b8a6090fd6d0" member_type: VOTER last_known_addr { host: "127.5.58.130" port: 46391 } } peers { permanent_uuid: "44122dd2faa34a9da4d5641851e09baf" member_type: VOTER last_known_addr { host: "127.5.58.129" port: 35859 } }
I20260601 13:30:37.041046  7319 leader_election.cc:290] T b25851d36e484e749974b95924977e40 P 44122dd2faa34a9da4d5641851e09baf [CANDIDATE]: Term 1 election: Requested vote from peers cc69168207634734af094318aa48f08e (127.5.58.131:43075), e1b2be72fa0f4e0692e7b8a6090fd6d0 (127.5.58.130:46391)
I20260601 13:30:37.041297  7265 tablet_service.cc:1917] Received RequestConsensusVote() RPC: tablet_id: "b25851d36e484e749974b95924977e40" candidate_uuid: "44122dd2faa34a9da4d5641851e09baf" candidate_term: 1 candidate_status { last_received { term: 0 index: 0 } } ignore_live_leader: false dest_uuid: "cc69168207634734af094318aa48f08e"
I20260601 13:30:37.041409  7265 raft_consensus.cc:3060] T b25851d36e484e749974b95924977e40 P cc69168207634734af094318aa48f08e [term 0 FOLLOWER]: Advancing to term 1
I20260601 13:30:37.041410  7190 tablet_service.cc:1917] Received RequestConsensusVote() RPC: tablet_id: "b25851d36e484e749974b95924977e40" candidate_uuid: "44122dd2faa34a9da4d5641851e09baf" candidate_term: 1 candidate_status { last_received { term: 0 index: 0 } } ignore_live_leader: false dest_uuid: "e1b2be72fa0f4e0692e7b8a6090fd6d0"
I20260601 13:30:37.041569  7190 raft_consensus.cc:3060] T b25851d36e484e749974b95924977e40 P e1b2be72fa0f4e0692e7b8a6090fd6d0 [term 0 FOLLOWER]: Advancing to term 1
I20260601 13:30:37.042311  7265 raft_consensus.cc:2468] T b25851d36e484e749974b95924977e40 P cc69168207634734af094318aa48f08e [term 1 FOLLOWER]: Leader election vote request: Granting yes vote for candidate 44122dd2faa34a9da4d5641851e09baf in term 1.
I20260601 13:30:37.042574  7190 raft_consensus.cc:2468] T b25851d36e484e749974b95924977e40 P e1b2be72fa0f4e0692e7b8a6090fd6d0 [term 1 FOLLOWER]: Leader election vote request: Granting yes vote for candidate 44122dd2faa34a9da4d5641851e09baf in term 1.
I20260601 13:30:37.042683  7114 tablet_service.cc:1917] Received RequestConsensusVote() RPC: tablet_id: "105ca4dc7d5e49ec8c6bf98462a71789" candidate_uuid: "cc69168207634734af094318aa48f08e" candidate_term: 1 candidate_status { last_received { term: 0 index: 0 } } ignore_live_leader: false dest_uuid: "44122dd2faa34a9da4d5641851e09baf" is_pre_election: true
I20260601 13:30:37.042728  7077 leader_election.cc:304] T b25851d36e484e749974b95924977e40 P 44122dd2faa34a9da4d5641851e09baf [CANDIDATE]: Term 1 election: Election decided. Result: candidate won. Election summary: received 2 responses out of 3 voters: 2 yes votes; 0 no votes. yes voters: 44122dd2faa34a9da4d5641851e09baf, cc69168207634734af094318aa48f08e; no voters: 
I20260601 13:30:37.042795  7114 raft_consensus.cc:2468] T 105ca4dc7d5e49ec8c6bf98462a71789 P 44122dd2faa34a9da4d5641851e09baf [term 0 FOLLOWER]: Leader pre-election vote request: Granting yes vote for candidate cc69168207634734af094318aa48f08e in term 0.
I20260601 13:30:37.042882  7319 raft_consensus.cc:2804] T b25851d36e484e749974b95924977e40 P 44122dd2faa34a9da4d5641851e09baf [term 1 FOLLOWER]: Leader election won for term 1
I20260601 13:30:37.043062  7229 leader_election.cc:304] T 105ca4dc7d5e49ec8c6bf98462a71789 P cc69168207634734af094318aa48f08e [CANDIDATE]: Term 1 pre-election: Election decided. Result: candidate won. Election summary: received 2 responses out of 3 voters: 2 yes votes; 0 no votes. yes voters: 44122dd2faa34a9da4d5641851e09baf, cc69168207634734af094318aa48f08e; no voters: 
I20260601 13:30:37.043114  7319 raft_consensus.cc:697] T b25851d36e484e749974b95924977e40 P 44122dd2faa34a9da4d5641851e09baf [term 1 LEADER]: Becoming Leader. State: Replica: 44122dd2faa34a9da4d5641851e09baf, State: Running, Role: LEADER
I20260601 13:30:37.043218  7321 raft_consensus.cc:2804] T 105ca4dc7d5e49ec8c6bf98462a71789 P cc69168207634734af094318aa48f08e [term 0 FOLLOWER]: Leader pre-election won for term 1
I20260601 13:30:37.043273  7321 raft_consensus.cc:493] T 105ca4dc7d5e49ec8c6bf98462a71789 P cc69168207634734af094318aa48f08e [term 0 FOLLOWER]: Starting leader election (no leader contacted us within the election timeout)
I20260601 13:30:37.043335  7321 raft_consensus.cc:3060] T 105ca4dc7d5e49ec8c6bf98462a71789 P cc69168207634734af094318aa48f08e [term 0 FOLLOWER]: Advancing to term 1
I20260601 13:30:37.043252  7319 consensus_queue.cc:237] T b25851d36e484e749974b95924977e40 P 44122dd2faa34a9da4d5641851e09baf [LEADER]: Queue going to LEADER mode. State: All replicated index: 0, Majority replicated index: 0, Committed index: 0, Last appended: 0.0, Last appended by leader: 0, Current term: 1, Majority size: 2, State: 0, Mode: LEADER, active raft config: opid_index: -1 OBSOLETE_local: false peers { permanent_uuid: "cc69168207634734af094318aa48f08e" member_type: VOTER last_known_addr { host: "127.5.58.131" port: 43075 } } peers { permanent_uuid: "e1b2be72fa0f4e0692e7b8a6090fd6d0" member_type: VOTER last_known_addr { host: "127.5.58.130" port: 46391 } } peers { permanent_uuid: "44122dd2faa34a9da4d5641851e09baf" member_type: VOTER last_known_addr { host: "127.5.58.129" port: 35859 } }
I20260601 13:30:37.044090  7190 tablet_service.cc:1917] Received RequestConsensusVote() RPC: tablet_id: "105ca4dc7d5e49ec8c6bf98462a71789" candidate_uuid: "cc69168207634734af094318aa48f08e" candidate_term: 1 candidate_status { last_received { term: 0 index: 0 } } ignore_live_leader: false dest_uuid: "e1b2be72fa0f4e0692e7b8a6090fd6d0" is_pre_election: true
I20260601 13:30:37.044207  7190 raft_consensus.cc:2468] T 105ca4dc7d5e49ec8c6bf98462a71789 P e1b2be72fa0f4e0692e7b8a6090fd6d0 [term 0 FOLLOWER]: Leader pre-election vote request: Granting yes vote for candidate cc69168207634734af094318aa48f08e in term 0.
I20260601 13:30:37.044180  7321 raft_consensus.cc:515] T 105ca4dc7d5e49ec8c6bf98462a71789 P cc69168207634734af094318aa48f08e [term 1 FOLLOWER]: Starting leader election with config: opid_index: -1 OBSOLETE_local: false peers { permanent_uuid: "44122dd2faa34a9da4d5641851e09baf" member_type: VOTER last_known_addr { host: "127.5.58.129" port: 35859 } } peers { permanent_uuid: "e1b2be72fa0f4e0692e7b8a6090fd6d0" member_type: VOTER last_known_addr { host: "127.5.58.130" port: 46391 } } peers { permanent_uuid: "cc69168207634734af094318aa48f08e" member_type: VOTER last_known_addr { host: "127.5.58.131" port: 43075 } }
I20260601 13:30:37.044550  7321 leader_election.cc:290] T 105ca4dc7d5e49ec8c6bf98462a71789 P cc69168207634734af094318aa48f08e [CANDIDATE]: Term 1 election: Requested vote from peers 44122dd2faa34a9da4d5641851e09baf (127.5.58.129:35859), e1b2be72fa0f4e0692e7b8a6090fd6d0 (127.5.58.130:46391)
I20260601 13:30:37.044775  7190 tablet_service.cc:1917] Received RequestConsensusVote() RPC: tablet_id: "105ca4dc7d5e49ec8c6bf98462a71789" candidate_uuid: "cc69168207634734af094318aa48f08e" candidate_term: 1 candidate_status { last_received { term: 0 index: 0 } } ignore_live_leader: false dest_uuid: "e1b2be72fa0f4e0692e7b8a6090fd6d0"
I20260601 13:30:37.044795  7114 tablet_service.cc:1917] Received RequestConsensusVote() RPC: tablet_id: "105ca4dc7d5e49ec8c6bf98462a71789" candidate_uuid: "cc69168207634734af094318aa48f08e" candidate_term: 1 candidate_status { last_received { term: 0 index: 0 } } ignore_live_leader: false dest_uuid: "44122dd2faa34a9da4d5641851e09baf"
I20260601 13:30:37.044848  7190 raft_consensus.cc:3060] T 105ca4dc7d5e49ec8c6bf98462a71789 P e1b2be72fa0f4e0692e7b8a6090fd6d0 [term 0 FOLLOWER]: Advancing to term 1
I20260601 13:30:37.044883  7114 raft_consensus.cc:3060] T 105ca4dc7d5e49ec8c6bf98462a71789 P 44122dd2faa34a9da4d5641851e09baf [term 0 FOLLOWER]: Advancing to term 1
I20260601 13:30:37.044989  7011 catalog_manager.cc:5696] T b25851d36e484e749974b95924977e40 P 44122dd2faa34a9da4d5641851e09baf reported cstate change: term changed from 0 to 1, leader changed from <none> to 44122dd2faa34a9da4d5641851e09baf (127.5.58.129). New cstate: current_term: 1 leader_uuid: "44122dd2faa34a9da4d5641851e09baf" committed_config { opid_index: -1 OBSOLETE_local: false peers { permanent_uuid: "cc69168207634734af094318aa48f08e" member_type: VOTER last_known_addr { host: "127.5.58.131" port: 43075 } health_report { overall_health: UNKNOWN } } peers { permanent_uuid: "e1b2be72fa0f4e0692e7b8a6090fd6d0" member_type: VOTER last_known_addr { host: "127.5.58.130" port: 46391 } health_report { overall_health: UNKNOWN } } peers { permanent_uuid: "44122dd2faa34a9da4d5641851e09baf" member_type: VOTER last_known_addr { host: "127.5.58.129" port: 35859 } health_report { overall_health: HEALTHY } } }
I20260601 13:30:37.045444  7190 raft_consensus.cc:2468] T 105ca4dc7d5e49ec8c6bf98462a71789 P e1b2be72fa0f4e0692e7b8a6090fd6d0 [term 1 FOLLOWER]: Leader election vote request: Granting yes vote for candidate cc69168207634734af094318aa48f08e in term 1.
I20260601 13:30:37.045701  7230 leader_election.cc:304] T 105ca4dc7d5e49ec8c6bf98462a71789 P cc69168207634734af094318aa48f08e [CANDIDATE]: Term 1 election: Election decided. Result: candidate won. Election summary: received 2 responses out of 3 voters: 2 yes votes; 0 no votes. yes voters: cc69168207634734af094318aa48f08e, e1b2be72fa0f4e0692e7b8a6090fd6d0; no voters: 
I20260601 13:30:37.045750  7114 raft_consensus.cc:2468] T 105ca4dc7d5e49ec8c6bf98462a71789 P 44122dd2faa34a9da4d5641851e09baf [term 1 FOLLOWER]: Leader election vote request: Granting yes vote for candidate cc69168207634734af094318aa48f08e in term 1.
I20260601 13:30:37.045858  7321 raft_consensus.cc:2804] T 105ca4dc7d5e49ec8c6bf98462a71789 P cc69168207634734af094318aa48f08e [term 1 FOLLOWER]: Leader election won for term 1
I20260601 13:30:37.046034  7321 raft_consensus.cc:697] T 105ca4dc7d5e49ec8c6bf98462a71789 P cc69168207634734af094318aa48f08e [term 1 LEADER]: Becoming Leader. State: Replica: cc69168207634734af094318aa48f08e, State: Running, Role: LEADER
I20260601 13:30:37.046168  7321 consensus_queue.cc:237] T 105ca4dc7d5e49ec8c6bf98462a71789 P cc69168207634734af094318aa48f08e [LEADER]: Queue going to LEADER mode. State: All replicated index: 0, Majority replicated index: 0, Committed index: 0, Last appended: 0.0, Last appended by leader: 0, Current term: 1, Majority size: 2, State: 0, Mode: LEADER, active raft config: opid_index: -1 OBSOLETE_local: false peers { permanent_uuid: "44122dd2faa34a9da4d5641851e09baf" member_type: VOTER last_known_addr { host: "127.5.58.129" port: 35859 } } peers { permanent_uuid: "e1b2be72fa0f4e0692e7b8a6090fd6d0" member_type: VOTER last_known_addr { host: "127.5.58.130" port: 46391 } } peers { permanent_uuid: "cc69168207634734af094318aa48f08e" member_type: VOTER last_known_addr { host: "127.5.58.131" port: 43075 } }
I20260601 13:30:37.047705  7011 catalog_manager.cc:5696] T 105ca4dc7d5e49ec8c6bf98462a71789 P cc69168207634734af094318aa48f08e reported cstate change: term changed from 0 to 1, leader changed from <none> to cc69168207634734af094318aa48f08e (127.5.58.131). New cstate: current_term: 1 leader_uuid: "cc69168207634734af094318aa48f08e" committed_config { opid_index: -1 OBSOLETE_local: false peers { permanent_uuid: "44122dd2faa34a9da4d5641851e09baf" member_type: VOTER last_known_addr { host: "127.5.58.129" port: 35859 } health_report { overall_health: UNKNOWN } } peers { permanent_uuid: "e1b2be72fa0f4e0692e7b8a6090fd6d0" member_type: VOTER last_known_addr { host: "127.5.58.130" port: 46391 } health_report { overall_health: UNKNOWN } } peers { permanent_uuid: "cc69168207634734af094318aa48f08e" member_type: VOTER last_known_addr { host: "127.5.58.131" port: 43075 } health_report { overall_health: HEALTHY } } }
I20260601 13:30:37.531980  7327 consensus_queue.cc:1048] T b25851d36e484e749974b95924977e40 P 44122dd2faa34a9da4d5641851e09baf [LEADER]: Connected to new peer: Peer: permanent_uuid: "e1b2be72fa0f4e0692e7b8a6090fd6d0" member_type: VOTER last_known_addr { host: "127.5.58.130" port: 46391 }, Status: LMP_MISMATCH, Last received: 0.0, Next index: 1, Last known committed idx: 0, Time since last communication: 0.000s
I20260601 13:30:37.535135  7319 consensus_queue.cc:1048] T b25851d36e484e749974b95924977e40 P 44122dd2faa34a9da4d5641851e09baf [LEADER]: Connected to new peer: Peer: permanent_uuid: "cc69168207634734af094318aa48f08e" member_type: VOTER last_known_addr { host: "127.5.58.131" port: 43075 }, Status: LMP_MISMATCH, Last received: 0.0, Next index: 1, Last known committed idx: 0, Time since last communication: 0.000s
I20260601 13:30:37.569036  7321 consensus_queue.cc:1048] T 105ca4dc7d5e49ec8c6bf98462a71789 P cc69168207634734af094318aa48f08e [LEADER]: Connected to new peer: Peer: permanent_uuid: "44122dd2faa34a9da4d5641851e09baf" member_type: VOTER last_known_addr { host: "127.5.58.129" port: 35859 }, Status: LMP_MISMATCH, Last received: 0.0, Next index: 1, Last known committed idx: 0, Time since last communication: 0.000s
I20260601 13:30:37.572175  7339 consensus_queue.cc:1048] T 105ca4dc7d5e49ec8c6bf98462a71789 P cc69168207634734af094318aa48f08e [LEADER]: Connected to new peer: Peer: permanent_uuid: "e1b2be72fa0f4e0692e7b8a6090fd6d0" member_type: VOTER last_known_addr { host: "127.5.58.130" port: 46391 }, Status: LMP_MISMATCH, Last received: 0.0, Next index: 1, Last known committed idx: 0, Time since last communication: 0.000s
I20260601 13:30:37.703481  7065 auto_leader_rebalancer.cc:140] leader rebalance for table test-workload
I20260601 13:30:37.703859  7065 auto_leader_rebalancer.cc:388] table: test-workload, leader rebalance finish, leader transfer count: 0
I20260601 13:30:37.703930  7065 auto_leader_rebalancer.cc:451] All tables' leader rebalancing finished this round
I20260601 13:30:39.704281  7065 auto_leader_rebalancer.cc:140] leader rebalance for table test-workload
I20260601 13:30:39.704733  7065 auto_leader_rebalancer.cc:388] table: test-workload, leader rebalance finish, leader transfer count: 0
I20260601 13:30:39.704835  7065 auto_leader_rebalancer.cc:451] All tables' leader rebalancing finished this round
I20260601 13:30:41.705188  7065 auto_leader_rebalancer.cc:140] leader rebalance for table test-workload
I20260601 13:30:41.705644  7065 auto_leader_rebalancer.cc:388] table: test-workload, leader rebalance finish, leader transfer count: 0
I20260601 13:30:41.705722  7065 auto_leader_rebalancer.cc:451] All tables' leader rebalancing finished this round
I20260601 13:30:43.706036  7065 auto_leader_rebalancer.cc:140] leader rebalance for table test-workload
I20260601 13:30:43.706404  7065 auto_leader_rebalancer.cc:388] table: test-workload, leader rebalance finish, leader transfer count: 0
I20260601 13:30:43.706465  7065 auto_leader_rebalancer.cc:451] All tables' leader rebalancing finished this round
I20260601 13:30:45.706801  7065 auto_leader_rebalancer.cc:140] leader rebalance for table test-workload
I20260601 13:30:45.707540  7065 auto_leader_rebalancer.cc:388] table: test-workload, leader rebalance finish, leader transfer count: 0
I20260601 13:30:45.707620  7065 auto_leader_rebalancer.cc:451] All tables' leader rebalancing finished this round
I20260601 13:30:47.707939  7065 auto_leader_rebalancer.cc:140] leader rebalance for table test-workload
I20260601 13:30:47.708297  7065 auto_leader_rebalancer.cc:388] table: test-workload, leader rebalance finish, leader transfer count: 0
I20260601 13:30:47.708366  7065 auto_leader_rebalancer.cc:451] All tables' leader rebalancing finished this round
I20260601 13:30:48.137529  5354 file_cache.cc:492] Constructed file cache file cache with capacity 419430
W20260601 13:30:48.139389  7347 instance_detector.cc:116] could not retrieve Azure instance metadata: Network error: curl error: HTTP response code said error: The requested URL returned error: 404
W20260601 13:30:48.139549  7349 instance_detector.cc:116] could not retrieve OpenStack instance metadata: Network error: curl error: HTTP response code said error: The requested URL returned error: 404
I20260601 13:30:48.139616  5354 server_base.cc:1061] running on GCE node
W20260601 13:30:48.139401  7346 instance_detector.cc:116] could not retrieve AWS instance metadata: Network error: curl error: HTTP response code said error: The requested URL returned error: 404
I20260601 13:30:48.139894  5354 hybrid_clock.cc:584] initializing the hybrid clock with 'system_unsync' time source
W20260601 13:30:48.139941  5354 system_unsync_time.cc:38] NTP support is disabled. Clock error bounds will not be accurate. This configuration is not suitable for distributed clusters.
I20260601 13:30:48.139957  5354 hybrid_clock.cc:648] HybridClock initialized: now 1780320648139957 us; error 0 us; skew 500 ppm
I20260601 13:30:48.140823  5354 webserver.cc:533] Webserver started at http://127.5.58.132:39769/ using document root <none> and password file <none>
I20260601 13:30:48.140970  5354 fs_manager.cc:362] Metadata directory not provided
I20260601 13:30:48.141024  5354 fs_manager.cc:368] Using write-ahead log directory (fs_wal_dir) as metadata directory
I20260601 13:30:48.141104  5354 server_base.cc:909] This appears to be a new deployment of Kudu; creating new FS layout
I20260601 13:30:48.141471  5354 fs_manager.cc:1068] Generated new instance metadata in path /tmp/dist-test-taskXAsNuH/test-tmp/auto_rebalancer-test.0.AutoRebalancerTest.MovesScheduledIfAddTserver.1780320619204033-5354-0/minicluster-data/ts-3-root/instance:
uuid: "82a86912cb6a4a47ba1b32f7bd3e9fef"
format_stamp: "Formatted at 2026-06-01 13:30:48 on dist-test-slave-0sbx"
I20260601 13:30:48.142825  5354 fs_manager.cc:696] Time spent creating directory manager: real 0.001s	user 0.001s	sys 0.000s
I20260601 13:30:48.143790  7354 log_block_manager.cc:4031] Time spent loading block containers with low live blocks: real 0.000s	user 0.000s	sys 0.000s
I20260601 13:30:48.144070  5354 fs_manager.cc:730] Time spent opening block manager: real 0.001s	user 0.000s	sys 0.000s
I20260601 13:30:48.144132  5354 fs_manager.cc:647] Opened local filesystem: /tmp/dist-test-taskXAsNuH/test-tmp/auto_rebalancer-test.0.AutoRebalancerTest.MovesScheduledIfAddTserver.1780320619204033-5354-0/minicluster-data/ts-3-root
uuid: "82a86912cb6a4a47ba1b32f7bd3e9fef"
format_stamp: "Formatted at 2026-06-01 13:30:48 on dist-test-slave-0sbx"
I20260601 13:30:48.144182  5354 fs_report.cc:389] FS layout report
--------------------
wal directory: /tmp/dist-test-taskXAsNuH/test-tmp/auto_rebalancer-test.0.AutoRebalancerTest.MovesScheduledIfAddTserver.1780320619204033-5354-0/minicluster-data/ts-3-root
metadata directory: /tmp/dist-test-taskXAsNuH/test-tmp/auto_rebalancer-test.0.AutoRebalancerTest.MovesScheduledIfAddTserver.1780320619204033-5354-0/minicluster-data/ts-3-root
1 data directories: /tmp/dist-test-taskXAsNuH/test-tmp/auto_rebalancer-test.0.AutoRebalancerTest.MovesScheduledIfAddTserver.1780320619204033-5354-0/minicluster-data/ts-3-root/data
Total live blocks: 0
Total live bytes: 0
Total live bytes (after alignment): 0
Total number of LBM containers: 0 (0 full)
Did not check for missing blocks
Did not check for orphaned blocks
Total full LBM containers with extra space: 0 (0 repaired)
Total full LBM container extra space in bytes: 0 (0 repaired)
Total incomplete LBM containers: 0 (0 repaired)
Total LBM partial records: 0 (0 repaired)
Total corrupted LBM metadata records in RocksDB: 0 (0 repaired)
I20260601 13:30:48.157123  5354 rpc_server.cc:225] running with OpenSSL 1.1.1  11 Sep 2018
I20260601 13:30:48.157445  5354 kserver.cc:163] Server-wide thread pool size limit: 3276
I20260601 13:30:48.157680  5354 txn_system_client.cc:432] TxnSystemClient initialization is disabled...
I20260601 13:30:48.158100  5354 ts_tablet_manager.cc:585] Loaded tablet metadata (0 total tablets, 0 live tablets)
I20260601 13:30:48.158141  5354 ts_tablet_manager.cc:531] Time spent load tablet metadata: real 0.000s	user 0.000s	sys 0.000s
I20260601 13:30:48.158170  5354 ts_tablet_manager.cc:616] Registered 0 tablets
I20260601 13:30:48.158190  5354 ts_tablet_manager.cc:595] Time spent register tablets: real 0.000s	user 0.000s	sys 0.000s
I20260601 13:30:48.162387  5354 rpc_server.cc:307] RPC server started. Bound to: 127.5.58.132:46039
I20260601 13:30:48.162420  7417 acceptor_pool.cc:272] collecting diagnostics on the listening RPC socket 127.5.58.132:46039 every 8 connection(s)
I20260601 13:30:48.166775  7418 heartbeater.cc:344] Connected to a master server at 127.5.58.190:33153
I20260601 13:30:48.166884  7418 heartbeater.cc:461] Registering TS with master...
I20260601 13:30:48.167091  7418 heartbeater.cc:507] Master 127.5.58.190:33153 requested a full tablet report, sending...
I20260601 13:30:48.167693  7010 ts_manager.cc:194] Registered new tserver with Master: 82a86912cb6a4a47ba1b32f7bd3e9fef (127.5.58.132:46039)
I20260601 13:30:48.168259  7010 master_service.cc:502] Signed X509 certificate for tserver {username='slave'} at 127.0.0.1:34132
I20260601 13:30:48.718163  7265 consensus_queue.cc:237] T 105ca4dc7d5e49ec8c6bf98462a71789 P cc69168207634734af094318aa48f08e [LEADER]: Queue going to LEADER mode. State: All replicated index: 0, Majority replicated index: 1, Committed index: 1, Last appended: 1.1, Last appended by leader: 0, Current term: 1, Majority size: 2, State: 0, Mode: LEADER, active raft config: opid_index: 2 OBSOLETE_local: false peers { permanent_uuid: "44122dd2faa34a9da4d5641851e09baf" member_type: VOTER last_known_addr { host: "127.5.58.129" port: 35859 } attrs { replace: true } } peers { permanent_uuid: "e1b2be72fa0f4e0692e7b8a6090fd6d0" member_type: VOTER last_known_addr { host: "127.5.58.130" port: 46391 } } peers { permanent_uuid: "cc69168207634734af094318aa48f08e" member_type: VOTER last_known_addr { host: "127.5.58.131" port: 43075 } } peers { permanent_uuid: "82a86912cb6a4a47ba1b32f7bd3e9fef" member_type: NON_VOTER last_known_addr { host: "127.5.58.132" port: 46039 } attrs { promote: true } }
I20260601 13:30:48.719611  7114 raft_consensus.cc:1275] T 105ca4dc7d5e49ec8c6bf98462a71789 P 44122dd2faa34a9da4d5641851e09baf [term 1 FOLLOWER]: Refusing update from remote peer cc69168207634734af094318aa48f08e: Log matching property violated. Preceding OpId in replica: term: 1 index: 1. Preceding OpId from leader: term: 1 index: 2. (index mismatch)
I20260601 13:30:48.719834  7190 raft_consensus.cc:1275] T 105ca4dc7d5e49ec8c6bf98462a71789 P e1b2be72fa0f4e0692e7b8a6090fd6d0 [term 1 FOLLOWER]: Refusing update from remote peer cc69168207634734af094318aa48f08e: Log matching property violated. Preceding OpId in replica: term: 1 index: 1. Preceding OpId from leader: term: 1 index: 2. (index mismatch)
I20260601 13:30:48.720008  7426 consensus_queue.cc:1048] T 105ca4dc7d5e49ec8c6bf98462a71789 P cc69168207634734af094318aa48f08e [LEADER]: Connected to new peer: Peer: permanent_uuid: "44122dd2faa34a9da4d5641851e09baf" member_type: VOTER last_known_addr { host: "127.5.58.129" port: 35859 } attrs { replace: true }, Status: LMP_MISMATCH, Last received: 0.0, Next index: 2, Last known committed idx: 1, Time since last communication: 0.000s
I20260601 13:30:48.720185  7339 consensus_queue.cc:1048] T 105ca4dc7d5e49ec8c6bf98462a71789 P cc69168207634734af094318aa48f08e [LEADER]: Connected to new peer: Peer: permanent_uuid: "e1b2be72fa0f4e0692e7b8a6090fd6d0" member_type: VOTER last_known_addr { host: "127.5.58.130" port: 46391 }, Status: LMP_MISMATCH, Last received: 0.0, Next index: 2, Last known committed idx: 1, Time since last communication: 0.000s
I20260601 13:30:48.721854  7339 raft_consensus.cc:2955] T 105ca4dc7d5e49ec8c6bf98462a71789 P cc69168207634734af094318aa48f08e [term 1 LEADER]: Committing config change with OpId 1.2: config changed from index -1 to 2, NON_VOTER 82a86912cb6a4a47ba1b32f7bd3e9fef (127.5.58.132) added. New config: { opid_index: 2 OBSOLETE_local: false peers { permanent_uuid: "44122dd2faa34a9da4d5641851e09baf" member_type: VOTER last_known_addr { host: "127.5.58.129" port: 35859 } attrs { replace: true } } peers { permanent_uuid: "e1b2be72fa0f4e0692e7b8a6090fd6d0" member_type: VOTER last_known_addr { host: "127.5.58.130" port: 46391 } } peers { permanent_uuid: "cc69168207634734af094318aa48f08e" member_type: VOTER last_known_addr { host: "127.5.58.131" port: 43075 } } peers { permanent_uuid: "82a86912cb6a4a47ba1b32f7bd3e9fef" member_type: NON_VOTER last_known_addr { host: "127.5.58.132" port: 46039 } attrs { promote: true } } }
I20260601 13:30:48.722229  7190 raft_consensus.cc:2955] T 105ca4dc7d5e49ec8c6bf98462a71789 P e1b2be72fa0f4e0692e7b8a6090fd6d0 [term 1 FOLLOWER]: Committing config change with OpId 1.2: config changed from index -1 to 2, NON_VOTER 82a86912cb6a4a47ba1b32f7bd3e9fef (127.5.58.132) added. New config: { opid_index: 2 OBSOLETE_local: false peers { permanent_uuid: "44122dd2faa34a9da4d5641851e09baf" member_type: VOTER last_known_addr { host: "127.5.58.129" port: 35859 } attrs { replace: true } } peers { permanent_uuid: "e1b2be72fa0f4e0692e7b8a6090fd6d0" member_type: VOTER last_known_addr { host: "127.5.58.130" port: 46391 } } peers { permanent_uuid: "cc69168207634734af094318aa48f08e" member_type: VOTER last_known_addr { host: "127.5.58.131" port: 43075 } } peers { permanent_uuid: "82a86912cb6a4a47ba1b32f7bd3e9fef" member_type: NON_VOTER last_known_addr { host: "127.5.58.132" port: 46039 } attrs { promote: true } } }
I20260601 13:30:48.722370  7114 raft_consensus.cc:2955] T 105ca4dc7d5e49ec8c6bf98462a71789 P 44122dd2faa34a9da4d5641851e09baf [term 1 FOLLOWER]: Committing config change with OpId 1.2: config changed from index -1 to 2, NON_VOTER 82a86912cb6a4a47ba1b32f7bd3e9fef (127.5.58.132) added. New config: { opid_index: 2 OBSOLETE_local: false peers { permanent_uuid: "44122dd2faa34a9da4d5641851e09baf" member_type: VOTER last_known_addr { host: "127.5.58.129" port: 35859 } attrs { replace: true } } peers { permanent_uuid: "e1b2be72fa0f4e0692e7b8a6090fd6d0" member_type: VOTER last_known_addr { host: "127.5.58.130" port: 46391 } } peers { permanent_uuid: "cc69168207634734af094318aa48f08e" member_type: VOTER last_known_addr { host: "127.5.58.131" port: 43075 } } peers { permanent_uuid: "82a86912cb6a4a47ba1b32f7bd3e9fef" member_type: NON_VOTER last_known_addr { host: "127.5.58.132" port: 46039 } attrs { promote: true } } }
W20260601 13:30:48.723847  7231 consensus_peers.cc:597] T 105ca4dc7d5e49ec8c6bf98462a71789 P cc69168207634734af094318aa48f08e -> Peer 82a86912cb6a4a47ba1b32f7bd3e9fef (127.5.58.132:46039): Couldn't send request to peer 82a86912cb6a4a47ba1b32f7bd3e9fef. Error code: TABLET_NOT_FOUND (6). Status: Not found: Tablet not found: 105ca4dc7d5e49ec8c6bf98462a71789. This is attempt 1: this message will repeat every 5th retry.
I20260601 13:30:48.724634  7010 catalog_manager.cc:5696] T 105ca4dc7d5e49ec8c6bf98462a71789 P e1b2be72fa0f4e0692e7b8a6090fd6d0 reported cstate change: config changed from index -1 to 2, NON_VOTER 82a86912cb6a4a47ba1b32f7bd3e9fef (127.5.58.132) added. New cstate: current_term: 1 leader_uuid: "cc69168207634734af094318aa48f08e" committed_config { opid_index: 2 OBSOLETE_local: false peers { permanent_uuid: "44122dd2faa34a9da4d5641851e09baf" member_type: VOTER last_known_addr { host: "127.5.58.129" port: 35859 } attrs { replace: true } } peers { permanent_uuid: "e1b2be72fa0f4e0692e7b8a6090fd6d0" member_type: VOTER last_known_addr { host: "127.5.58.130" port: 46391 } } peers { permanent_uuid: "cc69168207634734af094318aa48f08e" member_type: VOTER last_known_addr { host: "127.5.58.131" port: 43075 } } peers { permanent_uuid: "82a86912cb6a4a47ba1b32f7bd3e9fef" member_type: NON_VOTER last_known_addr { host: "127.5.58.132" port: 46039 } attrs { promote: true } } }
I20260601 13:30:49.169138  7418 heartbeater.cc:499] Master 127.5.58.190:33153 was elected leader, sending a full tablet report...
I20260601 13:30:49.247546  7437 ts_tablet_manager.cc:933] T 105ca4dc7d5e49ec8c6bf98462a71789 P 82a86912cb6a4a47ba1b32f7bd3e9fef: Initiating tablet copy from peer cc69168207634734af094318aa48f08e (127.5.58.131:43075)
I20260601 13:30:49.248135  7437 tablet_copy_client.cc:323] T 105ca4dc7d5e49ec8c6bf98462a71789 P 82a86912cb6a4a47ba1b32f7bd3e9fef: tablet copy: Beginning tablet copy session from remote peer at address 127.5.58.131:43075
I20260601 13:30:49.251861  7275 tablet_copy_service.cc:140] P cc69168207634734af094318aa48f08e: Received BeginTabletCopySession request for tablet 105ca4dc7d5e49ec8c6bf98462a71789 from peer 82a86912cb6a4a47ba1b32f7bd3e9fef ({username='slave'} at 127.0.0.1:52208)
I20260601 13:30:49.251986  7275 tablet_copy_service.cc:161] P cc69168207634734af094318aa48f08e: Beginning new tablet copy session on tablet 105ca4dc7d5e49ec8c6bf98462a71789 from peer 82a86912cb6a4a47ba1b32f7bd3e9fef at {username='slave'} at 127.0.0.1:52208: session id = 82a86912cb6a4a47ba1b32f7bd3e9fef-105ca4dc7d5e49ec8c6bf98462a71789
I20260601 13:30:49.253091  7275 tablet_copy_source_session.cc:215] T 105ca4dc7d5e49ec8c6bf98462a71789 P cc69168207634734af094318aa48f08e: Tablet Copy: opened 0 blocks and 1 log segments
I20260601 13:30:49.254123  7437 data_dirs.cc:400] Could only allocate 1 dirs of requested 3 for tablet 105ca4dc7d5e49ec8c6bf98462a71789. 1 dirs total, 0 dirs full, 0 dirs failed
I20260601 13:30:49.255935  7437 tablet_copy_client.cc:806] T 105ca4dc7d5e49ec8c6bf98462a71789 P 82a86912cb6a4a47ba1b32f7bd3e9fef: tablet copy: Starting download of 0 data blocks...
I20260601 13:30:49.256110  7437 tablet_copy_client.cc:670] T 105ca4dc7d5e49ec8c6bf98462a71789 P 82a86912cb6a4a47ba1b32f7bd3e9fef: tablet copy: Starting download of 1 WAL segments...
I20260601 13:30:49.257499  7437 tablet_copy_client.cc:538] T 105ca4dc7d5e49ec8c6bf98462a71789 P 82a86912cb6a4a47ba1b32f7bd3e9fef: tablet copy: Tablet Copy complete. Replacing tablet superblock.
I20260601 13:30:49.258793  7437 tablet_bootstrap.cc:492] T 105ca4dc7d5e49ec8c6bf98462a71789 P 82a86912cb6a4a47ba1b32f7bd3e9fef: Bootstrap starting.
I20260601 13:30:49.262633  7437 tablet_bootstrap.cc:492] T 105ca4dc7d5e49ec8c6bf98462a71789 P 82a86912cb6a4a47ba1b32f7bd3e9fef: Bootstrap replayed 1/1 log segments. Stats: ops{read=2 overwritten=0 applied=2 ignored=0} inserts{seen=0 ignored=0} mutations{seen=0 ignored=0} orphaned_commits=0. Pending: 0 replicates
I20260601 13:30:49.262864  7437 tablet_bootstrap.cc:492] T 105ca4dc7d5e49ec8c6bf98462a71789 P 82a86912cb6a4a47ba1b32f7bd3e9fef: Bootstrap complete.
I20260601 13:30:49.263005  7437 ts_tablet_manager.cc:1403] T 105ca4dc7d5e49ec8c6bf98462a71789 P 82a86912cb6a4a47ba1b32f7bd3e9fef: Time spent bootstrapping tablet: real 0.004s	user 0.000s	sys 0.004s
I20260601 13:30:49.263444  7437 raft_consensus.cc:359] T 105ca4dc7d5e49ec8c6bf98462a71789 P 82a86912cb6a4a47ba1b32f7bd3e9fef [term 1 LEARNER]: Replica starting. Triggering 0 pending ops. Active config: opid_index: 2 OBSOLETE_local: false peers { permanent_uuid: "44122dd2faa34a9da4d5641851e09baf" member_type: VOTER last_known_addr { host: "127.5.58.129" port: 35859 } attrs { replace: true } } peers { permanent_uuid: "e1b2be72fa0f4e0692e7b8a6090fd6d0" member_type: VOTER last_known_addr { host: "127.5.58.130" port: 46391 } } peers { permanent_uuid: "cc69168207634734af094318aa48f08e" member_type: VOTER last_known_addr { host: "127.5.58.131" port: 43075 } } peers { permanent_uuid: "82a86912cb6a4a47ba1b32f7bd3e9fef" member_type: NON_VOTER last_known_addr { host: "127.5.58.132" port: 46039 } attrs { promote: true } }
I20260601 13:30:49.263545  7437 raft_consensus.cc:740] T 105ca4dc7d5e49ec8c6bf98462a71789 P 82a86912cb6a4a47ba1b32f7bd3e9fef [term 1 LEARNER]: Becoming Follower/Learner. State: Replica: 82a86912cb6a4a47ba1b32f7bd3e9fef, State: Initialized, Role: LEARNER
I20260601 13:30:49.263633  7437 consensus_queue.cc:260] T 105ca4dc7d5e49ec8c6bf98462a71789 P 82a86912cb6a4a47ba1b32f7bd3e9fef [NON_LEADER]: Queue going to NON_LEADER mode. State: All replicated index: 0, Majority replicated index: 0, Committed index: 2, Last appended: 1.2, Last appended by leader: 2, Current term: 0, Majority size: -1, State: 0, Mode: NON_LEADER, active raft config: opid_index: 2 OBSOLETE_local: false peers { permanent_uuid: "44122dd2faa34a9da4d5641851e09baf" member_type: VOTER last_known_addr { host: "127.5.58.129" port: 35859 } attrs { replace: true } } peers { permanent_uuid: "e1b2be72fa0f4e0692e7b8a6090fd6d0" member_type: VOTER last_known_addr { host: "127.5.58.130" port: 46391 } } peers { permanent_uuid: "cc69168207634734af094318aa48f08e" member_type: VOTER last_known_addr { host: "127.5.58.131" port: 43075 } } peers { permanent_uuid: "82a86912cb6a4a47ba1b32f7bd3e9fef" member_type: NON_VOTER last_known_addr { host: "127.5.58.132" port: 46039 } attrs { promote: true } }
I20260601 13:30:49.263967  7437 ts_tablet_manager.cc:1434] T 105ca4dc7d5e49ec8c6bf98462a71789 P 82a86912cb6a4a47ba1b32f7bd3e9fef: Time spent starting tablet: real 0.001s	user 0.002s	sys 0.000s
I20260601 13:30:49.264544  7275 tablet_copy_service.cc:342] P cc69168207634734af094318aa48f08e: Request end of tablet copy session 82a86912cb6a4a47ba1b32f7bd3e9fef-105ca4dc7d5e49ec8c6bf98462a71789 received from {username='slave'} at 127.0.0.1:52208
I20260601 13:30:49.264642  7275 tablet_copy_service.cc:434] P cc69168207634734af094318aa48f08e: ending tablet copy session 82a86912cb6a4a47ba1b32f7bd3e9fef-105ca4dc7d5e49ec8c6bf98462a71789 on tablet 105ca4dc7d5e49ec8c6bf98462a71789 with peer 82a86912cb6a4a47ba1b32f7bd3e9fef
I20260601 13:30:49.708660  7065 auto_leader_rebalancer.cc:140] leader rebalance for table test-workload
I20260601 13:30:49.709125  7392 raft_consensus.cc:1217] T 105ca4dc7d5e49ec8c6bf98462a71789 P 82a86912cb6a4a47ba1b32f7bd3e9fef [term 1 LEARNER]: Deduplicated request from leader. Original: 1.1->[1.2-1.2]   Dedup: 1.2->[]
I20260601 13:30:49.709143  7065 auto_leader_rebalancer.cc:388] table: test-workload, leader rebalance finish, leader transfer count: 0
I20260601 13:30:49.709350  7065 auto_leader_rebalancer.cc:451] All tables' leader rebalancing finished this round
I20260601 13:30:50.108167  7426 raft_consensus.cc:1064] T 105ca4dc7d5e49ec8c6bf98462a71789 P cc69168207634734af094318aa48f08e: attempting to promote NON_VOTER 82a86912cb6a4a47ba1b32f7bd3e9fef to VOTER
I20260601 13:30:50.108630  7426 consensus_queue.cc:237] T 105ca4dc7d5e49ec8c6bf98462a71789 P cc69168207634734af094318aa48f08e [LEADER]: Queue going to LEADER mode. State: All replicated index: 0, Majority replicated index: 2, Committed index: 2, Last appended: 1.2, Last appended by leader: 0, Current term: 1, Majority size: 3, State: 0, Mode: LEADER, active raft config: opid_index: 3 OBSOLETE_local: false peers { permanent_uuid: "44122dd2faa34a9da4d5641851e09baf" member_type: VOTER last_known_addr { host: "127.5.58.129" port: 35859 } attrs { replace: true } } peers { permanent_uuid: "e1b2be72fa0f4e0692e7b8a6090fd6d0" member_type: VOTER last_known_addr { host: "127.5.58.130" port: 46391 } } peers { permanent_uuid: "cc69168207634734af094318aa48f08e" member_type: VOTER last_known_addr { host: "127.5.58.131" port: 43075 } } peers { permanent_uuid: "82a86912cb6a4a47ba1b32f7bd3e9fef" member_type: VOTER last_known_addr { host: "127.5.58.132" port: 46039 } attrs { promote: false } }
I20260601 13:30:50.110244  7190 raft_consensus.cc:1275] T 105ca4dc7d5e49ec8c6bf98462a71789 P e1b2be72fa0f4e0692e7b8a6090fd6d0 [term 1 FOLLOWER]: Refusing update from remote peer cc69168207634734af094318aa48f08e: Log matching property violated. Preceding OpId in replica: term: 1 index: 2. Preceding OpId from leader: term: 1 index: 3. (index mismatch)
I20260601 13:30:50.110308  7392 raft_consensus.cc:1275] T 105ca4dc7d5e49ec8c6bf98462a71789 P 82a86912cb6a4a47ba1b32f7bd3e9fef [term 1 LEARNER]: Refusing update from remote peer cc69168207634734af094318aa48f08e: Log matching property violated. Preceding OpId in replica: term: 1 index: 2. Preceding OpId from leader: term: 1 index: 3. (index mismatch)
I20260601 13:30:50.110531  7114 raft_consensus.cc:1275] T 105ca4dc7d5e49ec8c6bf98462a71789 P 44122dd2faa34a9da4d5641851e09baf [term 1 FOLLOWER]: Refusing update from remote peer cc69168207634734af094318aa48f08e: Log matching property violated. Preceding OpId in replica: term: 1 index: 2. Preceding OpId from leader: term: 1 index: 3. (index mismatch)
I20260601 13:30:50.110721  7445 consensus_queue.cc:1048] T 105ca4dc7d5e49ec8c6bf98462a71789 P cc69168207634734af094318aa48f08e [LEADER]: Connected to new peer: Peer: permanent_uuid: "e1b2be72fa0f4e0692e7b8a6090fd6d0" member_type: VOTER last_known_addr { host: "127.5.58.130" port: 46391 }, Status: LMP_MISMATCH, Last received: 0.0, Next index: 3, Last known committed idx: 2, Time since last communication: 0.000s
I20260601 13:30:50.110949  7443 consensus_queue.cc:1048] T 105ca4dc7d5e49ec8c6bf98462a71789 P cc69168207634734af094318aa48f08e [LEADER]: Connected to new peer: Peer: permanent_uuid: "82a86912cb6a4a47ba1b32f7bd3e9fef" member_type: VOTER last_known_addr { host: "127.5.58.132" port: 46039 } attrs { promote: false }, Status: LMP_MISMATCH, Last received: 0.0, Next index: 3, Last known committed idx: 2, Time since last communication: 0.000s
I20260601 13:30:50.111143  7446 consensus_queue.cc:1048] T 105ca4dc7d5e49ec8c6bf98462a71789 P cc69168207634734af094318aa48f08e [LEADER]: Connected to new peer: Peer: permanent_uuid: "44122dd2faa34a9da4d5641851e09baf" member_type: VOTER last_known_addr { host: "127.5.58.129" port: 35859 } attrs { replace: true }, Status: LMP_MISMATCH, Last received: 0.0, Next index: 3, Last known committed idx: 2, Time since last communication: 0.000s
I20260601 13:30:50.112790  7445 raft_consensus.cc:2955] T 105ca4dc7d5e49ec8c6bf98462a71789 P cc69168207634734af094318aa48f08e [term 1 LEADER]: Committing config change with OpId 1.3: config changed from index 2 to 3, 82a86912cb6a4a47ba1b32f7bd3e9fef (127.5.58.132) changed from NON_VOTER to VOTER. New config: { opid_index: 3 OBSOLETE_local: false peers { permanent_uuid: "44122dd2faa34a9da4d5641851e09baf" member_type: VOTER last_known_addr { host: "127.5.58.129" port: 35859 } attrs { replace: true } } peers { permanent_uuid: "e1b2be72fa0f4e0692e7b8a6090fd6d0" member_type: VOTER last_known_addr { host: "127.5.58.130" port: 46391 } } peers { permanent_uuid: "cc69168207634734af094318aa48f08e" member_type: VOTER last_known_addr { host: "127.5.58.131" port: 43075 } } peers { permanent_uuid: "82a86912cb6a4a47ba1b32f7bd3e9fef" member_type: VOTER last_known_addr { host: "127.5.58.132" port: 46039 } attrs { promote: false } } }
I20260601 13:30:50.113509  7392 raft_consensus.cc:2955] T 105ca4dc7d5e49ec8c6bf98462a71789 P 82a86912cb6a4a47ba1b32f7bd3e9fef [term 1 FOLLOWER]: Committing config change with OpId 1.3: config changed from index 2 to 3, 82a86912cb6a4a47ba1b32f7bd3e9fef (127.5.58.132) changed from NON_VOTER to VOTER. New config: { opid_index: 3 OBSOLETE_local: false peers { permanent_uuid: "44122dd2faa34a9da4d5641851e09baf" member_type: VOTER last_known_addr { host: "127.5.58.129" port: 35859 } attrs { replace: true } } peers { permanent_uuid: "e1b2be72fa0f4e0692e7b8a6090fd6d0" member_type: VOTER last_known_addr { host: "127.5.58.130" port: 46391 } } peers { permanent_uuid: "cc69168207634734af094318aa48f08e" member_type: VOTER last_known_addr { host: "127.5.58.131" port: 43075 } } peers { permanent_uuid: "82a86912cb6a4a47ba1b32f7bd3e9fef" member_type: VOTER last_known_addr { host: "127.5.58.132" port: 46039 } attrs { promote: false } } }
I20260601 13:30:50.114558  7190 raft_consensus.cc:2955] T 105ca4dc7d5e49ec8c6bf98462a71789 P e1b2be72fa0f4e0692e7b8a6090fd6d0 [term 1 FOLLOWER]: Committing config change with OpId 1.3: config changed from index 2 to 3, 82a86912cb6a4a47ba1b32f7bd3e9fef (127.5.58.132) changed from NON_VOTER to VOTER. New config: { opid_index: 3 OBSOLETE_local: false peers { permanent_uuid: "44122dd2faa34a9da4d5641851e09baf" member_type: VOTER last_known_addr { host: "127.5.58.129" port: 35859 } attrs { replace: true } } peers { permanent_uuid: "e1b2be72fa0f4e0692e7b8a6090fd6d0" member_type: VOTER last_known_addr { host: "127.5.58.130" port: 46391 } } peers { permanent_uuid: "cc69168207634734af094318aa48f08e" member_type: VOTER last_known_addr { host: "127.5.58.131" port: 43075 } } peers { permanent_uuid: "82a86912cb6a4a47ba1b32f7bd3e9fef" member_type: VOTER last_known_addr { host: "127.5.58.132" port: 46039 } attrs { promote: false } } }
