I20260601 13:31:31.197103  8734 raft_consensus.cc:359] T 890ae9c42a754ae1823691e28856a193 P c73689f2d40c488590da3fee22da8007 [term 1 LEARNER]: Replica starting. Triggering 0 pending ops. Active config: opid_index: 2 OBSOLETE_local: false peers { permanent_uuid: "d2329b76123341beae746cdfd8321a69" member_type: VOTER last_known_addr { host: "127.5.58.130" port: 39449 } attrs { replace: true } } peers { permanent_uuid: "94aa8cf25cd54d94918790897121c1a6" member_type: VOTER last_known_addr { host: "127.5.58.129" port: 36211 } } peers { permanent_uuid: "9dcbaf0b4cc94202b738cc00f1faff45" member_type: VOTER last_known_addr { host: "127.5.58.131" port: 37883 } } peers { permanent_uuid: "c73689f2d40c488590da3fee22da8007" member_type: NON_VOTER last_known_addr { host: "127.5.58.132" port: 44211 } attrs { promote: true } }
I20260601 13:31:31.197198  8734 raft_consensus.cc:740] T 890ae9c42a754ae1823691e28856a193 P c73689f2d40c488590da3fee22da8007 [term 1 LEARNER]: Becoming Follower/Learner. State: Replica: c73689f2d40c488590da3fee22da8007, State: Initialized, Role: LEARNER
I20260601 13:31:31.197283  8734 consensus_queue.cc:260] T 890ae9c42a754ae1823691e28856a193 P c73689f2d40c488590da3fee22da8007 [NON_LEADER]: Queue going to NON_LEADER mode. State: All replicated index: 0, Majority replicated index: 0, Committed index: 2, Last appended: 1.2, Last appended by leader: 2, Current term: 0, Majority size: -1, State: 0, Mode: NON_LEADER, active raft config: opid_index: 2 OBSOLETE_local: false peers { permanent_uuid: "d2329b76123341beae746cdfd8321a69" member_type: VOTER last_known_addr { host: "127.5.58.130" port: 39449 } attrs { replace: true } } peers { permanent_uuid: "94aa8cf25cd54d94918790897121c1a6" member_type: VOTER last_known_addr { host: "127.5.58.129" port: 36211 } } peers { permanent_uuid: "9dcbaf0b4cc94202b738cc00f1faff45" member_type: VOTER last_known_addr { host: "127.5.58.131" port: 37883 } } peers { permanent_uuid: "c73689f2d40c488590da3fee22da8007" member_type: NON_VOTER last_known_addr { host: "127.5.58.132" port: 44211 } attrs { promote: true } }
I20260601 13:31:31.197530  8734 ts_tablet_manager.cc:1434] T 890ae9c42a754ae1823691e28856a193 P c73689f2d40c488590da3fee22da8007: Time spent starting tablet: real 0.001s	user 0.000s	sys 0.000s
I20260601 13:31:31.197990  8496 tablet_copy_service.cc:342] P 9dcbaf0b4cc94202b738cc00f1faff45: Request end of tablet copy session c73689f2d40c488590da3fee22da8007-890ae9c42a754ae1823691e28856a193 received from {username='slave'} at 127.0.0.1:34768
I20260601 13:31:31.198061  8496 tablet_copy_service.cc:434] P 9dcbaf0b4cc94202b738cc00f1faff45: ending tablet copy session c73689f2d40c488590da3fee22da8007-890ae9c42a754ae1823691e28856a193 on tablet 890ae9c42a754ae1823691e28856a193 with peer c73689f2d40c488590da3fee22da8007
I20260601 13:31:31.705868  8627 raft_consensus.cc:1217] T 0f7938633eb343318845d3090811d6d3 P c73689f2d40c488590da3fee22da8007 [term 1 LEARNER]: Deduplicated request from leader. Original: 1.1->[1.2-1.2]   Dedup: 1.2->[]
I20260601 13:31:31.806545  8627 raft_consensus.cc:1217] T 890ae9c42a754ae1823691e28856a193 P c73689f2d40c488590da3fee22da8007 [term 1 LEARNER]: Deduplicated request from leader. Original: 1.1->[1.2-1.2]   Dedup: 1.2->[]
I20260601 13:31:32.210394  8545 raft_consensus.cc:1064] T 890ae9c42a754ae1823691e28856a193 P 9dcbaf0b4cc94202b738cc00f1faff45: attempting to promote NON_VOTER c73689f2d40c488590da3fee22da8007 to VOTER
I20260601 13:31:32.210786  8545 consensus_queue.cc:237] T 890ae9c42a754ae1823691e28856a193 P 9dcbaf0b4cc94202b738cc00f1faff45 [LEADER]: Queue going to LEADER mode. State: All replicated index: 0, Majority replicated index: 2, Committed index: 2, Last appended: 1.2, Last appended by leader: 0, Current term: 1, Majority size: 3, State: 0, Mode: LEADER, active raft config: opid_index: 3 OBSOLETE_local: false peers { permanent_uuid: "d2329b76123341beae746cdfd8321a69" member_type: VOTER last_known_addr { host: "127.5.58.130" port: 39449 } attrs { replace: true } } peers { permanent_uuid: "94aa8cf25cd54d94918790897121c1a6" member_type: VOTER last_known_addr { host: "127.5.58.129" port: 36211 } } peers { permanent_uuid: "9dcbaf0b4cc94202b738cc00f1faff45" member_type: VOTER last_known_addr { host: "127.5.58.131" port: 37883 } } peers { permanent_uuid: "c73689f2d40c488590da3fee22da8007" member_type: VOTER last_known_addr { host: "127.5.58.132" port: 44211 } attrs { promote: false } }
I20260601 13:31:32.212067  8335 raft_consensus.cc:1275] T 890ae9c42a754ae1823691e28856a193 P 94aa8cf25cd54d94918790897121c1a6 [term 1 FOLLOWER]: Refusing update from remote peer 9dcbaf0b4cc94202b738cc00f1faff45: Log matching property violated. Preceding OpId in replica: term: 1 index: 2. Preceding OpId from leader: term: 1 index: 3. (index mismatch)
I20260601 13:31:32.212101  8411 raft_consensus.cc:1275] T 890ae9c42a754ae1823691e28856a193 P d2329b76123341beae746cdfd8321a69 [term 1 FOLLOWER]: Refusing update from remote peer 9dcbaf0b4cc94202b738cc00f1faff45: Log matching property violated. Preceding OpId in replica: term: 1 index: 2. Preceding OpId from leader: term: 1 index: 3. (index mismatch)
I20260601 13:31:32.212116  8627 raft_consensus.cc:1275] T 890ae9c42a754ae1823691e28856a193 P c73689f2d40c488590da3fee22da8007 [term 1 LEARNER]: Refusing update from remote peer 9dcbaf0b4cc94202b738cc00f1faff45: Log matching property violated. Preceding OpId in replica: term: 1 index: 2. Preceding OpId from leader: term: 1 index: 3. (index mismatch)
I20260601 13:31:32.212438  8746 consensus_queue.cc:1048] T 890ae9c42a754ae1823691e28856a193 P 9dcbaf0b4cc94202b738cc00f1faff45 [LEADER]: Connected to new peer: Peer: permanent_uuid: "d2329b76123341beae746cdfd8321a69" member_type: VOTER last_known_addr { host: "127.5.58.130" port: 39449 } attrs { replace: true }, Status: LMP_MISMATCH, Last received: 0.0, Next index: 3, Last known committed idx: 2, Time since last communication: 0.000s
I20260601 13:31:32.212637  8575 consensus_queue.cc:1048] T 890ae9c42a754ae1823691e28856a193 P 9dcbaf0b4cc94202b738cc00f1faff45 [LEADER]: Connected to new peer: Peer: permanent_uuid: "c73689f2d40c488590da3fee22da8007" member_type: VOTER last_known_addr { host: "127.5.58.132" port: 44211 } attrs { promote: false }, Status: LMP_MISMATCH, Last received: 0.0, Next index: 3, Last known committed idx: 2, Time since last communication: 0.000s
I20260601 13:31:32.212818  8545 consensus_queue.cc:1048] T 890ae9c42a754ae1823691e28856a193 P 9dcbaf0b4cc94202b738cc00f1faff45 [LEADER]: Connected to new peer: Peer: permanent_uuid: "94aa8cf25cd54d94918790897121c1a6" member_type: VOTER last_known_addr { host: "127.5.58.129" port: 36211 }, Status: LMP_MISMATCH, Last received: 0.0, Next index: 3, Last known committed idx: 2, Time since last communication: 0.000s
I20260601 13:31:32.214563  8575 raft_consensus.cc:2955] T 890ae9c42a754ae1823691e28856a193 P 9dcbaf0b4cc94202b738cc00f1faff45 [term 1 LEADER]: Committing config change with OpId 1.3: config changed from index 2 to 3, c73689f2d40c488590da3fee22da8007 (127.5.58.132) changed from NON_VOTER to VOTER. New config: { opid_index: 3 OBSOLETE_local: false peers { permanent_uuid: "d2329b76123341beae746cdfd8321a69" member_type: VOTER last_known_addr { host: "127.5.58.130" port: 39449 } attrs { replace: true } } peers { permanent_uuid: "94aa8cf25cd54d94918790897121c1a6" member_type: VOTER last_known_addr { host: "127.5.58.129" port: 36211 } } peers { permanent_uuid: "9dcbaf0b4cc94202b738cc00f1faff45" member_type: VOTER last_known_addr { host: "127.5.58.131" port: 37883 } } peers { permanent_uuid: "c73689f2d40c488590da3fee22da8007" member_type: VOTER last_known_addr { host: "127.5.58.132" port: 44211 } attrs { promote: false } } }
I20260601 13:31:32.215140  8627 raft_consensus.cc:2955] T 890ae9c42a754ae1823691e28856a193 P c73689f2d40c488590da3fee22da8007 [term 1 FOLLOWER]: Committing config change with OpId 1.3: config changed from index 2 to 3, c73689f2d40c488590da3fee22da8007 (127.5.58.132) changed from NON_VOTER to VOTER. New config: { opid_index: 3 OBSOLETE_local: false peers { permanent_uuid: "d2329b76123341beae746cdfd8321a69" member_type: VOTER last_known_addr { host: "127.5.58.130" port: 39449 } attrs { replace: true } } peers { permanent_uuid: "94aa8cf25cd54d94918790897121c1a6" member_type: VOTER last_known_addr { host: "127.5.58.129" port: 36211 } } peers { permanent_uuid: "9dcbaf0b4cc94202b738cc00f1faff45" member_type: VOTER last_known_addr { host: "127.5.58.131" port: 37883 } } peers { permanent_uuid: "c73689f2d40c488590da3fee22da8007" member_type: VOTER last_known_addr { host: "127.5.58.132" port: 44211 } attrs { promote: false } } }
I20260601 13:31:32.216498  8335 raft_consensus.cc:2955] T 890ae9c42a754ae1823691e28856a193 P 94aa8cf25cd54d94918790897121c1a6 [term 1 FOLLOWER]: Committing config change with OpId 1.3: config changed from index 2 to 3, c73689f2d40c488590da3fee22da8007 (127.5.58.132) changed from NON_VOTER to VOTER. New config: { opid_index: 3 OBSOLETE_local: false peers { permanent_uuid: "d2329b76123341beae746cdfd8321a69" member_type: VOTER last_known_addr { host: "127.5.58.130" port: 39449 } attrs { replace: true } } peers { permanent_uuid: "94aa8cf25cd54d94918790897121c1a6" member_type: VOTER last_known_addr { host: "127.5.58.129" port: 36211 } } peers { permanent_uuid: "9dcbaf0b4cc94202b738cc00f1faff45" member_type: VOTER last_known_addr { host: "127.5.58.131" port: 37883 } } peers { permanent_uuid: "c73689f2d40c488590da3fee22da8007" member_type: VOTER last_known_addr { host: "127.5.58.132" port: 44211 } attrs { promote: false } } }
I20260601 13:31:32.216928  8411 raft_consensus.cc:2955] T 890ae9c42a754ae1823691e28856a193 P d2329b76123341beae746cdfd8321a69 [term 1 FOLLOWER]: Committing config change with OpId 1.3: config changed from index 2 to 3, c73689f2d40c488590da3fee22da8007 (127.5.58.132) changed from NON_VOTER to VOTER. New config: { opid_index: 3 OBSOLETE_local: false peers { permanent_uuid: "d2329b76123341beae746cdfd8321a69" member_type: VOTER last_known_addr { host: "127.5.58.130" port: 39449 } attrs { replace: true } } peers { permanent_uuid: "94aa8cf25cd54d94918790897121c1a6" member_type: VOTER last_known_addr { host: "127.5.58.129" port: 36211 } } peers { permanent_uuid: "9dcbaf0b4cc94202b738cc00f1faff45" member_type: VOTER last_known_addr { host: "127.5.58.131" port: 37883 } } peers { permanent_uuid: "c73689f2d40c488590da3fee22da8007" member_type: VOTER last_known_addr { host: "127.5.58.132" port: 44211 } attrs { promote: false } } }
I20260601 13:31:32.218156  8228 catalog_manager.cc:5696] T 890ae9c42a754ae1823691e28856a193 P 9dcbaf0b4cc94202b738cc00f1faff45 reported cstate change: config changed from index 2 to 3, c73689f2d40c488590da3fee22da8007 (127.5.58.132) changed from NON_VOTER to VOTER. New cstate: current_term: 1 leader_uuid: "9dcbaf0b4cc94202b738cc00f1faff45" committed_config { opid_index: 3 OBSOLETE_local: false peers { permanent_uuid: "d2329b76123341beae746cdfd8321a69" member_type: VOTER last_known_addr { host: "127.5.58.130" port: 39449 } attrs { replace: true } health_report { overall_health: HEALTHY } } peers { permanent_uuid: "94aa8cf25cd54d94918790897121c1a6" member_type: VOTER last_known_addr { host: "127.5.58.129" port: 36211 } health_report { overall_health: HEALTHY } } peers { permanent_uuid: "9dcbaf0b4cc94202b738cc00f1faff45" member_type: VOTER last_known_addr { host: "127.5.58.131" port: 37883 } health_report { overall_health: HEALTHY } } peers { permanent_uuid: "c73689f2d40c488590da3fee22da8007" member_type: VOTER last_known_addr { host: "127.5.58.132" port: 44211 } attrs { promote: false } health_report { overall_health: HEALTHY } } }
I20260601 13:31:32.221621  8486 consensus_queue.cc:237] T 890ae9c42a754ae1823691e28856a193 P 9dcbaf0b4cc94202b738cc00f1faff45 [LEADER]: Queue going to LEADER mode. State: All replicated index: 0, Majority replicated index: 3, Committed index: 3, Last appended: 1.3, Last appended by leader: 0, Current term: 1, Majority size: 2, State: 0, Mode: LEADER, active raft config: opid_index: 4 OBSOLETE_local: false peers { permanent_uuid: "94aa8cf25cd54d94918790897121c1a6" member_type: VOTER last_known_addr { host: "127.5.58.129" port: 36211 } } peers { permanent_uuid: "9dcbaf0b4cc94202b738cc00f1faff45" member_type: VOTER last_known_addr { host: "127.5.58.131" port: 37883 } } peers { permanent_uuid: "c73689f2d40c488590da3fee22da8007" member_type: VOTER last_known_addr { host: "127.5.58.132" port: 44211 } attrs { promote: false } }
I20260601 13:31:32.222602  8627 raft_consensus.cc:1275] T 890ae9c42a754ae1823691e28856a193 P c73689f2d40c488590da3fee22da8007 [term 1 FOLLOWER]: Refusing update from remote peer 9dcbaf0b4cc94202b738cc00f1faff45: Log matching property violated. Preceding OpId in replica: term: 1 index: 3. Preceding OpId from leader: term: 1 index: 4. (index mismatch)
I20260601 13:31:32.222842  8335 raft_consensus.cc:1275] T 890ae9c42a754ae1823691e28856a193 P 94aa8cf25cd54d94918790897121c1a6 [term 1 FOLLOWER]: Refusing update from remote peer 9dcbaf0b4cc94202b738cc00f1faff45: Log matching property violated. Preceding OpId in replica: term: 1 index: 3. Preceding OpId from leader: term: 1 index: 4. (index mismatch)
I20260601 13:31:32.223248  8746 consensus_queue.cc:1048] T 890ae9c42a754ae1823691e28856a193 P 9dcbaf0b4cc94202b738cc00f1faff45 [LEADER]: Connected to new peer: Peer: permanent_uuid: "94aa8cf25cd54d94918790897121c1a6" member_type: VOTER last_known_addr { host: "127.5.58.129" port: 36211 }, Status: LMP_MISMATCH, Last received: 0.0, Next index: 4, Last known committed idx: 3, Time since last communication: 0.000s
I20260601 13:31:32.223444  8575 consensus_queue.cc:1048] T 890ae9c42a754ae1823691e28856a193 P 9dcbaf0b4cc94202b738cc00f1faff45 [LEADER]: Connected to new peer: Peer: permanent_uuid: "c73689f2d40c488590da3fee22da8007" member_type: VOTER last_known_addr { host: "127.5.58.132" port: 44211 } attrs { promote: false }, Status: LMP_MISMATCH, Last received: 0.0, Next index: 4, Last known committed idx: 3, Time since last communication: 0.000s
I20260601 13:31:32.224673  8746 raft_consensus.cc:2955] T 890ae9c42a754ae1823691e28856a193 P 9dcbaf0b4cc94202b738cc00f1faff45 [term 1 LEADER]: Committing config change with OpId 1.4: config changed from index 3 to 4, VOTER d2329b76123341beae746cdfd8321a69 (127.5.58.130) evicted. New config: { opid_index: 4 OBSOLETE_local: false peers { permanent_uuid: "94aa8cf25cd54d94918790897121c1a6" member_type: VOTER last_known_addr { host: "127.5.58.129" port: 36211 } } peers { permanent_uuid: "9dcbaf0b4cc94202b738cc00f1faff45" member_type: VOTER last_known_addr { host: "127.5.58.131" port: 37883 } } peers { permanent_uuid: "c73689f2d40c488590da3fee22da8007" member_type: VOTER last_known_addr { host: "127.5.58.132" port: 44211 } attrs { promote: false } } }
I20260601 13:31:32.225138  8335 raft_consensus.cc:2955] T 890ae9c42a754ae1823691e28856a193 P 94aa8cf25cd54d94918790897121c1a6 [term 1 FOLLOWER]: Committing config change with OpId 1.4: config changed from index 3 to 4, VOTER d2329b76123341beae746cdfd8321a69 (127.5.58.130) evicted. New config: { opid_index: 4 OBSOLETE_local: false peers { permanent_uuid: "94aa8cf25cd54d94918790897121c1a6" member_type: VOTER last_known_addr { host: "127.5.58.129" port: 36211 } } peers { permanent_uuid: "9dcbaf0b4cc94202b738cc00f1faff45" member_type: VOTER last_known_addr { host: "127.5.58.131" port: 37883 } } peers { permanent_uuid: "c73689f2d40c488590da3fee22da8007" member_type: VOTER last_known_addr { host: "127.5.58.132" port: 44211 } attrs { promote: false } } }
I20260601 13:31:32.225406  8627 raft_consensus.cc:2955] T 890ae9c42a754ae1823691e28856a193 P c73689f2d40c488590da3fee22da8007 [term 1 FOLLOWER]: Committing config change with OpId 1.4: config changed from index 3 to 4, VOTER d2329b76123341beae746cdfd8321a69 (127.5.58.130) evicted. New config: { opid_index: 4 OBSOLETE_local: false peers { permanent_uuid: "94aa8cf25cd54d94918790897121c1a6" member_type: VOTER last_known_addr { host: "127.5.58.129" port: 36211 } } peers { permanent_uuid: "9dcbaf0b4cc94202b738cc00f1faff45" member_type: VOTER last_known_addr { host: "127.5.58.131" port: 37883 } } peers { permanent_uuid: "c73689f2d40c488590da3fee22da8007" member_type: VOTER last_known_addr { host: "127.5.58.132" port: 44211 } attrs { promote: false } } }
I20260601 13:31:32.226756  8218 catalog_manager.cc:5209] ChangeConfig:REMOVE_PEER RPC for tablet 890ae9c42a754ae1823691e28856a193 with cas_config_opid_index 3: ChangeConfig:REMOVE_PEER succeeded (attempt 1)
I20260601 13:31:32.227442  8230 catalog_manager.cc:5696] T 890ae9c42a754ae1823691e28856a193 P 94aa8cf25cd54d94918790897121c1a6 reported cstate change: config changed from index 3 to 4, VOTER d2329b76123341beae746cdfd8321a69 (127.5.58.130) evicted. New cstate: current_term: 1 leader_uuid: "9dcbaf0b4cc94202b738cc00f1faff45" committed_config { opid_index: 4 OBSOLETE_local: false peers { permanent_uuid: "94aa8cf25cd54d94918790897121c1a6" member_type: VOTER last_known_addr { host: "127.5.58.129" port: 36211 } } peers { permanent_uuid: "9dcbaf0b4cc94202b738cc00f1faff45" member_type: VOTER last_known_addr { host: "127.5.58.131" port: 37883 } } peers { permanent_uuid: "c73689f2d40c488590da3fee22da8007" member_type: VOTER last_known_addr { host: "127.5.58.132" port: 44211 } attrs { promote: false } } }
I20260601 13:31:32.229676  8394 tablet_service.cc:1558] Processing DeleteTablet for tablet 890ae9c42a754ae1823691e28856a193 with delete_type TABLET_DATA_TOMBSTONED (TS d2329b76123341beae746cdfd8321a69 not found in new config with opid_index 4) from {username='slave'} at 127.0.0.1:49814
I20260601 13:31:32.230029  8754 tablet_replica.cc:333] T 890ae9c42a754ae1823691e28856a193 P d2329b76123341beae746cdfd8321a69: stopping tablet replica
I20260601 13:31:32.230175  8754 raft_consensus.cc:2243] T 890ae9c42a754ae1823691e28856a193 P d2329b76123341beae746cdfd8321a69 [term 1 FOLLOWER]: Raft consensus shutting down.
I20260601 13:31:32.230304  8754 raft_consensus.cc:2272] T 890ae9c42a754ae1823691e28856a193 P d2329b76123341beae746cdfd8321a69 [term 1 FOLLOWER]: Raft consensus is shut down!
I20260601 13:31:32.230821  8754 ts_tablet_manager.cc:1916] T 890ae9c42a754ae1823691e28856a193 P d2329b76123341beae746cdfd8321a69: Deleting tablet data with delete state TABLET_DATA_TOMBSTONED
I20260601 13:31:32.232462  8754 ts_tablet_manager.cc:1929] T 890ae9c42a754ae1823691e28856a193 P d2329b76123341beae746cdfd8321a69: tablet deleted with delete type TABLET_DATA_TOMBSTONED: last-logged OpId 1.3
I20260601 13:31:32.232523  8754 log.cc:1199] T 890ae9c42a754ae1823691e28856a193 P d2329b76123341beae746cdfd8321a69: Deleting WAL directory at /tmp/dist-test-taskXAsNuH/test-tmp/auto_rebalancer-test.0.AutoRebalancerTest.RangeAwareRebalancesNewRangeReplicas.1780320619204033-5354-0/minicluster-data/ts-1-root/wals/890ae9c42a754ae1823691e28856a193
I20260601 13:31:32.232969  8217 catalog_manager.cc:5027] TS d2329b76123341beae746cdfd8321a69 (127.5.58.130:39449): tablet 890ae9c42a754ae1823691e28856a193 (table range_aware_rebalance_new_range [id=20aa45a2420342a29a86b1176ca88946]) successfully deleted
I20260601 13:31:32.302894  8740 raft_consensus.cc:1064] T 0f7938633eb343318845d3090811d6d3 P d2329b76123341beae746cdfd8321a69: attempting to promote NON_VOTER c73689f2d40c488590da3fee22da8007 to VOTER
I20260601 13:31:32.303409  8740 consensus_queue.cc:237] T 0f7938633eb343318845d3090811d6d3 P d2329b76123341beae746cdfd8321a69 [LEADER]: Queue going to LEADER mode. State: All replicated index: 0, Majority replicated index: 2, Committed index: 2, Last appended: 1.2, Last appended by leader: 0, Current term: 1, Majority size: 3, State: 0, Mode: LEADER, active raft config: opid_index: 3 OBSOLETE_local: false peers { permanent_uuid: "94aa8cf25cd54d94918790897121c1a6" member_type: VOTER last_known_addr { host: "127.5.58.129" port: 36211 } } peers { permanent_uuid: "d2329b76123341beae746cdfd8321a69" member_type: VOTER last_known_addr { host: "127.5.58.130" port: 39449 } } peers { permanent_uuid: "9dcbaf0b4cc94202b738cc00f1faff45" member_type: VOTER last_known_addr { host: "127.5.58.131" port: 37883 } attrs { replace: true } } peers { permanent_uuid: "c73689f2d40c488590da3fee22da8007" member_type: VOTER last_known_addr { host: "127.5.58.132" port: 44211 } attrs { promote: false } }
I20260601 13:31:32.304745  8627 raft_consensus.cc:1275] T 0f7938633eb343318845d3090811d6d3 P c73689f2d40c488590da3fee22da8007 [term 1 LEARNER]: Refusing update from remote peer d2329b76123341beae746cdfd8321a69: Log matching property violated. Preceding OpId in replica: term: 1 index: 2. Preceding OpId from leader: term: 1 index: 3. (index mismatch)
I20260601 13:31:32.305001  8335 raft_consensus.cc:1275] T 0f7938633eb343318845d3090811d6d3 P 94aa8cf25cd54d94918790897121c1a6 [term 1 FOLLOWER]: Refusing update from remote peer d2329b76123341beae746cdfd8321a69: Log matching property violated. Preceding OpId in replica: term: 1 index: 2. Preceding OpId from leader: term: 1 index: 3. (index mismatch)
I20260601 13:31:32.305099  8486 raft_consensus.cc:1275] T 0f7938633eb343318845d3090811d6d3 P 9dcbaf0b4cc94202b738cc00f1faff45 [term 1 FOLLOWER]: Refusing update from remote peer d2329b76123341beae746cdfd8321a69: Log matching property violated. Preceding OpId in replica: term: 1 index: 2. Preceding OpId from leader: term: 1 index: 3. (index mismatch)
I20260601 13:31:32.305338  8740 consensus_queue.cc:1048] T 0f7938633eb343318845d3090811d6d3 P d2329b76123341beae746cdfd8321a69 [LEADER]: Connected to new peer: Peer: permanent_uuid: "c73689f2d40c488590da3fee22da8007" member_type: VOTER last_known_addr { host: "127.5.58.132" port: 44211 } attrs { promote: false }, Status: LMP_MISMATCH, Last received: 0.0, Next index: 3, Last known committed idx: 2, Time since last communication: 0.000s
I20260601 13:31:32.305505  8758 consensus_queue.cc:1048] T 0f7938633eb343318845d3090811d6d3 P d2329b76123341beae746cdfd8321a69 [LEADER]: Connected to new peer: Peer: permanent_uuid: "9dcbaf0b4cc94202b738cc00f1faff45" member_type: VOTER last_known_addr { host: "127.5.58.131" port: 37883 } attrs { replace: true }, Status: LMP_MISMATCH, Last received: 0.0, Next index: 3, Last known committed idx: 2, Time since last communication: 0.000s
I20260601 13:31:32.305707  8756 consensus_queue.cc:1048] T 0f7938633eb343318845d3090811d6d3 P d2329b76123341beae746cdfd8321a69 [LEADER]: Connected to new peer: Peer: permanent_uuid: "94aa8cf25cd54d94918790897121c1a6" member_type: VOTER last_known_addr { host: "127.5.58.129" port: 36211 }, Status: LMP_MISMATCH, Last received: 0.0, Next index: 3, Last known committed idx: 2, Time since last communication: 0.000s
I20260601 13:31:32.307914  8756 raft_consensus.cc:2955] T 0f7938633eb343318845d3090811d6d3 P d2329b76123341beae746cdfd8321a69 [term 1 LEADER]: Committing config change with OpId 1.3: config changed from index 2 to 3, c73689f2d40c488590da3fee22da8007 (127.5.58.132) changed from NON_VOTER to VOTER. New config: { opid_index: 3 OBSOLETE_local: false peers { permanent_uuid: "94aa8cf25cd54d94918790897121c1a6" member_type: VOTER last_known_addr { host: "127.5.58.129" port: 36211 } } peers { permanent_uuid: "d2329b76123341beae746cdfd8321a69" member_type: VOTER last_known_addr { host: "127.5.58.130" port: 39449 } } peers { permanent_uuid: "9dcbaf0b4cc94202b738cc00f1faff45" member_type: VOTER last_known_addr { host: "127.5.58.131" port: 37883 } attrs { replace: true } } peers { permanent_uuid: "c73689f2d40c488590da3fee22da8007" member_type: VOTER last_known_addr { host: "127.5.58.132" port: 44211 } attrs { promote: false } } }
I20260601 13:31:32.308436  8627 raft_consensus.cc:2955] T 0f7938633eb343318845d3090811d6d3 P c73689f2d40c488590da3fee22da8007 [term 1 FOLLOWER]: Committing config change with OpId 1.3: config changed from index 2 to 3, c73689f2d40c488590da3fee22da8007 (127.5.58.132) changed from NON_VOTER to VOTER. New config: { opid_index: 3 OBSOLETE_local: false peers { permanent_uuid: "94aa8cf25cd54d94918790897121c1a6" member_type: VOTER last_known_addr { host: "127.5.58.129" port: 36211 } } peers { permanent_uuid: "d2329b76123341beae746cdfd8321a69" member_type: VOTER last_known_addr { host: "127.5.58.130" port: 39449 } } peers { permanent_uuid: "9dcbaf0b4cc94202b738cc00f1faff45" member_type: VOTER last_known_addr { host: "127.5.58.131" port: 37883 } attrs { replace: true } } peers { permanent_uuid: "c73689f2d40c488590da3fee22da8007" member_type: VOTER last_known_addr { host: "127.5.58.132" port: 44211 } attrs { promote: false } } }
I20260601 13:31:32.309763  8486 raft_consensus.cc:2955] T 0f7938633eb343318845d3090811d6d3 P 9dcbaf0b4cc94202b738cc00f1faff45 [term 1 FOLLOWER]: Committing config change with OpId 1.3: config changed from index 2 to 3, c73689f2d40c488590da3fee22da8007 (127.5.58.132) changed from NON_VOTER to VOTER. New config: { opid_index: 3 OBSOLETE_local: false peers { permanent_uuid: "94aa8cf25cd54d94918790897121c1a6" member_type: VOTER last_known_addr { host: "127.5.58.129" port: 36211 } } peers { permanent_uuid: "d2329b76123341beae746cdfd8321a69" member_type: VOTER last_known_addr { host: "127.5.58.130" port: 39449 } } peers { permanent_uuid: "9dcbaf0b4cc94202b738cc00f1faff45" member_type: VOTER last_known_addr { host: "127.5.58.131" port: 37883 } attrs { replace: true } } peers { permanent_uuid: "c73689f2d40c488590da3fee22da8007" member_type: VOTER last_known_addr { host: "127.5.58.132" port: 44211 } attrs { promote: false } } }
I20260601 13:31:32.310602  8232 catalog_manager.cc:5696] T 0f7938633eb343318845d3090811d6d3 P d2329b76123341beae746cdfd8321a69 reported cstate change: config changed from index 2 to 3, c73689f2d40c488590da3fee22da8007 (127.5.58.132) changed from NON_VOTER to VOTER. New cstate: current_term: 1 leader_uuid: "d2329b76123341beae746cdfd8321a69" committed_config { opid_index: 3 OBSOLETE_local: false peers { permanent_uuid: "94aa8cf25cd54d94918790897121c1a6" member_type: VOTER last_known_addr { host: "127.5.58.129" port: 36211 } health_report { overall_health: HEALTHY } } peers { permanent_uuid: "d2329b76123341beae746cdfd8321a69" member_type: VOTER last_known_addr { host: "127.5.58.130" port: 39449 } health_report { overall_health: HEALTHY } } peers { permanent_uuid: "9dcbaf0b4cc94202b738cc00f1faff45" member_type: VOTER last_known_addr { host: "127.5.58.131" port: 37883 } attrs { replace: true } health_report { overall_health: HEALTHY } } peers { permanent_uuid: "c73689f2d40c488590da3fee22da8007" member_type: VOTER last_known_addr { host: "127.5.58.132" port: 44211 } attrs { promote: false } health_report { overall_health: HEALTHY } } }
I20260601 13:31:32.311450  8335 raft_consensus.cc:2955] T 0f7938633eb343318845d3090811d6d3 P 94aa8cf25cd54d94918790897121c1a6 [term 1 FOLLOWER]: Committing config change with OpId 1.3: config changed from index 2 to 3, c73689f2d40c488590da3fee22da8007 (127.5.58.132) changed from NON_VOTER to VOTER. New config: { opid_index: 3 OBSOLETE_local: false peers { permanent_uuid: "94aa8cf25cd54d94918790897121c1a6" member_type: VOTER last_known_addr { host: "127.5.58.129" port: 36211 } } peers { permanent_uuid: "d2329b76123341beae746cdfd8321a69" member_type: VOTER last_known_addr { host: "127.5.58.130" port: 39449 } } peers { permanent_uuid: "9dcbaf0b4cc94202b738cc00f1faff45" member_type: VOTER last_known_addr { host: "127.5.58.131" port: 37883 } attrs { replace: true } } peers { permanent_uuid: "c73689f2d40c488590da3fee22da8007" member_type: VOTER last_known_addr { host: "127.5.58.132" port: 44211 } attrs { promote: false } } }
I20260601 13:31:32.314054  8411 consensus_queue.cc:237] T 0f7938633eb343318845d3090811d6d3 P d2329b76123341beae746cdfd8321a69 [LEADER]: Queue going to LEADER mode. State: All replicated index: 0, Majority replicated index: 3, Committed index: 3, Last appended: 1.3, Last appended by leader: 0, Current term: 1, Majority size: 2, State: 0, Mode: LEADER, active raft config: opid_index: 4 OBSOLETE_local: false peers { permanent_uuid: "94aa8cf25cd54d94918790897121c1a6" member_type: VOTER last_known_addr { host: "127.5.58.129" port: 36211 } } peers { permanent_uuid: "d2329b76123341beae746cdfd8321a69" member_type: VOTER last_known_addr { host: "127.5.58.130" port: 39449 } } peers { permanent_uuid: "c73689f2d40c488590da3fee22da8007" member_type: VOTER last_known_addr { host: "127.5.58.132" port: 44211 } attrs { promote: false } }
I20260601 13:31:32.315032  8335 raft_consensus.cc:1275] T 0f7938633eb343318845d3090811d6d3 P 94aa8cf25cd54d94918790897121c1a6 [term 1 FOLLOWER]: Refusing update from remote peer d2329b76123341beae746cdfd8321a69: Log matching property violated. Preceding OpId in replica: term: 1 index: 3. Preceding OpId from leader: term: 1 index: 4. (index mismatch)
I20260601 13:31:32.315174  8627 raft_consensus.cc:1275] T 0f7938633eb343318845d3090811d6d3 P c73689f2d40c488590da3fee22da8007 [term 1 FOLLOWER]: Refusing update from remote peer d2329b76123341beae746cdfd8321a69: Log matching property violated. Preceding OpId in replica: term: 1 index: 3. Preceding OpId from leader: term: 1 index: 4. (index mismatch)
I20260601 13:31:32.315517  8758 consensus_queue.cc:1048] T 0f7938633eb343318845d3090811d6d3 P d2329b76123341beae746cdfd8321a69 [LEADER]: Connected to new peer: Peer: permanent_uuid: "c73689f2d40c488590da3fee22da8007" member_type: VOTER last_known_addr { host: "127.5.58.132" port: 44211 } attrs { promote: false }, Status: LMP_MISMATCH, Last received: 0.0, Next index: 4, Last known committed idx: 3, Time since last communication: 0.000s
I20260601 13:31:32.315703  8740 consensus_queue.cc:1048] T 0f7938633eb343318845d3090811d6d3 P d2329b76123341beae746cdfd8321a69 [LEADER]: Connected to new peer: Peer: permanent_uuid: "94aa8cf25cd54d94918790897121c1a6" member_type: VOTER last_known_addr { host: "127.5.58.129" port: 36211 }, Status: LMP_MISMATCH, Last received: 0.0, Next index: 4, Last known committed idx: 3, Time since last communication: 0.000s
I20260601 13:31:32.317030  8740 raft_consensus.cc:2955] T 0f7938633eb343318845d3090811d6d3 P d2329b76123341beae746cdfd8321a69 [term 1 LEADER]: Committing config change with OpId 1.4: config changed from index 3 to 4, VOTER 9dcbaf0b4cc94202b738cc00f1faff45 (127.5.58.131) evicted. New config: { opid_index: 4 OBSOLETE_local: false peers { permanent_uuid: "94aa8cf25cd54d94918790897121c1a6" member_type: VOTER last_known_addr { host: "127.5.58.129" port: 36211 } } peers { permanent_uuid: "d2329b76123341beae746cdfd8321a69" member_type: VOTER last_known_addr { host: "127.5.58.130" port: 39449 } } peers { permanent_uuid: "c73689f2d40c488590da3fee22da8007" member_type: VOTER last_known_addr { host: "127.5.58.132" port: 44211 } attrs { promote: false } } }
I20260601 13:31:32.317477  8335 raft_consensus.cc:2955] T 0f7938633eb343318845d3090811d6d3 P 94aa8cf25cd54d94918790897121c1a6 [term 1 FOLLOWER]: Committing config change with OpId 1.4: config changed from index 3 to 4, VOTER 9dcbaf0b4cc94202b738cc00f1faff45 (127.5.58.131) evicted. New config: { opid_index: 4 OBSOLETE_local: false peers { permanent_uuid: "94aa8cf25cd54d94918790897121c1a6" member_type: VOTER last_known_addr { host: "127.5.58.129" port: 36211 } } peers { permanent_uuid: "d2329b76123341beae746cdfd8321a69" member_type: VOTER last_known_addr { host: "127.5.58.130" port: 39449 } } peers { permanent_uuid: "c73689f2d40c488590da3fee22da8007" member_type: VOTER last_known_addr { host: "127.5.58.132" port: 44211 } attrs { promote: false } } }
I20260601 13:31:32.317617  8627 raft_consensus.cc:2955] T 0f7938633eb343318845d3090811d6d3 P c73689f2d40c488590da3fee22da8007 [term 1 FOLLOWER]: Committing config change with OpId 1.4: config changed from index 3 to 4, VOTER 9dcbaf0b4cc94202b738cc00f1faff45 (127.5.58.131) evicted. New config: { opid_index: 4 OBSOLETE_local: false peers { permanent_uuid: "94aa8cf25cd54d94918790897121c1a6" member_type: VOTER last_known_addr { host: "127.5.58.129" port: 36211 } } peers { permanent_uuid: "d2329b76123341beae746cdfd8321a69" member_type: VOTER last_known_addr { host: "127.5.58.130" port: 39449 } } peers { permanent_uuid: "c73689f2d40c488590da3fee22da8007" member_type: VOTER last_known_addr { host: "127.5.58.132" port: 44211 } attrs { promote: false } } }
I20260601 13:31:32.319113  8217 catalog_manager.cc:5209] ChangeConfig:REMOVE_PEER RPC for tablet 0f7938633eb343318845d3090811d6d3 with cas_config_opid_index 3: ChangeConfig:REMOVE_PEER succeeded (attempt 1)
I20260601 13:31:32.319188  8230 catalog_manager.cc:5696] T 0f7938633eb343318845d3090811d6d3 P d2329b76123341beae746cdfd8321a69 reported cstate change: config changed from index 3 to 4, VOTER 9dcbaf0b4cc94202b738cc00f1faff45 (127.5.58.131) evicted. New cstate: current_term: 1 leader_uuid: "d2329b76123341beae746cdfd8321a69" committed_config { opid_index: 4 OBSOLETE_local: false peers { permanent_uuid: "94aa8cf25cd54d94918790897121c1a6" member_type: VOTER last_known_addr { host: "127.5.58.129" port: 36211 } health_report { overall_health: HEALTHY } } peers { permanent_uuid: "d2329b76123341beae746cdfd8321a69" member_type: VOTER last_known_addr { host: "127.5.58.130" port: 39449 } health_report { overall_health: HEALTHY } } peers { permanent_uuid: "c73689f2d40c488590da3fee22da8007" member_type: VOTER last_known_addr { host: "127.5.58.132" port: 44211 } attrs { promote: false } health_report { overall_health: HEALTHY } } }
I20260601 13:31:32.322862  8476 tablet_service.cc:1558] Processing DeleteTablet for tablet 0f7938633eb343318845d3090811d6d3 with delete_type TABLET_DATA_TOMBSTONED (TS 9dcbaf0b4cc94202b738cc00f1faff45 not found in new config with opid_index 4) from {username='slave'} at 127.0.0.1:34718
I20260601 13:31:32.323266  8763 tablet_replica.cc:333] T 0f7938633eb343318845d3090811d6d3 P 9dcbaf0b4cc94202b738cc00f1faff45: stopping tablet replica
I20260601 13:31:32.323473  8763 raft_consensus.cc:2243] T 0f7938633eb343318845d3090811d6d3 P 9dcbaf0b4cc94202b738cc00f1faff45 [term 1 FOLLOWER]: Raft consensus shutting down.
I20260601 13:31:32.323628  8763 raft_consensus.cc:2272] T 0f7938633eb343318845d3090811d6d3 P 9dcbaf0b4cc94202b738cc00f1faff45 [term 1 FOLLOWER]: Raft consensus is shut down!
I20260601 13:31:32.324191  8763 ts_tablet_manager.cc:1916] T 0f7938633eb343318845d3090811d6d3 P 9dcbaf0b4cc94202b738cc00f1faff45: Deleting tablet data with delete state TABLET_DATA_TOMBSTONED
I20260601 13:31:32.325773  8763 ts_tablet_manager.cc:1929] T 0f7938633eb343318845d3090811d6d3 P 9dcbaf0b4cc94202b738cc00f1faff45: tablet deleted with delete type TABLET_DATA_TOMBSTONED: last-logged OpId 1.3
I20260601 13:31:32.325830  8763 log.cc:1199] T 0f7938633eb343318845d3090811d6d3 P 9dcbaf0b4cc94202b738cc00f1faff45: Deleting WAL directory at /tmp/dist-test-taskXAsNuH/test-tmp/auto_rebalancer-test.0.AutoRebalancerTest.RangeAwareRebalancesNewRangeReplicas.1780320619204033-5354-0/minicluster-data/ts-2-root/wals/0f7938633eb343318845d3090811d6d3
I20260601 13:31:32.326591  8218 catalog_manager.cc:5027] TS 9dcbaf0b4cc94202b738cc00f1faff45 (127.5.58.131:37883): tablet 0f7938633eb343318845d3090811d6d3 (table range_aware_rebalance_new_range [id=20aa45a2420342a29a86b1176ca88946]) successfully deleted
I20260601 13:31:32.582736  8286 auto_leader_rebalancer.cc:140] leader rebalance for table range_aware_rebalance_new_range
I20260601 13:31:32.584780  8486 tablet_service.cc:2072] Received LeaderStepDown RPC: tablet_id: "3fe87c244a854f9f9adf069b33280605"
dest_uuid: "9dcbaf0b4cc94202b738cc00f1faff45"
mode: GRACEFUL
new_leader_uuid: "94aa8cf25cd54d94918790897121c1a6"
 from {username='slave'} at 127.0.0.1:34754
I20260601 13:31:32.584929  8486 raft_consensus.cc:606] T 3fe87c244a854f9f9adf069b33280605 P 9dcbaf0b4cc94202b738cc00f1faff45 [term 1 LEADER]: Received request to transfer leadership to TS 94aa8cf25cd54d94918790897121c1a6
I20260601 13:31:32.585752  8486 tablet_service.cc:2072] Received LeaderStepDown RPC: tablet_id: "941ac172becd4d878c8e3784e3d6e1fe"
dest_uuid: "9dcbaf0b4cc94202b738cc00f1faff45"
mode: GRACEFUL
new_leader_uuid: "d2329b76123341beae746cdfd8321a69"
 from {username='slave'} at 127.0.0.1:34754
I20260601 13:31:32.585862  8486 raft_consensus.cc:606] T 941ac172becd4d878c8e3784e3d6e1fe P 9dcbaf0b4cc94202b738cc00f1faff45 [term 1 LEADER]: Received request to transfer leadership to TS d2329b76123341beae746cdfd8321a69
I20260601 13:31:32.590029  8410 tablet_service.cc:2072] Received LeaderStepDown RPC: tablet_id: "9b95c9805e894a6d9c0c4f640105bafc"
dest_uuid: "d2329b76123341beae746cdfd8321a69"
mode: GRACEFUL
new_leader_uuid: "9dcbaf0b4cc94202b738cc00f1faff45"
 from {username='slave'} at 127.0.0.1:49880
I20260601 13:31:32.590142  8410 raft_consensus.cc:606] T 9b95c9805e894a6d9c0c4f640105bafc P d2329b76123341beae746cdfd8321a69 [term 2 LEADER]: Received request to transfer leadership to TS 9dcbaf0b4cc94202b738cc00f1faff45
I20260601 13:31:32.590497  8286 auto_leader_rebalancer.cc:388] table: range_aware_rebalance_new_range, leader rebalance finish, leader transfer count: 3
I20260601 13:31:32.590631  8286 auto_leader_rebalancer.cc:451] All tables' leader rebalancing finished this round
I20260601 13:31:32.797958  8759 raft_consensus.cc:993] T 9b95c9805e894a6d9c0c4f640105bafc P d2329b76123341beae746cdfd8321a69: : Instructing follower 9dcbaf0b4cc94202b738cc00f1faff45 to start an election
I20260601 13:31:32.798084  8759 raft_consensus.cc:1081] T 9b95c9805e894a6d9c0c4f640105bafc P d2329b76123341beae746cdfd8321a69 [term 2 LEADER]: Signalling peer 9dcbaf0b4cc94202b738cc00f1faff45 to start an election
I20260601 13:31:32.798532  8486 tablet_service.cc:2044] Received Run Leader Election RPC: tablet_id: "9b95c9805e894a6d9c0c4f640105bafc"
dest_uuid: "9dcbaf0b4cc94202b738cc00f1faff45"
 from {username='slave'} at 127.0.0.1:34732
I20260601 13:31:32.798676  8486 raft_consensus.cc:493] T 9b95c9805e894a6d9c0c4f640105bafc P 9dcbaf0b4cc94202b738cc00f1faff45 [term 2 FOLLOWER]: Starting forced leader election (received explicit request)
I20260601 13:31:32.798746  8486 raft_consensus.cc:3060] T 9b95c9805e894a6d9c0c4f640105bafc P 9dcbaf0b4cc94202b738cc00f1faff45 [term 2 FOLLOWER]: Advancing to term 3
I20260601 13:31:32.799739  8486 raft_consensus.cc:515] T 9b95c9805e894a6d9c0c4f640105bafc P 9dcbaf0b4cc94202b738cc00f1faff45 [term 3 FOLLOWER]: Starting forced leader election with config: opid_index: -1 OBSOLETE_local: false peers { permanent_uuid: "94aa8cf25cd54d94918790897121c1a6" member_type: VOTER last_known_addr { host: "127.5.58.129" port: 36211 } } peers { permanent_uuid: "d2329b76123341beae746cdfd8321a69" member_type: VOTER last_known_addr { host: "127.5.58.130" port: 39449 } } peers { permanent_uuid: "9dcbaf0b4cc94202b738cc00f1faff45" member_type: VOTER last_known_addr { host: "127.5.58.131" port: 37883 } }
I20260601 13:31:32.800056  8486 leader_election.cc:290] T 9b95c9805e894a6d9c0c4f640105bafc P 9dcbaf0b4cc94202b738cc00f1faff45 [CANDIDATE]: Term 3 election: Requested vote from peers 94aa8cf25cd54d94918790897121c1a6 (127.5.58.129:36211), d2329b76123341beae746cdfd8321a69 (127.5.58.130:39449)
I20260601 13:31:32.800333  8335 tablet_service.cc:1917] Received RequestConsensusVote() RPC: tablet_id: "9b95c9805e894a6d9c0c4f640105bafc" candidate_uuid: "9dcbaf0b4cc94202b738cc00f1faff45" candidate_term: 3 candidate_status { last_received { term: 2 index: 2 } } ignore_live_leader: true dest_uuid: "94aa8cf25cd54d94918790897121c1a6"
I20260601 13:31:32.800334  8410 tablet_service.cc:1917] Received RequestConsensusVote() RPC: tablet_id: "9b95c9805e894a6d9c0c4f640105bafc" candidate_uuid: "9dcbaf0b4cc94202b738cc00f1faff45" candidate_term: 3 candidate_status { last_received { term: 2 index: 2 } } ignore_live_leader: true dest_uuid: "d2329b76123341beae746cdfd8321a69"
I20260601 13:31:32.800446  8335 raft_consensus.cc:3060] T 9b95c9805e894a6d9c0c4f640105bafc P 94aa8cf25cd54d94918790897121c1a6 [term 2 FOLLOWER]: Advancing to term 3
I20260601 13:31:32.800503  8410 raft_consensus.cc:3055] T 9b95c9805e894a6d9c0c4f640105bafc P d2329b76123341beae746cdfd8321a69 [term 2 LEADER]: Stepping down as leader of term 2
I20260601 13:31:32.800552  8410 raft_consensus.cc:740] T 9b95c9805e894a6d9c0c4f640105bafc P d2329b76123341beae746cdfd8321a69 [term 2 LEADER]: Becoming Follower/Learner. State: Replica: d2329b76123341beae746cdfd8321a69, State: Running, Role: LEADER
I20260601 13:31:32.800735  8410 consensus_queue.cc:260] T 9b95c9805e894a6d9c0c4f640105bafc P d2329b76123341beae746cdfd8321a69 [NON_LEADER]: Queue going to NON_LEADER mode. State: All replicated index: 0, Majority replicated index: 2, Committed index: 2, Last appended: 2.2, Last appended by leader: 2, Current term: 2, Majority size: -1, State: 0, Mode: NON_LEADER, active raft config: opid_index: -1 OBSOLETE_local: false peers { permanent_uuid: "94aa8cf25cd54d94918790897121c1a6" member_type: VOTER last_known_addr { host: "127.5.58.129" port: 36211 } } peers { permanent_uuid: "d2329b76123341beae746cdfd8321a69" member_type: VOTER last_known_addr { host: "127.5.58.130" port: 39449 } } peers { permanent_uuid: "9dcbaf0b4cc94202b738cc00f1faff45" member_type: VOTER last_known_addr { host: "127.5.58.131" port: 37883 } }
I20260601 13:31:32.801051  8410 raft_consensus.cc:3060] T 9b95c9805e894a6d9c0c4f640105bafc P d2329b76123341beae746cdfd8321a69 [term 2 FOLLOWER]: Advancing to term 3
I20260601 13:31:32.801357  8335 raft_consensus.cc:2468] T 9b95c9805e894a6d9c0c4f640105bafc P 94aa8cf25cd54d94918790897121c1a6 [term 3 FOLLOWER]: Leader election vote request: Granting yes vote for candidate 9dcbaf0b4cc94202b738cc00f1faff45 in term 3.
I20260601 13:31:32.801685  8449 leader_election.cc:304] T 9b95c9805e894a6d9c0c4f640105bafc P 9dcbaf0b4cc94202b738cc00f1faff45 [CANDIDATE]: Term 3 election: Election decided. Result: candidate won. Election summary: received 2 responses out of 3 voters: 2 yes votes; 0 no votes. yes voters: 94aa8cf25cd54d94918790897121c1a6, 9dcbaf0b4cc94202b738cc00f1faff45; no voters: 
I20260601 13:31:32.801877  8575 raft_consensus.cc:2804] T 9b95c9805e894a6d9c0c4f640105bafc P 9dcbaf0b4cc94202b738cc00f1faff45 [term 3 FOLLOWER]: Leader election won for term 3
I20260601 13:31:32.802065  8575 raft_consensus.cc:697] T 9b95c9805e894a6d9c0c4f640105bafc P 9dcbaf0b4cc94202b738cc00f1faff45 [term 3 LEADER]: Becoming Leader. State: Replica: 9dcbaf0b4cc94202b738cc00f1faff45, State: Running, Role: LEADER
I20260601 13:31:32.802065  8410 raft_consensus.cc:2468] T 9b95c9805e894a6d9c0c4f640105bafc P d2329b76123341beae746cdfd8321a69 [term 3 FOLLOWER]: Leader election vote request: Granting yes vote for candidate 9dcbaf0b4cc94202b738cc00f1faff45 in term 3.
I20260601 13:31:32.802392  8575 consensus_queue.cc:237] T 9b95c9805e894a6d9c0c4f640105bafc P 9dcbaf0b4cc94202b738cc00f1faff45 [LEADER]: Queue going to LEADER mode. State: All replicated index: 0, Majority replicated index: 2, Committed index: 2, Last appended: 2.2, Last appended by leader: 2, Current term: 3, Majority size: 2, State: 0, Mode: LEADER, active raft config: opid_index: -1 OBSOLETE_local: false peers { permanent_uuid: "94aa8cf25cd54d94918790897121c1a6" member_type: VOTER last_known_addr { host: "127.5.58.129" port: 36211 } } peers { permanent_uuid: "d2329b76123341beae746cdfd8321a69" member_type: VOTER last_known_addr { host: "127.5.58.130" port: 39449 } } peers { permanent_uuid: "9dcbaf0b4cc94202b738cc00f1faff45" member_type: VOTER last_known_addr { host: "127.5.58.131" port: 37883 } }
I20260601 13:31:32.803839  8231 catalog_manager.cc:5696] T 9b95c9805e894a6d9c0c4f640105bafc P 9dcbaf0b4cc94202b738cc00f1faff45 reported cstate change: term changed from 2 to 3, leader changed from d2329b76123341beae746cdfd8321a69 (127.5.58.130) to 9dcbaf0b4cc94202b738cc00f1faff45 (127.5.58.131). New cstate: current_term: 3 leader_uuid: "9dcbaf0b4cc94202b738cc00f1faff45" committed_config { opid_index: -1 OBSOLETE_local: false peers { permanent_uuid: "94aa8cf25cd54d94918790897121c1a6" member_type: VOTER last_known_addr { host: "127.5.58.129" port: 36211 } health_report { overall_health: UNKNOWN } } peers { permanent_uuid: "d2329b76123341beae746cdfd8321a69" member_type: VOTER last_known_addr { host: "127.5.58.130" port: 39449 } health_report { overall_health: UNKNOWN } } peers { permanent_uuid: "9dcbaf0b4cc94202b738cc00f1faff45" member_type: VOTER last_known_addr { host: "127.5.58.131" port: 37883 } health_report { overall_health: HEALTHY } } }
I20260601 13:31:32.938660  8766 raft_consensus.cc:993] T 941ac172becd4d878c8e3784e3d6e1fe P 9dcbaf0b4cc94202b738cc00f1faff45: : Instructing follower d2329b76123341beae746cdfd8321a69 to start an election
I20260601 13:31:32.938802  8766 raft_consensus.cc:1081] T 941ac172becd4d878c8e3784e3d6e1fe P 9dcbaf0b4cc94202b738cc00f1faff45 [term 1 LEADER]: Signalling peer d2329b76123341beae746cdfd8321a69 to start an election
I20260601 13:31:32.939253  8410 tablet_service.cc:2044] Received Run Leader Election RPC: tablet_id: "941ac172becd4d878c8e3784e3d6e1fe"
dest_uuid: "d2329b76123341beae746cdfd8321a69"
 from {username='slave'} at 127.0.0.1:49838
I20260601 13:31:32.939435  8410 raft_consensus.cc:493] T 941ac172becd4d878c8e3784e3d6e1fe P d2329b76123341beae746cdfd8321a69 [term 1 FOLLOWER]: Starting forced leader election (received explicit request)
I20260601 13:31:32.939499  8410 raft_consensus.cc:3060] T 941ac172becd4d878c8e3784e3d6e1fe P d2329b76123341beae746cdfd8321a69 [term 1 FOLLOWER]: Advancing to term 2
I20260601 13:31:32.940310  8410 raft_consensus.cc:515] T 941ac172becd4d878c8e3784e3d6e1fe P d2329b76123341beae746cdfd8321a69 [term 2 FOLLOWER]: Starting forced leader election with config: opid_index: -1 OBSOLETE_local: false peers { permanent_uuid: "d2329b76123341beae746cdfd8321a69" member_type: VOTER last_known_addr { host: "127.5.58.130" port: 39449 } } peers { permanent_uuid: "94aa8cf25cd54d94918790897121c1a6" member_type: VOTER last_known_addr { host: "127.5.58.129" port: 36211 } } peers { permanent_uuid: "9dcbaf0b4cc94202b738cc00f1faff45" member_type: VOTER last_known_addr { host: "127.5.58.131" port: 37883 } }
I20260601 13:31:32.940660  8410 leader_election.cc:290] T 941ac172becd4d878c8e3784e3d6e1fe P d2329b76123341beae746cdfd8321a69 [CANDIDATE]: Term 2 election: Requested vote from peers 94aa8cf25cd54d94918790897121c1a6 (127.5.58.129:36211), 9dcbaf0b4cc94202b738cc00f1faff45 (127.5.58.131:37883)
I20260601 13:31:32.940907  8335 tablet_service.cc:1917] Received RequestConsensusVote() RPC: tablet_id: "941ac172becd4d878c8e3784e3d6e1fe" candidate_uuid: "d2329b76123341beae746cdfd8321a69" candidate_term: 2 candidate_status { last_received { term: 1 index: 1 } } ignore_live_leader: true dest_uuid: "94aa8cf25cd54d94918790897121c1a6"
I20260601 13:31:32.941004  8335 raft_consensus.cc:3060] T 941ac172becd4d878c8e3784e3d6e1fe P 94aa8cf25cd54d94918790897121c1a6 [term 1 FOLLOWER]: Advancing to term 2
I20260601 13:31:32.940940  8486 tablet_service.cc:1917] Received RequestConsensusVote() RPC: tablet_id: "941ac172becd4d878c8e3784e3d6e1fe" candidate_uuid: "d2329b76123341beae746cdfd8321a69" candidate_term: 2 candidate_status { last_received { term: 1 index: 1 } } ignore_live_leader: true dest_uuid: "9dcbaf0b4cc94202b738cc00f1faff45"
I20260601 13:31:32.941119  8486 raft_consensus.cc:3055] T 941ac172becd4d878c8e3784e3d6e1fe P 9dcbaf0b4cc94202b738cc00f1faff45 [term 1 LEADER]: Stepping down as leader of term 1
I20260601 13:31:32.941176  8486 raft_consensus.cc:740] T 941ac172becd4d878c8e3784e3d6e1fe P 9dcbaf0b4cc94202b738cc00f1faff45 [term 1 LEADER]: Becoming Follower/Learner. State: Replica: 9dcbaf0b4cc94202b738cc00f1faff45, State: Running, Role: LEADER
I20260601 13:31:32.941310  8486 consensus_queue.cc:260] T 941ac172becd4d878c8e3784e3d6e1fe P 9dcbaf0b4cc94202b738cc00f1faff45 [NON_LEADER]: Queue going to NON_LEADER mode. State: All replicated index: 0, Majority replicated index: 1, Committed index: 1, Last appended: 1.1, Last appended by leader: 1, Current term: 1, Majority size: -1, State: 0, Mode: NON_LEADER, active raft config: opid_index: -1 OBSOLETE_local: false peers { permanent_uuid: "d2329b76123341beae746cdfd8321a69" member_type: VOTER last_known_addr { host: "127.5.58.130" port: 39449 } } peers { permanent_uuid: "94aa8cf25cd54d94918790897121c1a6" member_type: VOTER last_known_addr { host: "127.5.58.129" port: 36211 } } peers { permanent_uuid: "9dcbaf0b4cc94202b738cc00f1faff45" member_type: VOTER last_known_addr { host: "127.5.58.131" port: 37883 } }
I20260601 13:31:32.941452  8486 raft_consensus.cc:3060] T 941ac172becd4d878c8e3784e3d6e1fe P 9dcbaf0b4cc94202b738cc00f1faff45 [term 1 FOLLOWER]: Advancing to term 2
I20260601 13:31:32.941849  8335 raft_consensus.cc:2468] T 941ac172becd4d878c8e3784e3d6e1fe P 94aa8cf25cd54d94918790897121c1a6 [term 2 FOLLOWER]: Leader election vote request: Granting yes vote for candidate d2329b76123341beae746cdfd8321a69 in term 2.
I20260601 13:31:32.942173  8374 leader_election.cc:304] T 941ac172becd4d878c8e3784e3d6e1fe P d2329b76123341beae746cdfd8321a69 [CANDIDATE]: Term 2 election: Election decided. Result: candidate won. Election summary: received 2 responses out of 3 voters: 2 yes votes; 0 no votes. yes voters: 94aa8cf25cd54d94918790897121c1a6, d2329b76123341beae746cdfd8321a69; no voters: 
I20260601 13:31:32.942224  8486 raft_consensus.cc:2468] T 941ac172becd4d878c8e3784e3d6e1fe P 9dcbaf0b4cc94202b738cc00f1faff45 [term 2 FOLLOWER]: Leader election vote request: Granting yes vote for candidate d2329b76123341beae746cdfd8321a69 in term 2.
I20260601 13:31:32.942342  8759 raft_consensus.cc:2804] T 941ac172becd4d878c8e3784e3d6e1fe P d2329b76123341beae746cdfd8321a69 [term 2 FOLLOWER]: Leader election won for term 2
I20260601 13:31:32.942436  8759 raft_consensus.cc:697] T 941ac172becd4d878c8e3784e3d6e1fe P d2329b76123341beae746cdfd8321a69 [term 2 LEADER]: Becoming Leader. State: Replica: d2329b76123341beae746cdfd8321a69, State: Running, Role: LEADER
