wal directory: /tmp/dist-test-taskic0kyQ/test-tmp/auto_rebalancer-test.0.AutoRebalancerTest.NoReplicaMovesIfLocationLoadSkewedByOne.1780320616874399-31095-0/minicluster-data/master-0-root
metadata directory: /tmp/dist-test-taskic0kyQ/test-tmp/auto_rebalancer-test.0.AutoRebalancerTest.NoReplicaMovesIfLocationLoadSkewedByOne.1780320616874399-31095-0/minicluster-data/master-0-root
1 data directories: /tmp/dist-test-taskic0kyQ/test-tmp/auto_rebalancer-test.0.AutoRebalancerTest.NoReplicaMovesIfLocationLoadSkewedByOne.1780320616874399-31095-0/minicluster-data/master-0-root/data
Total live blocks: 0
Total live bytes: 0
Total live bytes (after alignment): 0
Total number of LBM containers: 0 (0 full)
Did not check for missing blocks
Did not check for orphaned blocks
Total full LBM containers with extra space: 0 (0 repaired)
Total full LBM container extra space in bytes: 0 (0 repaired)
Total incomplete LBM containers: 0 (0 repaired)
Total LBM partial records: 0 (0 repaired)
Total corrupted LBM metadata records in RocksDB: 0 (0 repaired)
I20260601 13:31:34.646553 31095 rpc_server.cc:225] running with OpenSSL 1.1.1  11 Sep 2018
I20260601 13:31:34.647020 31095 kserver.cc:163] Server-wide thread pool size limit: 3276
I20260601 13:31:34.651419 31095 rpc_server.cc:307] RPC server started. Bound to: 127.30.93.254:41491
I20260601 13:31:34.659956  2171 acceptor_pool.cc:272] collecting diagnostics on the listening RPC socket 127.30.93.254:41491 every 8 connection(s)
I20260601 13:31:34.660705  2172 data_dirs.cc:400] Could only allocate 1 dirs of requested 3 for tablet 00000000000000000000000000000000. 1 dirs total, 0 dirs full, 0 dirs failed
I20260601 13:31:34.663226  2172 tablet_bootstrap.cc:492] T 00000000000000000000000000000000 P 27e17db7a482497a9e85fe0fa171899f: Bootstrap starting.
I20260601 13:31:34.664269  2172 tablet_bootstrap.cc:654] T 00000000000000000000000000000000 P 27e17db7a482497a9e85fe0fa171899f: Neither blocks nor log segments found. Creating new log.
I20260601 13:31:34.665921  2172 tablet_bootstrap.cc:492] T 00000000000000000000000000000000 P 27e17db7a482497a9e85fe0fa171899f: No bootstrap required, opened a new log
I20260601 13:31:34.666517  2172 raft_consensus.cc:359] T 00000000000000000000000000000000 P 27e17db7a482497a9e85fe0fa171899f [term 0 FOLLOWER]: Replica starting. Triggering 0 pending ops. Active config: opid_index: -1 OBSOLETE_local: true peers { permanent_uuid: "27e17db7a482497a9e85fe0fa171899f" member_type: VOTER }
I20260601 13:31:34.666625  2172 raft_consensus.cc:385] T 00000000000000000000000000000000 P 27e17db7a482497a9e85fe0fa171899f [term 0 FOLLOWER]: Consensus starting up: Expiring failure detector timer to make a prompt election more likely
I20260601 13:31:34.666657  2172 raft_consensus.cc:740] T 00000000000000000000000000000000 P 27e17db7a482497a9e85fe0fa171899f [term 0 FOLLOWER]: Becoming Follower/Learner. State: Replica: 27e17db7a482497a9e85fe0fa171899f, State: Initialized, Role: FOLLOWER
I20260601 13:31:34.666819  2172 consensus_queue.cc:260] T 00000000000000000000000000000000 P 27e17db7a482497a9e85fe0fa171899f [NON_LEADER]: Queue going to NON_LEADER mode. State: All replicated index: 0, Majority replicated index: 0, Committed index: 0, Last appended: 0.0, Last appended by leader: 0, Current term: 0, Majority size: -1, State: 0, Mode: NON_LEADER, active raft config: opid_index: -1 OBSOLETE_local: true peers { permanent_uuid: "27e17db7a482497a9e85fe0fa171899f" member_type: VOTER }
I20260601 13:31:34.666918  2172 raft_consensus.cc:399] T 00000000000000000000000000000000 P 27e17db7a482497a9e85fe0fa171899f [term 0 FOLLOWER]: Only one voter in the Raft config. Triggering election immediately
I20260601 13:31:34.666965  2172 raft_consensus.cc:493] T 00000000000000000000000000000000 P 27e17db7a482497a9e85fe0fa171899f [term 0 FOLLOWER]: Starting leader election (initial election of a single-replica configuration)
I20260601 13:31:34.667038  2172 raft_consensus.cc:3060] T 00000000000000000000000000000000 P 27e17db7a482497a9e85fe0fa171899f [term 0 FOLLOWER]: Advancing to term 1
I20260601 13:31:34.668015  2172 raft_consensus.cc:515] T 00000000000000000000000000000000 P 27e17db7a482497a9e85fe0fa171899f [term 1 FOLLOWER]: Starting leader election with config: opid_index: -1 OBSOLETE_local: true peers { permanent_uuid: "27e17db7a482497a9e85fe0fa171899f" member_type: VOTER }
I20260601 13:31:34.668200  2172 leader_election.cc:304] T 00000000000000000000000000000000 P 27e17db7a482497a9e85fe0fa171899f [CANDIDATE]: Term 1 election: Election decided. Result: candidate won. Election summary: received 1 responses out of 1 voters: 1 yes votes; 0 no votes. yes voters: 27e17db7a482497a9e85fe0fa171899f; no voters: 
I20260601 13:31:34.668460  2172 leader_election.cc:290] T 00000000000000000000000000000000 P 27e17db7a482497a9e85fe0fa171899f [CANDIDATE]: Term 1 election: Requested vote from peers 
I20260601 13:31:34.668678  2175 raft_consensus.cc:2804] T 00000000000000000000000000000000 P 27e17db7a482497a9e85fe0fa171899f [term 1 FOLLOWER]: Leader election won for term 1
I20260601 13:31:34.669021  2172 sys_catalog.cc:565] T 00000000000000000000000000000000 P 27e17db7a482497a9e85fe0fa171899f [sys.catalog]: configured and running, proceeding with master startup.
I20260601 13:31:34.669358  2175 raft_consensus.cc:697] T 00000000000000000000000000000000 P 27e17db7a482497a9e85fe0fa171899f [term 1 LEADER]: Becoming Leader. State: Replica: 27e17db7a482497a9e85fe0fa171899f, State: Running, Role: LEADER
I20260601 13:31:34.669556  2175 consensus_queue.cc:237] T 00000000000000000000000000000000 P 27e17db7a482497a9e85fe0fa171899f [LEADER]: Queue going to LEADER mode. State: All replicated index: 0, Majority replicated index: 0, Committed index: 0, Last appended: 0.0, Last appended by leader: 0, Current term: 1, Majority size: 1, State: 0, Mode: LEADER, active raft config: opid_index: -1 OBSOLETE_local: true peers { permanent_uuid: "27e17db7a482497a9e85fe0fa171899f" member_type: VOTER }
I20260601 13:31:34.670291  2177 sys_catalog.cc:455] T 00000000000000000000000000000000 P 27e17db7a482497a9e85fe0fa171899f [sys.catalog]: SysCatalogTable state changed. Reason: New leader 27e17db7a482497a9e85fe0fa171899f. Latest consensus state: current_term: 1 leader_uuid: "27e17db7a482497a9e85fe0fa171899f" committed_config { opid_index: -1 OBSOLETE_local: true peers { permanent_uuid: "27e17db7a482497a9e85fe0fa171899f" member_type: VOTER } }
I20260601 13:31:34.670393  2177 sys_catalog.cc:458] T 00000000000000000000000000000000 P 27e17db7a482497a9e85fe0fa171899f [sys.catalog]: This master's current role is: LEADER
I20260601 13:31:34.670416  2176 sys_catalog.cc:455] T 00000000000000000000000000000000 P 27e17db7a482497a9e85fe0fa171899f [sys.catalog]: SysCatalogTable state changed. Reason: RaftConsensus started. Latest consensus state: current_term: 1 leader_uuid: "27e17db7a482497a9e85fe0fa171899f" committed_config { opid_index: -1 OBSOLETE_local: true peers { permanent_uuid: "27e17db7a482497a9e85fe0fa171899f" member_type: VOTER } }
I20260601 13:31:34.670521  2176 sys_catalog.cc:458] T 00000000000000000000000000000000 P 27e17db7a482497a9e85fe0fa171899f [sys.catalog]: This master's current role is: LEADER
I20260601 13:31:34.671048  2184 catalog_manager.cc:1510] Loading table and tablet metadata into memory...
I20260601 13:31:34.671945  2184 catalog_manager.cc:1519] Initializing Kudu cluster ID...
I20260601 13:31:34.672154 31095 internal_mini_cluster.cc:184] Waiting to initialize catalog manager on master 0
I20260601 13:31:34.674409  2184 catalog_manager.cc:1382] Generated new cluster ID: 142b583ffb4245eaba0adc9dd0a88974
I20260601 13:31:34.674517  2184 catalog_manager.cc:1530] Initializing Kudu internal certificate authority...
I20260601 13:31:34.689203  2184 catalog_manager.cc:1405] Generated new certificate authority record
I20260601 13:31:34.689879  2184 catalog_manager.cc:1539] Loading token signing keys...
I20260601 13:31:34.709182  2184 catalog_manager.cc:6069] T 00000000000000000000000000000000 P 27e17db7a482497a9e85fe0fa171899f: Generated new TSK 0
I20260601 13:31:34.709537  2184 catalog_manager.cc:1549] Initializing in-progress tserver states...
I20260601 13:31:34.737507 31095 file_cache.cc:492] Constructed file cache file cache with capacity 419430
W20260601 13:31:34.740375  2193 instance_detector.cc:116] could not retrieve AWS instance metadata: Network error: curl error: HTTP response code said error: The requested URL returned error: 404
W20260601 13:31:34.740540  2196 instance_detector.cc:116] could not retrieve OpenStack instance metadata: Network error: curl error: HTTP response code said error: The requested URL returned error: 404
W20260601 13:31:34.740692  2194 instance_detector.cc:116] could not retrieve Azure instance metadata: Network error: curl error: HTTP response code said error: The requested URL returned error: 404
I20260601 13:31:34.740757 31095 server_base.cc:1061] running on GCE node
I20260601 13:31:34.740978 31095 hybrid_clock.cc:584] initializing the hybrid clock with 'system_unsync' time source
W20260601 13:31:34.741043 31095 system_unsync_time.cc:38] NTP support is disabled. Clock error bounds will not be accurate. This configuration is not suitable for distributed clusters.
I20260601 13:31:34.741062 31095 hybrid_clock.cc:648] HybridClock initialized: now 1780320694741061 us; error 0 us; skew 500 ppm
I20260601 13:31:34.742846 31095 webserver.cc:533] Webserver started at http://127.30.93.193:40573/ using document root <none> and password file <none>
I20260601 13:31:34.743048 31095 fs_manager.cc:362] Metadata directory not provided
I20260601 13:31:34.743106 31095 fs_manager.cc:368] Using write-ahead log directory (fs_wal_dir) as metadata directory
I20260601 13:31:34.743176 31095 server_base.cc:909] This appears to be a new deployment of Kudu; creating new FS layout
I20260601 13:31:34.743685 31095 fs_manager.cc:1068] Generated new instance metadata in path /tmp/dist-test-taskic0kyQ/test-tmp/auto_rebalancer-test.0.AutoRebalancerTest.NoReplicaMovesIfLocationLoadSkewedByOne.1780320616874399-31095-0/minicluster-data/ts-0-root/instance:
uuid: "512534e924a04570aa355351a6b90cff"
format_stamp: "Formatted at 2026-06-01 13:31:34 on dist-test-slave-m875"
I20260601 13:31:34.745625 31095 fs_manager.cc:696] Time spent creating directory manager: real 0.002s	user 0.002s	sys 0.000s
I20260601 13:31:34.747151  2201 log_block_manager.cc:4031] Time spent loading block containers with low live blocks: real 0.000s	user 0.000s	sys 0.000s
I20260601 13:31:34.747759 31095 fs_manager.cc:730] Time spent opening block manager: real 0.001s	user 0.001s	sys 0.000s
I20260601 13:31:34.747844 31095 fs_manager.cc:647] Opened local filesystem: /tmp/dist-test-taskic0kyQ/test-tmp/auto_rebalancer-test.0.AutoRebalancerTest.NoReplicaMovesIfLocationLoadSkewedByOne.1780320616874399-31095-0/minicluster-data/ts-0-root
uuid: "512534e924a04570aa355351a6b90cff"
format_stamp: "Formatted at 2026-06-01 13:31:34 on dist-test-slave-m875"
I20260601 13:31:34.747982 31095 fs_report.cc:389] FS layout report
--------------------
wal directory: /tmp/dist-test-taskic0kyQ/test-tmp/auto_rebalancer-test.0.AutoRebalancerTest.NoReplicaMovesIfLocationLoadSkewedByOne.1780320616874399-31095-0/minicluster-data/ts-0-root
metadata directory: /tmp/dist-test-taskic0kyQ/test-tmp/auto_rebalancer-test.0.AutoRebalancerTest.NoReplicaMovesIfLocationLoadSkewedByOne.1780320616874399-31095-0/minicluster-data/ts-0-root
1 data directories: /tmp/dist-test-taskic0kyQ/test-tmp/auto_rebalancer-test.0.AutoRebalancerTest.NoReplicaMovesIfLocationLoadSkewedByOne.1780320616874399-31095-0/minicluster-data/ts-0-root/data
Total live blocks: 0
Total live bytes: 0
Total live bytes (after alignment): 0
Total number of LBM containers: 0 (0 full)
Did not check for missing blocks
Did not check for orphaned blocks
Total full LBM containers with extra space: 0 (0 repaired)
Total full LBM container extra space in bytes: 0 (0 repaired)
Total incomplete LBM containers: 0 (0 repaired)
Total LBM partial records: 0 (0 repaired)
Total corrupted LBM metadata records in RocksDB: 0 (0 repaired)
I20260601 13:31:34.757984 31095 rpc_server.cc:225] running with OpenSSL 1.1.1  11 Sep 2018
I20260601 13:31:34.758662 31095 kserver.cc:163] Server-wide thread pool size limit: 3276
I20260601 13:31:34.759191 31095 txn_system_client.cc:432] TxnSystemClient initialization is disabled...
I20260601 13:31:34.760408 31095 ts_tablet_manager.cc:585] Loaded tablet metadata (0 total tablets, 0 live tablets)
I20260601 13:31:34.760489 31095 ts_tablet_manager.cc:531] Time spent load tablet metadata: real 0.000s	user 0.000s	sys 0.000s
I20260601 13:31:34.760551 31095 ts_tablet_manager.cc:616] Registered 0 tablets
I20260601 13:31:34.760581 31095 ts_tablet_manager.cc:595] Time spent register tablets: real 0.000s	user 0.000s	sys 0.000s
I20260601 13:31:34.767786  2264 acceptor_pool.cc:272] collecting diagnostics on the listening RPC socket 127.30.93.193:41595 every 8 connection(s)
I20260601 13:31:34.767802 31095 rpc_server.cc:307] RPC server started. Bound to: 127.30.93.193:41595
I20260601 13:31:34.769263 31095 file_cache.cc:492] Constructed file cache file cache with capacity 419430
W20260601 13:31:34.772722  2272 instance_detector.cc:116] could not retrieve OpenStack instance metadata: Network error: curl error: HTTP response code said error: The requested URL returned error: 404
W20260601 13:31:34.772796  2270 instance_detector.cc:116] could not retrieve Azure instance metadata: Network error: curl error: HTTP response code said error: The requested URL returned error: 404
W20260601 13:31:34.773108  2269 instance_detector.cc:116] could not retrieve AWS instance metadata: Network error: curl error: HTTP response code said error: The requested URL returned error: 404
I20260601 13:31:34.773762 31095 server_base.cc:1061] running on GCE node
I20260601 13:31:34.774003 31095 hybrid_clock.cc:584] initializing the hybrid clock with 'system_unsync' time source
W20260601 13:31:34.774055 31095 system_unsync_time.cc:38] NTP support is disabled. Clock error bounds will not be accurate. This configuration is not suitable for distributed clusters.
I20260601 13:31:34.774091 31095 hybrid_clock.cc:648] HybridClock initialized: now 1780320694774090 us; error 0 us; skew 500 ppm
I20260601 13:31:34.775585 31095 webserver.cc:533] Webserver started at http://127.30.93.194:41723/ using document root <none> and password file <none>
I20260601 13:31:34.775812 31095 fs_manager.cc:362] Metadata directory not provided
I20260601 13:31:34.775879  2265 heartbeater.cc:344] Connected to a master server at 127.30.93.254:41491
I20260601 13:31:34.775892 31095 fs_manager.cc:368] Using write-ahead log directory (fs_wal_dir) as metadata directory
I20260601 13:31:34.776013  2265 heartbeater.cc:461] Registering TS with master...
I20260601 13:31:34.776031 31095 server_base.cc:909] This appears to be a new deployment of Kudu; creating new FS layout
I20260601 13:31:34.776296  2265 heartbeater.cc:507] Master 127.30.93.254:41491 requested a full tablet report, sending...
I20260601 13:31:34.776553 31095 fs_manager.cc:1068] Generated new instance metadata in path /tmp/dist-test-taskic0kyQ/test-tmp/auto_rebalancer-test.0.AutoRebalancerTest.NoReplicaMovesIfLocationLoadSkewedByOne.1780320616874399-31095-0/minicluster-data/ts-1-root/instance:
uuid: "1e0064dd36e746f39e2f96d3cffb916e"
format_stamp: "Formatted at 2026-06-01 13:31:34 on dist-test-slave-m875"
I20260601 13:31:34.777237  2136 ts_manager.cc:194] Registered new tserver with Master: 512534e924a04570aa355351a6b90cff (127.30.93.193:41595)
I20260601 13:31:34.778638  2136 master_service.cc:502] Signed X509 certificate for tserver {username='slave'} at 127.0.0.1:43824
I20260601 13:31:34.779292 31095 fs_manager.cc:696] Time spent creating directory manager: real 0.002s	user 0.003s	sys 0.000s
I20260601 13:31:34.780747  2277 log_block_manager.cc:4031] Time spent loading block containers with low live blocks: real 0.000s	user 0.000s	sys 0.000s
I20260601 13:31:34.781160 31095 fs_manager.cc:730] Time spent opening block manager: real 0.001s	user 0.000s	sys 0.001s
I20260601 13:31:34.781252 31095 fs_manager.cc:647] Opened local filesystem: /tmp/dist-test-taskic0kyQ/test-tmp/auto_rebalancer-test.0.AutoRebalancerTest.NoReplicaMovesIfLocationLoadSkewedByOne.1780320616874399-31095-0/minicluster-data/ts-1-root
uuid: "1e0064dd36e746f39e2f96d3cffb916e"
format_stamp: "Formatted at 2026-06-01 13:31:34 on dist-test-slave-m875"
I20260601 13:31:34.781324 31095 fs_report.cc:389] FS layout report
--------------------
wal directory: /tmp/dist-test-taskic0kyQ/test-tmp/auto_rebalancer-test.0.AutoRebalancerTest.NoReplicaMovesIfLocationLoadSkewedByOne.1780320616874399-31095-0/minicluster-data/ts-1-root
metadata directory: /tmp/dist-test-taskic0kyQ/test-tmp/auto_rebalancer-test.0.AutoRebalancerTest.NoReplicaMovesIfLocationLoadSkewedByOne.1780320616874399-31095-0/minicluster-data/ts-1-root
1 data directories: /tmp/dist-test-taskic0kyQ/test-tmp/auto_rebalancer-test.0.AutoRebalancerTest.NoReplicaMovesIfLocationLoadSkewedByOne.1780320616874399-31095-0/minicluster-data/ts-1-root/data
Total live blocks: 0
Total live bytes: 0
Total live bytes (after alignment): 0
Total number of LBM containers: 0 (0 full)
Did not check for missing blocks
Did not check for orphaned blocks
Total full LBM containers with extra space: 0 (0 repaired)
Total full LBM container extra space in bytes: 0 (0 repaired)
Total incomplete LBM containers: 0 (0 repaired)
Total LBM partial records: 0 (0 repaired)
Total corrupted LBM metadata records in RocksDB: 0 (0 repaired)
I20260601 13:31:34.790983 31095 rpc_server.cc:225] running with OpenSSL 1.1.1  11 Sep 2018
I20260601 13:31:34.791777 31095 kserver.cc:163] Server-wide thread pool size limit: 3276
I20260601 13:31:34.792366 31095 txn_system_client.cc:432] TxnSystemClient initialization is disabled...
I20260601 13:31:34.792969 31095 ts_tablet_manager.cc:585] Loaded tablet metadata (0 total tablets, 0 live tablets)
I20260601 13:31:34.793015 31095 ts_tablet_manager.cc:531] Time spent load tablet metadata: real 0.000s	user 0.000s	sys 0.000s
I20260601 13:31:34.793047 31095 ts_tablet_manager.cc:616] Registered 0 tablets
I20260601 13:31:34.793062 31095 ts_tablet_manager.cc:595] Time spent register tablets: real 0.000s	user 0.000s	sys 0.000s
I20260601 13:31:34.798075 31095 rpc_server.cc:307] RPC server started. Bound to: 127.30.93.194:33163
I20260601 13:31:34.798154  2340 acceptor_pool.cc:272] collecting diagnostics on the listening RPC socket 127.30.93.194:33163 every 8 connection(s)
I20260601 13:31:34.799484 31095 file_cache.cc:492] Constructed file cache file cache with capacity 419430
W20260601 13:31:34.802836  2345 instance_detector.cc:116] could not retrieve Azure instance metadata: Network error: curl error: HTTP response code said error: The requested URL returned error: 404
W20260601 13:31:34.803037  2347 instance_detector.cc:116] could not retrieve OpenStack instance metadata: Network error: curl error: HTTP response code said error: The requested URL returned error: 404
I20260601 13:31:34.803385 31095 server_base.cc:1061] running on GCE node
W20260601 13:31:34.803450  2344 instance_detector.cc:116] could not retrieve AWS instance metadata: Network error: curl error: HTTP response code said error: The requested URL returned error: 404
I20260601 13:31:34.803784 31095 hybrid_clock.cc:584] initializing the hybrid clock with 'system_unsync' time source
W20260601 13:31:34.803849 31095 system_unsync_time.cc:38] NTP support is disabled. Clock error bounds will not be accurate. This configuration is not suitable for distributed clusters.
I20260601 13:31:34.803872 31095 hybrid_clock.cc:648] HybridClock initialized: now 1780320694803872 us; error 0 us; skew 500 ppm
I20260601 13:31:34.804816  2341 heartbeater.cc:344] Connected to a master server at 127.30.93.254:41491
I20260601 13:31:34.804962  2341 heartbeater.cc:461] Registering TS with master...
I20260601 13:31:34.805078 31095 webserver.cc:533] Webserver started at http://127.30.93.195:39197/ using document root <none> and password file <none>
I20260601 13:31:34.805244 31095 fs_manager.cc:362] Metadata directory not provided
I20260601 13:31:34.805290 31095 fs_manager.cc:368] Using write-ahead log directory (fs_wal_dir) as metadata directory
I20260601 13:31:34.805320  2341 heartbeater.cc:507] Master 127.30.93.254:41491 requested a full tablet report, sending...
I20260601 13:31:34.805414 31095 server_base.cc:909] This appears to be a new deployment of Kudu; creating new FS layout
I20260601 13:31:34.806208  2136 ts_manager.cc:194] Registered new tserver with Master: 1e0064dd36e746f39e2f96d3cffb916e (127.30.93.194:33163)
I20260601 13:31:34.806200 31095 fs_manager.cc:1068] Generated new instance metadata in path /tmp/dist-test-taskic0kyQ/test-tmp/auto_rebalancer-test.0.AutoRebalancerTest.NoReplicaMovesIfLocationLoadSkewedByOne.1780320616874399-31095-0/minicluster-data/ts-2-root/instance:
uuid: "672406f504f54955af51031a8f19a8f9"
format_stamp: "Formatted at 2026-06-01 13:31:34 on dist-test-slave-m875"
I20260601 13:31:34.807152  2136 master_service.cc:502] Signed X509 certificate for tserver {username='slave'} at 127.0.0.1:43840
I20260601 13:31:34.808976 31095 fs_manager.cc:696] Time spent creating directory manager: real 0.002s	user 0.000s	sys 0.002s
I20260601 13:31:34.810371  2352 log_block_manager.cc:4031] Time spent loading block containers with low live blocks: real 0.000s	user 0.000s	sys 0.000s
I20260601 13:31:34.810894 31095 fs_manager.cc:730] Time spent opening block manager: real 0.001s	user 0.000s	sys 0.001s
I20260601 13:31:34.810973 31095 fs_manager.cc:647] Opened local filesystem: /tmp/dist-test-taskic0kyQ/test-tmp/auto_rebalancer-test.0.AutoRebalancerTest.NoReplicaMovesIfLocationLoadSkewedByOne.1780320616874399-31095-0/minicluster-data/ts-2-root
uuid: "672406f504f54955af51031a8f19a8f9"
format_stamp: "Formatted at 2026-06-01 13:31:34 on dist-test-slave-m875"
I20260601 13:31:34.811077 31095 fs_report.cc:389] FS layout report
--------------------
wal directory: /tmp/dist-test-taskic0kyQ/test-tmp/auto_rebalancer-test.0.AutoRebalancerTest.NoReplicaMovesIfLocationLoadSkewedByOne.1780320616874399-31095-0/minicluster-data/ts-2-root
metadata directory: /tmp/dist-test-taskic0kyQ/test-tmp/auto_rebalancer-test.0.AutoRebalancerTest.NoReplicaMovesIfLocationLoadSkewedByOne.1780320616874399-31095-0/minicluster-data/ts-2-root
1 data directories: /tmp/dist-test-taskic0kyQ/test-tmp/auto_rebalancer-test.0.AutoRebalancerTest.NoReplicaMovesIfLocationLoadSkewedByOne.1780320616874399-31095-0/minicluster-data/ts-2-root/data
Total live blocks: 0
Total live bytes: 0
Total live bytes (after alignment): 0
Total number of LBM containers: 0 (0 full)
Did not check for missing blocks
Did not check for orphaned blocks
Total full LBM containers with extra space: 0 (0 repaired)
Total full LBM container extra space in bytes: 0 (0 repaired)
Total incomplete LBM containers: 0 (0 repaired)
Total LBM partial records: 0 (0 repaired)
Total corrupted LBM metadata records in RocksDB: 0 (0 repaired)
I20260601 13:31:34.828886 31095 rpc_server.cc:225] running with OpenSSL 1.1.1  11 Sep 2018
I20260601 13:31:34.829423 31095 kserver.cc:163] Server-wide thread pool size limit: 3276
I20260601 13:31:34.829833 31095 txn_system_client.cc:432] TxnSystemClient initialization is disabled...
I20260601 13:31:34.830425 31095 ts_tablet_manager.cc:585] Loaded tablet metadata (0 total tablets, 0 live tablets)
I20260601 13:31:34.830502 31095 ts_tablet_manager.cc:531] Time spent load tablet metadata: real 0.000s	user 0.000s	sys 0.000s
I20260601 13:31:34.830602 31095 ts_tablet_manager.cc:616] Registered 0 tablets
I20260601 13:31:34.830662 31095 ts_tablet_manager.cc:595] Time spent register tablets: real 0.000s	user 0.000s	sys 0.000s
I20260601 13:31:34.836948 31095 rpc_server.cc:307] RPC server started. Bound to: 127.30.93.195:33099
I20260601 13:31:34.837096  2415 acceptor_pool.cc:272] collecting diagnostics on the listening RPC socket 127.30.93.195:33099 every 8 connection(s)
I20260601 13:31:34.838384 31095 file_cache.cc:492] Constructed file cache file cache with capacity 419430
W20260601 13:31:34.842041  2419 instance_detector.cc:116] could not retrieve AWS instance metadata: Network error: curl error: HTTP response code said error: The requested URL returned error: 404
W20260601 13:31:34.842198  2420 instance_detector.cc:116] could not retrieve Azure instance metadata: Network error: curl error: HTTP response code said error: The requested URL returned error: 404
I20260601 13:31:34.842072 31095 server_base.cc:1061] running on GCE node
W20260601 13:31:34.842041  2422 instance_detector.cc:116] could not retrieve OpenStack instance metadata: Network error: curl error: HTTP response code said error: The requested URL returned error: 404
I20260601 13:31:34.842594 31095 hybrid_clock.cc:584] initializing the hybrid clock with 'system_unsync' time source
W20260601 13:31:34.842677 31095 system_unsync_time.cc:38] NTP support is disabled. Clock error bounds will not be accurate. This configuration is not suitable for distributed clusters.
I20260601 13:31:34.842720 31095 hybrid_clock.cc:648] HybridClock initialized: now 1780320694842717 us; error 0 us; skew 500 ppm
I20260601 13:31:34.843688  2416 heartbeater.cc:344] Connected to a master server at 127.30.93.254:41491
I20260601 13:31:34.843856  2416 heartbeater.cc:461] Registering TS with master...
I20260601 13:31:34.843971 31095 webserver.cc:533] Webserver started at http://127.30.93.196:44183/ using document root <none> and password file <none>
I20260601 13:31:34.844385 31095 fs_manager.cc:362] Metadata directory not provided
I20260601 13:31:34.844444  2416 heartbeater.cc:507] Master 127.30.93.254:41491 requested a full tablet report, sending...
I20260601 13:31:34.844663 31095 fs_manager.cc:368] Using write-ahead log directory (fs_wal_dir) as metadata directory
I20260601 13:31:34.844812 31095 server_base.cc:909] This appears to be a new deployment of Kudu; creating new FS layout
I20260601 13:31:34.845336 31095 fs_manager.cc:1068] Generated new instance metadata in path /tmp/dist-test-taskic0kyQ/test-tmp/auto_rebalancer-test.0.AutoRebalancerTest.NoReplicaMovesIfLocationLoadSkewedByOne.1780320616874399-31095-0/minicluster-data/ts-3-root/instance:
uuid: "847faf865c834882a4a62c532450156e"
format_stamp: "Formatted at 2026-06-01 13:31:34 on dist-test-slave-m875"
I20260601 13:31:34.845474  2136 ts_manager.cc:194] Registered new tserver with Master: 672406f504f54955af51031a8f19a8f9 (127.30.93.195:33099)
I20260601 13:31:34.846285  2136 master_service.cc:502] Signed X509 certificate for tserver {username='slave'} at 127.0.0.1:43852
I20260601 13:31:34.847765 31095 fs_manager.cc:696] Time spent creating directory manager: real 0.002s	user 0.003s	sys 0.000s
I20260601 13:31:34.849464  2427 log_block_manager.cc:4031] Time spent loading block containers with low live blocks: real 0.000s	user 0.000s	sys 0.000s
I20260601 13:31:34.849797 31095 fs_manager.cc:730] Time spent opening block manager: real 0.001s	user 0.002s	sys 0.000s
I20260601 13:31:34.849879 31095 fs_manager.cc:647] Opened local filesystem: /tmp/dist-test-taskic0kyQ/test-tmp/auto_rebalancer-test.0.AutoRebalancerTest.NoReplicaMovesIfLocationLoadSkewedByOne.1780320616874399-31095-0/minicluster-data/ts-3-root
uuid: "847faf865c834882a4a62c532450156e"
format_stamp: "Formatted at 2026-06-01 13:31:34 on dist-test-slave-m875"
I20260601 13:31:34.849948 31095 fs_report.cc:389] FS layout report
--------------------
wal directory: /tmp/dist-test-taskic0kyQ/test-tmp/auto_rebalancer-test.0.AutoRebalancerTest.NoReplicaMovesIfLocationLoadSkewedByOne.1780320616874399-31095-0/minicluster-data/ts-3-root
metadata directory: /tmp/dist-test-taskic0kyQ/test-tmp/auto_rebalancer-test.0.AutoRebalancerTest.NoReplicaMovesIfLocationLoadSkewedByOne.1780320616874399-31095-0/minicluster-data/ts-3-root
1 data directories: /tmp/dist-test-taskic0kyQ/test-tmp/auto_rebalancer-test.0.AutoRebalancerTest.NoReplicaMovesIfLocationLoadSkewedByOne.1780320616874399-31095-0/minicluster-data/ts-3-root/data
Total live blocks: 0
Total live bytes: 0
Total live bytes (after alignment): 0
Total number of LBM containers: 0 (0 full)
Did not check for missing blocks
Did not check for orphaned blocks
Total full LBM containers with extra space: 0 (0 repaired)
Total full LBM container extra space in bytes: 0 (0 repaired)
Total incomplete LBM containers: 0 (0 repaired)
Total LBM partial records: 0 (0 repaired)
Total corrupted LBM metadata records in RocksDB: 0 (0 repaired)
I20260601 13:31:34.866683 31095 rpc_server.cc:225] running with OpenSSL 1.1.1  11 Sep 2018
I20260601 13:31:34.867211 31095 kserver.cc:163] Server-wide thread pool size limit: 3276
I20260601 13:31:34.867558 31095 txn_system_client.cc:432] TxnSystemClient initialization is disabled...
I20260601 13:31:34.868142 31095 ts_tablet_manager.cc:585] Loaded tablet metadata (0 total tablets, 0 live tablets)
I20260601 13:31:34.868186 31095 ts_tablet_manager.cc:531] Time spent load tablet metadata: real 0.000s	user 0.000s	sys 0.000s
I20260601 13:31:34.868221 31095 ts_tablet_manager.cc:616] Registered 0 tablets
I20260601 13:31:34.868237 31095 ts_tablet_manager.cc:595] Time spent register tablets: real 0.000s	user 0.000s	sys 0.000s
I20260601 13:31:34.875449 31095 rpc_server.cc:307] RPC server started. Bound to: 127.30.93.196:42605
I20260601 13:31:34.875473  2490 acceptor_pool.cc:272] collecting diagnostics on the listening RPC socket 127.30.93.196:42605 every 8 connection(s)
I20260601 13:31:34.881492  2491 heartbeater.cc:344] Connected to a master server at 127.30.93.254:41491
I20260601 13:31:34.881701  2491 heartbeater.cc:461] Registering TS with master...
I20260601 13:31:34.882057  2491 heartbeater.cc:507] Master 127.30.93.254:41491 requested a full tablet report, sending...
I20260601 13:31:34.883034  2136 ts_manager.cc:194] Registered new tserver with Master: 847faf865c834882a4a62c532450156e (127.30.93.196:42605)
I20260601 13:31:34.883457 31095 internal_mini_cluster.cc:371] 4 TS(s) registered with all masters after 0.007216088s
I20260601 13:31:34.883966  2136 master_service.cc:502] Signed X509 certificate for tserver {username='slave'} at 127.0.0.1:43854
I20260601 13:31:35.780174  2265 heartbeater.cc:499] Master 127.30.93.254:41491 was elected leader, sending a full tablet report...
I20260601 13:31:35.808768  2341 heartbeater.cc:499] Master 127.30.93.254:41491 was elected leader, sending a full tablet report...
I20260601 13:31:35.847934  2416 heartbeater.cc:499] Master 127.30.93.254:41491 was elected leader, sending a full tablet report...
I20260601 13:31:35.885160  2491 heartbeater.cc:499] Master 127.30.93.254:41491 was elected leader, sending a full tablet report...
I20260601 13:31:35.928915  2136 catalog_manager.cc:2282] Servicing CreateTable request from {username='slave'} at 127.0.0.1:43870:
name: "test-workload"
schema {
  columns {
    name: "key"
    type: INT32
    is_key: true
    is_nullable: false
    encoding: AUTO_ENCODING
    compression: DEFAULT_COMPRESSION
    cfile_block_size: 0
    immutable: false
  }
  columns {
    name: "int_val"
    type: INT32
    is_key: false
    is_nullable: false
    encoding: AUTO_ENCODING
    compression: DEFAULT_COMPRESSION
    cfile_block_size: 0
    immutable: false
  }
  columns {
    name: "string_val"
    type: STRING
    is_key: false
    is_nullable: true
    encoding: AUTO_ENCODING
    compression: DEFAULT_COMPRESSION
    cfile_block_size: 0
    immutable: false
  }
}
num_replicas: 3
split_rows_range_bounds {
}
partition_schema {
  range_schema {
    columns {
      name: "key"
    }
  }
}
I20260601 13:31:35.941493  2380 tablet_service.cc:1511] Processing CreateTablet for tablet 08d7093aa8c24dc88dd0614973862815 (DEFAULT_TABLE table=test-workload [id=65cb5b117a65480792effcaded339215]), partition=RANGE (key) PARTITION UNBOUNDED
I20260601 13:31:35.941946  2380 data_dirs.cc:400] Could only allocate 1 dirs of requested 3 for tablet 08d7093aa8c24dc88dd0614973862815. 1 dirs total, 0 dirs full, 0 dirs failed
I20260601 13:31:35.942066  2229 tablet_service.cc:1511] Processing CreateTablet for tablet 08d7093aa8c24dc88dd0614973862815 (DEFAULT_TABLE table=test-workload [id=65cb5b117a65480792effcaded339215]), partition=RANGE (key) PARTITION UNBOUNDED
I20260601 13:31:35.942130  2305 tablet_service.cc:1511] Processing CreateTablet for tablet 08d7093aa8c24dc88dd0614973862815 (DEFAULT_TABLE table=test-workload [id=65cb5b117a65480792effcaded339215]), partition=RANGE (key) PARTITION UNBOUNDED
I20260601 13:31:35.942302  2229 data_dirs.cc:400] Could only allocate 1 dirs of requested 3 for tablet 08d7093aa8c24dc88dd0614973862815. 1 dirs total, 0 dirs full, 0 dirs failed
I20260601 13:31:35.942428  2305 data_dirs.cc:400] Could only allocate 1 dirs of requested 3 for tablet 08d7093aa8c24dc88dd0614973862815. 1 dirs total, 0 dirs full, 0 dirs failed
I20260601 13:31:35.944680  2512 tablet_bootstrap.cc:492] T 08d7093aa8c24dc88dd0614973862815 P 1e0064dd36e746f39e2f96d3cffb916e: Bootstrap starting.
I20260601 13:31:35.944868  2513 tablet_bootstrap.cc:492] T 08d7093aa8c24dc88dd0614973862815 P 672406f504f54955af51031a8f19a8f9: Bootstrap starting.
I20260601 13:31:35.944868  2514 tablet_bootstrap.cc:492] T 08d7093aa8c24dc88dd0614973862815 P 512534e924a04570aa355351a6b90cff: Bootstrap starting.
I20260601 13:31:35.946141  2512 tablet_bootstrap.cc:654] T 08d7093aa8c24dc88dd0614973862815 P 1e0064dd36e746f39e2f96d3cffb916e: Neither blocks nor log segments found. Creating new log.
I20260601 13:31:35.946152  2514 tablet_bootstrap.cc:654] T 08d7093aa8c24dc88dd0614973862815 P 512534e924a04570aa355351a6b90cff: Neither blocks nor log segments found. Creating new log.
I20260601 13:31:35.946152  2513 tablet_bootstrap.cc:654] T 08d7093aa8c24dc88dd0614973862815 P 672406f504f54955af51031a8f19a8f9: Neither blocks nor log segments found. Creating new log.
I20260601 13:31:35.947643  2514 tablet_bootstrap.cc:492] T 08d7093aa8c24dc88dd0614973862815 P 512534e924a04570aa355351a6b90cff: No bootstrap required, opened a new log
I20260601 13:31:35.947670  2512 tablet_bootstrap.cc:492] T 08d7093aa8c24dc88dd0614973862815 P 1e0064dd36e746f39e2f96d3cffb916e: No bootstrap required, opened a new log
I20260601 13:31:35.947778  2512 ts_tablet_manager.cc:1403] T 08d7093aa8c24dc88dd0614973862815 P 1e0064dd36e746f39e2f96d3cffb916e: Time spent bootstrapping tablet: real 0.003s	user 0.002s	sys 0.000s
I20260601 13:31:35.947778  2514 ts_tablet_manager.cc:1403] T 08d7093aa8c24dc88dd0614973862815 P 512534e924a04570aa355351a6b90cff: Time spent bootstrapping tablet: real 0.003s	user 0.002s	sys 0.000s
I20260601 13:31:35.948115  2513 tablet_bootstrap.cc:492] T 08d7093aa8c24dc88dd0614973862815 P 672406f504f54955af51031a8f19a8f9: No bootstrap required, opened a new log
I20260601 13:31:35.948206  2513 ts_tablet_manager.cc:1403] T 08d7093aa8c24dc88dd0614973862815 P 672406f504f54955af51031a8f19a8f9: Time spent bootstrapping tablet: real 0.003s	user 0.002s	sys 0.000s
I20260601 13:31:35.948379  2512 raft_consensus.cc:359] T 08d7093aa8c24dc88dd0614973862815 P 1e0064dd36e746f39e2f96d3cffb916e [term 0 FOLLOWER]: Replica starting. Triggering 0 pending ops. Active config: opid_index: -1 OBSOLETE_local: false peers { permanent_uuid: "672406f504f54955af51031a8f19a8f9" member_type: VOTER last_known_addr { host: "127.30.93.195" port: 33099 } } peers { permanent_uuid: "512534e924a04570aa355351a6b90cff" member_type: VOTER last_known_addr { host: "127.30.93.193" port: 41595 } } peers { permanent_uuid: "1e0064dd36e746f39e2f96d3cffb916e" member_type: VOTER last_known_addr { host: "127.30.93.194" port: 33163 } }
I20260601 13:31:35.948410  2514 raft_consensus.cc:359] T 08d7093aa8c24dc88dd0614973862815 P 512534e924a04570aa355351a6b90cff [term 0 FOLLOWER]: Replica starting. Triggering 0 pending ops. Active config: opid_index: -1 OBSOLETE_local: false peers { permanent_uuid: "672406f504f54955af51031a8f19a8f9" member_type: VOTER last_known_addr { host: "127.30.93.195" port: 33099 } } peers { permanent_uuid: "512534e924a04570aa355351a6b90cff" member_type: VOTER last_known_addr { host: "127.30.93.193" port: 41595 } } peers { permanent_uuid: "1e0064dd36e746f39e2f96d3cffb916e" member_type: VOTER last_known_addr { host: "127.30.93.194" port: 33163 } }
I20260601 13:31:35.948522  2512 raft_consensus.cc:385] T 08d7093aa8c24dc88dd0614973862815 P 1e0064dd36e746f39e2f96d3cffb916e [term 0 FOLLOWER]: Consensus starting up: Expiring failure detector timer to make a prompt election more likely
I20260601 13:31:35.948545  2514 raft_consensus.cc:385] T 08d7093aa8c24dc88dd0614973862815 P 512534e924a04570aa355351a6b90cff [term 0 FOLLOWER]: Consensus starting up: Expiring failure detector timer to make a prompt election more likely
I20260601 13:31:35.948575  2512 raft_consensus.cc:740] T 08d7093aa8c24dc88dd0614973862815 P 1e0064dd36e746f39e2f96d3cffb916e [term 0 FOLLOWER]: Becoming Follower/Learner. State: Replica: 1e0064dd36e746f39e2f96d3cffb916e, State: Initialized, Role: FOLLOWER
I20260601 13:31:35.948583  2514 raft_consensus.cc:740] T 08d7093aa8c24dc88dd0614973862815 P 512534e924a04570aa355351a6b90cff [term 0 FOLLOWER]: Becoming Follower/Learner. State: Replica: 512534e924a04570aa355351a6b90cff, State: Initialized, Role: FOLLOWER
I20260601 13:31:35.948616  2513 raft_consensus.cc:359] T 08d7093aa8c24dc88dd0614973862815 P 672406f504f54955af51031a8f19a8f9 [term 0 FOLLOWER]: Replica starting. Triggering 0 pending ops. Active config: opid_index: -1 OBSOLETE_local: false peers { permanent_uuid: "672406f504f54955af51031a8f19a8f9" member_type: VOTER last_known_addr { host: "127.30.93.195" port: 33099 } } peers { permanent_uuid: "512534e924a04570aa355351a6b90cff" member_type: VOTER last_known_addr { host: "127.30.93.193" port: 41595 } } peers { permanent_uuid: "1e0064dd36e746f39e2f96d3cffb916e" member_type: VOTER last_known_addr { host: "127.30.93.194" port: 33163 } }
I20260601 13:31:35.948735  2513 raft_consensus.cc:385] T 08d7093aa8c24dc88dd0614973862815 P 672406f504f54955af51031a8f19a8f9 [term 0 FOLLOWER]: Consensus starting up: Expiring failure detector timer to make a prompt election more likely
I20260601 13:31:35.948750  2512 consensus_queue.cc:260] T 08d7093aa8c24dc88dd0614973862815 P 1e0064dd36e746f39e2f96d3cffb916e [NON_LEADER]: Queue going to NON_LEADER mode. State: All replicated index: 0, Majority replicated index: 0, Committed index: 0, Last appended: 0.0, Last appended by leader: 0, Current term: 0, Majority size: -1, State: 0, Mode: NON_LEADER, active raft config: opid_index: -1 OBSOLETE_local: false peers { permanent_uuid: "672406f504f54955af51031a8f19a8f9" member_type: VOTER last_known_addr { host: "127.30.93.195" port: 33099 } } peers { permanent_uuid: "512534e924a04570aa355351a6b90cff" member_type: VOTER last_known_addr { host: "127.30.93.193" port: 41595 } } peers { permanent_uuid: "1e0064dd36e746f39e2f96d3cffb916e" member_type: VOTER last_known_addr { host: "127.30.93.194" port: 33163 } }
I20260601 13:31:35.948822  2513 raft_consensus.cc:740] T 08d7093aa8c24dc88dd0614973862815 P 672406f504f54955af51031a8f19a8f9 [term 0 FOLLOWER]: Becoming Follower/Learner. State: Replica: 672406f504f54955af51031a8f19a8f9, State: Initialized, Role: FOLLOWER
I20260601 13:31:35.948846  2514 consensus_queue.cc:260] T 08d7093aa8c24dc88dd0614973862815 P 512534e924a04570aa355351a6b90cff [NON_LEADER]: Queue going to NON_LEADER mode. State: All replicated index: 0, Majority replicated index: 0, Committed index: 0, Last appended: 0.0, Last appended by leader: 0, Current term: 0, Majority size: -1, State: 0, Mode: NON_LEADER, active raft config: opid_index: -1 OBSOLETE_local: false peers { permanent_uuid: "672406f504f54955af51031a8f19a8f9" member_type: VOTER last_known_addr { host: "127.30.93.195" port: 33099 } } peers { permanent_uuid: "512534e924a04570aa355351a6b90cff" member_type: VOTER last_known_addr { host: "127.30.93.193" port: 41595 } } peers { permanent_uuid: "1e0064dd36e746f39e2f96d3cffb916e" member_type: VOTER last_known_addr { host: "127.30.93.194" port: 33163 } }
I20260601 13:31:35.949047  2513 consensus_queue.cc:260] T 08d7093aa8c24dc88dd0614973862815 P 672406f504f54955af51031a8f19a8f9 [NON_LEADER]: Queue going to NON_LEADER mode. State: All replicated index: 0, Majority replicated index: 0, Committed index: 0, Last appended: 0.0, Last appended by leader: 0, Current term: 0, Majority size: -1, State: 0, Mode: NON_LEADER, active raft config: opid_index: -1 OBSOLETE_local: false peers { permanent_uuid: "672406f504f54955af51031a8f19a8f9" member_type: VOTER last_known_addr { host: "127.30.93.195" port: 33099 } } peers { permanent_uuid: "512534e924a04570aa355351a6b90cff" member_type: VOTER last_known_addr { host: "127.30.93.193" port: 41595 } } peers { permanent_uuid: "1e0064dd36e746f39e2f96d3cffb916e" member_type: VOTER last_known_addr { host: "127.30.93.194" port: 33163 } }
I20260601 13:31:35.949201  2512 ts_tablet_manager.cc:1434] T 08d7093aa8c24dc88dd0614973862815 P 1e0064dd36e746f39e2f96d3cffb916e: Time spent starting tablet: real 0.001s	user 0.000s	sys 0.002s
I20260601 13:31:35.949250  2514 ts_tablet_manager.cc:1434] T 08d7093aa8c24dc88dd0614973862815 P 512534e924a04570aa355351a6b90cff: Time spent starting tablet: real 0.001s	user 0.001s	sys 0.000s
I20260601 13:31:35.949358  2513 ts_tablet_manager.cc:1434] T 08d7093aa8c24dc88dd0614973862815 P 672406f504f54955af51031a8f19a8f9: Time spent starting tablet: real 0.001s	user 0.001s	sys 0.000s
I20260601 13:31:36.317365  2520 raft_consensus.cc:493] T 08d7093aa8c24dc88dd0614973862815 P 672406f504f54955af51031a8f19a8f9 [term 0 FOLLOWER]: Starting pre-election (no leader contacted us within the election timeout)
I20260601 13:31:36.317586  2520 raft_consensus.cc:515] T 08d7093aa8c24dc88dd0614973862815 P 672406f504f54955af51031a8f19a8f9 [term 0 FOLLOWER]: Starting pre-election with config: opid_index: -1 OBSOLETE_local: false peers { permanent_uuid: "672406f504f54955af51031a8f19a8f9" member_type: VOTER last_known_addr { host: "127.30.93.195" port: 33099 } } peers { permanent_uuid: "512534e924a04570aa355351a6b90cff" member_type: VOTER last_known_addr { host: "127.30.93.193" port: 41595 } } peers { permanent_uuid: "1e0064dd36e746f39e2f96d3cffb916e" member_type: VOTER last_known_addr { host: "127.30.93.194" port: 33163 } }
I20260601 13:31:36.318267  2520 leader_election.cc:290] T 08d7093aa8c24dc88dd0614973862815 P 672406f504f54955af51031a8f19a8f9 [CANDIDATE]: Term 1 pre-election: Requested pre-vote from peers 512534e924a04570aa355351a6b90cff (127.30.93.193:41595), 1e0064dd36e746f39e2f96d3cffb916e (127.30.93.194:33163)
I20260601 13:31:36.322914  2315 tablet_service.cc:1917] Received RequestConsensusVote() RPC: tablet_id: "08d7093aa8c24dc88dd0614973862815" candidate_uuid: "672406f504f54955af51031a8f19a8f9" candidate_term: 1 candidate_status { last_received { term: 0 index: 0 } } ignore_live_leader: false dest_uuid: "1e0064dd36e746f39e2f96d3cffb916e" is_pre_election: true
I20260601 13:31:36.322973  2238 tablet_service.cc:1917] Received RequestConsensusVote() RPC: tablet_id: "08d7093aa8c24dc88dd0614973862815" candidate_uuid: "672406f504f54955af51031a8f19a8f9" candidate_term: 1 candidate_status { last_received { term: 0 index: 0 } } ignore_live_leader: false dest_uuid: "512534e924a04570aa355351a6b90cff" is_pre_election: true
I20260601 13:31:36.323101  2315 raft_consensus.cc:2468] T 08d7093aa8c24dc88dd0614973862815 P 1e0064dd36e746f39e2f96d3cffb916e [term 0 FOLLOWER]: Leader pre-election vote request: Granting yes vote for candidate 672406f504f54955af51031a8f19a8f9 in term 0.
I20260601 13:31:36.323173  2238 raft_consensus.cc:2468] T 08d7093aa8c24dc88dd0614973862815 P 512534e924a04570aa355351a6b90cff [term 0 FOLLOWER]: Leader pre-election vote request: Granting yes vote for candidate 672406f504f54955af51031a8f19a8f9 in term 0.
I20260601 13:31:36.323709  2353 leader_election.cc:304] T 08d7093aa8c24dc88dd0614973862815 P 672406f504f54955af51031a8f19a8f9 [CANDIDATE]: Term 1 pre-election: Election decided. Result: candidate won. Election summary: received 2 responses out of 3 voters: 2 yes votes; 0 no votes. yes voters: 1e0064dd36e746f39e2f96d3cffb916e, 672406f504f54955af51031a8f19a8f9; no voters: 
I20260601 13:31:36.324004  2520 raft_consensus.cc:2804] T 08d7093aa8c24dc88dd0614973862815 P 672406f504f54955af51031a8f19a8f9 [term 0 FOLLOWER]: Leader pre-election won for term 1
I20260601 13:31:36.324090  2520 raft_consensus.cc:493] T 08d7093aa8c24dc88dd0614973862815 P 672406f504f54955af51031a8f19a8f9 [term 0 FOLLOWER]: Starting leader election (no leader contacted us within the election timeout)
I20260601 13:31:36.324198  2520 raft_consensus.cc:3060] T 08d7093aa8c24dc88dd0614973862815 P 672406f504f54955af51031a8f19a8f9 [term 0 FOLLOWER]: Advancing to term 1
I20260601 13:31:36.325328  2520 raft_consensus.cc:515] T 08d7093aa8c24dc88dd0614973862815 P 672406f504f54955af51031a8f19a8f9 [term 1 FOLLOWER]: Starting leader election with config: opid_index: -1 OBSOLETE_local: false peers { permanent_uuid: "672406f504f54955af51031a8f19a8f9" member_type: VOTER last_known_addr { host: "127.30.93.195" port: 33099 } } peers { permanent_uuid: "512534e924a04570aa355351a6b90cff" member_type: VOTER last_known_addr { host: "127.30.93.193" port: 41595 } } peers { permanent_uuid: "1e0064dd36e746f39e2f96d3cffb916e" member_type: VOTER last_known_addr { host: "127.30.93.194" port: 33163 } }
I20260601 13:31:36.325804  2520 leader_election.cc:290] T 08d7093aa8c24dc88dd0614973862815 P 672406f504f54955af51031a8f19a8f9 [CANDIDATE]: Term 1 election: Requested vote from peers 512534e924a04570aa355351a6b90cff (127.30.93.193:41595), 1e0064dd36e746f39e2f96d3cffb916e (127.30.93.194:33163)
I20260601 13:31:36.326444  2238 tablet_service.cc:1917] Received RequestConsensusVote() RPC: tablet_id: "08d7093aa8c24dc88dd0614973862815" candidate_uuid: "672406f504f54955af51031a8f19a8f9" candidate_term: 1 candidate_status { last_received { term: 0 index: 0 } } ignore_live_leader: false dest_uuid: "512534e924a04570aa355351a6b90cff"
I20260601 13:31:36.326526  2315 tablet_service.cc:1917] Received RequestConsensusVote() RPC: tablet_id: "08d7093aa8c24dc88dd0614973862815" candidate_uuid: "672406f504f54955af51031a8f19a8f9" candidate_term: 1 candidate_status { last_received { term: 0 index: 0 } } ignore_live_leader: false dest_uuid: "1e0064dd36e746f39e2f96d3cffb916e"
I20260601 13:31:36.326670  2315 raft_consensus.cc:3060] T 08d7093aa8c24dc88dd0614973862815 P 1e0064dd36e746f39e2f96d3cffb916e [term 0 FOLLOWER]: Advancing to term 1
I20260601 13:31:36.326704  2238 raft_consensus.cc:3060] T 08d7093aa8c24dc88dd0614973862815 P 512534e924a04570aa355351a6b90cff [term 0 FOLLOWER]: Advancing to term 1
I20260601 13:31:36.327803  2315 raft_consensus.cc:2468] T 08d7093aa8c24dc88dd0614973862815 P 1e0064dd36e746f39e2f96d3cffb916e [term 1 FOLLOWER]: Leader election vote request: Granting yes vote for candidate 672406f504f54955af51031a8f19a8f9 in term 1.
I20260601 13:31:36.327807  2238 raft_consensus.cc:2468] T 08d7093aa8c24dc88dd0614973862815 P 512534e924a04570aa355351a6b90cff [term 1 FOLLOWER]: Leader election vote request: Granting yes vote for candidate 672406f504f54955af51031a8f19a8f9 in term 1.
I20260601 13:31:36.328176  2353 leader_election.cc:304] T 08d7093aa8c24dc88dd0614973862815 P 672406f504f54955af51031a8f19a8f9 [CANDIDATE]: Term 1 election: Election decided. Result: candidate won. Election summary: received 2 responses out of 3 voters: 2 yes votes; 0 no votes. yes voters: 1e0064dd36e746f39e2f96d3cffb916e, 672406f504f54955af51031a8f19a8f9; no voters: 
I20260601 13:31:36.328397  2520 raft_consensus.cc:2804] T 08d7093aa8c24dc88dd0614973862815 P 672406f504f54955af51031a8f19a8f9 [term 1 FOLLOWER]: Leader election won for term 1
I20260601 13:31:36.328650  2520 raft_consensus.cc:697] T 08d7093aa8c24dc88dd0614973862815 P 672406f504f54955af51031a8f19a8f9 [term 1 LEADER]: Becoming Leader. State: Replica: 672406f504f54955af51031a8f19a8f9, State: Running, Role: LEADER
I20260601 13:31:36.328816  2520 consensus_queue.cc:237] T 08d7093aa8c24dc88dd0614973862815 P 672406f504f54955af51031a8f19a8f9 [LEADER]: Queue going to LEADER mode. State: All replicated index: 0, Majority replicated index: 0, Committed index: 0, Last appended: 0.0, Last appended by leader: 0, Current term: 1, Majority size: 2, State: 0, Mode: LEADER, active raft config: opid_index: -1 OBSOLETE_local: false peers { permanent_uuid: "672406f504f54955af51031a8f19a8f9" member_type: VOTER last_known_addr { host: "127.30.93.195" port: 33099 } } peers { permanent_uuid: "512534e924a04570aa355351a6b90cff" member_type: VOTER last_known_addr { host: "127.30.93.193" port: 41595 } } peers { permanent_uuid: "1e0064dd36e746f39e2f96d3cffb916e" member_type: VOTER last_known_addr { host: "127.30.93.194" port: 33163 } }
I20260601 13:31:36.331409  2136 catalog_manager.cc:5696] T 08d7093aa8c24dc88dd0614973862815 P 672406f504f54955af51031a8f19a8f9 reported cstate change: term changed from 0 to 1, leader changed from <none> to 672406f504f54955af51031a8f19a8f9 (127.30.93.195). New cstate: current_term: 1 leader_uuid: "672406f504f54955af51031a8f19a8f9" committed_config { opid_index: -1 OBSOLETE_local: false peers { permanent_uuid: "672406f504f54955af51031a8f19a8f9" member_type: VOTER last_known_addr { host: "127.30.93.195" port: 33099 } health_report { overall_health: HEALTHY } } peers { permanent_uuid: "512534e924a04570aa355351a6b90cff" member_type: VOTER last_known_addr { host: "127.30.93.193" port: 41595 } health_report { overall_health: UNKNOWN } } peers { permanent_uuid: "1e0064dd36e746f39e2f96d3cffb916e" member_type: VOTER last_known_addr { host: "127.30.93.194" port: 33163 } health_report { overall_health: UNKNOWN } } }
I20260601 13:31:36.671882  2190 auto_leader_rebalancer.cc:140] leader rebalance for table test-workload
I20260601 13:31:36.672281  2190 auto_leader_rebalancer.cc:388] table: test-workload, leader rebalance finish, leader transfer count: 0
