I20260601 13:31:26.790299  1387 tablet_service.cc:1917] Received RequestConsensusVote() RPC: tablet_id: "60ee54ab8419414c99b517359d4950c0" candidate_uuid: "e596f1680eac4026b157c2c329e602ec" candidate_term: 1 candidate_status { last_received { term: 0 index: 0 } } ignore_live_leader: false dest_uuid: "1b354bfec46f4b98b09b248bc6529edc" is_pre_election: true
I20260601 13:31:26.790334  1277 leader_election.cc:304] T 60ee54ab8419414c99b517359d4950c0 P e596f1680eac4026b157c2c329e602ec [CANDIDATE]: Term 1 pre-election: Election decided. Result: candidate won. Election summary: received 2 responses out of 3 voters: 2 yes votes; 0 no votes. yes voters: e596f1680eac4026b157c2c329e602ec, f4e89b289b1141c09c90962abf3cb096; no voters: 
I20260601 13:31:26.790446  1387 raft_consensus.cc:2468] T 60ee54ab8419414c99b517359d4950c0 P 1b354bfec46f4b98b09b248bc6529edc [term 0 FOLLOWER]: Leader pre-election vote request: Granting yes vote for candidate e596f1680eac4026b157c2c329e602ec in term 0.
I20260601 13:31:26.790699  1448 raft_consensus.cc:2804] T 60ee54ab8419414c99b517359d4950c0 P e596f1680eac4026b157c2c329e602ec [term 0 FOLLOWER]: Leader pre-election won for term 1
I20260601 13:31:26.790772  1448 raft_consensus.cc:493] T 60ee54ab8419414c99b517359d4950c0 P e596f1680eac4026b157c2c329e602ec [term 0 FOLLOWER]: Starting leader election (no leader contacted us within the election timeout)
I20260601 13:31:26.790817  1448 raft_consensus.cc:3060] T 60ee54ab8419414c99b517359d4950c0 P e596f1680eac4026b157c2c329e602ec [term 0 FOLLOWER]: Advancing to term 1
I20260601 13:31:26.791817  1448 raft_consensus.cc:515] T 60ee54ab8419414c99b517359d4950c0 P e596f1680eac4026b157c2c329e602ec [term 1 FOLLOWER]: Starting leader election with config: opid_index: -1 OBSOLETE_local: false peers { permanent_uuid: "e596f1680eac4026b157c2c329e602ec" member_type: VOTER last_known_addr { host: "127.30.93.194" port: 36887 } } peers { permanent_uuid: "f4e89b289b1141c09c90962abf3cb096" member_type: VOTER last_known_addr { host: "127.30.93.193" port: 35917 } } peers { permanent_uuid: "1b354bfec46f4b98b09b248bc6529edc" member_type: VOTER last_known_addr { host: "127.30.93.195" port: 38237 } }
I20260601 13:31:26.792234  1448 leader_election.cc:290] T 60ee54ab8419414c99b517359d4950c0 P e596f1680eac4026b157c2c329e602ec [CANDIDATE]: Term 1 election: Requested vote from peers f4e89b289b1141c09c90962abf3cb096 (127.30.93.193:35917), 1b354bfec46f4b98b09b248bc6529edc (127.30.93.195:38237)
I20260601 13:31:26.792871  1387 tablet_service.cc:1917] Received RequestConsensusVote() RPC: tablet_id: "60ee54ab8419414c99b517359d4950c0" candidate_uuid: "e596f1680eac4026b157c2c329e602ec" candidate_term: 1 candidate_status { last_received { term: 0 index: 0 } } ignore_live_leader: false dest_uuid: "1b354bfec46f4b98b09b248bc6529edc"
I20260601 13:31:26.792941  1236 tablet_service.cc:1917] Received RequestConsensusVote() RPC: tablet_id: "60ee54ab8419414c99b517359d4950c0" candidate_uuid: "e596f1680eac4026b157c2c329e602ec" candidate_term: 1 candidate_status { last_received { term: 0 index: 0 } } ignore_live_leader: false dest_uuid: "f4e89b289b1141c09c90962abf3cb096"
I20260601 13:31:26.793008  1387 raft_consensus.cc:3060] T 60ee54ab8419414c99b517359d4950c0 P 1b354bfec46f4b98b09b248bc6529edc [term 0 FOLLOWER]: Advancing to term 1
I20260601 13:31:26.793108  1236 raft_consensus.cc:3060] T 60ee54ab8419414c99b517359d4950c0 P f4e89b289b1141c09c90962abf3cb096 [term 0 FOLLOWER]: Advancing to term 1
I20260601 13:31:26.793931  1387 raft_consensus.cc:2468] T 60ee54ab8419414c99b517359d4950c0 P 1b354bfec46f4b98b09b248bc6529edc [term 1 FOLLOWER]: Leader election vote request: Granting yes vote for candidate e596f1680eac4026b157c2c329e602ec in term 1.
I20260601 13:31:26.794128  1236 raft_consensus.cc:2468] T 60ee54ab8419414c99b517359d4950c0 P f4e89b289b1141c09c90962abf3cb096 [term 1 FOLLOWER]: Leader election vote request: Granting yes vote for candidate e596f1680eac4026b157c2c329e602ec in term 1.
I20260601 13:31:26.794297  1277 leader_election.cc:304] T 60ee54ab8419414c99b517359d4950c0 P e596f1680eac4026b157c2c329e602ec [CANDIDATE]: Term 1 election: Election decided. Result: candidate won. Election summary: received 2 responses out of 3 voters: 2 yes votes; 0 no votes. yes voters: 1b354bfec46f4b98b09b248bc6529edc, e596f1680eac4026b157c2c329e602ec; no voters: 
I20260601 13:31:26.794497  1448 raft_consensus.cc:2804] T 60ee54ab8419414c99b517359d4950c0 P e596f1680eac4026b157c2c329e602ec [term 1 FOLLOWER]: Leader election won for term 1
I20260601 13:31:26.794606  1448 raft_consensus.cc:697] T 60ee54ab8419414c99b517359d4950c0 P e596f1680eac4026b157c2c329e602ec [term 1 LEADER]: Becoming Leader. State: Replica: e596f1680eac4026b157c2c329e602ec, State: Running, Role: LEADER
I20260601 13:31:26.794762  1448 consensus_queue.cc:237] T 60ee54ab8419414c99b517359d4950c0 P e596f1680eac4026b157c2c329e602ec [LEADER]: Queue going to LEADER mode. State: All replicated index: 0, Majority replicated index: 0, Committed index: 0, Last appended: 0.0, Last appended by leader: 0, Current term: 1, Majority size: 2, State: 0, Mode: LEADER, active raft config: opid_index: -1 OBSOLETE_local: false peers { permanent_uuid: "e596f1680eac4026b157c2c329e602ec" member_type: VOTER last_known_addr { host: "127.30.93.194" port: 36887 } } peers { permanent_uuid: "f4e89b289b1141c09c90962abf3cb096" member_type: VOTER last_known_addr { host: "127.30.93.193" port: 35917 } } peers { permanent_uuid: "1b354bfec46f4b98b09b248bc6529edc" member_type: VOTER last_known_addr { host: "127.30.93.195" port: 38237 } }
I20260601 13:31:26.797641  1132 catalog_manager.cc:5696] T 60ee54ab8419414c99b517359d4950c0 P e596f1680eac4026b157c2c329e602ec reported cstate change: term changed from 0 to 1, leader changed from <none> to e596f1680eac4026b157c2c329e602ec (127.30.93.194). New cstate: current_term: 1 leader_uuid: "e596f1680eac4026b157c2c329e602ec" committed_config { opid_index: -1 OBSOLETE_local: false peers { permanent_uuid: "e596f1680eac4026b157c2c329e602ec" member_type: VOTER last_known_addr { host: "127.30.93.194" port: 36887 } health_report { overall_health: HEALTHY } } peers { permanent_uuid: "f4e89b289b1141c09c90962abf3cb096" member_type: VOTER last_known_addr { host: "127.30.93.193" port: 35917 } health_report { overall_health: UNKNOWN } } peers { permanent_uuid: "1b354bfec46f4b98b09b248bc6529edc" member_type: VOTER last_known_addr { host: "127.30.93.195" port: 38237 } health_report { overall_health: UNKNOWN } } }
I20260601 13:31:26.949047  1438 raft_consensus.cc:493] T 0ac413746fc9483ea014e4e857049eda P f4e89b289b1141c09c90962abf3cb096 [term 0 FOLLOWER]: Starting pre-election (no leader contacted us within the election timeout)
I20260601 13:31:26.949270  1438 raft_consensus.cc:515] T 0ac413746fc9483ea014e4e857049eda P f4e89b289b1141c09c90962abf3cb096 [term 0 FOLLOWER]: Starting pre-election with config: opid_index: -1 OBSOLETE_local: false peers { permanent_uuid: "f4e89b289b1141c09c90962abf3cb096" member_type: VOTER last_known_addr { host: "127.30.93.193" port: 35917 } } peers { permanent_uuid: "e596f1680eac4026b157c2c329e602ec" member_type: VOTER last_known_addr { host: "127.30.93.194" port: 36887 } } peers { permanent_uuid: "1b354bfec46f4b98b09b248bc6529edc" member_type: VOTER last_known_addr { host: "127.30.93.195" port: 38237 } }
I20260601 13:31:26.950006  1438 leader_election.cc:290] T 0ac413746fc9483ea014e4e857049eda P f4e89b289b1141c09c90962abf3cb096 [CANDIDATE]: Term 1 pre-election: Requested pre-vote from peers e596f1680eac4026b157c2c329e602ec (127.30.93.194:36887), 1b354bfec46f4b98b09b248bc6529edc (127.30.93.195:38237)
I20260601 13:31:26.950747  1387 tablet_service.cc:1917] Received RequestConsensusVote() RPC: tablet_id: "0ac413746fc9483ea014e4e857049eda" candidate_uuid: "f4e89b289b1141c09c90962abf3cb096" candidate_term: 1 candidate_status { last_received { term: 0 index: 0 } } ignore_live_leader: false dest_uuid: "1b354bfec46f4b98b09b248bc6529edc" is_pre_election: true
I20260601 13:31:26.950891  1306 tablet_service.cc:1917] Received RequestConsensusVote() RPC: tablet_id: "0ac413746fc9483ea014e4e857049eda" candidate_uuid: "f4e89b289b1141c09c90962abf3cb096" candidate_term: 1 candidate_status { last_received { term: 0 index: 0 } } ignore_live_leader: false dest_uuid: "e596f1680eac4026b157c2c329e602ec" is_pre_election: true
I20260601 13:31:26.951061  1387 raft_consensus.cc:2468] T 0ac413746fc9483ea014e4e857049eda P 1b354bfec46f4b98b09b248bc6529edc [term 0 FOLLOWER]: Leader pre-election vote request: Granting yes vote for candidate f4e89b289b1141c09c90962abf3cb096 in term 0.
I20260601 13:31:26.951045  1306 raft_consensus.cc:2468] T 0ac413746fc9483ea014e4e857049eda P e596f1680eac4026b157c2c329e602ec [term 0 FOLLOWER]: Leader pre-election vote request: Granting yes vote for candidate f4e89b289b1141c09c90962abf3cb096 in term 0.
I20260601 13:31:26.951503  1201 leader_election.cc:304] T 0ac413746fc9483ea014e4e857049eda P f4e89b289b1141c09c90962abf3cb096 [CANDIDATE]: Term 1 pre-election: Election decided. Result: candidate won. Election summary: received 2 responses out of 3 voters: 2 yes votes; 0 no votes. yes voters: 1b354bfec46f4b98b09b248bc6529edc, f4e89b289b1141c09c90962abf3cb096; no voters: 
I20260601 13:31:26.951771  1438 raft_consensus.cc:2804] T 0ac413746fc9483ea014e4e857049eda P f4e89b289b1141c09c90962abf3cb096 [term 0 FOLLOWER]: Leader pre-election won for term 1
I20260601 13:31:26.951866  1438 raft_consensus.cc:493] T 0ac413746fc9483ea014e4e857049eda P f4e89b289b1141c09c90962abf3cb096 [term 0 FOLLOWER]: Starting leader election (no leader contacted us within the election timeout)
I20260601 13:31:26.951923  1438 raft_consensus.cc:3060] T 0ac413746fc9483ea014e4e857049eda P f4e89b289b1141c09c90962abf3cb096 [term 0 FOLLOWER]: Advancing to term 1
I20260601 13:31:26.952883  1438 raft_consensus.cc:515] T 0ac413746fc9483ea014e4e857049eda P f4e89b289b1141c09c90962abf3cb096 [term 1 FOLLOWER]: Starting leader election with config: opid_index: -1 OBSOLETE_local: false peers { permanent_uuid: "f4e89b289b1141c09c90962abf3cb096" member_type: VOTER last_known_addr { host: "127.30.93.193" port: 35917 } } peers { permanent_uuid: "e596f1680eac4026b157c2c329e602ec" member_type: VOTER last_known_addr { host: "127.30.93.194" port: 36887 } } peers { permanent_uuid: "1b354bfec46f4b98b09b248bc6529edc" member_type: VOTER last_known_addr { host: "127.30.93.195" port: 38237 } }
I20260601 13:31:26.953321  1438 leader_election.cc:290] T 0ac413746fc9483ea014e4e857049eda P f4e89b289b1141c09c90962abf3cb096 [CANDIDATE]: Term 1 election: Requested vote from peers e596f1680eac4026b157c2c329e602ec (127.30.93.194:36887), 1b354bfec46f4b98b09b248bc6529edc (127.30.93.195:38237)
I20260601 13:31:26.953815  1306 tablet_service.cc:1917] Received RequestConsensusVote() RPC: tablet_id: "0ac413746fc9483ea014e4e857049eda" candidate_uuid: "f4e89b289b1141c09c90962abf3cb096" candidate_term: 1 candidate_status { last_received { term: 0 index: 0 } } ignore_live_leader: false dest_uuid: "e596f1680eac4026b157c2c329e602ec"
I20260601 13:31:26.953815  1387 tablet_service.cc:1917] Received RequestConsensusVote() RPC: tablet_id: "0ac413746fc9483ea014e4e857049eda" candidate_uuid: "f4e89b289b1141c09c90962abf3cb096" candidate_term: 1 candidate_status { last_received { term: 0 index: 0 } } ignore_live_leader: false dest_uuid: "1b354bfec46f4b98b09b248bc6529edc"
I20260601 13:31:26.954041  1306 raft_consensus.cc:3060] T 0ac413746fc9483ea014e4e857049eda P e596f1680eac4026b157c2c329e602ec [term 0 FOLLOWER]: Advancing to term 1
I20260601 13:31:26.954051  1387 raft_consensus.cc:3060] T 0ac413746fc9483ea014e4e857049eda P 1b354bfec46f4b98b09b248bc6529edc [term 0 FOLLOWER]: Advancing to term 1
I20260601 13:31:26.955060  1387 raft_consensus.cc:2468] T 0ac413746fc9483ea014e4e857049eda P 1b354bfec46f4b98b09b248bc6529edc [term 1 FOLLOWER]: Leader election vote request: Granting yes vote for candidate f4e89b289b1141c09c90962abf3cb096 in term 1.
I20260601 13:31:26.955060  1306 raft_consensus.cc:2468] T 0ac413746fc9483ea014e4e857049eda P e596f1680eac4026b157c2c329e602ec [term 1 FOLLOWER]: Leader election vote request: Granting yes vote for candidate f4e89b289b1141c09c90962abf3cb096 in term 1.
I20260601 13:31:26.955588  1202 leader_election.cc:304] T 0ac413746fc9483ea014e4e857049eda P f4e89b289b1141c09c90962abf3cb096 [CANDIDATE]: Term 1 election: Election decided. Result: candidate won. Election summary: received 2 responses out of 3 voters: 2 yes votes; 0 no votes. yes voters: e596f1680eac4026b157c2c329e602ec, f4e89b289b1141c09c90962abf3cb096; no voters: 
I20260601 13:31:26.955785  1438 raft_consensus.cc:2804] T 0ac413746fc9483ea014e4e857049eda P f4e89b289b1141c09c90962abf3cb096 [term 1 FOLLOWER]: Leader election won for term 1
I20260601 13:31:26.955919  1438 raft_consensus.cc:697] T 0ac413746fc9483ea014e4e857049eda P f4e89b289b1141c09c90962abf3cb096 [term 1 LEADER]: Becoming Leader. State: Replica: f4e89b289b1141c09c90962abf3cb096, State: Running, Role: LEADER
I20260601 13:31:26.956090  1438 consensus_queue.cc:237] T 0ac413746fc9483ea014e4e857049eda P f4e89b289b1141c09c90962abf3cb096 [LEADER]: Queue going to LEADER mode. State: All replicated index: 0, Majority replicated index: 0, Committed index: 0, Last appended: 0.0, Last appended by leader: 0, Current term: 1, Majority size: 2, State: 0, Mode: LEADER, active raft config: opid_index: -1 OBSOLETE_local: false peers { permanent_uuid: "f4e89b289b1141c09c90962abf3cb096" member_type: VOTER last_known_addr { host: "127.30.93.193" port: 35917 } } peers { permanent_uuid: "e596f1680eac4026b157c2c329e602ec" member_type: VOTER last_known_addr { host: "127.30.93.194" port: 36887 } } peers { permanent_uuid: "1b354bfec46f4b98b09b248bc6529edc" member_type: VOTER last_known_addr { host: "127.30.93.195" port: 38237 } }
I20260601 13:31:26.958261  1132 catalog_manager.cc:5696] T 0ac413746fc9483ea014e4e857049eda P f4e89b289b1141c09c90962abf3cb096 reported cstate change: term changed from 0 to 1, leader changed from <none> to f4e89b289b1141c09c90962abf3cb096 (127.30.93.193). New cstate: current_term: 1 leader_uuid: "f4e89b289b1141c09c90962abf3cb096" committed_config { opid_index: -1 OBSOLETE_local: false peers { permanent_uuid: "f4e89b289b1141c09c90962abf3cb096" member_type: VOTER last_known_addr { host: "127.30.93.193" port: 35917 } health_report { overall_health: HEALTHY } } peers { permanent_uuid: "e596f1680eac4026b157c2c329e602ec" member_type: VOTER last_known_addr { host: "127.30.93.194" port: 36887 } health_report { overall_health: UNKNOWN } } peers { permanent_uuid: "1b354bfec46f4b98b09b248bc6529edc" member_type: VOTER last_known_addr { host: "127.30.93.195" port: 38237 } health_report { overall_health: UNKNOWN } } }
I20260601 13:31:27.039755 31095 tablet_server.cc:179] TabletServer@127.30.93.193:0 shutting down...
I20260601 13:31:27.045152 31095 ts_tablet_manager.cc:1507] Shutting down tablet manager...
I20260601 13:31:27.045492 31095 tablet_replica.cc:333] T c41f3a43e0424dc594551c5500047486 P f4e89b289b1141c09c90962abf3cb096: stopping tablet replica
I20260601 13:31:27.045625 31095 raft_consensus.cc:2243] T c41f3a43e0424dc594551c5500047486 P f4e89b289b1141c09c90962abf3cb096 [term 1 LEADER]: Raft consensus shutting down.
I20260601 13:31:27.045794 31095 pending_rounds.cc:70] T c41f3a43e0424dc594551c5500047486 P f4e89b289b1141c09c90962abf3cb096: Trying to abort 1 pending ops.
I20260601 13:31:27.045819 31095 pending_rounds.cc:77] T c41f3a43e0424dc594551c5500047486 P f4e89b289b1141c09c90962abf3cb096: Aborting op as it isn't in flight: id { term: 1 index: 1 } timestamp: 7292193532659810304 op_type: NO_OP noop_request { }
I20260601 13:31:27.045892 31095 raft_consensus.cc:2889] T c41f3a43e0424dc594551c5500047486 P f4e89b289b1141c09c90962abf3cb096 [term 1 LEADER]: NO_OP replication failed: Aborted: Op aborted
I20260601 13:31:27.045936 31095 raft_consensus.cc:2272] T c41f3a43e0424dc594551c5500047486 P f4e89b289b1141c09c90962abf3cb096 [term 1 FOLLOWER]: Raft consensus is shut down!
I20260601 13:31:27.046615 31095 tablet_replica.cc:333] T 0ac413746fc9483ea014e4e857049eda P f4e89b289b1141c09c90962abf3cb096: stopping tablet replica
I20260601 13:31:27.046702 31095 raft_consensus.cc:2243] T 0ac413746fc9483ea014e4e857049eda P f4e89b289b1141c09c90962abf3cb096 [term 1 LEADER]: Raft consensus shutting down.
I20260601 13:31:27.046801 31095 pending_rounds.cc:70] T 0ac413746fc9483ea014e4e857049eda P f4e89b289b1141c09c90962abf3cb096: Trying to abort 1 pending ops.
I20260601 13:31:27.046818 31095 pending_rounds.cc:77] T 0ac413746fc9483ea014e4e857049eda P f4e89b289b1141c09c90962abf3cb096: Aborting op as it isn't in flight: id { term: 1 index: 1 } timestamp: 7292193533773926400 op_type: NO_OP noop_request { }
I20260601 13:31:27.046862 31095 raft_consensus.cc:2889] T 0ac413746fc9483ea014e4e857049eda P f4e89b289b1141c09c90962abf3cb096 [term 1 LEADER]: NO_OP replication failed: Aborted: Op aborted
I20260601 13:31:27.046897 31095 raft_consensus.cc:2272] T 0ac413746fc9483ea014e4e857049eda P f4e89b289b1141c09c90962abf3cb096 [term 1 FOLLOWER]: Raft consensus is shut down!
I20260601 13:31:27.047495 31095 tablet_replica.cc:333] T 60ee54ab8419414c99b517359d4950c0 P f4e89b289b1141c09c90962abf3cb096: stopping tablet replica
I20260601 13:31:27.047569 31095 raft_consensus.cc:2243] T 60ee54ab8419414c99b517359d4950c0 P f4e89b289b1141c09c90962abf3cb096 [term 1 FOLLOWER]: Raft consensus shutting down.
I20260601 13:31:27.047639 31095 raft_consensus.cc:2272] T 60ee54ab8419414c99b517359d4950c0 P f4e89b289b1141c09c90962abf3cb096 [term 1 FOLLOWER]: Raft consensus is shut down!
I20260601 13:31:27.048043 31095 tablet_replica.cc:333] T 6934bcf2040f4a6689f1cc39746866d0 P f4e89b289b1141c09c90962abf3cb096: stopping tablet replica
I20260601 13:31:27.048111 31095 raft_consensus.cc:2243] T 6934bcf2040f4a6689f1cc39746866d0 P f4e89b289b1141c09c90962abf3cb096 [term 1 LEADER]: Raft consensus shutting down.
I20260601 13:31:27.048208 31095 pending_rounds.cc:70] T 6934bcf2040f4a6689f1cc39746866d0 P f4e89b289b1141c09c90962abf3cb096: Trying to abort 1 pending ops.
I20260601 13:31:27.048231 31095 pending_rounds.cc:77] T 6934bcf2040f4a6689f1cc39746866d0 P f4e89b289b1141c09c90962abf3cb096: Aborting op as it isn't in flight: id { term: 1 index: 1 } timestamp: 7292193532555079680 op_type: NO_OP noop_request { }
I20260601 13:31:27.048277 31095 raft_consensus.cc:2889] T 6934bcf2040f4a6689f1cc39746866d0 P f4e89b289b1141c09c90962abf3cb096 [term 1 LEADER]: NO_OP replication failed: Aborted: Op aborted
I20260601 13:31:27.048316 31095 raft_consensus.cc:2272] T 6934bcf2040f4a6689f1cc39746866d0 P f4e89b289b1141c09c90962abf3cb096 [term 1 FOLLOWER]: Raft consensus is shut down!
I20260601 13:31:27.062454 31095 tablet_server.cc:196] TabletServer@127.30.93.193:0 shutdown complete.
I20260601 13:31:27.065690 31095 tablet_server.cc:179] TabletServer@127.30.93.194:0 shutting down...
I20260601 13:31:27.071278 31095 ts_tablet_manager.cc:1507] Shutting down tablet manager...
I20260601 13:31:27.071722 31095 tablet_replica.cc:333] T 60ee54ab8419414c99b517359d4950c0 P e596f1680eac4026b157c2c329e602ec: stopping tablet replica
I20260601 13:31:27.071909 31095 raft_consensus.cc:2243] T 60ee54ab8419414c99b517359d4950c0 P e596f1680eac4026b157c2c329e602ec [term 1 LEADER]: Raft consensus shutting down.
I20260601 13:31:27.072125 31095 pending_rounds.cc:70] T 60ee54ab8419414c99b517359d4950c0 P e596f1680eac4026b157c2c329e602ec: Trying to abort 1 pending ops.
I20260601 13:31:27.072162 31095 pending_rounds.cc:77] T 60ee54ab8419414c99b517359d4950c0 P e596f1680eac4026b157c2c329e602ec: Aborting op as it isn't in flight: id { term: 1 index: 1 } timestamp: 7292193533114052608 op_type: NO_OP noop_request { }
I20260601 13:31:27.072229 31095 raft_consensus.cc:2889] T 60ee54ab8419414c99b517359d4950c0 P e596f1680eac4026b157c2c329e602ec [term 1 LEADER]: NO_OP replication failed: Aborted: Op aborted
I20260601 13:31:27.072269 31095 raft_consensus.cc:2272] T 60ee54ab8419414c99b517359d4950c0 P e596f1680eac4026b157c2c329e602ec [term 1 FOLLOWER]: Raft consensus is shut down!
I20260601 13:31:27.072975 31095 tablet_replica.cc:333] T 0ac413746fc9483ea014e4e857049eda P e596f1680eac4026b157c2c329e602ec: stopping tablet replica
I20260601 13:31:27.073074 31095 raft_consensus.cc:2243] T 0ac413746fc9483ea014e4e857049eda P e596f1680eac4026b157c2c329e602ec [term 1 FOLLOWER]: Raft consensus shutting down.
I20260601 13:31:27.073205 31095 raft_consensus.cc:2272] T 0ac413746fc9483ea014e4e857049eda P e596f1680eac4026b157c2c329e602ec [term 1 FOLLOWER]: Raft consensus is shut down!
I20260601 13:31:27.073654 31095 tablet_replica.cc:333] T c41f3a43e0424dc594551c5500047486 P e596f1680eac4026b157c2c329e602ec: stopping tablet replica
I20260601 13:31:27.073734 31095 raft_consensus.cc:2243] T c41f3a43e0424dc594551c5500047486 P e596f1680eac4026b157c2c329e602ec [term 1 FOLLOWER]: Raft consensus shutting down.
I20260601 13:31:27.073797 31095 raft_consensus.cc:2272] T c41f3a43e0424dc594551c5500047486 P e596f1680eac4026b157c2c329e602ec [term 1 FOLLOWER]: Raft consensus is shut down!
I20260601 13:31:27.074182 31095 tablet_replica.cc:333] T 6934bcf2040f4a6689f1cc39746866d0 P e596f1680eac4026b157c2c329e602ec: stopping tablet replica
I20260601 13:31:27.074249 31095 raft_consensus.cc:2243] T 6934bcf2040f4a6689f1cc39746866d0 P e596f1680eac4026b157c2c329e602ec [term 1 FOLLOWER]: Raft consensus shutting down.
I20260601 13:31:27.074311 31095 raft_consensus.cc:2272] T 6934bcf2040f4a6689f1cc39746866d0 P e596f1680eac4026b157c2c329e602ec [term 1 FOLLOWER]: Raft consensus is shut down!
I20260601 13:31:27.088349 31095 tablet_server.cc:196] TabletServer@127.30.93.194:0 shutdown complete.
I20260601 13:31:27.091130 31095 tablet_server.cc:179] TabletServer@127.30.93.195:0 shutting down...
I20260601 13:31:27.096473 31095 ts_tablet_manager.cc:1507] Shutting down tablet manager...
I20260601 13:31:27.096829 31095 tablet_replica.cc:333] T 6934bcf2040f4a6689f1cc39746866d0 P 1b354bfec46f4b98b09b248bc6529edc: stopping tablet replica
I20260601 13:31:27.097081 31095 raft_consensus.cc:2243] T 6934bcf2040f4a6689f1cc39746866d0 P 1b354bfec46f4b98b09b248bc6529edc [term 1 FOLLOWER]: Raft consensus shutting down.
I20260601 13:31:27.097258 31095 raft_consensus.cc:2272] T 6934bcf2040f4a6689f1cc39746866d0 P 1b354bfec46f4b98b09b248bc6529edc [term 1 FOLLOWER]: Raft consensus is shut down!
I20260601 13:31:27.097821 31095 tablet_replica.cc:333] T c41f3a43e0424dc594551c5500047486 P 1b354bfec46f4b98b09b248bc6529edc: stopping tablet replica
I20260601 13:31:27.097932 31095 raft_consensus.cc:2243] T c41f3a43e0424dc594551c5500047486 P 1b354bfec46f4b98b09b248bc6529edc [term 1 FOLLOWER]: Raft consensus shutting down.
I20260601 13:31:27.098047 31095 raft_consensus.cc:2272] T c41f3a43e0424dc594551c5500047486 P 1b354bfec46f4b98b09b248bc6529edc [term 1 FOLLOWER]: Raft consensus is shut down!
I20260601 13:31:27.098435 31095 tablet_replica.cc:333] T 60ee54ab8419414c99b517359d4950c0 P 1b354bfec46f4b98b09b248bc6529edc: stopping tablet replica
I20260601 13:31:27.098512 31095 raft_consensus.cc:2243] T 60ee54ab8419414c99b517359d4950c0 P 1b354bfec46f4b98b09b248bc6529edc [term 1 FOLLOWER]: Raft consensus shutting down.
I20260601 13:31:27.098620 31095 raft_consensus.cc:2272] T 60ee54ab8419414c99b517359d4950c0 P 1b354bfec46f4b98b09b248bc6529edc [term 1 FOLLOWER]: Raft consensus is shut down!
I20260601 13:31:27.098953 31095 tablet_replica.cc:333] T 0ac413746fc9483ea014e4e857049eda P 1b354bfec46f4b98b09b248bc6529edc: stopping tablet replica
I20260601 13:31:27.099036 31095 raft_consensus.cc:2243] T 0ac413746fc9483ea014e4e857049eda P 1b354bfec46f4b98b09b248bc6529edc [term 1 FOLLOWER]: Raft consensus shutting down.
I20260601 13:31:27.099149 31095 raft_consensus.cc:2272] T 0ac413746fc9483ea014e4e857049eda P 1b354bfec46f4b98b09b248bc6529edc [term 1 FOLLOWER]: Raft consensus is shut down!
I20260601 13:31:27.112401 31095 tablet_server.cc:196] TabletServer@127.30.93.195:0 shutdown complete.
I20260601 13:31:27.115043 31095 master.cc:562] Master@127.30.93.254:36255 shutting down...
I20260601 13:31:27.119303 31095 raft_consensus.cc:2243] T 00000000000000000000000000000000 P c28b014fb4934b268df83de091e5ad3a [term 1 LEADER]: Raft consensus shutting down.
I20260601 13:31:27.119654 31095 raft_consensus.cc:2272] T 00000000000000000000000000000000 P c28b014fb4934b268df83de091e5ad3a [term 1 FOLLOWER]: Raft consensus is shut down!
I20260601 13:31:27.119755 31095 tablet_replica.cc:333] T 00000000000000000000000000000000 P c28b014fb4934b268df83de091e5ad3a: stopping tablet replica
I20260601 13:31:27.133236 31095 master.cc:584] Master@127.30.93.254:36255 shutdown complete.
[       OK ] AutoRebalancerTest.RangeAwareBuildClusterInfoGroupsByRange (1857 ms)
[ RUN      ] AutoRebalancerTest.RangeAwareRebalancesNewRangeReplicas
I20260601 13:31:27.142659 31095 internal_mini_cluster.cc:156] Creating distributed mini masters. Addrs: 127.30.93.254:36927
I20260601 13:31:27.143136 31095 file_cache.cc:492] Constructed file cache file cache with capacity 419430
W20260601 13:31:27.146121  1465 instance_detector.cc:116] could not retrieve OpenStack instance metadata: Network error: curl error: HTTP response code said error: The requested URL returned error: 404
W20260601 13:31:27.146212  1462 instance_detector.cc:116] could not retrieve AWS instance metadata: Network error: curl error: HTTP response code said error: The requested URL returned error: 404
I20260601 13:31:27.146324 31095 server_base.cc:1061] running on GCE node
W20260601 13:31:27.146214  1463 instance_detector.cc:116] could not retrieve Azure instance metadata: Network error: curl error: HTTP response code said error: The requested URL returned error: 404
I20260601 13:31:27.146752 31095 hybrid_clock.cc:584] initializing the hybrid clock with 'system_unsync' time source
W20260601 13:31:27.146831 31095 system_unsync_time.cc:38] NTP support is disabled. Clock error bounds will not be accurate. This configuration is not suitable for distributed clusters.
I20260601 13:31:27.146883 31095 hybrid_clock.cc:648] HybridClock initialized: now 1780320687146881 us; error 0 us; skew 500 ppm
I20260601 13:31:27.148041 31095 webserver.cc:533] Webserver started at http://127.30.93.254:34345/ using document root <none> and password file <none>
I20260601 13:31:27.148242 31095 fs_manager.cc:362] Metadata directory not provided
I20260601 13:31:27.148320 31095 fs_manager.cc:368] Using write-ahead log directory (fs_wal_dir) as metadata directory
I20260601 13:31:27.148413 31095 server_base.cc:909] This appears to be a new deployment of Kudu; creating new FS layout
I20260601 13:31:27.148890 31095 fs_manager.cc:1068] Generated new instance metadata in path /tmp/dist-test-taskic0kyQ/test-tmp/auto_rebalancer-test.0.AutoRebalancerTest.RangeAwareRebalancesNewRangeReplicas.1780320616874399-31095-0/minicluster-data/master-0-root/instance:
uuid: "69de08e3870947bfb09a8c75d1521ce5"
format_stamp: "Formatted at 2026-06-01 13:31:27 on dist-test-slave-m875"
I20260601 13:31:27.151180 31095 fs_manager.cc:696] Time spent creating directory manager: real 0.002s	user 0.002s	sys 0.001s
I20260601 13:31:27.152793  1470 log_block_manager.cc:4031] Time spent loading block containers with low live blocks: real 0.000s	user 0.000s	sys 0.000s
I20260601 13:31:27.153395 31095 fs_manager.cc:730] Time spent opening block manager: real 0.001s	user 0.000s	sys 0.001s
I20260601 13:31:27.153614 31095 fs_manager.cc:647] Opened local filesystem: /tmp/dist-test-taskic0kyQ/test-tmp/auto_rebalancer-test.0.AutoRebalancerTest.RangeAwareRebalancesNewRangeReplicas.1780320616874399-31095-0/minicluster-data/master-0-root
uuid: "69de08e3870947bfb09a8c75d1521ce5"
format_stamp: "Formatted at 2026-06-01 13:31:27 on dist-test-slave-m875"
I20260601 13:31:27.153733 31095 fs_report.cc:389] FS layout report
--------------------
wal directory: /tmp/dist-test-taskic0kyQ/test-tmp/auto_rebalancer-test.0.AutoRebalancerTest.RangeAwareRebalancesNewRangeReplicas.1780320616874399-31095-0/minicluster-data/master-0-root
metadata directory: /tmp/dist-test-taskic0kyQ/test-tmp/auto_rebalancer-test.0.AutoRebalancerTest.RangeAwareRebalancesNewRangeReplicas.1780320616874399-31095-0/minicluster-data/master-0-root
1 data directories: /tmp/dist-test-taskic0kyQ/test-tmp/auto_rebalancer-test.0.AutoRebalancerTest.RangeAwareRebalancesNewRangeReplicas.1780320616874399-31095-0/minicluster-data/master-0-root/data
Total live blocks: 0
Total live bytes: 0
Total live bytes (after alignment): 0
Total number of LBM containers: 0 (0 full)
Did not check for missing blocks
Did not check for orphaned blocks
Total full LBM containers with extra space: 0 (0 repaired)
Total full LBM container extra space in bytes: 0 (0 repaired)
Total incomplete LBM containers: 0 (0 repaired)
Total LBM partial records: 0 (0 repaired)
Total corrupted LBM metadata records in RocksDB: 0 (0 repaired)
I20260601 13:31:27.180424 31095 rpc_server.cc:225] running with OpenSSL 1.1.1  11 Sep 2018
I20260601 13:31:27.180943 31095 kserver.cc:163] Server-wide thread pool size limit: 3276
I20260601 13:31:27.186300 31095 rpc_server.cc:307] RPC server started. Bound to: 127.30.93.254:36927
I20260601 13:31:27.189875  1522 acceptor_pool.cc:272] collecting diagnostics on the listening RPC socket 127.30.93.254:36927 every 8 connection(s)
I20260601 13:31:27.190428  1523 data_dirs.cc:400] Could only allocate 1 dirs of requested 3 for tablet 00000000000000000000000000000000. 1 dirs total, 0 dirs full, 0 dirs failed
I20260601 13:31:27.192499  1523 tablet_bootstrap.cc:492] T 00000000000000000000000000000000 P 69de08e3870947bfb09a8c75d1521ce5: Bootstrap starting.
I20260601 13:31:27.193362  1523 tablet_bootstrap.cc:654] T 00000000000000000000000000000000 P 69de08e3870947bfb09a8c75d1521ce5: Neither blocks nor log segments found. Creating new log.
I20260601 13:31:27.194662  1523 tablet_bootstrap.cc:492] T 00000000000000000000000000000000 P 69de08e3870947bfb09a8c75d1521ce5: No bootstrap required, opened a new log
I20260601 13:31:27.195101  1523 raft_consensus.cc:359] T 00000000000000000000000000000000 P 69de08e3870947bfb09a8c75d1521ce5 [term 0 FOLLOWER]: Replica starting. Triggering 0 pending ops. Active config: opid_index: -1 OBSOLETE_local: true peers { permanent_uuid: "69de08e3870947bfb09a8c75d1521ce5" member_type: VOTER }
I20260601 13:31:27.195216  1523 raft_consensus.cc:385] T 00000000000000000000000000000000 P 69de08e3870947bfb09a8c75d1521ce5 [term 0 FOLLOWER]: Consensus starting up: Expiring failure detector timer to make a prompt election more likely
I20260601 13:31:27.195243  1523 raft_consensus.cc:740] T 00000000000000000000000000000000 P 69de08e3870947bfb09a8c75d1521ce5 [term 0 FOLLOWER]: Becoming Follower/Learner. State: Replica: 69de08e3870947bfb09a8c75d1521ce5, State: Initialized, Role: FOLLOWER
I20260601 13:31:27.195448  1523 consensus_queue.cc:260] T 00000000000000000000000000000000 P 69de08e3870947bfb09a8c75d1521ce5 [NON_LEADER]: Queue going to NON_LEADER mode. State: All replicated index: 0, Majority replicated index: 0, Committed index: 0, Last appended: 0.0, Last appended by leader: 0, Current term: 0, Majority size: -1, State: 0, Mode: NON_LEADER, active raft config: opid_index: -1 OBSOLETE_local: true peers { permanent_uuid: "69de08e3870947bfb09a8c75d1521ce5" member_type: VOTER }
I20260601 13:31:27.195550  1523 raft_consensus.cc:399] T 00000000000000000000000000000000 P 69de08e3870947bfb09a8c75d1521ce5 [term 0 FOLLOWER]: Only one voter in the Raft config. Triggering election immediately
I20260601 13:31:27.195577  1523 raft_consensus.cc:493] T 00000000000000000000000000000000 P 69de08e3870947bfb09a8c75d1521ce5 [term 0 FOLLOWER]: Starting leader election (initial election of a single-replica configuration)
I20260601 13:31:27.195607  1523 raft_consensus.cc:3060] T 00000000000000000000000000000000 P 69de08e3870947bfb09a8c75d1521ce5 [term 0 FOLLOWER]: Advancing to term 1
I20260601 13:31:27.196511  1523 raft_consensus.cc:515] T 00000000000000000000000000000000 P 69de08e3870947bfb09a8c75d1521ce5 [term 1 FOLLOWER]: Starting leader election with config: opid_index: -1 OBSOLETE_local: true peers { permanent_uuid: "69de08e3870947bfb09a8c75d1521ce5" member_type: VOTER }
I20260601 13:31:27.196640  1523 leader_election.cc:304] T 00000000000000000000000000000000 P 69de08e3870947bfb09a8c75d1521ce5 [CANDIDATE]: Term 1 election: Election decided. Result: candidate won. Election summary: received 1 responses out of 1 voters: 1 yes votes; 0 no votes. yes voters: 69de08e3870947bfb09a8c75d1521ce5; no voters: 
I20260601 13:31:27.196810  1523 leader_election.cc:290] T 00000000000000000000000000000000 P 69de08e3870947bfb09a8c75d1521ce5 [CANDIDATE]: Term 1 election: Requested vote from peers 
I20260601 13:31:27.197042  1526 raft_consensus.cc:2804] T 00000000000000000000000000000000 P 69de08e3870947bfb09a8c75d1521ce5 [term 1 FOLLOWER]: Leader election won for term 1
I20260601 13:31:27.197304  1526 raft_consensus.cc:697] T 00000000000000000000000000000000 P 69de08e3870947bfb09a8c75d1521ce5 [term 1 LEADER]: Becoming Leader. State: Replica: 69de08e3870947bfb09a8c75d1521ce5, State: Running, Role: LEADER
I20260601 13:31:27.197469  1523 sys_catalog.cc:565] T 00000000000000000000000000000000 P 69de08e3870947bfb09a8c75d1521ce5 [sys.catalog]: configured and running, proceeding with master startup.
I20260601 13:31:27.197461  1526 consensus_queue.cc:237] T 00000000000000000000000000000000 P 69de08e3870947bfb09a8c75d1521ce5 [LEADER]: Queue going to LEADER mode. State: All replicated index: 0, Majority replicated index: 0, Committed index: 0, Last appended: 0.0, Last appended by leader: 0, Current term: 1, Majority size: 1, State: 0, Mode: LEADER, active raft config: opid_index: -1 OBSOLETE_local: true peers { permanent_uuid: "69de08e3870947bfb09a8c75d1521ce5" member_type: VOTER }
I20260601 13:31:27.198225  1528 sys_catalog.cc:455] T 00000000000000000000000000000000 P 69de08e3870947bfb09a8c75d1521ce5 [sys.catalog]: SysCatalogTable state changed. Reason: New leader 69de08e3870947bfb09a8c75d1521ce5. Latest consensus state: current_term: 1 leader_uuid: "69de08e3870947bfb09a8c75d1521ce5" committed_config { opid_index: -1 OBSOLETE_local: true peers { permanent_uuid: "69de08e3870947bfb09a8c75d1521ce5" member_type: VOTER } }
I20260601 13:31:27.198328  1528 sys_catalog.cc:458] T 00000000000000000000000000000000 P 69de08e3870947bfb09a8c75d1521ce5 [sys.catalog]: This master's current role is: LEADER
I20260601 13:31:27.198767  1527 sys_catalog.cc:455] T 00000000000000000000000000000000 P 69de08e3870947bfb09a8c75d1521ce5 [sys.catalog]: SysCatalogTable state changed. Reason: RaftConsensus started. Latest consensus state: current_term: 1 leader_uuid: "69de08e3870947bfb09a8c75d1521ce5" committed_config { opid_index: -1 OBSOLETE_local: true peers { permanent_uuid: "69de08e3870947bfb09a8c75d1521ce5" member_type: VOTER } }
I20260601 13:31:27.198915  1527 sys_catalog.cc:458] T 00000000000000000000000000000000 P 69de08e3870947bfb09a8c75d1521ce5 [sys.catalog]: This master's current role is: LEADER
I20260601 13:31:27.199085  1530 catalog_manager.cc:1510] Loading table and tablet metadata into memory...
I20260601 13:31:27.199918  1530 catalog_manager.cc:1519] Initializing Kudu cluster ID...
I20260601 13:31:27.200131 31095 internal_mini_cluster.cc:184] Waiting to initialize catalog manager on master 0
I20260601 13:31:27.202232  1530 catalog_manager.cc:1382] Generated new cluster ID: 9c10edf245e7459f8187a3024f11e700
I20260601 13:31:27.202306  1530 catalog_manager.cc:1530] Initializing Kudu internal certificate authority...
I20260601 13:31:27.209122  1530 catalog_manager.cc:1405] Generated new certificate authority record
I20260601 13:31:27.209929  1530 catalog_manager.cc:1539] Loading token signing keys...
I20260601 13:31:27.218439  1530 catalog_manager.cc:6069] T 00000000000000000000000000000000 P 69de08e3870947bfb09a8c75d1521ce5: Generated new TSK 0
I20260601 13:31:27.218788  1530 catalog_manager.cc:1549] Initializing in-progress tserver states...
I20260601 13:31:27.233428 31095 file_cache.cc:492] Constructed file cache file cache with capacity 419430
I20260601 13:31:27.236400 31095 server_base.cc:1061] running on GCE node
W20260601 13:31:27.236335  1545 instance_detector.cc:116] could not retrieve Azure instance metadata: Network error: curl error: HTTP response code said error: The requested URL returned error: 404
W20260601 13:31:27.236407  1547 instance_detector.cc:116] could not retrieve OpenStack instance metadata: Network error: curl error: HTTP response code said error: The requested URL returned error: 404
W20260601 13:31:27.236362  1544 instance_detector.cc:116] could not retrieve AWS instance metadata: Network error: curl error: HTTP response code said error: The requested URL returned error: 404
I20260601 13:31:27.236892 31095 hybrid_clock.cc:584] initializing the hybrid clock with 'system_unsync' time source
W20260601 13:31:27.236940 31095 system_unsync_time.cc:38] NTP support is disabled. Clock error bounds will not be accurate. This configuration is not suitable for distributed clusters.
I20260601 13:31:27.236958 31095 hybrid_clock.cc:648] HybridClock initialized: now 1780320687236957 us; error 0 us; skew 500 ppm
I20260601 13:31:27.238104 31095 webserver.cc:533] Webserver started at http://127.30.93.193:44739/ using document root <none> and password file <none>
I20260601 13:31:27.238310 31095 fs_manager.cc:362] Metadata directory not provided
I20260601 13:31:27.238361 31095 fs_manager.cc:368] Using write-ahead log directory (fs_wal_dir) as metadata directory
I20260601 13:31:27.238457 31095 server_base.cc:909] This appears to be a new deployment of Kudu; creating new FS layout
I20260601 13:31:27.239028 31095 fs_manager.cc:1068] Generated new instance metadata in path /tmp/dist-test-taskic0kyQ/test-tmp/auto_rebalancer-test.0.AutoRebalancerTest.RangeAwareRebalancesNewRangeReplicas.1780320616874399-31095-0/minicluster-data/ts-0-root/instance:
uuid: "4f170f1a1af7441a9854b5b11ddbf935"
format_stamp: "Formatted at 2026-06-01 13:31:27 on dist-test-slave-m875"
I20260601 13:31:27.241015 31095 fs_manager.cc:696] Time spent creating directory manager: real 0.002s	user 0.000s	sys 0.003s
I20260601 13:31:27.242275  1552 log_block_manager.cc:4031] Time spent loading block containers with low live blocks: real 0.000s	user 0.000s	sys 0.000s
I20260601 13:31:27.242836 31095 fs_manager.cc:730] Time spent opening block manager: real 0.001s	user 0.000s	sys 0.001s
I20260601 13:31:27.242995 31095 fs_manager.cc:647] Opened local filesystem: /tmp/dist-test-taskic0kyQ/test-tmp/auto_rebalancer-test.0.AutoRebalancerTest.RangeAwareRebalancesNewRangeReplicas.1780320616874399-31095-0/minicluster-data/ts-0-root
uuid: "4f170f1a1af7441a9854b5b11ddbf935"
format_stamp: "Formatted at 2026-06-01 13:31:27 on dist-test-slave-m875"
I20260601 13:31:27.243129 31095 fs_report.cc:389] FS layout report
--------------------
wal directory: /tmp/dist-test-taskic0kyQ/test-tmp/auto_rebalancer-test.0.AutoRebalancerTest.RangeAwareRebalancesNewRangeReplicas.1780320616874399-31095-0/minicluster-data/ts-0-root
metadata directory: /tmp/dist-test-taskic0kyQ/test-tmp/auto_rebalancer-test.0.AutoRebalancerTest.RangeAwareRebalancesNewRangeReplicas.1780320616874399-31095-0/minicluster-data/ts-0-root
1 data directories: /tmp/dist-test-taskic0kyQ/test-tmp/auto_rebalancer-test.0.AutoRebalancerTest.RangeAwareRebalancesNewRangeReplicas.1780320616874399-31095-0/minicluster-data/ts-0-root/data
Total live blocks: 0
Total live bytes: 0
Total live bytes (after alignment): 0
Total number of LBM containers: 0 (0 full)
Did not check for missing blocks
Did not check for orphaned blocks
Total full LBM containers with extra space: 0 (0 repaired)
Total full LBM container extra space in bytes: 0 (0 repaired)
Total incomplete LBM containers: 0 (0 repaired)
Total LBM partial records: 0 (0 repaired)
Total corrupted LBM metadata records in RocksDB: 0 (0 repaired)
I20260601 13:31:27.261278 31095 rpc_server.cc:225] running with OpenSSL 1.1.1  11 Sep 2018
I20260601 13:31:27.261821 31095 kserver.cc:163] Server-wide thread pool size limit: 3276
I20260601 13:31:27.262588 31095 txn_system_client.cc:432] TxnSystemClient initialization is disabled...
I20260601 13:31:27.263319 31095 ts_tablet_manager.cc:585] Loaded tablet metadata (0 total tablets, 0 live tablets)
I20260601 13:31:27.263418 31095 ts_tablet_manager.cc:531] Time spent load tablet metadata: real 0.000s	user 0.000s	sys 0.000s
I20260601 13:31:27.263475 31095 ts_tablet_manager.cc:616] Registered 0 tablets
I20260601 13:31:27.263526 31095 ts_tablet_manager.cc:595] Time spent register tablets: real 0.000s	user 0.000s	sys 0.000s
I20260601 13:31:27.270128 31095 rpc_server.cc:307] RPC server started. Bound to: 127.30.93.193:34811
I20260601 13:31:27.270244  1615 acceptor_pool.cc:272] collecting diagnostics on the listening RPC socket 127.30.93.193:34811 every 8 connection(s)
I20260601 13:31:27.271773 31095 file_cache.cc:492] Constructed file cache file cache with capacity 419430
W20260601 13:31:27.274392  1623 instance_detector.cc:116] could not retrieve OpenStack instance metadata: Network error: curl error: HTTP response code said error: The requested URL returned error: 404
W20260601 13:31:27.274468  1620 instance_detector.cc:116] could not retrieve AWS instance metadata: Network error: curl error: HTTP response code said error: The requested URL returned error: 404
I20260601 13:31:27.274672 31095 server_base.cc:1061] running on GCE node
W20260601 13:31:27.274981  1621 instance_detector.cc:116] could not retrieve Azure instance metadata: Network error: curl error: HTTP response code said error: The requested URL returned error: 404
I20260601 13:31:27.275413 31095 hybrid_clock.cc:584] initializing the hybrid clock with 'system_unsync' time source
W20260601 13:31:27.275491 31095 system_unsync_time.cc:38] NTP support is disabled. Clock error bounds will not be accurate. This configuration is not suitable for distributed clusters.
I20260601 13:31:27.275532 31095 hybrid_clock.cc:648] HybridClock initialized: now 1780320687275530 us; error 0 us; skew 500 ppm
I20260601 13:31:27.276619 31095 webserver.cc:533] Webserver started at http://127.30.93.194:46475/ using document root <none> and password file <none>
I20260601 13:31:27.276832 31095 fs_manager.cc:362] Metadata directory not provided
I20260601 13:31:27.276909 31095 fs_manager.cc:368] Using write-ahead log directory (fs_wal_dir) as metadata directory
I20260601 13:31:27.276996 31095 server_base.cc:909] This appears to be a new deployment of Kudu; creating new FS layout
I20260601 13:31:27.277570 31095 fs_manager.cc:1068] Generated new instance metadata in path /tmp/dist-test-taskic0kyQ/test-tmp/auto_rebalancer-test.0.AutoRebalancerTest.RangeAwareRebalancesNewRangeReplicas.1780320616874399-31095-0/minicluster-data/ts-1-root/instance:
uuid: "86103628d7c94ffaaeff445eb9c12a6c"
format_stamp: "Formatted at 2026-06-01 13:31:27 on dist-test-slave-m875"
I20260601 13:31:27.278227  1616 heartbeater.cc:344] Connected to a master server at 127.30.93.254:36927
I20260601 13:31:27.278350  1616 heartbeater.cc:461] Registering TS with master...
I20260601 13:31:27.278995  1616 heartbeater.cc:507] Master 127.30.93.254:36927 requested a full tablet report, sending...
I20260601 13:31:27.279733 31095 fs_manager.cc:696] Time spent creating directory manager: real 0.002s	user 0.002s	sys 0.001s
I20260601 13:31:27.280162  1487 ts_manager.cc:194] Registered new tserver with Master: 4f170f1a1af7441a9854b5b11ddbf935 (127.30.93.193:34811)
I20260601 13:31:27.281219  1487 master_service.cc:502] Signed X509 certificate for tserver {username='slave'} at 127.0.0.1:46662
I20260601 13:31:27.281286  1628 log_block_manager.cc:4031] Time spent loading block containers with low live blocks: real 0.000s	user 0.000s	sys 0.000s
I20260601 13:31:27.281962 31095 fs_manager.cc:730] Time spent opening block manager: real 0.001s	user 0.001s	sys 0.000s
I20260601 13:31:27.282096 31095 fs_manager.cc:647] Opened local filesystem: /tmp/dist-test-taskic0kyQ/test-tmp/auto_rebalancer-test.0.AutoRebalancerTest.RangeAwareRebalancesNewRangeReplicas.1780320616874399-31095-0/minicluster-data/ts-1-root
uuid: "86103628d7c94ffaaeff445eb9c12a6c"
format_stamp: "Formatted at 2026-06-01 13:31:27 on dist-test-slave-m875"
I20260601 13:31:27.282220 31095 fs_report.cc:389] FS layout report
--------------------
wal directory: /tmp/dist-test-taskic0kyQ/test-tmp/auto_rebalancer-test.0.AutoRebalancerTest.RangeAwareRebalancesNewRangeReplicas.1780320616874399-31095-0/minicluster-data/ts-1-root
metadata directory: /tmp/dist-test-taskic0kyQ/test-tmp/auto_rebalancer-test.0.AutoRebalancerTest.RangeAwareRebalancesNewRangeReplicas.1780320616874399-31095-0/minicluster-data/ts-1-root
1 data directories: /tmp/dist-test-taskic0kyQ/test-tmp/auto_rebalancer-test.0.AutoRebalancerTest.RangeAwareRebalancesNewRangeReplicas.1780320616874399-31095-0/minicluster-data/ts-1-root/data
Total live blocks: 0
Total live bytes: 0
Total live bytes (after alignment): 0
Total number of LBM containers: 0 (0 full)
Did not check for missing blocks
Did not check for orphaned blocks
Total full LBM containers with extra space: 0 (0 repaired)
Total full LBM container extra space in bytes: 0 (0 repaired)
Total incomplete LBM containers: 0 (0 repaired)
Total LBM partial records: 0 (0 repaired)
Total corrupted LBM metadata records in RocksDB: 0 (0 repaired)
I20260601 13:31:27.296741 31095 rpc_server.cc:225] running with OpenSSL 1.1.1  11 Sep 2018
I20260601 13:31:27.297284 31095 kserver.cc:163] Server-wide thread pool size limit: 3276
I20260601 13:31:27.297657 31095 txn_system_client.cc:432] TxnSystemClient initialization is disabled...
I20260601 13:31:27.298238 31095 ts_tablet_manager.cc:585] Loaded tablet metadata (0 total tablets, 0 live tablets)
I20260601 13:31:27.298365 31095 ts_tablet_manager.cc:531] Time spent load tablet metadata: real 0.000s	user 0.000s	sys 0.000s
I20260601 13:31:27.298420 31095 ts_tablet_manager.cc:616] Registered 0 tablets
I20260601 13:31:27.298437 31095 ts_tablet_manager.cc:595] Time spent register tablets: real 0.000s	user 0.000s	sys 0.000s
I20260601 13:31:27.303231 31095 rpc_server.cc:307] RPC server started. Bound to: 127.30.93.194:39783
I20260601 13:31:27.303328  1691 acceptor_pool.cc:272] collecting diagnostics on the listening RPC socket 127.30.93.194:39783 every 8 connection(s)
I20260601 13:31:27.304325 31095 file_cache.cc:492] Constructed file cache file cache with capacity 419430
W20260601 13:31:27.306684  1696 instance_detector.cc:116] could not retrieve Azure instance metadata: Network error: curl error: HTTP response code said error: The requested URL returned error: 404
W20260601 13:31:27.306782  1695 instance_detector.cc:116] could not retrieve AWS instance metadata: Network error: curl error: HTTP response code said error: The requested URL returned error: 404
W20260601 13:31:27.306866  1698 instance_detector.cc:116] could not retrieve OpenStack instance metadata: Network error: curl error: HTTP response code said error: The requested URL returned error: 404
I20260601 13:31:27.307176 31095 server_base.cc:1061] running on GCE node
I20260601 13:31:27.307451 31095 hybrid_clock.cc:584] initializing the hybrid clock with 'system_unsync' time source
W20260601 13:31:27.307509 31095 system_unsync_time.cc:38] NTP support is disabled. Clock error bounds will not be accurate. This configuration is not suitable for distributed clusters.
I20260601 13:31:27.307528 31095 hybrid_clock.cc:648] HybridClock initialized: now 1780320687307527 us; error 0 us; skew 500 ppm
I20260601 13:31:27.308566 31095 webserver.cc:533] Webserver started at http://127.30.93.195:37071/ using document root <none> and password file <none>
I20260601 13:31:27.308753 31095 fs_manager.cc:362] Metadata directory not provided
I20260601 13:31:27.308823 31095 fs_manager.cc:368] Using write-ahead log directory (fs_wal_dir) as metadata directory
I20260601 13:31:27.308894 31095 server_base.cc:909] This appears to be a new deployment of Kudu; creating new FS layout
I20260601 13:31:27.309422 31095 fs_manager.cc:1068] Generated new instance metadata in path /tmp/dist-test-taskic0kyQ/test-tmp/auto_rebalancer-test.0.AutoRebalancerTest.RangeAwareRebalancesNewRangeReplicas.1780320616874399-31095-0/minicluster-data/ts-2-root/instance:
uuid: "7aede04679854f77a84a9d407a8b0e8c"
format_stamp: "Formatted at 2026-06-01 13:31:27 on dist-test-slave-m875"
I20260601 13:31:27.309705  1692 heartbeater.cc:344] Connected to a master server at 127.30.93.254:36927
I20260601 13:31:27.309803  1692 heartbeater.cc:461] Registering TS with master...
I20260601 13:31:27.310014  1692 heartbeater.cc:507] Master 127.30.93.254:36927 requested a full tablet report, sending...
I20260601 13:31:27.310715  1487 ts_manager.cc:194] Registered new tserver with Master: 86103628d7c94ffaaeff445eb9c12a6c (127.30.93.194:39783)
I20260601 13:31:27.311504 31095 fs_manager.cc:696] Time spent creating directory manager: real 0.002s	user 0.003s	sys 0.000s
I20260601 13:31:27.311630  1487 master_service.cc:502] Signed X509 certificate for tserver {username='slave'} at 127.0.0.1:46676
I20260601 13:31:27.312894  1703 log_block_manager.cc:4031] Time spent loading block containers with low live blocks: real 0.000s	user 0.000s	sys 0.000s
I20260601 13:31:27.313308 31095 fs_manager.cc:730] Time spent opening block manager: real 0.001s	user 0.001s	sys 0.000s
I20260601 13:31:27.313423 31095 fs_manager.cc:647] Opened local filesystem: /tmp/dist-test-taskic0kyQ/test-tmp/auto_rebalancer-test.0.AutoRebalancerTest.RangeAwareRebalancesNewRangeReplicas.1780320616874399-31095-0/minicluster-data/ts-2-root
uuid: "7aede04679854f77a84a9d407a8b0e8c"
format_stamp: "Formatted at 2026-06-01 13:31:27 on dist-test-slave-m875"
I20260601 13:31:27.313525 31095 fs_report.cc:389] FS layout report
--------------------
wal directory: /tmp/dist-test-taskic0kyQ/test-tmp/auto_rebalancer-test.0.AutoRebalancerTest.RangeAwareRebalancesNewRangeReplicas.1780320616874399-31095-0/minicluster-data/ts-2-root
