[==========] Running 24 tests from 2 test suites.
[----------] Global test environment set-up.
[----------] 22 tests from AutoRebalancerTest
[ RUN      ] AutoRebalancerTest.OnlyLeaderDoesAutoRebalancing
WARNING: Logging before InitGoogleLogging() is written to STDERR
I20260601 13:30:13.227438 28343 internal_mini_cluster.cc:156] Creating distributed mini masters. Addrs: 127.27.173.254:39797,127.27.173.253:45323,127.27.173.252:46755
I20260601 13:30:13.228830 28343 env_posix.cc:2267] Not raising this process' open files per process limit of 1048576; it is already as high as it can go
I20260601 13:30:13.229470 28343 file_cache.cc:492] Constructed file cache file cache with capacity 419430
W20260601 13:30:13.237699 28351 instance_detector.cc:116] could not retrieve OpenStack instance metadata: Network error: curl error: HTTP response code said error: The requested URL returned error: 404
W20260601 13:30:13.237649 28348 instance_detector.cc:116] could not retrieve AWS instance metadata: Network error: curl error: HTTP response code said error: The requested URL returned error: 404
I20260601 13:30:13.238013 28343 server_base.cc:1061] running on GCE node
W20260601 13:30:13.238255 28349 instance_detector.cc:116] could not retrieve Azure instance metadata: Network error: curl error: HTTP response code said error: The requested URL returned error: 404
I20260601 13:30:13.239104 28343 hybrid_clock.cc:584] initializing the hybrid clock with 'system_unsync' time source
W20260601 13:30:13.239259 28343 system_unsync_time.cc:38] NTP support is disabled. Clock error bounds will not be accurate. This configuration is not suitable for distributed clusters.
I20260601 13:30:13.239305 28343 hybrid_clock.cc:648] HybridClock initialized: now 1780320613239302 us; error 0 us; skew 500 ppm
I20260601 13:30:13.241905 28343 webserver.cc:533] Webserver started at http://127.27.173.254:34441/ using document root <none> and password file <none>
I20260601 13:30:13.242687 28343 fs_manager.cc:362] Metadata directory not provided
I20260601 13:30:13.242755 28343 fs_manager.cc:368] Using write-ahead log directory (fs_wal_dir) as metadata directory
I20260601 13:30:13.243042 28343 server_base.cc:909] This appears to be a new deployment of Kudu; creating new FS layout
I20260601 13:30:13.245193 28343 fs_manager.cc:1068] Generated new instance metadata in path /tmp/dist-test-taskxCvYAr/test-tmp/auto_rebalancer-test.0.AutoRebalancerTest.OnlyLeaderDoesAutoRebalancing.1780320613216019-28343-0/minicluster-data/master-0-root/instance:
uuid: "01201f1803014477853fb0fbdeb5c954"
format_stamp: "Formatted at 2026-06-01 13:30:13 on dist-test-slave-rcln"
I20260601 13:30:13.250231 28343 fs_manager.cc:696] Time spent creating directory manager: real 0.005s	user 0.003s	sys 0.001s
I20260601 13:30:13.253579 28356 log_block_manager.cc:4031] Time spent loading block containers with low live blocks: real 0.000s	user 0.000s	sys 0.000s
I20260601 13:30:13.255425 28343 fs_manager.cc:730] Time spent opening block manager: real 0.004s	user 0.004s	sys 0.000s
I20260601 13:30:13.255589 28343 fs_manager.cc:647] Opened local filesystem: /tmp/dist-test-taskxCvYAr/test-tmp/auto_rebalancer-test.0.AutoRebalancerTest.OnlyLeaderDoesAutoRebalancing.1780320613216019-28343-0/minicluster-data/master-0-root
uuid: "01201f1803014477853fb0fbdeb5c954"
format_stamp: "Formatted at 2026-06-01 13:30:13 on dist-test-slave-rcln"
I20260601 13:30:13.255739 28343 fs_report.cc:389] FS layout report
--------------------
wal directory: /tmp/dist-test-taskxCvYAr/test-tmp/auto_rebalancer-test.0.AutoRebalancerTest.OnlyLeaderDoesAutoRebalancing.1780320613216019-28343-0/minicluster-data/master-0-root
metadata directory: /tmp/dist-test-taskxCvYAr/test-tmp/auto_rebalancer-test.0.AutoRebalancerTest.OnlyLeaderDoesAutoRebalancing.1780320613216019-28343-0/minicluster-data/master-0-root
1 data directories: /tmp/dist-test-taskxCvYAr/test-tmp/auto_rebalancer-test.0.AutoRebalancerTest.OnlyLeaderDoesAutoRebalancing.1780320613216019-28343-0/minicluster-data/master-0-root/data
Total live blocks: 0
Total live bytes: 0
Total live bytes (after alignment): 0
Total number of LBM containers: 0 (0 full)
Did not check for missing blocks
Did not check for orphaned blocks
Total full LBM containers with extra space: 0 (0 repaired)
Total full LBM container extra space in bytes: 0 (0 repaired)
Total incomplete LBM containers: 0 (0 repaired)
Total LBM partial records: 0 (0 repaired)
Total corrupted LBM metadata records in RocksDB: 0 (0 repaired)
I20260601 13:30:13.267187 28343 rpc_server.cc:225] running with OpenSSL 1.1.1  11 Sep 2018
I20260601 13:30:13.267999 28343 env_posix.cc:2267] Not raising this process' running threads per effective uid limit of 18446744073709551615; it is already as high as it can go
I20260601 13:30:13.268189 28343 kserver.cc:163] Server-wide thread pool size limit: 3276
I20260601 13:30:13.279300 28343 rpc_server.cc:307] RPC server started. Bound to: 127.27.173.254:39797
I20260601 13:30:13.279304 28408 acceptor_pool.cc:272] collecting diagnostics on the listening RPC socket 127.27.173.254:39797 every 8 connection(s)
I20260601 13:30:13.281611 28343 file_cache.cc:492] Constructed file cache file cache with capacity 419430
W20260601 13:30:13.284394 28411 instance_detector.cc:116] could not retrieve AWS instance metadata: Network error: curl error: HTTP response code said error: The requested URL returned error: 404
W20260601 13:30:13.284459 28412 instance_detector.cc:116] could not retrieve Azure instance metadata: Network error: curl error: HTTP response code said error: The requested URL returned error: 404
I20260601 13:30:13.285146 28409 data_dirs.cc:400] Could only allocate 1 dirs of requested 3 for tablet 00000000000000000000000000000000. 1 dirs total, 0 dirs full, 0 dirs failed
W20260601 13:30:13.285326 28414 instance_detector.cc:116] could not retrieve OpenStack instance metadata: Network error: curl error: HTTP response code said error: The requested URL returned error: 404
I20260601 13:30:13.285229 28343 server_base.cc:1061] running on GCE node
I20260601 13:30:13.285640 28343 hybrid_clock.cc:584] initializing the hybrid clock with 'system_unsync' time source
W20260601 13:30:13.285691 28343 system_unsync_time.cc:38] NTP support is disabled. Clock error bounds will not be accurate. This configuration is not suitable for distributed clusters.
I20260601 13:30:13.285713 28343 hybrid_clock.cc:648] HybridClock initialized: now 1780320613285712 us; error 0 us; skew 500 ppm
I20260601 13:30:13.286967 28343 webserver.cc:533] Webserver started at http://127.27.173.253:39455/ using document root <none> and password file <none>
I20260601 13:30:13.287168 28343 fs_manager.cc:362] Metadata directory not provided
I20260601 13:30:13.287230 28343 fs_manager.cc:368] Using write-ahead log directory (fs_wal_dir) as metadata directory
I20260601 13:30:13.287321 28343 server_base.cc:909] This appears to be a new deployment of Kudu; creating new FS layout
I20260601 13:30:13.287788 28343 fs_manager.cc:1068] Generated new instance metadata in path /tmp/dist-test-taskxCvYAr/test-tmp/auto_rebalancer-test.0.AutoRebalancerTest.OnlyLeaderDoesAutoRebalancing.1780320613216019-28343-0/minicluster-data/master-1-root/instance:
uuid: "c425500c88b44f5c9537c484101cc681"
format_stamp: "Formatted at 2026-06-01 13:30:13 on dist-test-slave-rcln"
I20260601 13:30:13.289965 28343 fs_manager.cc:696] Time spent creating directory manager: real 0.002s	user 0.002s	sys 0.000s
I20260601 13:30:13.290673 28409 sys_catalog.cc:422] member_type: VOTER last_known_addr { host: "127.27.173.254" port: 39797 } has no permanent_uuid. Determining permanent_uuid...
I20260601 13:30:13.291334 28419 log_block_manager.cc:4031] Time spent loading block containers with low live blocks: real 0.000s	user 0.000s	sys 0.000s
I20260601 13:30:13.291718 28343 fs_manager.cc:730] Time spent opening block manager: real 0.001s	user 0.001s	sys 0.000s
I20260601 13:30:13.291810 28343 fs_manager.cc:647] Opened local filesystem: /tmp/dist-test-taskxCvYAr/test-tmp/auto_rebalancer-test.0.AutoRebalancerTest.OnlyLeaderDoesAutoRebalancing.1780320613216019-28343-0/minicluster-data/master-1-root
uuid: "c425500c88b44f5c9537c484101cc681"
format_stamp: "Formatted at 2026-06-01 13:30:13 on dist-test-slave-rcln"
I20260601 13:30:13.291896 28343 fs_report.cc:389] FS layout report
--------------------
wal directory: /tmp/dist-test-taskxCvYAr/test-tmp/auto_rebalancer-test.0.AutoRebalancerTest.OnlyLeaderDoesAutoRebalancing.1780320613216019-28343-0/minicluster-data/master-1-root
metadata directory: /tmp/dist-test-taskxCvYAr/test-tmp/auto_rebalancer-test.0.AutoRebalancerTest.OnlyLeaderDoesAutoRebalancing.1780320613216019-28343-0/minicluster-data/master-1-root
1 data directories: /tmp/dist-test-taskxCvYAr/test-tmp/auto_rebalancer-test.0.AutoRebalancerTest.OnlyLeaderDoesAutoRebalancing.1780320613216019-28343-0/minicluster-data/master-1-root/data
Total live blocks: 0
Total live bytes: 0
Total live bytes (after alignment): 0
Total number of LBM containers: 0 (0 full)
Did not check for missing blocks
Did not check for orphaned blocks
Total full LBM containers with extra space: 0 (0 repaired)
Total full LBM container extra space in bytes: 0 (0 repaired)
Total incomplete LBM containers: 0 (0 repaired)
Total LBM partial records: 0 (0 repaired)
Total corrupted LBM metadata records in RocksDB: 0 (0 repaired)
I20260601 13:30:13.301625 28343 rpc_server.cc:225] running with OpenSSL 1.1.1  11 Sep 2018
I20260601 13:30:13.302193 28343 kserver.cc:163] Server-wide thread pool size limit: 3276
I20260601 13:30:13.308948 28343 rpc_server.cc:307] RPC server started. Bound to: 127.27.173.253:45323
I20260601 13:30:13.308992 28473 acceptor_pool.cc:272] collecting diagnostics on the listening RPC socket 127.27.173.253:45323 every 8 connection(s)
I20260601 13:30:13.310050 28343 file_cache.cc:492] Constructed file cache file cache with capacity 419430
I20260601 13:30:13.310243 28474 data_dirs.cc:400] Could only allocate 1 dirs of requested 3 for tablet 00000000000000000000000000000000. 1 dirs total, 0 dirs full, 0 dirs failed
I20260601 13:30:13.311381 28409 sys_catalog.cc:422] member_type: VOTER last_known_addr { host: "127.27.173.253" port: 45323 } has no permanent_uuid. Determining permanent_uuid...
I20260601 13:30:13.312350 28474 sys_catalog.cc:422] member_type: VOTER last_known_addr { host: "127.27.173.254" port: 39797 } has no permanent_uuid. Determining permanent_uuid...
W20260601 13:30:13.312489 28479 instance_detector.cc:116] could not retrieve OpenStack instance metadata: Network error: curl error: HTTP response code said error: The requested URL returned error: 404
I20260601 13:30:13.312708 28343 server_base.cc:1061] running on GCE node
W20260601 13:30:13.312529 28477 instance_detector.cc:116] could not retrieve Azure instance metadata: Network error: curl error: HTTP response code said error: The requested URL returned error: 404
W20260601 13:30:13.313334 28476 instance_detector.cc:116] could not retrieve AWS instance metadata: Network error: curl error: HTTP response code said error: The requested URL returned error: 404
I20260601 13:30:13.313614 28343 hybrid_clock.cc:584] initializing the hybrid clock with 'system_unsync' time source
W20260601 13:30:13.313714 28343 system_unsync_time.cc:38] NTP support is disabled. Clock error bounds will not be accurate. This configuration is not suitable for distributed clusters.
I20260601 13:30:13.313772 28343 hybrid_clock.cc:648] HybridClock initialized: now 1780320613313770 us; error 0 us; skew 500 ppm
I20260601 13:30:13.314775 28343 webserver.cc:533] Webserver started at http://127.27.173.252:36551/ using document root <none> and password file <none>
I20260601 13:30:13.314949 28343 fs_manager.cc:362] Metadata directory not provided
I20260601 13:30:13.315003 28343 fs_manager.cc:368] Using write-ahead log directory (fs_wal_dir) as metadata directory
I20260601 13:30:13.315081 28343 server_base.cc:909] This appears to be a new deployment of Kudu; creating new FS layout
I20260601 13:30:13.315601 28343 fs_manager.cc:1068] Generated new instance metadata in path /tmp/dist-test-taskxCvYAr/test-tmp/auto_rebalancer-test.0.AutoRebalancerTest.OnlyLeaderDoesAutoRebalancing.1780320613216019-28343-0/minicluster-data/master-2-root/instance:
uuid: "9a4beca5240147a7a427e45c893410c7"
format_stamp: "Formatted at 2026-06-01 13:30:13 on dist-test-slave-rcln"
I20260601 13:30:13.317184 28409 sys_catalog.cc:422] member_type: VOTER last_known_addr { host: "127.27.173.252" port: 46755 } has no permanent_uuid. Determining permanent_uuid...
I20260601 13:30:13.317538 28343 fs_manager.cc:696] Time spent creating directory manager: real 0.002s	user 0.002s	sys 0.000s
I20260601 13:30:13.317708 28474 sys_catalog.cc:422] member_type: VOTER last_known_addr { host: "127.27.173.253" port: 45323 } has no permanent_uuid. Determining permanent_uuid...
W20260601 13:30:13.318079 28360 proxy.cc:239] Call had error, refreshing address and retrying: Network error: Client connection negotiation failed: client connection to 127.27.173.252:46755: connect: Connection refused (error 111)
I20260601 13:30:13.318851 28487 log_block_manager.cc:4031] Time spent loading block containers with low live blocks: real 0.000s	user 0.000s	sys 0.000s
W20260601 13:30:13.319133 28409 consensus_peers.cc:760] Error getting permanent uuid from config peer 127.27.173.252:46755: Network error: Client connection negotiation failed: client connection to 127.27.173.252:46755: connect: Connection refused (error 111)
I20260601 13:30:13.319156 28343 fs_manager.cc:730] Time spent opening block manager: real 0.001s	user 0.001s	sys 0.000s
I20260601 13:30:13.319360 28343 fs_manager.cc:647] Opened local filesystem: /tmp/dist-test-taskxCvYAr/test-tmp/auto_rebalancer-test.0.AutoRebalancerTest.OnlyLeaderDoesAutoRebalancing.1780320613216019-28343-0/minicluster-data/master-2-root
uuid: "9a4beca5240147a7a427e45c893410c7"
format_stamp: "Formatted at 2026-06-01 13:30:13 on dist-test-slave-rcln"
I20260601 13:30:13.319463 28343 fs_report.cc:389] FS layout report
--------------------
wal directory: /tmp/dist-test-taskxCvYAr/test-tmp/auto_rebalancer-test.0.AutoRebalancerTest.OnlyLeaderDoesAutoRebalancing.1780320613216019-28343-0/minicluster-data/master-2-root
metadata directory: /tmp/dist-test-taskxCvYAr/test-tmp/auto_rebalancer-test.0.AutoRebalancerTest.OnlyLeaderDoesAutoRebalancing.1780320613216019-28343-0/minicluster-data/master-2-root
1 data directories: /tmp/dist-test-taskxCvYAr/test-tmp/auto_rebalancer-test.0.AutoRebalancerTest.OnlyLeaderDoesAutoRebalancing.1780320613216019-28343-0/minicluster-data/master-2-root/data
Total live blocks: 0
Total live bytes: 0
Total live bytes (after alignment): 0
Total number of LBM containers: 0 (0 full)
Did not check for missing blocks
Did not check for orphaned blocks
Total full LBM containers with extra space: 0 (0 repaired)
Total full LBM container extra space in bytes: 0 (0 repaired)
Total incomplete LBM containers: 0 (0 repaired)
Total LBM partial records: 0 (0 repaired)
Total corrupted LBM metadata records in RocksDB: 0 (0 repaired)
I20260601 13:30:13.321924 28474 sys_catalog.cc:422] member_type: VOTER last_known_addr { host: "127.27.173.252" port: 46755 } has no permanent_uuid. Determining permanent_uuid...
W20260601 13:30:13.323365 28474 consensus_peers.cc:760] Error getting permanent uuid from config peer 127.27.173.252:46755: Network error: Client connection negotiation failed: client connection to 127.27.173.252:46755: connect: Connection refused (error 111)
I20260601 13:30:13.327617 28343 rpc_server.cc:225] running with OpenSSL 1.1.1  11 Sep 2018
I20260601 13:30:13.328066 28343 kserver.cc:163] Server-wide thread pool size limit: 3276
I20260601 13:30:13.334159 28343 rpc_server.cc:307] RPC server started. Bound to: 127.27.173.252:46755
I20260601 13:30:13.334683 28343 internal_mini_cluster.cc:184] Waiting to initialize catalog manager on master 0
I20260601 13:30:13.335341 28540 acceptor_pool.cc:272] collecting diagnostics on the listening RPC socket 127.27.173.252:46755 every 8 connection(s)
I20260601 13:30:13.335448 28541 data_dirs.cc:400] Could only allocate 1 dirs of requested 3 for tablet 00000000000000000000000000000000. 1 dirs total, 0 dirs full, 0 dirs failed
I20260601 13:30:13.337102 28541 sys_catalog.cc:422] member_type: VOTER last_known_addr { host: "127.27.173.254" port: 39797 } has no permanent_uuid. Determining permanent_uuid...
I20260601 13:30:13.343197 28541 sys_catalog.cc:422] member_type: VOTER last_known_addr { host: "127.27.173.253" port: 45323 } has no permanent_uuid. Determining permanent_uuid...
I20260601 13:30:13.347739 28541 sys_catalog.cc:422] member_type: VOTER last_known_addr { host: "127.27.173.252" port: 46755 } has no permanent_uuid. Determining permanent_uuid...
I20260601 13:30:13.356331 28541 tablet_bootstrap.cc:492] T 00000000000000000000000000000000 P 9a4beca5240147a7a427e45c893410c7: Bootstrap starting.
I20260601 13:30:13.359880 28541 tablet_bootstrap.cc:654] T 00000000000000000000000000000000 P 9a4beca5240147a7a427e45c893410c7: Neither blocks nor log segments found. Creating new log.
I20260601 13:30:13.361142 28541 log.cc:826] T 00000000000000000000000000000000 P 9a4beca5240147a7a427e45c893410c7: Log is configured to *not* fsync() on all Append() calls
I20260601 13:30:13.363529 28541 tablet_bootstrap.cc:492] T 00000000000000000000000000000000 P 9a4beca5240147a7a427e45c893410c7: No bootstrap required, opened a new log
I20260601 13:30:13.367098 28541 raft_consensus.cc:359] T 00000000000000000000000000000000 P 9a4beca5240147a7a427e45c893410c7 [term 0 FOLLOWER]: Replica starting. Triggering 0 pending ops. Active config: opid_index: -1 OBSOLETE_local: false peers { permanent_uuid: "01201f1803014477853fb0fbdeb5c954" member_type: VOTER last_known_addr { host: "127.27.173.254" port: 39797 } } peers { permanent_uuid: "c425500c88b44f5c9537c484101cc681" member_type: VOTER last_known_addr { host: "127.27.173.253" port: 45323 } } peers { permanent_uuid: "9a4beca5240147a7a427e45c893410c7" member_type: VOTER last_known_addr { host: "127.27.173.252" port: 46755 } }
I20260601 13:30:13.367501 28541 raft_consensus.cc:385] T 00000000000000000000000000000000 P 9a4beca5240147a7a427e45c893410c7 [term 0 FOLLOWER]: Consensus starting up: Expiring failure detector timer to make a prompt election more likely
I20260601 13:30:13.367559 28541 raft_consensus.cc:740] T 00000000000000000000000000000000 P 9a4beca5240147a7a427e45c893410c7 [term 0 FOLLOWER]: Becoming Follower/Learner. State: Replica: 9a4beca5240147a7a427e45c893410c7, State: Initialized, Role: FOLLOWER
I20260601 13:30:13.368089 28541 consensus_queue.cc:260] T 00000000000000000000000000000000 P 9a4beca5240147a7a427e45c893410c7 [NON_LEADER]: Queue going to NON_LEADER mode. State: All replicated index: 0, Majority replicated index: 0, Committed index: 0, Last appended: 0.0, Last appended by leader: 0, Current term: 0, Majority size: -1, State: 0, Mode: NON_LEADER, active raft config: opid_index: -1 OBSOLETE_local: false peers { permanent_uuid: "01201f1803014477853fb0fbdeb5c954" member_type: VOTER last_known_addr { host: "127.27.173.254" port: 39797 } } peers { permanent_uuid: "c425500c88b44f5c9537c484101cc681" member_type: VOTER last_known_addr { host: "127.27.173.253" port: 45323 } } peers { permanent_uuid: "9a4beca5240147a7a427e45c893410c7" member_type: VOTER last_known_addr { host: "127.27.173.252" port: 46755 } }
I20260601 13:30:13.368432 28409 consensus_peers.cc:770] Retrying to get permanent uuid for remote peer: member_type: VOTER last_known_addr { host: "127.27.173.252" port: 46755 } attempt: 1
I20260601 13:30:13.368675 28546 sys_catalog.cc:455] T 00000000000000000000000000000000 P 9a4beca5240147a7a427e45c893410c7 [sys.catalog]: SysCatalogTable state changed. Reason: RaftConsensus started. Latest consensus state: current_term: 0 committed_config { opid_index: -1 OBSOLETE_local: false peers { permanent_uuid: "01201f1803014477853fb0fbdeb5c954" member_type: VOTER last_known_addr { host: "127.27.173.254" port: 39797 } } peers { permanent_uuid: "c425500c88b44f5c9537c484101cc681" member_type: VOTER last_known_addr { host: "127.27.173.253" port: 45323 } } peers { permanent_uuid: "9a4beca5240147a7a427e45c893410c7" member_type: VOTER last_known_addr { host: "127.27.173.252" port: 46755 } } }
I20260601 13:30:13.368870 28546 sys_catalog.cc:458] T 00000000000000000000000000000000 P 9a4beca5240147a7a427e45c893410c7 [sys.catalog]: This master's current role is: FOLLOWER
I20260601 13:30:13.370247 28541 sys_catalog.cc:565] T 00000000000000000000000000000000 P 9a4beca5240147a7a427e45c893410c7 [sys.catalog]: configured and running, proceeding with master startup.
I20260601 13:30:13.375577 28409 tablet_bootstrap.cc:492] T 00000000000000000000000000000000 P 01201f1803014477853fb0fbdeb5c954: Bootstrap starting.
I20260601 13:30:13.375561 28474 consensus_peers.cc:770] Retrying to get permanent uuid for remote peer: member_type: VOTER last_known_addr { host: "127.27.173.252" port: 46755 } attempt: 1
I20260601 13:30:13.377166 28409 tablet_bootstrap.cc:654] T 00000000000000000000000000000000 P 01201f1803014477853fb0fbdeb5c954: Neither blocks nor log segments found. Creating new log.
W20260601 13:30:13.377206 28557 catalog_manager.cc:1593] T 00000000000000000000000000000000 P 9a4beca5240147a7a427e45c893410c7: loading cluster ID for follower catalog manager: Not found: cluster ID entry not found
W20260601 13:30:13.377315 28557 catalog_manager.cc:883] Not found: cluster ID entry not found: failed to prepare follower catalog manager, will retry
I20260601 13:30:13.379134 28409 tablet_bootstrap.cc:492] T 00000000000000000000000000000000 P 01201f1803014477853fb0fbdeb5c954: No bootstrap required, opened a new log
I20260601 13:30:13.379918 28409 raft_consensus.cc:359] T 00000000000000000000000000000000 P 01201f1803014477853fb0fbdeb5c954 [term 0 FOLLOWER]: Replica starting. Triggering 0 pending ops. Active config: opid_index: -1 OBSOLETE_local: false peers { permanent_uuid: "01201f1803014477853fb0fbdeb5c954" member_type: VOTER last_known_addr { host: "127.27.173.254" port: 39797 } } peers { permanent_uuid: "c425500c88b44f5c9537c484101cc681" member_type: VOTER last_known_addr { host: "127.27.173.253" port: 45323 } } peers { permanent_uuid: "9a4beca5240147a7a427e45c893410c7" member_type: VOTER last_known_addr { host: "127.27.173.252" port: 46755 } }
I20260601 13:30:13.380059 28409 raft_consensus.cc:385] T 00000000000000000000000000000000 P 01201f1803014477853fb0fbdeb5c954 [term 0 FOLLOWER]: Consensus starting up: Expiring failure detector timer to make a prompt election more likely
I20260601 13:30:13.380091 28409 raft_consensus.cc:740] T 00000000000000000000000000000000 P 01201f1803014477853fb0fbdeb5c954 [term 0 FOLLOWER]: Becoming Follower/Learner. State: Replica: 01201f1803014477853fb0fbdeb5c954, State: Initialized, Role: FOLLOWER
I20260601 13:30:13.380319 28409 consensus_queue.cc:260] T 00000000000000000000000000000000 P 01201f1803014477853fb0fbdeb5c954 [NON_LEADER]: Queue going to NON_LEADER mode. State: All replicated index: 0, Majority replicated index: 0, Committed index: 0, Last appended: 0.0, Last appended by leader: 0, Current term: 0, Majority size: -1, State: 0, Mode: NON_LEADER, active raft config: opid_index: -1 OBSOLETE_local: false peers { permanent_uuid: "01201f1803014477853fb0fbdeb5c954" member_type: VOTER last_known_addr { host: "127.27.173.254" port: 39797 } } peers { permanent_uuid: "c425500c88b44f5c9537c484101cc681" member_type: VOTER last_known_addr { host: "127.27.173.253" port: 45323 } } peers { permanent_uuid: "9a4beca5240147a7a427e45c893410c7" member_type: VOTER last_known_addr { host: "127.27.173.252" port: 46755 } }
I20260601 13:30:13.380798 28560 sys_catalog.cc:455] T 00000000000000000000000000000000 P 01201f1803014477853fb0fbdeb5c954 [sys.catalog]: SysCatalogTable state changed. Reason: RaftConsensus started. Latest consensus state: current_term: 0 committed_config { opid_index: -1 OBSOLETE_local: false peers { permanent_uuid: "01201f1803014477853fb0fbdeb5c954" member_type: VOTER last_known_addr { host: "127.27.173.254" port: 39797 } } peers { permanent_uuid: "c425500c88b44f5c9537c484101cc681" member_type: VOTER last_known_addr { host: "127.27.173.253" port: 45323 } } peers { permanent_uuid: "9a4beca5240147a7a427e45c893410c7" member_type: VOTER last_known_addr { host: "127.27.173.252" port: 46755 } } }
I20260601 13:30:13.380934 28560 sys_catalog.cc:458] T 00000000000000000000000000000000 P 01201f1803014477853fb0fbdeb5c954 [sys.catalog]: This master's current role is: FOLLOWER
I20260601 13:30:13.381201 28409 sys_catalog.cc:565] T 00000000000000000000000000000000 P 01201f1803014477853fb0fbdeb5c954 [sys.catalog]: configured and running, proceeding with master startup.
I20260601 13:30:13.382961 28474 tablet_bootstrap.cc:492] T 00000000000000000000000000000000 P c425500c88b44f5c9537c484101cc681: Bootstrap starting.
I20260601 13:30:13.383562 28343 internal_mini_cluster.cc:184] Waiting to initialize catalog manager on master 1
W20260601 13:30:13.384668 28571 catalog_manager.cc:1593] T 00000000000000000000000000000000 P 01201f1803014477853fb0fbdeb5c954: loading cluster ID for follower catalog manager: Not found: cluster ID entry not found
W20260601 13:30:13.384783 28571 catalog_manager.cc:883] Not found: cluster ID entry not found: failed to prepare follower catalog manager, will retry
I20260601 13:30:13.384934 28474 tablet_bootstrap.cc:654] T 00000000000000000000000000000000 P c425500c88b44f5c9537c484101cc681: Neither blocks nor log segments found. Creating new log.
I20260601 13:30:13.387187 28474 tablet_bootstrap.cc:492] T 00000000000000000000000000000000 P c425500c88b44f5c9537c484101cc681: No bootstrap required, opened a new log
I20260601 13:30:13.387818 28474 raft_consensus.cc:359] T 00000000000000000000000000000000 P c425500c88b44f5c9537c484101cc681 [term 0 FOLLOWER]: Replica starting. Triggering 0 pending ops. Active config: opid_index: -1 OBSOLETE_local: false peers { permanent_uuid: "01201f1803014477853fb0fbdeb5c954" member_type: VOTER last_known_addr { host: "127.27.173.254" port: 39797 } } peers { permanent_uuid: "c425500c88b44f5c9537c484101cc681" member_type: VOTER last_known_addr { host: "127.27.173.253" port: 45323 } } peers { permanent_uuid: "9a4beca5240147a7a427e45c893410c7" member_type: VOTER last_known_addr { host: "127.27.173.252" port: 46755 } }
I20260601 13:30:13.387952 28474 raft_consensus.cc:385] T 00000000000000000000000000000000 P c425500c88b44f5c9537c484101cc681 [term 0 FOLLOWER]: Consensus starting up: Expiring failure detector timer to make a prompt election more likely
I20260601 13:30:13.387992 28474 raft_consensus.cc:740] T 00000000000000000000000000000000 P c425500c88b44f5c9537c484101cc681 [term 0 FOLLOWER]: Becoming Follower/Learner. State: Replica: c425500c88b44f5c9537c484101cc681, State: Initialized, Role: FOLLOWER
I20260601 13:30:13.388144 28474 consensus_queue.cc:260] T 00000000000000000000000000000000 P c425500c88b44f5c9537c484101cc681 [NON_LEADER]: Queue going to NON_LEADER mode. State: All replicated index: 0, Majority replicated index: 0, Committed index: 0, Last appended: 0.0, Last appended by leader: 0, Current term: 0, Majority size: -1, State: 0, Mode: NON_LEADER, active raft config: opid_index: -1 OBSOLETE_local: false peers { permanent_uuid: "01201f1803014477853fb0fbdeb5c954" member_type: VOTER last_known_addr { host: "127.27.173.254" port: 39797 } } peers { permanent_uuid: "c425500c88b44f5c9537c484101cc681" member_type: VOTER last_known_addr { host: "127.27.173.253" port: 45323 } } peers { permanent_uuid: "9a4beca5240147a7a427e45c893410c7" member_type: VOTER last_known_addr { host: "127.27.173.252" port: 46755 } }
I20260601 13:30:13.388522 28573 sys_catalog.cc:455] T 00000000000000000000000000000000 P c425500c88b44f5c9537c484101cc681 [sys.catalog]: SysCatalogTable state changed. Reason: RaftConsensus started. Latest consensus state: current_term: 0 committed_config { opid_index: -1 OBSOLETE_local: false peers { permanent_uuid: "01201f1803014477853fb0fbdeb5c954" member_type: VOTER last_known_addr { host: "127.27.173.254" port: 39797 } } peers { permanent_uuid: "c425500c88b44f5c9537c484101cc681" member_type: VOTER last_known_addr { host: "127.27.173.253" port: 45323 } } peers { permanent_uuid: "9a4beca5240147a7a427e45c893410c7" member_type: VOTER last_known_addr { host: "127.27.173.252" port: 46755 } } }
I20260601 13:30:13.388657 28573 sys_catalog.cc:458] T 00000000000000000000000000000000 P c425500c88b44f5c9537c484101cc681 [sys.catalog]: This master's current role is: FOLLOWER
I20260601 13:30:13.388808 28474 sys_catalog.cc:565] T 00000000000000000000000000000000 P c425500c88b44f5c9537c484101cc681 [sys.catalog]: configured and running, proceeding with master startup.
I20260601 13:30:13.391372 28343 internal_mini_cluster.cc:184] Waiting to initialize catalog manager on master 2
W20260601 13:30:13.392184 28584 catalog_manager.cc:1593] T 00000000000000000000000000000000 P c425500c88b44f5c9537c484101cc681: loading cluster ID for follower catalog manager: Not found: cluster ID entry not found
I20260601 13:30:13.392241 28343 file_cache.cc:492] Constructed file cache file cache with capacity 419430
W20260601 13:30:13.392268 28584 catalog_manager.cc:883] Not found: cluster ID entry not found: failed to prepare follower catalog manager, will retry
W20260601 13:30:13.395471 28585 instance_detector.cc:116] could not retrieve AWS instance metadata: Network error: curl error: HTTP response code said error: The requested URL returned error: 404
W20260601 13:30:13.395498 28586 instance_detector.cc:116] could not retrieve Azure instance metadata: Network error: curl error: HTTP response code said error: The requested URL returned error: 404
W20260601 13:30:13.395915 28588 instance_detector.cc:116] could not retrieve OpenStack instance metadata: Network error: curl error: HTTP response code said error: The requested URL returned error: 404
I20260601 13:30:13.397354 28343 server_base.cc:1061] running on GCE node
I20260601 13:30:13.397660 28343 hybrid_clock.cc:584] initializing the hybrid clock with 'system_unsync' time source
W20260601 13:30:13.397702 28343 system_unsync_time.cc:38] NTP support is disabled. Clock error bounds will not be accurate. This configuration is not suitable for distributed clusters.
I20260601 13:30:13.397725 28343 hybrid_clock.cc:648] HybridClock initialized: now 1780320613397725 us; error 0 us; skew 500 ppm
I20260601 13:30:13.399021 28343 webserver.cc:533] Webserver started at http://127.27.173.193:33233/ using document root <none> and password file <none>
I20260601 13:30:13.399209 28343 fs_manager.cc:362] Metadata directory not provided
I20260601 13:30:13.399268 28343 fs_manager.cc:368] Using write-ahead log directory (fs_wal_dir) as metadata directory
I20260601 13:30:13.399361 28343 server_base.cc:909] This appears to be a new deployment of Kudu; creating new FS layout
I20260601 13:30:13.399894 28343 fs_manager.cc:1068] Generated new instance metadata in path /tmp/dist-test-taskxCvYAr/test-tmp/auto_rebalancer-test.0.AutoRebalancerTest.OnlyLeaderDoesAutoRebalancing.1780320613216019-28343-0/minicluster-data/ts-0-root/instance:
uuid: "6cbbee97f87646e6a900926c67121fb5"
format_stamp: "Formatted at 2026-06-01 13:30:13 on dist-test-slave-rcln"
I20260601 13:30:13.402070 28343 fs_manager.cc:696] Time spent creating directory manager: real 0.002s	user 0.000s	sys 0.002s
I20260601 13:30:13.403537 28593 log_block_manager.cc:4031] Time spent loading block containers with low live blocks: real 0.000s	user 0.000s	sys 0.000s
I20260601 13:30:13.404052 28343 fs_manager.cc:730] Time spent opening block manager: real 0.001s	user 0.000s	sys 0.002s
I20260601 13:30:13.404155 28343 fs_manager.cc:647] Opened local filesystem: /tmp/dist-test-taskxCvYAr/test-tmp/auto_rebalancer-test.0.AutoRebalancerTest.OnlyLeaderDoesAutoRebalancing.1780320613216019-28343-0/minicluster-data/ts-0-root
uuid: "6cbbee97f87646e6a900926c67121fb5"
format_stamp: "Formatted at 2026-06-01 13:30:13 on dist-test-slave-rcln"
I20260601 13:30:13.404234 28343 fs_report.cc:389] FS layout report
--------------------
wal directory: /tmp/dist-test-taskxCvYAr/test-tmp/auto_rebalancer-test.0.AutoRebalancerTest.OnlyLeaderDoesAutoRebalancing.1780320613216019-28343-0/minicluster-data/ts-0-root
metadata directory: /tmp/dist-test-taskxCvYAr/test-tmp/auto_rebalancer-test.0.AutoRebalancerTest.OnlyLeaderDoesAutoRebalancing.1780320613216019-28343-0/minicluster-data/ts-0-root
1 data directories: /tmp/dist-test-taskxCvYAr/test-tmp/auto_rebalancer-test.0.AutoRebalancerTest.OnlyLeaderDoesAutoRebalancing.1780320613216019-28343-0/minicluster-data/ts-0-root/data
Total live blocks: 0
Total live bytes: 0
Total live bytes (after alignment): 0
Total number of LBM containers: 0 (0 full)
Did not check for missing blocks
Did not check for orphaned blocks
Total full LBM containers with extra space: 0 (0 repaired)
Total full LBM container extra space in bytes: 0 (0 repaired)
Total incomplete LBM containers: 0 (0 repaired)
Total LBM partial records: 0 (0 repaired)
Total corrupted LBM metadata records in RocksDB: 0 (0 repaired)
I20260601 13:30:13.429121 28546 raft_consensus.cc:493] T 00000000000000000000000000000000 P 9a4beca5240147a7a427e45c893410c7 [term 0 FOLLOWER]: Starting pre-election (no leader contacted us within the election timeout)
I20260601 13:30:13.429526 28546 raft_consensus.cc:515] T 00000000000000000000000000000000 P 9a4beca5240147a7a427e45c893410c7 [term 0 FOLLOWER]: Starting pre-election with config: opid_index: -1 OBSOLETE_local: false peers { permanent_uuid: "01201f1803014477853fb0fbdeb5c954" member_type: VOTER last_known_addr { host: "127.27.173.254" port: 39797 } } peers { permanent_uuid: "c425500c88b44f5c9537c484101cc681" member_type: VOTER last_known_addr { host: "127.27.173.253" port: 45323 } } peers { permanent_uuid: "9a4beca5240147a7a427e45c893410c7" member_type: VOTER last_known_addr { host: "127.27.173.252" port: 46755 } }
I20260601 13:30:13.430904 28546 leader_election.cc:290] T 00000000000000000000000000000000 P 9a4beca5240147a7a427e45c893410c7 [CANDIDATE]: Term 1 pre-election: Requested pre-vote from peers 01201f1803014477853fb0fbdeb5c954 (127.27.173.254:39797), c425500c88b44f5c9537c484101cc681 (127.27.173.253:45323)
I20260601 13:30:13.431668 28448 tablet_service.cc:1917] Received RequestConsensusVote() RPC: tablet_id: "00000000000000000000000000000000" candidate_uuid: "9a4beca5240147a7a427e45c893410c7" candidate_term: 1 candidate_status { last_received { term: 0 index: 0 } } ignore_live_leader: false dest_uuid: "c425500c88b44f5c9537c484101cc681" is_pre_election: true
I20260601 13:30:13.431675 28383 tablet_service.cc:1917] Received RequestConsensusVote() RPC: tablet_id: "00000000000000000000000000000000" candidate_uuid: "9a4beca5240147a7a427e45c893410c7" candidate_term: 1 candidate_status { last_received { term: 0 index: 0 } } ignore_live_leader: false dest_uuid: "01201f1803014477853fb0fbdeb5c954" is_pre_election: true
I20260601 13:30:13.431970 28448 raft_consensus.cc:2468] T 00000000000000000000000000000000 P c425500c88b44f5c9537c484101cc681 [term 0 FOLLOWER]: Leader pre-election vote request: Granting yes vote for candidate 9a4beca5240147a7a427e45c893410c7 in term 0.
I20260601 13:30:13.432003 28383 raft_consensus.cc:2468] T 00000000000000000000000000000000 P 01201f1803014477853fb0fbdeb5c954 [term 0 FOLLOWER]: Leader pre-election vote request: Granting yes vote for candidate 9a4beca5240147a7a427e45c893410c7 in term 0.
I20260601 13:30:13.432503 28489 leader_election.cc:304] T 00000000000000000000000000000000 P 9a4beca5240147a7a427e45c893410c7 [CANDIDATE]: Term 1 pre-election: Election decided. Result: candidate won. Election summary: received 3 responses out of 3 voters: 3 yes votes; 0 no votes. yes voters: 01201f1803014477853fb0fbdeb5c954, 9a4beca5240147a7a427e45c893410c7, c425500c88b44f5c9537c484101cc681; no voters: 
I20260601 13:30:13.432832 28546 raft_consensus.cc:2804] T 00000000000000000000000000000000 P 9a4beca5240147a7a427e45c893410c7 [term 0 FOLLOWER]: Leader pre-election won for term 1
I20260601 13:30:13.432914 28546 raft_consensus.cc:493] T 00000000000000000000000000000000 P 9a4beca5240147a7a427e45c893410c7 [term 0 FOLLOWER]: Starting leader election (no leader contacted us within the election timeout)
I20260601 13:30:13.432957 28546 raft_consensus.cc:3060] T 00000000000000000000000000000000 P 9a4beca5240147a7a427e45c893410c7 [term 0 FOLLOWER]: Advancing to term 1
I20260601 13:30:13.434267 28546 raft_consensus.cc:515] T 00000000000000000000000000000000 P 9a4beca5240147a7a427e45c893410c7 [term 1 FOLLOWER]: Starting leader election with config: opid_index: -1 OBSOLETE_local: false peers { permanent_uuid: "01201f1803014477853fb0fbdeb5c954" member_type: VOTER last_known_addr { host: "127.27.173.254" port: 39797 } } peers { permanent_uuid: "c425500c88b44f5c9537c484101cc681" member_type: VOTER last_known_addr { host: "127.27.173.253" port: 45323 } } peers { permanent_uuid: "9a4beca5240147a7a427e45c893410c7" member_type: VOTER last_known_addr { host: "127.27.173.252" port: 46755 } }
I20260601 13:30:13.434863 28546 leader_election.cc:290] T 00000000000000000000000000000000 P 9a4beca5240147a7a427e45c893410c7 [CANDIDATE]: Term 1 election: Requested vote from peers 01201f1803014477853fb0fbdeb5c954 (127.27.173.254:39797), c425500c88b44f5c9537c484101cc681 (127.27.173.253:45323)
I20260601 13:30:13.435163 28448 tablet_service.cc:1917] Received RequestConsensusVote() RPC: tablet_id: "00000000000000000000000000000000" candidate_uuid: "9a4beca5240147a7a427e45c893410c7" candidate_term: 1 candidate_status { last_received { term: 0 index: 0 } } ignore_live_leader: false dest_uuid: "c425500c88b44f5c9537c484101cc681"
I20260601 13:30:13.435268 28448 raft_consensus.cc:3060] T 00000000000000000000000000000000 P c425500c88b44f5c9537c484101cc681 [term 0 FOLLOWER]: Advancing to term 1
I20260601 13:30:13.436403 28448 raft_consensus.cc:2468] T 00000000000000000000000000000000 P c425500c88b44f5c9537c484101cc681 [term 1 FOLLOWER]: Leader election vote request: Granting yes vote for candidate 9a4beca5240147a7a427e45c893410c7 in term 1.
I20260601 13:30:13.436764 28343 rpc_server.cc:225] running with OpenSSL 1.1.1  11 Sep 2018
I20260601 13:30:13.436839 28491 leader_election.cc:304] T 00000000000000000000000000000000 P 9a4beca5240147a7a427e45c893410c7 [CANDIDATE]: Term 1 election: Election decided. Result: candidate won. Election summary: received 2 responses out of 3 voters: 2 yes votes; 0 no votes. yes voters: 9a4beca5240147a7a427e45c893410c7, c425500c88b44f5c9537c484101cc681; no voters: 
I20260601 13:30:13.437207 28383 tablet_service.cc:1917] Received RequestConsensusVote() RPC: tablet_id: "00000000000000000000000000000000" candidate_uuid: "9a4beca5240147a7a427e45c893410c7" candidate_term: 1 candidate_status { last_received { term: 0 index: 0 } } ignore_live_leader: false dest_uuid: "01201f1803014477853fb0fbdeb5c954"
I20260601 13:30:13.437304 28343 kserver.cc:163] Server-wide thread pool size limit: 3276
I20260601 13:30:13.437353 28383 raft_consensus.cc:3060] T 00000000000000000000000000000000 P 01201f1803014477853fb0fbdeb5c954 [term 0 FOLLOWER]: Advancing to term 1
I20260601 13:30:13.437867 28343 txn_system_client.cc:432] TxnSystemClient initialization is disabled...
I20260601 13:30:13.437877 28546 raft_consensus.cc:2804] T 00000000000000000000000000000000 P 9a4beca5240147a7a427e45c893410c7 [term 1 FOLLOWER]: Leader election won for term 1
I20260601 13:30:13.438223 28546 raft_consensus.cc:697] T 00000000000000000000000000000000 P 9a4beca5240147a7a427e45c893410c7 [term 1 LEADER]: Becoming Leader. State: Replica: 9a4beca5240147a7a427e45c893410c7, State: Running, Role: LEADER
I20260601 13:30:13.438660 28383 raft_consensus.cc:2468] T 00000000000000000000000000000000 P 01201f1803014477853fb0fbdeb5c954 [term 1 FOLLOWER]: Leader election vote request: Granting yes vote for candidate 9a4beca5240147a7a427e45c893410c7 in term 1.
I20260601 13:30:13.438807 28546 consensus_queue.cc:237] T 00000000000000000000000000000000 P 9a4beca5240147a7a427e45c893410c7 [LEADER]: Queue going to LEADER mode. State: All replicated index: 0, Majority replicated index: 0, Committed index: 0, Last appended: 0.0, Last appended by leader: 0, Current term: 1, Majority size: 2, State: 0, Mode: LEADER, active raft config: opid_index: -1 OBSOLETE_local: false peers { permanent_uuid: "01201f1803014477853fb0fbdeb5c954" member_type: VOTER last_known_addr { host: "127.27.173.254" port: 39797 } } peers { permanent_uuid: "c425500c88b44f5c9537c484101cc681" member_type: VOTER last_known_addr { host: "127.27.173.253" port: 45323 } } peers { permanent_uuid: "9a4beca5240147a7a427e45c893410c7" member_type: VOTER last_known_addr { host: "127.27.173.252" port: 46755 } }
I20260601 13:30:13.439294 28343 ts_tablet_manager.cc:585] Loaded tablet metadata (0 total tablets, 0 live tablets)
I20260601 13:30:13.439357 28343 ts_tablet_manager.cc:531] Time spent load tablet metadata: real 0.000s	user 0.000s	sys 0.000s
I20260601 13:30:13.439425 28343 ts_tablet_manager.cc:616] Registered 0 tablets
I20260601 13:30:13.439458 28343 ts_tablet_manager.cc:595] Time spent register tablets: real 0.000s	user 0.000s	sys 0.000s
I20260601 13:30:13.441793 28599 sys_catalog.cc:455] T 00000000000000000000000000000000 P 9a4beca5240147a7a427e45c893410c7 [sys.catalog]: SysCatalogTable state changed. Reason: New leader 9a4beca5240147a7a427e45c893410c7. Latest consensus state: current_term: 1 leader_uuid: "9a4beca5240147a7a427e45c893410c7" committed_config { opid_index: -1 OBSOLETE_local: false peers { permanent_uuid: "01201f1803014477853fb0fbdeb5c954" member_type: VOTER last_known_addr { host: "127.27.173.254" port: 39797 } } peers { permanent_uuid: "c425500c88b44f5c9537c484101cc681" member_type: VOTER last_known_addr { host: "127.27.173.253" port: 45323 } } peers { permanent_uuid: "9a4beca5240147a7a427e45c893410c7" member_type: VOTER last_known_addr { host: "127.27.173.252" port: 46755 } } }
I20260601 13:30:13.441964 28599 sys_catalog.cc:458] T 00000000000000000000000000000000 P 9a4beca5240147a7a427e45c893410c7 [sys.catalog]: This master's current role is: LEADER
I20260601 13:30:13.442672 28604 catalog_manager.cc:1510] Loading table and tablet metadata into memory...
I20260601 13:30:13.444291 28604 catalog_manager.cc:1519] Initializing Kudu cluster ID...
I20260601 13:30:13.447820 28343 rpc_server.cc:307] RPC server started. Bound to: 127.27.173.193:45993
I20260601 13:30:13.447868 28659 acceptor_pool.cc:272] collecting diagnostics on the listening RPC socket 127.27.173.193:45993 every 8 connection(s)
I20260601 13:30:13.449285 28343 file_cache.cc:492] Constructed file cache file cache with capacity 419430
I20260601 13:30:13.452368 28448 raft_consensus.cc:1275] T 00000000000000000000000000000000 P c425500c88b44f5c9537c484101cc681 [term 1 FOLLOWER]: Refusing update from remote peer 9a4beca5240147a7a427e45c893410c7: Log matching property violated. Preceding OpId in replica: term: 0 index: 0. Preceding OpId from leader: term: 1 index: 2. (index mismatch)
I20260601 13:30:13.452369 28383 raft_consensus.cc:1275] T 00000000000000000000000000000000 P 01201f1803014477853fb0fbdeb5c954 [term 1 FOLLOWER]: Refusing update from remote peer 9a4beca5240147a7a427e45c893410c7: Log matching property violated. Preceding OpId in replica: term: 0 index: 0. Preceding OpId from leader: term: 1 index: 2. (index mismatch)
I20260601 13:30:13.453336 28546 consensus_queue.cc:1048] T 00000000000000000000000000000000 P 9a4beca5240147a7a427e45c893410c7 [LEADER]: Connected to new peer: Peer: permanent_uuid: "01201f1803014477853fb0fbdeb5c954" member_type: VOTER last_known_addr { host: "127.27.173.254" port: 39797 }, Status: LMP_MISMATCH, Last received: 0.0, Next index: 1, Last known committed idx: 0, Time since last communication: 0.000s
I20260601 13:30:13.454384 28599 consensus_queue.cc:1048] T 00000000000000000000000000000000 P 9a4beca5240147a7a427e45c893410c7 [LEADER]: Connected to new peer: Peer: permanent_uuid: "c425500c88b44f5c9537c484101cc681" member_type: VOTER last_known_addr { host: "127.27.173.253" port: 45323 }, Status: LMP_MISMATCH, Last received: 0.0, Next index: 1, Last known committed idx: 0, Time since last communication: 0.000s
I20260601 13:30:13.456579 28560 sys_catalog.cc:455] T 00000000000000000000000000000000 P 01201f1803014477853fb0fbdeb5c954 [sys.catalog]: SysCatalogTable state changed. Reason: New leader 9a4beca5240147a7a427e45c893410c7. Latest consensus state: current_term: 1 leader_uuid: "9a4beca5240147a7a427e45c893410c7" committed_config { opid_index: -1 OBSOLETE_local: false peers { permanent_uuid: "01201f1803014477853fb0fbdeb5c954" member_type: VOTER last_known_addr { host: "127.27.173.254" port: 39797 } } peers { permanent_uuid: "c425500c88b44f5c9537c484101cc681" member_type: VOTER last_known_addr { host: "127.27.173.253" port: 45323 } } peers { permanent_uuid: "9a4beca5240147a7a427e45c893410c7" member_type: VOTER last_known_addr { host: "127.27.173.252" port: 46755 } } }
I20260601 13:30:13.456779 28560 sys_catalog.cc:458] T 00000000000000000000000000000000 P 01201f1803014477853fb0fbdeb5c954 [sys.catalog]: This master's current role is: FOLLOWER
I20260601 13:30:13.457000 28573 sys_catalog.cc:455] T 00000000000000000000000000000000 P c425500c88b44f5c9537c484101cc681 [sys.catalog]: SysCatalogTable state changed. Reason: New leader 9a4beca5240147a7a427e45c893410c7. Latest consensus state: current_term: 1 leader_uuid: "9a4beca5240147a7a427e45c893410c7" committed_config { opid_index: -1 OBSOLETE_local: false peers { permanent_uuid: "01201f1803014477853fb0fbdeb5c954" member_type: VOTER last_known_addr { host: "127.27.173.254" port: 39797 } } peers { permanent_uuid: "c425500c88b44f5c9537c484101cc681" member_type: VOTER last_known_addr { host: "127.27.173.253" port: 45323 } } peers { permanent_uuid: "9a4beca5240147a7a427e45c893410c7" member_type: VOTER last_known_addr { host: "127.27.173.252" port: 46755 } } }
I20260601 13:30:13.457095 28573 sys_catalog.cc:458] T 00000000000000000000000000000000 P c425500c88b44f5c9537c484101cc681 [sys.catalog]: This master's current role is: FOLLOWER
W20260601 13:30:13.458391 28669 instance_detector.cc:116] could not retrieve OpenStack instance metadata: Network error: curl error: HTTP response code said error: The requested URL returned error: 404
W20260601 13:30:13.458539 28667 instance_detector.cc:116] could not retrieve Azure instance metadata: Network error: curl error: HTTP response code said error: The requested URL returned error: 404
W20260601 13:30:13.458791 28666 instance_detector.cc:116] could not retrieve AWS instance metadata: Network error: curl error: HTTP response code said error: The requested URL returned error: 404
I20260601 13:30:13.459661 28661 heartbeater.cc:344] Connected to a master server at 127.27.173.252:46755
I20260601 13:30:13.459836 28661 heartbeater.cc:461] Registering TS with master...
I20260601 13:30:13.461338 28662 heartbeater.cc:344] Connected to a master server at 127.27.173.254:39797
I20260601 13:30:13.461469 28662 heartbeater.cc:461] Registering TS with master...
I20260601 13:30:13.461791 28662 heartbeater.cc:507] Master 127.27.173.254:39797 requested a full tablet report, sending...
I20260601 13:30:13.462563 28599 sys_catalog.cc:455] T 00000000000000000000000000000000 P 9a4beca5240147a7a427e45c893410c7 [sys.catalog]: SysCatalogTable state changed. Reason: Peer health change. Latest consensus state: current_term: 1 leader_uuid: "9a4beca5240147a7a427e45c893410c7" committed_config { opid_index: -1 OBSOLETE_local: false peers { permanent_uuid: "01201f1803014477853fb0fbdeb5c954" member_type: VOTER last_known_addr { host: "127.27.173.254" port: 39797 } } peers { permanent_uuid: "c425500c88b44f5c9537c484101cc681" member_type: VOTER last_known_addr { host: "127.27.173.253" port: 45323 } } peers { permanent_uuid: "9a4beca5240147a7a427e45c893410c7" member_type: VOTER last_known_addr { host: "127.27.173.252" port: 46755 } } }
I20260601 13:30:13.462729 28599 sys_catalog.cc:458] T 00000000000000000000000000000000 P 9a4beca5240147a7a427e45c893410c7 [sys.catalog]: This master's current role is: LEADER
I20260601 13:30:13.462950 28660 mvcc.cc:204] Tried to move back new op lower bound from 7292193232690708480 to 7292193232649900032. Current Snapshot: MvccSnapshot[applied={T|T < 7292193232690708480}]
I20260601 13:30:13.463464 28373 ts_manager.cc:194] Registered new tserver with Master: 6cbbee97f87646e6a900926c67121fb5 (127.27.173.193:45993)
I20260601 13:30:13.463907 28546 sys_catalog.cc:455] T 00000000000000000000000000000000 P 9a4beca5240147a7a427e45c893410c7 [sys.catalog]: SysCatalogTable state changed. Reason: Peer health change. Latest consensus state: current_term: 1 leader_uuid: "9a4beca5240147a7a427e45c893410c7" committed_config { opid_index: -1 OBSOLETE_local: false peers { permanent_uuid: "01201f1803014477853fb0fbdeb5c954" member_type: VOTER last_known_addr { host: "127.27.173.254" port: 39797 } } peers { permanent_uuid: "c425500c88b44f5c9537c484101cc681" member_type: VOTER last_known_addr { host: "127.27.173.253" port: 45323 } } peers { permanent_uuid: "9a4beca5240147a7a427e45c893410c7" member_type: VOTER last_known_addr { host: "127.27.173.252" port: 46755 } } }
I20260601 13:30:13.464030 28546 sys_catalog.cc:458] T 00000000000000000000000000000000 P 9a4beca5240147a7a427e45c893410c7 [sys.catalog]: This master's current role is: LEADER
