I20260601 13:31:56.582334   358 tablet_service.cc:1511] Processing CreateTablet for tablet 0e45af0c4a464bbfb359884073ab6059 (DEFAULT_TABLE table=test-workload [id=cb17aedcb8ae47d788e6b96e6d51b25b]), partition=RANGE (key) PARTITION 178956970 <= VALUES < 357913940
I20260601 13:31:56.582595 32745 tablet_service.cc:1511] Processing CreateTablet for tablet 47a718eaca5040838313b6c9d14f7053 (DEFAULT_TABLE table=test-workload [id=cb17aedcb8ae47d788e6b96e6d51b25b]), partition=RANGE (key) PARTITION 1073741820 <= VALUES < 1252698790
I20260601 13:31:56.582635 32749 tablet_service.cc:1511] Processing CreateTablet for tablet 6d953cae8a14456ebbe5299d04aac10d (DEFAULT_TABLE table=test-workload [id=cb17aedcb8ae47d788e6b96e6d51b25b]), partition=RANGE (key) PARTITION 357913940 <= VALUES < 536870910
I20260601 13:31:56.582013 32747 tablet_service.cc:1511] Processing CreateTablet for tablet ede48d0fdfb548ab8863b253e5285c39 (DEFAULT_TABLE table=test-workload [id=cb17aedcb8ae47d788e6b96e6d51b25b]), partition=RANGE (key) PARTITION 715827880 <= VALUES < 894784850
I20260601 13:31:56.582800   357 tablet_service.cc:1511] Processing CreateTablet for tablet 6d953cae8a14456ebbe5299d04aac10d (DEFAULT_TABLE table=test-workload [id=cb17aedcb8ae47d788e6b96e6d51b25b]), partition=RANGE (key) PARTITION 357913940 <= VALUES < 536870910
I20260601 13:31:56.582190   355 data_dirs.cc:400] Could only allocate 1 dirs of requested 3 for tablet ede48d0fdfb548ab8863b253e5285c39. 1 dirs total, 0 dirs full, 0 dirs failed
I20260601 13:31:56.583052 32750 tablet_service.cc:1511] Processing CreateTablet for tablet 0e45af0c4a464bbfb359884073ab6059 (DEFAULT_TABLE table=test-workload [id=cb17aedcb8ae47d788e6b96e6d51b25b]), partition=RANGE (key) PARTITION 178956970 <= VALUES < 357913940
I20260601 13:31:56.583185   357 data_dirs.cc:400] Could only allocate 1 dirs of requested 3 for tablet 6d953cae8a14456ebbe5299d04aac10d. 1 dirs total, 0 dirs full, 0 dirs failed
I20260601 13:31:56.583217   356 tablet_service.cc:1511] Processing CreateTablet for tablet a4970b096f624abb9f1e49bafcd9b4e2 (DEFAULT_TABLE table=test-workload [id=cb17aedcb8ae47d788e6b96e6d51b25b]), partition=RANGE (key) PARTITION 536870910 <= VALUES < 715827880
I20260601 13:31:56.583437   356 data_dirs.cc:400] Could only allocate 1 dirs of requested 3 for tablet a4970b096f624abb9f1e49bafcd9b4e2. 1 dirs total, 0 dirs full, 0 dirs failed
I20260601 13:31:56.583438 32751 tablet_service.cc:1511] Processing CreateTablet for tablet 75925a2ab1f64e908c45995589decead (DEFAULT_TABLE table=test-workload [id=cb17aedcb8ae47d788e6b96e6d51b25b]), partition=RANGE (key) PARTITION VALUES < 178956970
I20260601 13:31:56.582412 32748 data_dirs.cc:400] Could only allocate 1 dirs of requested 3 for tablet a4970b096f624abb9f1e49bafcd9b4e2. 1 dirs total, 0 dirs full, 0 dirs failed
I20260601 13:31:56.585037 32749 data_dirs.cc:400] Could only allocate 1 dirs of requested 3 for tablet 6d953cae8a14456ebbe5299d04aac10d. 1 dirs total, 0 dirs full, 0 dirs failed
I20260601 13:31:56.586047 32747 data_dirs.cc:400] Could only allocate 1 dirs of requested 3 for tablet ede48d0fdfb548ab8863b253e5285c39. 1 dirs total, 0 dirs full, 0 dirs failed
I20260601 13:31:56.586303   354 tablet_service.cc:1511] Processing CreateTablet for tablet 830c2520d27f4279ae3142e5cba748f4 (DEFAULT_TABLE table=test-workload [id=cb17aedcb8ae47d788e6b96e6d51b25b]), partition=RANGE (key) PARTITION 894784850 <= VALUES < 1073741820
I20260601 13:31:56.586555   354 data_dirs.cc:400] Could only allocate 1 dirs of requested 3 for tablet 830c2520d27f4279ae3142e5cba748f4. 1 dirs total, 0 dirs full, 0 dirs failed
I20260601 13:31:56.587559 32750 data_dirs.cc:400] Could only allocate 1 dirs of requested 3 for tablet 0e45af0c4a464bbfb359884073ab6059. 1 dirs total, 0 dirs full, 0 dirs failed
I20260601 13:31:56.588366 32746 data_dirs.cc:400] Could only allocate 1 dirs of requested 3 for tablet 830c2520d27f4279ae3142e5cba748f4. 1 dirs total, 0 dirs full, 0 dirs failed
I20260601 13:31:56.588938   358 data_dirs.cc:400] Could only allocate 1 dirs of requested 3 for tablet 0e45af0c4a464bbfb359884073ab6059. 1 dirs total, 0 dirs full, 0 dirs failed
I20260601 13:31:56.589848 32751 data_dirs.cc:400] Could only allocate 1 dirs of requested 3 for tablet 75925a2ab1f64e908c45995589decead. 1 dirs total, 0 dirs full, 0 dirs failed
I20260601 13:31:56.590565 32745 data_dirs.cc:400] Could only allocate 1 dirs of requested 3 for tablet 47a718eaca5040838313b6c9d14f7053. 1 dirs total, 0 dirs full, 0 dirs failed
I20260601 13:31:56.591101   359 data_dirs.cc:400] Could only allocate 1 dirs of requested 3 for tablet 75925a2ab1f64e908c45995589decead. 1 dirs total, 0 dirs full, 0 dirs failed
I20260601 13:31:56.593809   493 tablet_bootstrap.cc:492] T a4970b096f624abb9f1e49bafcd9b4e2 P 7cd0804f32ef4897a67297528dbde72b: Bootstrap starting.
I20260601 13:31:56.593986   434 tablet_service.cc:1511] Processing CreateTablet for tablet 75925a2ab1f64e908c45995589decead (DEFAULT_TABLE table=test-workload [id=cb17aedcb8ae47d788e6b96e6d51b25b]), partition=RANGE (key) PARTITION VALUES < 178956970
I20260601 13:31:56.594142   431 tablet_service.cc:1511] Processing CreateTablet for tablet a4970b096f624abb9f1e49bafcd9b4e2 (DEFAULT_TABLE table=test-workload [id=cb17aedcb8ae47d788e6b96e6d51b25b]), partition=RANGE (key) PARTITION 536870910 <= VALUES < 715827880
I20260601 13:31:56.594305   434 data_dirs.cc:400] Could only allocate 1 dirs of requested 3 for tablet 75925a2ab1f64e908c45995589decead. 1 dirs total, 0 dirs full, 0 dirs failed
I20260601 13:31:56.594409   431 data_dirs.cc:400] Could only allocate 1 dirs of requested 3 for tablet a4970b096f624abb9f1e49bafcd9b4e2. 1 dirs total, 0 dirs full, 0 dirs failed
I20260601 13:31:56.595036 32745 tablet_service.cc:1511] Processing CreateTablet for tablet 6e8beafef5ce4926a7b0db146c4b35ce (DEFAULT_TABLE table=test-workload [id=cb17aedcb8ae47d788e6b96e6d51b25b]), partition=RANGE (key) PARTITION 1252698790 <= VALUES < 1431655760
I20260601 13:31:56.595307 32745 data_dirs.cc:400] Could only allocate 1 dirs of requested 3 for tablet 6e8beafef5ce4926a7b0db146c4b35ce. 1 dirs total, 0 dirs full, 0 dirs failed
I20260601 13:31:56.596752   429 tablet_service.cc:1511] Processing CreateTablet for tablet 830c2520d27f4279ae3142e5cba748f4 (DEFAULT_TABLE table=test-workload [id=cb17aedcb8ae47d788e6b96e6d51b25b]), partition=RANGE (key) PARTITION 894784850 <= VALUES < 1073741820
I20260601 13:31:56.597043   429 data_dirs.cc:400] Could only allocate 1 dirs of requested 3 for tablet 830c2520d27f4279ae3142e5cba748f4. 1 dirs total, 0 dirs full, 0 dirs failed
I20260601 13:31:56.597033   433 tablet_service.cc:1511] Processing CreateTablet for tablet 0e45af0c4a464bbfb359884073ab6059 (DEFAULT_TABLE table=test-workload [id=cb17aedcb8ae47d788e6b96e6d51b25b]), partition=RANGE (key) PARTITION 178956970 <= VALUES < 357913940
I20260601 13:31:56.597265   433 data_dirs.cc:400] Could only allocate 1 dirs of requested 3 for tablet 0e45af0c4a464bbfb359884073ab6059. 1 dirs total, 0 dirs full, 0 dirs failed
I20260601 13:31:56.597921 32745 tablet_service.cc:1511] Processing CreateTablet for tablet b78fe2a4c3f441a48f2cf574e3a59d90 (DEFAULT_TABLE table=test-workload [id=cb17aedcb8ae47d788e6b96e6d51b25b]), partition=RANGE (key) PARTITION 1431655760 <= VALUES < 1610612730
I20260601 13:31:56.598063 32751 tablet_service.cc:1511] Processing CreateTablet for tablet 8848ab94e66b484f8f3632a98ee9b987 (DEFAULT_TABLE table=test-workload [id=cb17aedcb8ae47d788e6b96e6d51b25b]), partition=RANGE (key) PARTITION 1610612730 <= VALUES < 1789569700
I20260601 13:31:56.598157 32745 data_dirs.cc:400] Could only allocate 1 dirs of requested 3 for tablet b78fe2a4c3f441a48f2cf574e3a59d90. 1 dirs total, 0 dirs full, 0 dirs failed
I20260601 13:31:56.598258 32751 data_dirs.cc:400] Could only allocate 1 dirs of requested 3 for tablet 8848ab94e66b484f8f3632a98ee9b987. 1 dirs total, 0 dirs full, 0 dirs failed
I20260601 13:31:56.599396   432 tablet_service.cc:1511] Processing CreateTablet for tablet 6d953cae8a14456ebbe5299d04aac10d (DEFAULT_TABLE table=test-workload [id=cb17aedcb8ae47d788e6b96e6d51b25b]), partition=RANGE (key) PARTITION 357913940 <= VALUES < 536870910
I20260601 13:31:56.599647   432 data_dirs.cc:400] Could only allocate 1 dirs of requested 3 for tablet 6d953cae8a14456ebbe5299d04aac10d. 1 dirs total, 0 dirs full, 0 dirs failed
I20260601 13:31:56.600104 32746 tablet_service.cc:1511] Processing CreateTablet for tablet a09e6b4f86da46d491962987903515d4 (DEFAULT_TABLE table=test-workload [id=cb17aedcb8ae47d788e6b96e6d51b25b]), partition=RANGE (key) PARTITION 1789569700 <= VALUES < 1968526670
I20260601 13:31:56.600288 32746 data_dirs.cc:400] Could only allocate 1 dirs of requested 3 for tablet a09e6b4f86da46d491962987903515d4. 1 dirs total, 0 dirs full, 0 dirs failed
I20260601 13:31:56.601227 32750 tablet_service.cc:1511] Processing CreateTablet for tablet f0eb9424a49543cb917730ea38a265eb (DEFAULT_TABLE table=test-workload [id=cb17aedcb8ae47d788e6b96e6d51b25b]), partition=RANGE (key) PARTITION 1968526670 <= VALUES
I20260601 13:31:56.601254   430 tablet_service.cc:1511] Processing CreateTablet for tablet ede48d0fdfb548ab8863b253e5285c39 (DEFAULT_TABLE table=test-workload [id=cb17aedcb8ae47d788e6b96e6d51b25b]), partition=RANGE (key) PARTITION 715827880 <= VALUES < 894784850
I20260601 13:31:56.601452 32750 data_dirs.cc:400] Could only allocate 1 dirs of requested 3 for tablet f0eb9424a49543cb917730ea38a265eb. 1 dirs total, 0 dirs full, 0 dirs failed
I20260601 13:31:56.601531   430 data_dirs.cc:400] Could only allocate 1 dirs of requested 3 for tablet ede48d0fdfb548ab8863b253e5285c39. 1 dirs total, 0 dirs full, 0 dirs failed
I20260601 13:31:56.603829   359 tablet_service.cc:1511] Processing CreateTablet for tablet 6e8beafef5ce4926a7b0db146c4b35ce (DEFAULT_TABLE table=test-workload [id=cb17aedcb8ae47d788e6b96e6d51b25b]), partition=RANGE (key) PARTITION 1252698790 <= VALUES < 1431655760
I20260601 13:31:56.603924   358 tablet_service.cc:1511] Processing CreateTablet for tablet b78fe2a4c3f441a48f2cf574e3a59d90 (DEFAULT_TABLE table=test-workload [id=cb17aedcb8ae47d788e6b96e6d51b25b]), partition=RANGE (key) PARTITION 1431655760 <= VALUES < 1610612730
I20260601 13:31:56.604071   359 data_dirs.cc:400] Could only allocate 1 dirs of requested 3 for tablet 6e8beafef5ce4926a7b0db146c4b35ce. 1 dirs total, 0 dirs full, 0 dirs failed
I20260601 13:31:56.604044   355 tablet_service.cc:1511] Processing CreateTablet for tablet f0eb9424a49543cb917730ea38a265eb (DEFAULT_TABLE table=test-workload [id=cb17aedcb8ae47d788e6b96e6d51b25b]), partition=RANGE (key) PARTITION 1968526670 <= VALUES
I20260601 13:31:56.604233   358 data_dirs.cc:400] Could only allocate 1 dirs of requested 3 for tablet b78fe2a4c3f441a48f2cf574e3a59d90. 1 dirs total, 0 dirs full, 0 dirs failed
I20260601 13:31:56.604368   355 data_dirs.cc:400] Could only allocate 1 dirs of requested 3 for tablet f0eb9424a49543cb917730ea38a265eb. 1 dirs total, 0 dirs full, 0 dirs failed
I20260601 13:31:56.604447   354 tablet_service.cc:1511] Processing CreateTablet for tablet 8848ab94e66b484f8f3632a98ee9b987 (DEFAULT_TABLE table=test-workload [id=cb17aedcb8ae47d788e6b96e6d51b25b]), partition=RANGE (key) PARTITION 1610612730 <= VALUES < 1789569700
I20260601 13:31:56.604734   354 data_dirs.cc:400] Could only allocate 1 dirs of requested 3 for tablet 8848ab94e66b484f8f3632a98ee9b987. 1 dirs total, 0 dirs full, 0 dirs failed
I20260601 13:31:56.605454   432 tablet_service.cc:1511] Processing CreateTablet for tablet b78fe2a4c3f441a48f2cf574e3a59d90 (DEFAULT_TABLE table=test-workload [id=cb17aedcb8ae47d788e6b96e6d51b25b]), partition=RANGE (key) PARTITION 1431655760 <= VALUES < 1610612730
I20260601 13:31:56.605713   432 data_dirs.cc:400] Could only allocate 1 dirs of requested 3 for tablet b78fe2a4c3f441a48f2cf574e3a59d90. 1 dirs total, 0 dirs full, 0 dirs failed
I20260601 13:31:56.606920   433 tablet_service.cc:1511] Processing CreateTablet for tablet 8848ab94e66b484f8f3632a98ee9b987 (DEFAULT_TABLE table=test-workload [id=cb17aedcb8ae47d788e6b96e6d51b25b]), partition=RANGE (key) PARTITION 1610612730 <= VALUES < 1789569700
I20260601 13:31:56.607161   433 data_dirs.cc:400] Could only allocate 1 dirs of requested 3 for tablet 8848ab94e66b484f8f3632a98ee9b987. 1 dirs total, 0 dirs full, 0 dirs failed
I20260601 13:31:56.607519   356 tablet_service.cc:1511] Processing CreateTablet for tablet a09e6b4f86da46d491962987903515d4 (DEFAULT_TABLE table=test-workload [id=cb17aedcb8ae47d788e6b96e6d51b25b]), partition=RANGE (key) PARTITION 1789569700 <= VALUES < 1968526670
I20260601 13:31:56.607771   356 data_dirs.cc:400] Could only allocate 1 dirs of requested 3 for tablet a09e6b4f86da46d491962987903515d4. 1 dirs total, 0 dirs full, 0 dirs failed
I20260601 13:31:56.607985   431 tablet_service.cc:1511] Processing CreateTablet for tablet 6e8beafef5ce4926a7b0db146c4b35ce (DEFAULT_TABLE table=test-workload [id=cb17aedcb8ae47d788e6b96e6d51b25b]), partition=RANGE (key) PARTITION 1252698790 <= VALUES < 1431655760
I20260601 13:31:56.608219   431 data_dirs.cc:400] Could only allocate 1 dirs of requested 3 for tablet 6e8beafef5ce4926a7b0db146c4b35ce. 1 dirs total, 0 dirs full, 0 dirs failed
I20260601 13:31:56.609629   430 tablet_service.cc:1511] Processing CreateTablet for tablet 47a718eaca5040838313b6c9d14f7053 (DEFAULT_TABLE table=test-workload [id=cb17aedcb8ae47d788e6b96e6d51b25b]), partition=RANGE (key) PARTITION 1073741820 <= VALUES < 1252698790
I20260601 13:31:56.609849   430 data_dirs.cc:400] Could only allocate 1 dirs of requested 3 for tablet 47a718eaca5040838313b6c9d14f7053. 1 dirs total, 0 dirs full, 0 dirs failed
I20260601 13:31:56.610595   357 tablet_service.cc:1511] Processing CreateTablet for tablet 47a718eaca5040838313b6c9d14f7053 (DEFAULT_TABLE table=test-workload [id=cb17aedcb8ae47d788e6b96e6d51b25b]), partition=RANGE (key) PARTITION 1073741820 <= VALUES < 1252698790
I20260601 13:31:56.610831   357 data_dirs.cc:400] Could only allocate 1 dirs of requested 3 for tablet 47a718eaca5040838313b6c9d14f7053. 1 dirs total, 0 dirs full, 0 dirs failed
I20260601 13:31:56.612062   429 tablet_service.cc:1511] Processing CreateTablet for tablet a09e6b4f86da46d491962987903515d4 (DEFAULT_TABLE table=test-workload [id=cb17aedcb8ae47d788e6b96e6d51b25b]), partition=RANGE (key) PARTITION 1789569700 <= VALUES < 1968526670
I20260601 13:31:56.612237   434 tablet_service.cc:1511] Processing CreateTablet for tablet f0eb9424a49543cb917730ea38a265eb (DEFAULT_TABLE table=test-workload [id=cb17aedcb8ae47d788e6b96e6d51b25b]), partition=RANGE (key) PARTITION 1968526670 <= VALUES
I20260601 13:31:56.612313   429 data_dirs.cc:400] Could only allocate 1 dirs of requested 3 for tablet a09e6b4f86da46d491962987903515d4. 1 dirs total, 0 dirs full, 0 dirs failed
I20260601 13:31:56.612462   434 data_dirs.cc:400] Could only allocate 1 dirs of requested 3 for tablet f0eb9424a49543cb917730ea38a265eb. 1 dirs total, 0 dirs full, 0 dirs failed
I20260601 13:31:56.613399   492 tablet_bootstrap.cc:492] T ede48d0fdfb548ab8863b253e5285c39 P 6d8d22e01dc942bd8cadb4640ad37956: Bootstrap starting.
I20260601 13:31:56.613729   493 tablet_bootstrap.cc:654] T a4970b096f624abb9f1e49bafcd9b4e2 P 7cd0804f32ef4897a67297528dbde72b: Neither blocks nor log segments found. Creating new log.
I20260601 13:31:56.614619   492 tablet_bootstrap.cc:654] T ede48d0fdfb548ab8863b253e5285c39 P 6d8d22e01dc942bd8cadb4640ad37956: Neither blocks nor log segments found. Creating new log.
I20260601 13:31:56.614853   494 tablet_bootstrap.cc:492] T 75925a2ab1f64e908c45995589decead P 133bdd6894f541889ef114c7b1e8bb50: Bootstrap starting.
I20260601 13:31:56.615072   493 tablet_bootstrap.cc:492] T a4970b096f624abb9f1e49bafcd9b4e2 P 7cd0804f32ef4897a67297528dbde72b: No bootstrap required, opened a new log
I20260601 13:31:56.615170   493 ts_tablet_manager.cc:1403] T a4970b096f624abb9f1e49bafcd9b4e2 P 7cd0804f32ef4897a67297528dbde72b: Time spent bootstrapping tablet: real 0.021s	user 0.002s	sys 0.000s
I20260601 13:31:56.615688   493 raft_consensus.cc:359] T a4970b096f624abb9f1e49bafcd9b4e2 P 7cd0804f32ef4897a67297528dbde72b [term 0 FOLLOWER]: Replica starting. Triggering 0 pending ops. Active config: opid_index: -1 OBSOLETE_local: false peers { permanent_uuid: "7cd0804f32ef4897a67297528dbde72b" member_type: VOTER last_known_addr { host: "127.27.173.193" port: 36283 } } peers { permanent_uuid: "6d8d22e01dc942bd8cadb4640ad37956" member_type: VOTER last_known_addr { host: "127.27.173.194" port: 37429 } } peers { permanent_uuid: "133bdd6894f541889ef114c7b1e8bb50" member_type: VOTER last_known_addr { host: "127.27.173.195" port: 36271 } }
I20260601 13:31:56.615819   493 raft_consensus.cc:385] T a4970b096f624abb9f1e49bafcd9b4e2 P 7cd0804f32ef4897a67297528dbde72b [term 0 FOLLOWER]: Consensus starting up: Expiring failure detector timer to make a prompt election more likely
I20260601 13:31:56.615854   493 raft_consensus.cc:740] T a4970b096f624abb9f1e49bafcd9b4e2 P 7cd0804f32ef4897a67297528dbde72b [term 0 FOLLOWER]: Becoming Follower/Learner. State: Replica: 7cd0804f32ef4897a67297528dbde72b, State: Initialized, Role: FOLLOWER
I20260601 13:31:56.615947   494 tablet_bootstrap.cc:654] T 75925a2ab1f64e908c45995589decead P 133bdd6894f541889ef114c7b1e8bb50: Neither blocks nor log segments found. Creating new log.
I20260601 13:31:56.615943   492 tablet_bootstrap.cc:492] T ede48d0fdfb548ab8863b253e5285c39 P 6d8d22e01dc942bd8cadb4640ad37956: No bootstrap required, opened a new log
I20260601 13:31:56.615999   493 consensus_queue.cc:260] T a4970b096f624abb9f1e49bafcd9b4e2 P 7cd0804f32ef4897a67297528dbde72b [NON_LEADER]: Queue going to NON_LEADER mode. State: All replicated index: 0, Majority replicated index: 0, Committed index: 0, Last appended: 0.0, Last appended by leader: 0, Current term: 0, Majority size: -1, State: 0, Mode: NON_LEADER, active raft config: opid_index: -1 OBSOLETE_local: false peers { permanent_uuid: "7cd0804f32ef4897a67297528dbde72b" member_type: VOTER last_known_addr { host: "127.27.173.193" port: 36283 } } peers { permanent_uuid: "6d8d22e01dc942bd8cadb4640ad37956" member_type: VOTER last_known_addr { host: "127.27.173.194" port: 37429 } } peers { permanent_uuid: "133bdd6894f541889ef114c7b1e8bb50" member_type: VOTER last_known_addr { host: "127.27.173.195" port: 36271 } }
I20260601 13:31:56.616132   492 ts_tablet_manager.cc:1403] T ede48d0fdfb548ab8863b253e5285c39 P 6d8d22e01dc942bd8cadb4640ad37956: Time spent bootstrapping tablet: real 0.003s	user 0.003s	sys 0.000s
I20260601 13:31:56.616447   493 ts_tablet_manager.cc:1434] T a4970b096f624abb9f1e49bafcd9b4e2 P 7cd0804f32ef4897a67297528dbde72b: Time spent starting tablet: real 0.001s	user 0.002s	sys 0.000s
I20260601 13:31:56.616643   493 tablet_bootstrap.cc:492] T 6d953cae8a14456ebbe5299d04aac10d P 7cd0804f32ef4897a67297528dbde72b: Bootstrap starting.
I20260601 13:31:56.616957   492 raft_consensus.cc:359] T ede48d0fdfb548ab8863b253e5285c39 P 6d8d22e01dc942bd8cadb4640ad37956 [term 0 FOLLOWER]: Replica starting. Triggering 0 pending ops. Active config: opid_index: -1 OBSOLETE_local: false peers { permanent_uuid: "7cd0804f32ef4897a67297528dbde72b" member_type: VOTER last_known_addr { host: "127.27.173.193" port: 36283 } } peers { permanent_uuid: "6d8d22e01dc942bd8cadb4640ad37956" member_type: VOTER last_known_addr { host: "127.27.173.194" port: 37429 } } peers { permanent_uuid: "133bdd6894f541889ef114c7b1e8bb50" member_type: VOTER last_known_addr { host: "127.27.173.195" port: 36271 } }
I20260601 13:31:56.617064   492 raft_consensus.cc:385] T ede48d0fdfb548ab8863b253e5285c39 P 6d8d22e01dc942bd8cadb4640ad37956 [term 0 FOLLOWER]: Consensus starting up: Expiring failure detector timer to make a prompt election more likely
I20260601 13:31:56.617095   492 raft_consensus.cc:740] T ede48d0fdfb548ab8863b253e5285c39 P 6d8d22e01dc942bd8cadb4640ad37956 [term 0 FOLLOWER]: Becoming Follower/Learner. State: Replica: 6d8d22e01dc942bd8cadb4640ad37956, State: Initialized, Role: FOLLOWER
I20260601 13:31:56.617255   492 consensus_queue.cc:260] T ede48d0fdfb548ab8863b253e5285c39 P 6d8d22e01dc942bd8cadb4640ad37956 [NON_LEADER]: Queue going to NON_LEADER mode. State: All replicated index: 0, Majority replicated index: 0, Committed index: 0, Last appended: 0.0, Last appended by leader: 0, Current term: 0, Majority size: -1, State: 0, Mode: NON_LEADER, active raft config: opid_index: -1 OBSOLETE_local: false peers { permanent_uuid: "7cd0804f32ef4897a67297528dbde72b" member_type: VOTER last_known_addr { host: "127.27.173.193" port: 36283 } } peers { permanent_uuid: "6d8d22e01dc942bd8cadb4640ad37956" member_type: VOTER last_known_addr { host: "127.27.173.194" port: 37429 } } peers { permanent_uuid: "133bdd6894f541889ef114c7b1e8bb50" member_type: VOTER last_known_addr { host: "127.27.173.195" port: 36271 } }
I20260601 13:31:56.617410   494 tablet_bootstrap.cc:492] T 75925a2ab1f64e908c45995589decead P 133bdd6894f541889ef114c7b1e8bb50: No bootstrap required, opened a new log
I20260601 13:31:56.617492   494 ts_tablet_manager.cc:1403] T 75925a2ab1f64e908c45995589decead P 133bdd6894f541889ef114c7b1e8bb50: Time spent bootstrapping tablet: real 0.003s	user 0.002s	sys 0.000s
I20260601 13:31:56.617620   493 tablet_bootstrap.cc:654] T 6d953cae8a14456ebbe5299d04aac10d P 7cd0804f32ef4897a67297528dbde72b: Neither blocks nor log segments found. Creating new log.
I20260601 13:31:56.617663   492 ts_tablet_manager.cc:1434] T ede48d0fdfb548ab8863b253e5285c39 P 6d8d22e01dc942bd8cadb4640ad37956: Time spent starting tablet: real 0.001s	user 0.001s	sys 0.000s
I20260601 13:31:56.617846   492 tablet_bootstrap.cc:492] T a4970b096f624abb9f1e49bafcd9b4e2 P 6d8d22e01dc942bd8cadb4640ad37956: Bootstrap starting.
I20260601 13:31:56.617964   494 raft_consensus.cc:359] T 75925a2ab1f64e908c45995589decead P 133bdd6894f541889ef114c7b1e8bb50 [term 0 FOLLOWER]: Replica starting. Triggering 0 pending ops. Active config: opid_index: -1 OBSOLETE_local: false peers { permanent_uuid: "6d8d22e01dc942bd8cadb4640ad37956" member_type: VOTER last_known_addr { host: "127.27.173.194" port: 37429 } } peers { permanent_uuid: "7cd0804f32ef4897a67297528dbde72b" member_type: VOTER last_known_addr { host: "127.27.173.193" port: 36283 } } peers { permanent_uuid: "133bdd6894f541889ef114c7b1e8bb50" member_type: VOTER last_known_addr { host: "127.27.173.195" port: 36271 } }
I20260601 13:31:56.618068   494 raft_consensus.cc:385] T 75925a2ab1f64e908c45995589decead P 133bdd6894f541889ef114c7b1e8bb50 [term 0 FOLLOWER]: Consensus starting up: Expiring failure detector timer to make a prompt election more likely
I20260601 13:31:56.618098   494 raft_consensus.cc:740] T 75925a2ab1f64e908c45995589decead P 133bdd6894f541889ef114c7b1e8bb50 [term 0 FOLLOWER]: Becoming Follower/Learner. State: Replica: 133bdd6894f541889ef114c7b1e8bb50, State: Initialized, Role: FOLLOWER
I20260601 13:31:56.618211   494 consensus_queue.cc:260] T 75925a2ab1f64e908c45995589decead P 133bdd6894f541889ef114c7b1e8bb50 [NON_LEADER]: Queue going to NON_LEADER mode. State: All replicated index: 0, Majority replicated index: 0, Committed index: 0, Last appended: 0.0, Last appended by leader: 0, Current term: 0, Majority size: -1, State: 0, Mode: NON_LEADER, active raft config: opid_index: -1 OBSOLETE_local: false peers { permanent_uuid: "6d8d22e01dc942bd8cadb4640ad37956" member_type: VOTER last_known_addr { host: "127.27.173.194" port: 37429 } } peers { permanent_uuid: "7cd0804f32ef4897a67297528dbde72b" member_type: VOTER last_known_addr { host: "127.27.173.193" port: 36283 } } peers { permanent_uuid: "133bdd6894f541889ef114c7b1e8bb50" member_type: VOTER last_known_addr { host: "127.27.173.195" port: 36271 } }
I20260601 13:31:56.618548   494 ts_tablet_manager.cc:1434] T 75925a2ab1f64e908c45995589decead P 133bdd6894f541889ef114c7b1e8bb50: Time spent starting tablet: real 0.001s	user 0.001s	sys 0.000s
I20260601 13:31:56.618736   494 tablet_bootstrap.cc:492] T 830c2520d27f4279ae3142e5cba748f4 P 133bdd6894f541889ef114c7b1e8bb50: Bootstrap starting.
I20260601 13:31:56.619592   493 tablet_bootstrap.cc:492] T 6d953cae8a14456ebbe5299d04aac10d P 7cd0804f32ef4897a67297528dbde72b: No bootstrap required, opened a new log
I20260601 13:31:56.619683   493 ts_tablet_manager.cc:1403] T 6d953cae8a14456ebbe5299d04aac10d P 7cd0804f32ef4897a67297528dbde72b: Time spent bootstrapping tablet: real 0.003s	user 0.002s	sys 0.000s
I20260601 13:31:56.619719   494 tablet_bootstrap.cc:654] T 830c2520d27f4279ae3142e5cba748f4 P 133bdd6894f541889ef114c7b1e8bb50: Neither blocks nor log segments found. Creating new log.
I20260601 13:31:56.619848   492 tablet_bootstrap.cc:654] T a4970b096f624abb9f1e49bafcd9b4e2 P 6d8d22e01dc942bd8cadb4640ad37956: Neither blocks nor log segments found. Creating new log.
I20260601 13:31:56.620105   493 raft_consensus.cc:359] T 6d953cae8a14456ebbe5299d04aac10d P 7cd0804f32ef4897a67297528dbde72b [term 0 FOLLOWER]: Replica starting. Triggering 0 pending ops. Active config: opid_index: -1 OBSOLETE_local: false peers { permanent_uuid: "7cd0804f32ef4897a67297528dbde72b" member_type: VOTER last_known_addr { host: "127.27.173.193" port: 36283 } } peers { permanent_uuid: "6d8d22e01dc942bd8cadb4640ad37956" member_type: VOTER last_known_addr { host: "127.27.173.194" port: 37429 } } peers { permanent_uuid: "133bdd6894f541889ef114c7b1e8bb50" member_type: VOTER last_known_addr { host: "127.27.173.195" port: 36271 } }
I20260601 13:31:56.620196   493 raft_consensus.cc:385] T 6d953cae8a14456ebbe5299d04aac10d P 7cd0804f32ef4897a67297528dbde72b [term 0 FOLLOWER]: Consensus starting up: Expiring failure detector timer to make a prompt election more likely
I20260601 13:31:56.620225   493 raft_consensus.cc:740] T 6d953cae8a14456ebbe5299d04aac10d P 7cd0804f32ef4897a67297528dbde72b [term 0 FOLLOWER]: Becoming Follower/Learner. State: Replica: 7cd0804f32ef4897a67297528dbde72b, State: Initialized, Role: FOLLOWER
I20260601 13:31:56.620349   493 consensus_queue.cc:260] T 6d953cae8a14456ebbe5299d04aac10d P 7cd0804f32ef4897a67297528dbde72b [NON_LEADER]: Queue going to NON_LEADER mode. State: All replicated index: 0, Majority replicated index: 0, Committed index: 0, Last appended: 0.0, Last appended by leader: 0, Current term: 0, Majority size: -1, State: 0, Mode: NON_LEADER, active raft config: opid_index: -1 OBSOLETE_local: false peers { permanent_uuid: "7cd0804f32ef4897a67297528dbde72b" member_type: VOTER last_known_addr { host: "127.27.173.193" port: 36283 } } peers { permanent_uuid: "6d8d22e01dc942bd8cadb4640ad37956" member_type: VOTER last_known_addr { host: "127.27.173.194" port: 37429 } } peers { permanent_uuid: "133bdd6894f541889ef114c7b1e8bb50" member_type: VOTER last_known_addr { host: "127.27.173.195" port: 36271 } }
I20260601 13:31:56.620599   493 ts_tablet_manager.cc:1434] T 6d953cae8a14456ebbe5299d04aac10d P 7cd0804f32ef4897a67297528dbde72b: Time spent starting tablet: real 0.001s	user 0.001s	sys 0.000s
I20260601 13:31:56.621987   494 tablet_bootstrap.cc:492] T 830c2520d27f4279ae3142e5cba748f4 P 133bdd6894f541889ef114c7b1e8bb50: No bootstrap required, opened a new log
I20260601 13:31:56.622066   494 ts_tablet_manager.cc:1403] T 830c2520d27f4279ae3142e5cba748f4 P 133bdd6894f541889ef114c7b1e8bb50: Time spent bootstrapping tablet: real 0.003s	user 0.002s	sys 0.000s
I20260601 13:31:56.622331   493 tablet_bootstrap.cc:492] T ede48d0fdfb548ab8863b253e5285c39 P 7cd0804f32ef4897a67297528dbde72b: Bootstrap starting.
I20260601 13:31:56.622526   494 raft_consensus.cc:359] T 830c2520d27f4279ae3142e5cba748f4 P 133bdd6894f541889ef114c7b1e8bb50 [term 0 FOLLOWER]: Replica starting. Triggering 0 pending ops. Active config: opid_index: -1 OBSOLETE_local: false peers { permanent_uuid: "7cd0804f32ef4897a67297528dbde72b" member_type: VOTER last_known_addr { host: "127.27.173.193" port: 36283 } } peers { permanent_uuid: "6d8d22e01dc942bd8cadb4640ad37956" member_type: VOTER last_known_addr { host: "127.27.173.194" port: 37429 } } peers { permanent_uuid: "133bdd6894f541889ef114c7b1e8bb50" member_type: VOTER last_known_addr { host: "127.27.173.195" port: 36271 } }
I20260601 13:31:56.622629   494 raft_consensus.cc:385] T 830c2520d27f4279ae3142e5cba748f4 P 133bdd6894f541889ef114c7b1e8bb50 [term 0 FOLLOWER]: Consensus starting up: Expiring failure detector timer to make a prompt election more likely
I20260601 13:31:56.622660   494 raft_consensus.cc:740] T 830c2520d27f4279ae3142e5cba748f4 P 133bdd6894f541889ef114c7b1e8bb50 [term 0 FOLLOWER]: Becoming Follower/Learner. State: Replica: 133bdd6894f541889ef114c7b1e8bb50, State: Initialized, Role: FOLLOWER
I20260601 13:31:56.622807   494 consensus_queue.cc:260] T 830c2520d27f4279ae3142e5cba748f4 P 133bdd6894f541889ef114c7b1e8bb50 [NON_LEADER]: Queue going to NON_LEADER mode. State: All replicated index: 0, Majority replicated index: 0, Committed index: 0, Last appended: 0.0, Last appended by leader: 0, Current term: 0, Majority size: -1, State: 0, Mode: NON_LEADER, active raft config: opid_index: -1 OBSOLETE_local: false peers { permanent_uuid: "7cd0804f32ef4897a67297528dbde72b" member_type: VOTER last_known_addr { host: "127.27.173.193" port: 36283 } } peers { permanent_uuid: "6d8d22e01dc942bd8cadb4640ad37956" member_type: VOTER last_known_addr { host: "127.27.173.194" port: 37429 } } peers { permanent_uuid: "133bdd6894f541889ef114c7b1e8bb50" member_type: VOTER last_known_addr { host: "127.27.173.195" port: 36271 } }
I20260601 13:31:56.623152   494 ts_tablet_manager.cc:1434] T 830c2520d27f4279ae3142e5cba748f4 P 133bdd6894f541889ef114c7b1e8bb50: Time spent starting tablet: real 0.001s	user 0.001s	sys 0.000s
I20260601 13:31:56.623308   493 tablet_bootstrap.cc:654] T ede48d0fdfb548ab8863b253e5285c39 P 7cd0804f32ef4897a67297528dbde72b: Neither blocks nor log segments found. Creating new log.
I20260601 13:31:56.623369   494 tablet_bootstrap.cc:492] T 0e45af0c4a464bbfb359884073ab6059 P 133bdd6894f541889ef114c7b1e8bb50: Bootstrap starting.
I20260601 13:31:56.624264   494 tablet_bootstrap.cc:654] T 0e45af0c4a464bbfb359884073ab6059 P 133bdd6894f541889ef114c7b1e8bb50: Neither blocks nor log segments found. Creating new log.
I20260601 13:31:56.624522   493 tablet_bootstrap.cc:492] T ede48d0fdfb548ab8863b253e5285c39 P 7cd0804f32ef4897a67297528dbde72b: No bootstrap required, opened a new log
I20260601 13:31:56.624616   493 ts_tablet_manager.cc:1403] T ede48d0fdfb548ab8863b253e5285c39 P 7cd0804f32ef4897a67297528dbde72b: Time spent bootstrapping tablet: real 0.002s	user 0.002s	sys 0.000s
I20260601 13:31:56.625095   493 raft_consensus.cc:359] T ede48d0fdfb548ab8863b253e5285c39 P 7cd0804f32ef4897a67297528dbde72b [term 0 FOLLOWER]: Replica starting. Triggering 0 pending ops. Active config: opid_index: -1 OBSOLETE_local: false peers { permanent_uuid: "7cd0804f32ef4897a67297528dbde72b" member_type: VOTER last_known_addr { host: "127.27.173.193" port: 36283 } } peers { permanent_uuid: "6d8d22e01dc942bd8cadb4640ad37956" member_type: VOTER last_known_addr { host: "127.27.173.194" port: 37429 } } peers { permanent_uuid: "133bdd6894f541889ef114c7b1e8bb50" member_type: VOTER last_known_addr { host: "127.27.173.195" port: 36271 } }
I20260601 13:31:56.625206   493 raft_consensus.cc:385] T ede48d0fdfb548ab8863b253e5285c39 P 7cd0804f32ef4897a67297528dbde72b [term 0 FOLLOWER]: Consensus starting up: Expiring failure detector timer to make a prompt election more likely
I20260601 13:31:56.625250   493 raft_consensus.cc:740] T ede48d0fdfb548ab8863b253e5285c39 P 7cd0804f32ef4897a67297528dbde72b [term 0 FOLLOWER]: Becoming Follower/Learner. State: Replica: 7cd0804f32ef4897a67297528dbde72b, State: Initialized, Role: FOLLOWER
I20260601 13:31:56.625415   493 consensus_queue.cc:260] T ede48d0fdfb548ab8863b253e5285c39 P 7cd0804f32ef4897a67297528dbde72b [NON_LEADER]: Queue going to NON_LEADER mode. State: All replicated index: 0, Majority replicated index: 0, Committed index: 0, Last appended: 0.0, Last appended by leader: 0, Current term: 0, Majority size: -1, State: 0, Mode: NON_LEADER, active raft config: opid_index: -1 OBSOLETE_local: false peers { permanent_uuid: "7cd0804f32ef4897a67297528dbde72b" member_type: VOTER last_known_addr { host: "127.27.173.193" port: 36283 } } peers { permanent_uuid: "6d8d22e01dc942bd8cadb4640ad37956" member_type: VOTER last_known_addr { host: "127.27.173.194" port: 37429 } } peers { permanent_uuid: "133bdd6894f541889ef114c7b1e8bb50" member_type: VOTER last_known_addr { host: "127.27.173.195" port: 36271 } }
I20260601 13:31:56.625645   494 tablet_bootstrap.cc:492] T 0e45af0c4a464bbfb359884073ab6059 P 133bdd6894f541889ef114c7b1e8bb50: No bootstrap required, opened a new log
I20260601 13:31:56.625737   494 ts_tablet_manager.cc:1403] T 0e45af0c4a464bbfb359884073ab6059 P 133bdd6894f541889ef114c7b1e8bb50: Time spent bootstrapping tablet: real 0.002s	user 0.002s	sys 0.000s
I20260601 13:31:56.626011   493 ts_tablet_manager.cc:1434] T ede48d0fdfb548ab8863b253e5285c39 P 7cd0804f32ef4897a67297528dbde72b: Time spent starting tablet: real 0.001s	user 0.001s	sys 0.000s
I20260601 13:31:56.626183   493 tablet_bootstrap.cc:492] T 0e45af0c4a464bbfb359884073ab6059 P 7cd0804f32ef4897a67297528dbde72b: Bootstrap starting.
I20260601 13:31:56.626960   494 raft_consensus.cc:359] T 0e45af0c4a464bbfb359884073ab6059 P 133bdd6894f541889ef114c7b1e8bb50 [term 0 FOLLOWER]: Replica starting. Triggering 0 pending ops. Active config: opid_index: -1 OBSOLETE_local: false peers { permanent_uuid: "7cd0804f32ef4897a67297528dbde72b" member_type: VOTER last_known_addr { host: "127.27.173.193" port: 36283 } } peers { permanent_uuid: "6d8d22e01dc942bd8cadb4640ad37956" member_type: VOTER last_known_addr { host: "127.27.173.194" port: 37429 } } peers { permanent_uuid: "133bdd6894f541889ef114c7b1e8bb50" member_type: VOTER last_known_addr { host: "127.27.173.195" port: 36271 } }
I20260601 13:31:56.627072   494 raft_consensus.cc:385] T 0e45af0c4a464bbfb359884073ab6059 P 133bdd6894f541889ef114c7b1e8bb50 [term 0 FOLLOWER]: Consensus starting up: Expiring failure detector timer to make a prompt election more likely
I20260601 13:31:56.627125   494 raft_consensus.cc:740] T 0e45af0c4a464bbfb359884073ab6059 P 133bdd6894f541889ef114c7b1e8bb50 [term 0 FOLLOWER]: Becoming Follower/Learner. State: Replica: 133bdd6894f541889ef114c7b1e8bb50, State: Initialized, Role: FOLLOWER
I20260601 13:31:56.627247   494 consensus_queue.cc:260] T 0e45af0c4a464bbfb359884073ab6059 P 133bdd6894f541889ef114c7b1e8bb50 [NON_LEADER]: Queue going to NON_LEADER mode. State: All replicated index: 0, Majority replicated index: 0, Committed index: 0, Last appended: 0.0, Last appended by leader: 0, Current term: 0, Majority size: -1, State: 0, Mode: NON_LEADER, active raft config: opid_index: -1 OBSOLETE_local: false peers { permanent_uuid: "7cd0804f32ef4897a67297528dbde72b" member_type: VOTER last_known_addr { host: "127.27.173.193" port: 36283 } } peers { permanent_uuid: "6d8d22e01dc942bd8cadb4640ad37956" member_type: VOTER last_known_addr { host: "127.27.173.194" port: 37429 } } peers { permanent_uuid: "133bdd6894f541889ef114c7b1e8bb50" member_type: VOTER last_known_addr { host: "127.27.173.195" port: 36271 } }
I20260601 13:31:56.627498   493 tablet_bootstrap.cc:654] T 0e45af0c4a464bbfb359884073ab6059 P 7cd0804f32ef4897a67297528dbde72b: Neither blocks nor log segments found. Creating new log.
I20260601 13:31:56.628224   494 ts_tablet_manager.cc:1434] T 0e45af0c4a464bbfb359884073ab6059 P 133bdd6894f541889ef114c7b1e8bb50: Time spent starting tablet: real 0.002s	user 0.001s	sys 0.000s
I20260601 13:31:56.628414   494 tablet_bootstrap.cc:492] T 6d953cae8a14456ebbe5299d04aac10d P 133bdd6894f541889ef114c7b1e8bb50: Bootstrap starting.
I20260601 13:31:56.628789   493 tablet_bootstrap.cc:492] T 0e45af0c4a464bbfb359884073ab6059 P 7cd0804f32ef4897a67297528dbde72b: No bootstrap required, opened a new log
I20260601 13:31:56.628927   493 ts_tablet_manager.cc:1403] T 0e45af0c4a464bbfb359884073ab6059 P 7cd0804f32ef4897a67297528dbde72b: Time spent bootstrapping tablet: real 0.003s	user 0.002s	sys 0.000s
I20260601 13:31:56.629326   494 tablet_bootstrap.cc:654] T 6d953cae8a14456ebbe5299d04aac10d P 133bdd6894f541889ef114c7b1e8bb50: Neither blocks nor log segments found. Creating new log.
I20260601 13:31:56.630213   492 tablet_bootstrap.cc:492] T a4970b096f624abb9f1e49bafcd9b4e2 P 6d8d22e01dc942bd8cadb4640ad37956: No bootstrap required, opened a new log
I20260601 13:31:56.630297   492 ts_tablet_manager.cc:1403] T a4970b096f624abb9f1e49bafcd9b4e2 P 6d8d22e01dc942bd8cadb4640ad37956: Time spent bootstrapping tablet: real 0.012s	user 0.002s	sys 0.000s
I20260601 13:31:56.630425   494 tablet_bootstrap.cc:492] T 6d953cae8a14456ebbe5299d04aac10d P 133bdd6894f541889ef114c7b1e8bb50: No bootstrap required, opened a new log
I20260601 13:31:56.630553   494 ts_tablet_manager.cc:1403] T 6d953cae8a14456ebbe5299d04aac10d P 133bdd6894f541889ef114c7b1e8bb50: Time spent bootstrapping tablet: real 0.002s	user 0.001s	sys 0.000s
I20260601 13:31:56.630734   492 raft_consensus.cc:359] T a4970b096f624abb9f1e49bafcd9b4e2 P 6d8d22e01dc942bd8cadb4640ad37956 [term 0 FOLLOWER]: Replica starting. Triggering 0 pending ops. Active config: opid_index: -1 OBSOLETE_local: false peers { permanent_uuid: "7cd0804f32ef4897a67297528dbde72b" member_type: VOTER last_known_addr { host: "127.27.173.193" port: 36283 } } peers { permanent_uuid: "6d8d22e01dc942bd8cadb4640ad37956" member_type: VOTER last_known_addr { host: "127.27.173.194" port: 37429 } } peers { permanent_uuid: "133bdd6894f541889ef114c7b1e8bb50" member_type: VOTER last_known_addr { host: "127.27.173.195" port: 36271 } }
I20260601 13:31:56.630829   492 raft_consensus.cc:385] T a4970b096f624abb9f1e49bafcd9b4e2 P 6d8d22e01dc942bd8cadb4640ad37956 [term 0 FOLLOWER]: Consensus starting up: Expiring failure detector timer to make a prompt election more likely
I20260601 13:31:56.630862   492 raft_consensus.cc:740] T a4970b096f624abb9f1e49bafcd9b4e2 P 6d8d22e01dc942bd8cadb4640ad37956 [term 0 FOLLOWER]: Becoming Follower/Learner. State: Replica: 6d8d22e01dc942bd8cadb4640ad37956, State: Initialized, Role: FOLLOWER
I20260601 13:31:56.630978   492 consensus_queue.cc:260] T a4970b096f624abb9f1e49bafcd9b4e2 P 6d8d22e01dc942bd8cadb4640ad37956 [NON_LEADER]: Queue going to NON_LEADER mode. State: All replicated index: 0, Majority replicated index: 0, Committed index: 0, Last appended: 0.0, Last appended by leader: 0, Current term: 0, Majority size: -1, State: 0, Mode: NON_LEADER, active raft config: opid_index: -1 OBSOLETE_local: false peers { permanent_uuid: "7cd0804f32ef4897a67297528dbde72b" member_type: VOTER last_known_addr { host: "127.27.173.193" port: 36283 } } peers { permanent_uuid: "6d8d22e01dc942bd8cadb4640ad37956" member_type: VOTER last_known_addr { host: "127.27.173.194" port: 37429 } } peers { permanent_uuid: "133bdd6894f541889ef114c7b1e8bb50" member_type: VOTER last_known_addr { host: "127.27.173.195" port: 36271 } }
I20260601 13:31:56.631021   494 raft_consensus.cc:359] T 6d953cae8a14456ebbe5299d04aac10d P 133bdd6894f541889ef114c7b1e8bb50 [term 0 FOLLOWER]: Replica starting. Triggering 0 pending ops. Active config: opid_index: -1 OBSOLETE_local: false peers { permanent_uuid: "7cd0804f32ef4897a67297528dbde72b" member_type: VOTER last_known_addr { host: "127.27.173.193" port: 36283 } } peers { permanent_uuid: "6d8d22e01dc942bd8cadb4640ad37956" member_type: VOTER last_known_addr { host: "127.27.173.194" port: 37429 } } peers { permanent_uuid: "133bdd6894f541889ef114c7b1e8bb50" member_type: VOTER last_known_addr { host: "127.27.173.195" port: 36271 } }
I20260601 13:31:56.629503   493 raft_consensus.cc:359] T 0e45af0c4a464bbfb359884073ab6059 P 7cd0804f32ef4897a67297528dbde72b [term 0 FOLLOWER]: Replica starting. Triggering 0 pending ops. Active config: opid_index: -1 OBSOLETE_local: false peers { permanent_uuid: "7cd0804f32ef4897a67297528dbde72b" member_type: VOTER last_known_addr { host: "127.27.173.193" port: 36283 } } peers { permanent_uuid: "6d8d22e01dc942bd8cadb4640ad37956" member_type: VOTER last_known_addr { host: "127.27.173.194" port: 37429 } } peers { permanent_uuid: "133bdd6894f541889ef114c7b1e8bb50" member_type: VOTER last_known_addr { host: "127.27.173.195" port: 36271 } }
I20260601 13:31:56.631145   494 raft_consensus.cc:385] T 6d953cae8a14456ebbe5299d04aac10d P 133bdd6894f541889ef114c7b1e8bb50 [term 0 FOLLOWER]: Consensus starting up: Expiring failure detector timer to make a prompt election more likely
I20260601 13:31:56.631158   493 raft_consensus.cc:385] T 0e45af0c4a464bbfb359884073ab6059 P 7cd0804f32ef4897a67297528dbde72b [term 0 FOLLOWER]: Consensus starting up: Expiring failure detector timer to make a prompt election more likely
I20260601 13:31:56.631188   494 raft_consensus.cc:740] T 6d953cae8a14456ebbe5299d04aac10d P 133bdd6894f541889ef114c7b1e8bb50 [term 0 FOLLOWER]: Becoming Follower/Learner. State: Replica: 133bdd6894f541889ef114c7b1e8bb50, State: Initialized, Role: FOLLOWER
I20260601 13:31:56.631191   493 raft_consensus.cc:740] T 0e45af0c4a464bbfb359884073ab6059 P 7cd0804f32ef4897a67297528dbde72b [term 0 FOLLOWER]: Becoming Follower/Learner. State: Replica: 7cd0804f32ef4897a67297528dbde72b, State: Initialized, Role: FOLLOWER
I20260601 13:31:56.631232   492 ts_tablet_manager.cc:1434] T a4970b096f624abb9f1e49bafcd9b4e2 P 6d8d22e01dc942bd8cadb4640ad37956: Time spent starting tablet: real 0.001s	user 0.001s	sys 0.000s
I20260601 13:31:56.631340   493 consensus_queue.cc:260] T 0e45af0c4a464bbfb359884073ab6059 P 7cd0804f32ef4897a67297528dbde72b [NON_LEADER]: Queue going to NON_LEADER mode. State: All replicated index: 0, Majority replicated index: 0, Committed index: 0, Last appended: 0.0, Last appended by leader: 0, Current term: 0, Majority size: -1, State: 0, Mode: NON_LEADER, active raft config: opid_index: -1 OBSOLETE_local: false peers { permanent_uuid: "7cd0804f32ef4897a67297528dbde72b" member_type: VOTER last_known_addr { host: "127.27.173.193" port: 36283 } } peers { permanent_uuid: "6d8d22e01dc942bd8cadb4640ad37956" member_type: VOTER last_known_addr { host: "127.27.173.194" port: 37429 } } peers { permanent_uuid: "133bdd6894f541889ef114c7b1e8bb50" member_type: VOTER last_known_addr { host: "127.27.173.195" port: 36271 } }
I20260601 13:31:56.631423   492 tablet_bootstrap.cc:492] T 830c2520d27f4279ae3142e5cba748f4 P 6d8d22e01dc942bd8cadb4640ad37956: Bootstrap starting.
I20260601 13:31:56.631351   494 consensus_queue.cc:260] T 6d953cae8a14456ebbe5299d04aac10d P 133bdd6894f541889ef114c7b1e8bb50 [NON_LEADER]: Queue going to NON_LEADER mode. State: All replicated index: 0, Majority replicated index: 0, Committed index: 0, Last appended: 0.0, Last appended by leader: 0, Current term: 0, Majority size: -1, State: 0, Mode: NON_LEADER, active raft config: opid_index: -1 OBSOLETE_local: false peers { permanent_uuid: "7cd0804f32ef4897a67297528dbde72b" member_type: VOTER last_known_addr { host: "127.27.173.193" port: 36283 } } peers { permanent_uuid: "6d8d22e01dc942bd8cadb4640ad37956" member_type: VOTER last_known_addr { host: "127.27.173.194" port: 37429 } } peers { permanent_uuid: "133bdd6894f541889ef114c7b1e8bb50" member_type: VOTER last_known_addr { host: "127.27.173.195" port: 36271 } }
I20260601 13:31:56.631668   493 ts_tablet_manager.cc:1434] T 0e45af0c4a464bbfb359884073ab6059 P 7cd0804f32ef4897a67297528dbde72b: Time spent starting tablet: real 0.003s	user 0.001s	sys 0.000s
I20260601 13:31:56.631699   494 ts_tablet_manager.cc:1434] T 6d953cae8a14456ebbe5299d04aac10d P 133bdd6894f541889ef114c7b1e8bb50: Time spent starting tablet: real 0.001s	user 0.001s	sys 0.000s
I20260601 13:31:56.631877   493 tablet_bootstrap.cc:492] T 830c2520d27f4279ae3142e5cba748f4 P 7cd0804f32ef4897a67297528dbde72b: Bootstrap starting.
I20260601 13:31:56.632367   492 tablet_bootstrap.cc:654] T 830c2520d27f4279ae3142e5cba748f4 P 6d8d22e01dc942bd8cadb4640ad37956: Neither blocks nor log segments found. Creating new log.
I20260601 13:31:56.632813   494 tablet_bootstrap.cc:492] T a4970b096f624abb9f1e49bafcd9b4e2 P 133bdd6894f541889ef114c7b1e8bb50: Bootstrap starting.
I20260601 13:31:56.633044   493 tablet_bootstrap.cc:654] T 830c2520d27f4279ae3142e5cba748f4 P 7cd0804f32ef4897a67297528dbde72b: Neither blocks nor log segments found. Creating new log.
I20260601 13:31:56.633821   494 tablet_bootstrap.cc:654] T a4970b096f624abb9f1e49bafcd9b4e2 P 133bdd6894f541889ef114c7b1e8bb50: Neither blocks nor log segments found. Creating new log.
I20260601 13:31:56.634382   492 tablet_bootstrap.cc:492] T 830c2520d27f4279ae3142e5cba748f4 P 6d8d22e01dc942bd8cadb4640ad37956: No bootstrap required, opened a new log
I20260601 13:31:56.634473   500 raft_consensus.cc:493] T 6d953cae8a14456ebbe5299d04aac10d P 133bdd6894f541889ef114c7b1e8bb50 [term 0 FOLLOWER]: Starting pre-election (no leader contacted us within the election timeout)
I20260601 13:31:56.634483   492 ts_tablet_manager.cc:1403] T 830c2520d27f4279ae3142e5cba748f4 P 6d8d22e01dc942bd8cadb4640ad37956: Time spent bootstrapping tablet: real 0.003s	user 0.000s	sys 0.002s
I20260601 13:31:56.634577   500 raft_consensus.cc:515] T 6d953cae8a14456ebbe5299d04aac10d P 133bdd6894f541889ef114c7b1e8bb50 [term 0 FOLLOWER]: Starting pre-election with config: opid_index: -1 OBSOLETE_local: false peers { permanent_uuid: "7cd0804f32ef4897a67297528dbde72b" member_type: VOTER last_known_addr { host: "127.27.173.193" port: 36283 } } peers { permanent_uuid: "6d8d22e01dc942bd8cadb4640ad37956" member_type: VOTER last_known_addr { host: "127.27.173.194" port: 37429 } } peers { permanent_uuid: "133bdd6894f541889ef114c7b1e8bb50" member_type: VOTER last_known_addr { host: "127.27.173.195" port: 36271 } }
I20260601 13:31:56.634982   492 raft_consensus.cc:359] T 830c2520d27f4279ae3142e5cba748f4 P 6d8d22e01dc942bd8cadb4640ad37956 [term 0 FOLLOWER]: Replica starting. Triggering 0 pending ops. Active config: opid_index: -1 OBSOLETE_local: false peers { permanent_uuid: "7cd0804f32ef4897a67297528dbde72b" member_type: VOTER last_known_addr { host: "127.27.173.193" port: 36283 } } peers { permanent_uuid: "6d8d22e01dc942bd8cadb4640ad37956" member_type: VOTER last_known_addr { host: "127.27.173.194" port: 37429 } } peers { permanent_uuid: "133bdd6894f541889ef114c7b1e8bb50" member_type: VOTER last_known_addr { host: "127.27.173.195" port: 36271 } }
I20260601 13:31:56.635092   492 raft_consensus.cc:385] T 830c2520d27f4279ae3142e5cba748f4 P 6d8d22e01dc942bd8cadb4640ad37956 [term 0 FOLLOWER]: Consensus starting up: Expiring failure detector timer to make a prompt election more likely
I20260601 13:31:56.635125   492 raft_consensus.cc:740] T 830c2520d27f4279ae3142e5cba748f4 P 6d8d22e01dc942bd8cadb4640ad37956 [term 0 FOLLOWER]: Becoming Follower/Learner. State: Replica: 6d8d22e01dc942bd8cadb4640ad37956, State: Initialized, Role: FOLLOWER
I20260601 13:31:56.635236   492 consensus_queue.cc:260] T 830c2520d27f4279ae3142e5cba748f4 P 6d8d22e01dc942bd8cadb4640ad37956 [NON_LEADER]: Queue going to NON_LEADER mode. State: All replicated index: 0, Majority replicated index: 0, Committed index: 0, Last appended: 0.0, Last appended by leader: 0, Current term: 0, Majority size: -1, State: 0, Mode: NON_LEADER, active raft config: opid_index: -1 OBSOLETE_local: false peers { permanent_uuid: "7cd0804f32ef4897a67297528dbde72b" member_type: VOTER last_known_addr { host: "127.27.173.193" port: 36283 } } peers { permanent_uuid: "6d8d22e01dc942bd8cadb4640ad37956" member_type: VOTER last_known_addr { host: "127.27.173.194" port: 37429 } } peers { permanent_uuid: "133bdd6894f541889ef114c7b1e8bb50" member_type: VOTER last_known_addr { host: "127.27.173.195" port: 36271 } }
I20260601 13:31:56.635485   492 ts_tablet_manager.cc:1434] T 830c2520d27f4279ae3142e5cba748f4 P 6d8d22e01dc942bd8cadb4640ad37956: Time spent starting tablet: real 0.001s	user 0.000s	sys 0.001s
I20260601 13:31:56.635648   492 tablet_bootstrap.cc:492] T 0e45af0c4a464bbfb359884073ab6059 P 6d8d22e01dc942bd8cadb4640ad37956: Bootstrap starting.
I20260601 13:31:56.635861   500 leader_election.cc:290] T 6d953cae8a14456ebbe5299d04aac10d P 133bdd6894f541889ef114c7b1e8bb50 [CANDIDATE]: Term 1 pre-election: Requested pre-vote from peers 7cd0804f32ef4897a67297528dbde72b (127.27.173.193:36283), 6d8d22e01dc942bd8cadb4640ad37956 (127.27.173.194:37429)
I20260601 13:31:56.636627   492 tablet_bootstrap.cc:654] T 0e45af0c4a464bbfb359884073ab6059 P 6d8d22e01dc942bd8cadb4640ad37956: Neither blocks nor log segments found. Creating new log.
I20260601 13:31:56.637709   492 tablet_bootstrap.cc:492] T 0e45af0c4a464bbfb359884073ab6059 P 6d8d22e01dc942bd8cadb4640ad37956: No bootstrap required, opened a new log
I20260601 13:31:56.637789   492 ts_tablet_manager.cc:1403] T 0e45af0c4a464bbfb359884073ab6059 P 6d8d22e01dc942bd8cadb4640ad37956: Time spent bootstrapping tablet: real 0.002s	user 0.001s	sys 0.001s
I20260601 13:31:56.638234   492 raft_consensus.cc:359] T 0e45af0c4a464bbfb359884073ab6059 P 6d8d22e01dc942bd8cadb4640ad37956 [term 0 FOLLOWER]: Replica starting. Triggering 0 pending ops. Active config: opid_index: -1 OBSOLETE_local: false peers { permanent_uuid: "7cd0804f32ef4897a67297528dbde72b" member_type: VOTER last_known_addr { host: "127.27.173.193" port: 36283 } } peers { permanent_uuid: "6d8d22e01dc942bd8cadb4640ad37956" member_type: VOTER last_known_addr { host: "127.27.173.194" port: 37429 } } peers { permanent_uuid: "133bdd6894f541889ef114c7b1e8bb50" member_type: VOTER last_known_addr { host: "127.27.173.195" port: 36271 } }
I20260601 13:31:56.638357   492 raft_consensus.cc:385] T 0e45af0c4a464bbfb359884073ab6059 P 6d8d22e01dc942bd8cadb4640ad37956 [term 0 FOLLOWER]: Consensus starting up: Expiring failure detector timer to make a prompt election more likely
I20260601 13:31:56.638394   492 raft_consensus.cc:740] T 0e45af0c4a464bbfb359884073ab6059 P 6d8d22e01dc942bd8cadb4640ad37956 [term 0 FOLLOWER]: Becoming Follower/Learner. State: Replica: 6d8d22e01dc942bd8cadb4640ad37956, State: Initialized, Role: FOLLOWER
