Total full LBM container extra space in bytes: 0 (0 repaired)
Total incomplete LBM containers: 0 (0 repaired)
Total LBM partial records: 0 (0 repaired)
Total corrupted LBM metadata records in RocksDB: 0 (0 repaired)
I20260601 13:31:07.452116  8047 rpc_server.cc:225] running with OpenSSL 1.1.1  11 Sep 2018
I20260601 13:31:07.452430  8047 kserver.cc:163] Server-wide thread pool size limit: 3276
I20260601 13:31:07.456599  8047 rpc_server.cc:307] RPC server started. Bound to: 127.7.219.254:35057
I20260601 13:31:07.457116 10295 acceptor_pool.cc:272] collecting diagnostics on the listening RPC socket 127.7.219.254:35057 every 8 connection(s)
I20260601 13:31:07.457628 10296 data_dirs.cc:400] Could only allocate 1 dirs of requested 3 for tablet 00000000000000000000000000000000. 1 dirs total, 0 dirs full, 0 dirs failed
I20260601 13:31:07.459405 10296 tablet_bootstrap.cc:492] T 00000000000000000000000000000000 P 8657dd60891d44a5aa234923e3eeff60: Bootstrap starting.
I20260601 13:31:07.460217 10296 tablet_bootstrap.cc:654] T 00000000000000000000000000000000 P 8657dd60891d44a5aa234923e3eeff60: Neither blocks nor log segments found. Creating new log.
I20260601 13:31:07.461143 10296 tablet_bootstrap.cc:492] T 00000000000000000000000000000000 P 8657dd60891d44a5aa234923e3eeff60: No bootstrap required, opened a new log
I20260601 13:31:07.461542 10296 raft_consensus.cc:359] T 00000000000000000000000000000000 P 8657dd60891d44a5aa234923e3eeff60 [term 0 FOLLOWER]: Replica starting. Triggering 0 pending ops. Active config: opid_index: -1 OBSOLETE_local: true peers { permanent_uuid: "8657dd60891d44a5aa234923e3eeff60" member_type: VOTER }
I20260601 13:31:07.461666 10296 raft_consensus.cc:385] T 00000000000000000000000000000000 P 8657dd60891d44a5aa234923e3eeff60 [term 0 FOLLOWER]: Consensus starting up: Expiring failure detector timer to make a prompt election more likely
I20260601 13:31:07.461728 10296 raft_consensus.cc:740] T 00000000000000000000000000000000 P 8657dd60891d44a5aa234923e3eeff60 [term 0 FOLLOWER]: Becoming Follower/Learner. State: Replica: 8657dd60891d44a5aa234923e3eeff60, State: Initialized, Role: FOLLOWER
I20260601 13:31:07.461907 10296 consensus_queue.cc:260] T 00000000000000000000000000000000 P 8657dd60891d44a5aa234923e3eeff60 [NON_LEADER]: Queue going to NON_LEADER mode. State: All replicated index: 0, Majority replicated index: 0, Committed index: 0, Last appended: 0.0, Last appended by leader: 0, Current term: 0, Majority size: -1, State: 0, Mode: NON_LEADER, active raft config: opid_index: -1 OBSOLETE_local: true peers { permanent_uuid: "8657dd60891d44a5aa234923e3eeff60" member_type: VOTER }
I20260601 13:31:07.462010 10296 raft_consensus.cc:399] T 00000000000000000000000000000000 P 8657dd60891d44a5aa234923e3eeff60 [term 0 FOLLOWER]: Only one voter in the Raft config. Triggering election immediately
I20260601 13:31:07.462057 10296 raft_consensus.cc:493] T 00000000000000000000000000000000 P 8657dd60891d44a5aa234923e3eeff60 [term 0 FOLLOWER]: Starting leader election (initial election of a single-replica configuration)
I20260601 13:31:07.462113 10296 raft_consensus.cc:3060] T 00000000000000000000000000000000 P 8657dd60891d44a5aa234923e3eeff60 [term 0 FOLLOWER]: Advancing to term 1
I20260601 13:31:07.462754 10296 raft_consensus.cc:515] T 00000000000000000000000000000000 P 8657dd60891d44a5aa234923e3eeff60 [term 1 FOLLOWER]: Starting leader election with config: opid_index: -1 OBSOLETE_local: true peers { permanent_uuid: "8657dd60891d44a5aa234923e3eeff60" member_type: VOTER }
I20260601 13:31:07.462962 10296 leader_election.cc:304] T 00000000000000000000000000000000 P 8657dd60891d44a5aa234923e3eeff60 [CANDIDATE]: Term 1 election: Election decided. Result: candidate won. Election summary: received 1 responses out of 1 voters: 1 yes votes; 0 no votes. yes voters: 8657dd60891d44a5aa234923e3eeff60; no voters: 
I20260601 13:31:07.463143 10296 leader_election.cc:290] T 00000000000000000000000000000000 P 8657dd60891d44a5aa234923e3eeff60 [CANDIDATE]: Term 1 election: Requested vote from peers 
I20260601 13:31:07.463236 10299 raft_consensus.cc:2804] T 00000000000000000000000000000000 P 8657dd60891d44a5aa234923e3eeff60 [term 1 FOLLOWER]: Leader election won for term 1
I20260601 13:31:07.463446 10299 raft_consensus.cc:697] T 00000000000000000000000000000000 P 8657dd60891d44a5aa234923e3eeff60 [term 1 LEADER]: Becoming Leader. State: Replica: 8657dd60891d44a5aa234923e3eeff60, State: Running, Role: LEADER
I20260601 13:31:07.463645 10296 sys_catalog.cc:565] T 00000000000000000000000000000000 P 8657dd60891d44a5aa234923e3eeff60 [sys.catalog]: configured and running, proceeding with master startup.
I20260601 13:31:07.463620 10299 consensus_queue.cc:237] T 00000000000000000000000000000000 P 8657dd60891d44a5aa234923e3eeff60 [LEADER]: Queue going to LEADER mode. State: All replicated index: 0, Majority replicated index: 0, Committed index: 0, Last appended: 0.0, Last appended by leader: 0, Current term: 1, Majority size: 1, State: 0, Mode: LEADER, active raft config: opid_index: -1 OBSOLETE_local: true peers { permanent_uuid: "8657dd60891d44a5aa234923e3eeff60" member_type: VOTER }
I20260601 13:31:07.464130 10300 sys_catalog.cc:455] T 00000000000000000000000000000000 P 8657dd60891d44a5aa234923e3eeff60 [sys.catalog]: SysCatalogTable state changed. Reason: RaftConsensus started. Latest consensus state: current_term: 1 leader_uuid: "8657dd60891d44a5aa234923e3eeff60" committed_config { opid_index: -1 OBSOLETE_local: true peers { permanent_uuid: "8657dd60891d44a5aa234923e3eeff60" member_type: VOTER } }
I20260601 13:31:07.464157 10301 sys_catalog.cc:455] T 00000000000000000000000000000000 P 8657dd60891d44a5aa234923e3eeff60 [sys.catalog]: SysCatalogTable state changed. Reason: New leader 8657dd60891d44a5aa234923e3eeff60. Latest consensus state: current_term: 1 leader_uuid: "8657dd60891d44a5aa234923e3eeff60" committed_config { opid_index: -1 OBSOLETE_local: true peers { permanent_uuid: "8657dd60891d44a5aa234923e3eeff60" member_type: VOTER } }
I20260601 13:31:07.464298 10301 sys_catalog.cc:458] T 00000000000000000000000000000000 P 8657dd60891d44a5aa234923e3eeff60 [sys.catalog]: This master's current role is: LEADER
I20260601 13:31:07.464515 10300 sys_catalog.cc:458] T 00000000000000000000000000000000 P 8657dd60891d44a5aa234923e3eeff60 [sys.catalog]: This master's current role is: LEADER
I20260601 13:31:07.464932 10305 catalog_manager.cc:1510] Loading table and tablet metadata into memory...
I20260601 13:31:07.465868 10305 catalog_manager.cc:1519] Initializing Kudu cluster ID...
I20260601 13:31:07.466063  8047 internal_mini_cluster.cc:184] Waiting to initialize catalog manager on master 0
I20260601 13:31:07.467913 10305 catalog_manager.cc:1382] Generated new cluster ID: a3a00b5bd005446a881a708f7365ed64
I20260601 13:31:07.467971 10305 catalog_manager.cc:1530] Initializing Kudu internal certificate authority...
I20260601 13:31:07.486735 10305 catalog_manager.cc:1405] Generated new certificate authority record
I20260601 13:31:07.487371 10305 catalog_manager.cc:1539] Loading token signing keys...
I20260601 13:31:07.493443 10305 catalog_manager.cc:6069] T 00000000000000000000000000000000 P 8657dd60891d44a5aa234923e3eeff60: Generated new TSK 0
I20260601 13:31:07.493690 10305 catalog_manager.cc:1549] Initializing in-progress tserver states...
I20260601 13:31:07.498474  8047 file_cache.cc:492] Constructed file cache file cache with capacity 419430
W20260601 13:31:07.500499 10318 instance_detector.cc:116] could not retrieve Azure instance metadata: Network error: curl error: HTTP response code said error: The requested URL returned error: 404
W20260601 13:31:07.500586 10317 instance_detector.cc:116] could not retrieve AWS instance metadata: Network error: curl error: HTTP response code said error: The requested URL returned error: 404
W20260601 13:31:07.500595 10320 instance_detector.cc:116] could not retrieve OpenStack instance metadata: Network error: curl error: HTTP response code said error: The requested URL returned error: 404
I20260601 13:31:07.500834  8047 server_base.cc:1061] running on GCE node
I20260601 13:31:07.500973  8047 hybrid_clock.cc:584] initializing the hybrid clock with 'system_unsync' time source
W20260601 13:31:07.501008  8047 system_unsync_time.cc:38] NTP support is disabled. Clock error bounds will not be accurate. This configuration is not suitable for distributed clusters.
I20260601 13:31:07.501024  8047 hybrid_clock.cc:648] HybridClock initialized: now 1780320667501023 us; error 0 us; skew 500 ppm
I20260601 13:31:07.501814  8047 webserver.cc:533] Webserver started at http://127.7.219.193:34973/ using document root <none> and password file <none>
I20260601 13:31:07.501935  8047 fs_manager.cc:362] Metadata directory not provided
I20260601 13:31:07.501976  8047 fs_manager.cc:368] Using write-ahead log directory (fs_wal_dir) as metadata directory
I20260601 13:31:07.502027  8047 server_base.cc:909] This appears to be a new deployment of Kudu; creating new FS layout
I20260601 13:31:07.502358  8047 fs_manager.cc:1068] Generated new instance metadata in path /tmp/dist-test-taskaZNpFI/test-tmp/auto_rebalancer-test.0.AutoRebalancerTest.NoReplicaMovesIfNoTablets.1780320611910486-8047-0/minicluster-data/ts-0-root/instance:
uuid: "5b84669498534a80a03a5a822dd78cc3"
format_stamp: "Formatted at 2026-06-01 13:31:07 on dist-test-slave-w90c"
I20260601 13:31:07.503847  8047 fs_manager.cc:696] Time spent creating directory manager: real 0.001s	user 0.000s	sys 0.002s
I20260601 13:31:07.504649 10325 log_block_manager.cc:4031] Time spent loading block containers with low live blocks: real 0.000s	user 0.000s	sys 0.000s
I20260601 13:31:07.504869  8047 fs_manager.cc:730] Time spent opening block manager: real 0.001s	user 0.000s	sys 0.001s
I20260601 13:31:07.504925  8047 fs_manager.cc:647] Opened local filesystem: /tmp/dist-test-taskaZNpFI/test-tmp/auto_rebalancer-test.0.AutoRebalancerTest.NoReplicaMovesIfNoTablets.1780320611910486-8047-0/minicluster-data/ts-0-root
uuid: "5b84669498534a80a03a5a822dd78cc3"
format_stamp: "Formatted at 2026-06-01 13:31:07 on dist-test-slave-w90c"
I20260601 13:31:07.504976  8047 fs_report.cc:389] FS layout report
--------------------
wal directory: /tmp/dist-test-taskaZNpFI/test-tmp/auto_rebalancer-test.0.AutoRebalancerTest.NoReplicaMovesIfNoTablets.1780320611910486-8047-0/minicluster-data/ts-0-root
metadata directory: /tmp/dist-test-taskaZNpFI/test-tmp/auto_rebalancer-test.0.AutoRebalancerTest.NoReplicaMovesIfNoTablets.1780320611910486-8047-0/minicluster-data/ts-0-root
1 data directories: /tmp/dist-test-taskaZNpFI/test-tmp/auto_rebalancer-test.0.AutoRebalancerTest.NoReplicaMovesIfNoTablets.1780320611910486-8047-0/minicluster-data/ts-0-root/data
Total live blocks: 0
Total live bytes: 0
Total live bytes (after alignment): 0
Total number of LBM containers: 0 (0 full)
Did not check for missing blocks
Did not check for orphaned blocks
Total full LBM containers with extra space: 0 (0 repaired)
Total full LBM container extra space in bytes: 0 (0 repaired)
Total incomplete LBM containers: 0 (0 repaired)
Total LBM partial records: 0 (0 repaired)
Total corrupted LBM metadata records in RocksDB: 0 (0 repaired)
I20260601 13:31:07.517597  8047 rpc_server.cc:225] running with OpenSSL 1.1.1  11 Sep 2018
I20260601 13:31:07.517954  8047 kserver.cc:163] Server-wide thread pool size limit: 3276
I20260601 13:31:07.518191  8047 txn_system_client.cc:432] TxnSystemClient initialization is disabled...
I20260601 13:31:07.518646  8047 ts_tablet_manager.cc:585] Loaded tablet metadata (0 total tablets, 0 live tablets)
I20260601 13:31:07.518682  8047 ts_tablet_manager.cc:531] Time spent load tablet metadata: real 0.000s	user 0.000s	sys 0.000s
I20260601 13:31:07.518749  8047 ts_tablet_manager.cc:616] Registered 0 tablets
I20260601 13:31:07.518850  8047 ts_tablet_manager.cc:595] Time spent register tablets: real 0.000s	user 0.000s	sys 0.000s
I20260601 13:31:07.522969  8047 rpc_server.cc:307] RPC server started. Bound to: 127.7.219.193:44069
I20260601 13:31:07.523027 10388 acceptor_pool.cc:272] collecting diagnostics on the listening RPC socket 127.7.219.193:44069 every 8 connection(s)
I20260601 13:31:07.523844  8047 file_cache.cc:492] Constructed file cache file cache with capacity 419430
W20260601 13:31:07.525610 10393 instance_detector.cc:116] could not retrieve AWS instance metadata: Network error: curl error: HTTP response code said error: The requested URL returned error: 404
W20260601 13:31:07.525733 10394 instance_detector.cc:116] could not retrieve Azure instance metadata: Network error: curl error: HTTP response code said error: The requested URL returned error: 404
I20260601 13:31:07.525851  8047 server_base.cc:1061] running on GCE node
W20260601 13:31:07.525950 10396 instance_detector.cc:116] could not retrieve OpenStack instance metadata: Network error: curl error: HTTP response code said error: The requested URL returned error: 404
I20260601 13:31:07.526145  8047 hybrid_clock.cc:584] initializing the hybrid clock with 'system_unsync' time source
W20260601 13:31:07.526223  8047 system_unsync_time.cc:38] NTP support is disabled. Clock error bounds will not be accurate. This configuration is not suitable for distributed clusters.
I20260601 13:31:07.526257  8047 hybrid_clock.cc:648] HybridClock initialized: now 1780320667526256 us; error 0 us; skew 500 ppm
I20260601 13:31:07.531615  8047 webserver.cc:533] Webserver started at http://127.7.219.194:45779/ using document root <none> and password file <none>
I20260601 13:31:07.531781  8047 fs_manager.cc:362] Metadata directory not provided
I20260601 13:31:07.531850  8047 fs_manager.cc:368] Using write-ahead log directory (fs_wal_dir) as metadata directory
I20260601 13:31:07.531975  8047 server_base.cc:909] This appears to be a new deployment of Kudu; creating new FS layout
I20260601 13:31:07.532336 10389 heartbeater.cc:344] Connected to a master server at 127.7.219.254:35057
I20260601 13:31:07.532433 10389 heartbeater.cc:461] Registering TS with master...
I20260601 13:31:07.532437  8047 fs_manager.cc:1068] Generated new instance metadata in path /tmp/dist-test-taskaZNpFI/test-tmp/auto_rebalancer-test.0.AutoRebalancerTest.NoReplicaMovesIfNoTablets.1780320611910486-8047-0/minicluster-data/ts-1-root/instance:
uuid: "e03d53dab05d4f8b988efc78d7ab40b4"
format_stamp: "Formatted at 2026-06-01 13:31:07 on dist-test-slave-w90c"
I20260601 13:31:07.532713 10389 heartbeater.cc:507] Master 127.7.219.254:35057 requested a full tablet report, sending...
I20260601 13:31:07.533378 10260 ts_manager.cc:194] Registered new tserver with Master: 5b84669498534a80a03a5a822dd78cc3 (127.7.219.193:44069)
I20260601 13:31:07.534150  8047 fs_manager.cc:696] Time spent creating directory manager: real 0.001s	user 0.001s	sys 0.000s
I20260601 13:31:07.534307 10260 master_service.cc:502] Signed X509 certificate for tserver {username='slave'} at 127.0.0.1:56476
I20260601 13:31:07.535264 10401 log_block_manager.cc:4031] Time spent loading block containers with low live blocks: real 0.000s	user 0.000s	sys 0.000s
I20260601 13:31:07.535526  8047 fs_manager.cc:730] Time spent opening block manager: real 0.001s	user 0.001s	sys 0.000s
I20260601 13:31:07.535607  8047 fs_manager.cc:647] Opened local filesystem: /tmp/dist-test-taskaZNpFI/test-tmp/auto_rebalancer-test.0.AutoRebalancerTest.NoReplicaMovesIfNoTablets.1780320611910486-8047-0/minicluster-data/ts-1-root
uuid: "e03d53dab05d4f8b988efc78d7ab40b4"
format_stamp: "Formatted at 2026-06-01 13:31:07 on dist-test-slave-w90c"
I20260601 13:31:07.535696  8047 fs_report.cc:389] FS layout report
--------------------
wal directory: /tmp/dist-test-taskaZNpFI/test-tmp/auto_rebalancer-test.0.AutoRebalancerTest.NoReplicaMovesIfNoTablets.1780320611910486-8047-0/minicluster-data/ts-1-root
metadata directory: /tmp/dist-test-taskaZNpFI/test-tmp/auto_rebalancer-test.0.AutoRebalancerTest.NoReplicaMovesIfNoTablets.1780320611910486-8047-0/minicluster-data/ts-1-root
1 data directories: /tmp/dist-test-taskaZNpFI/test-tmp/auto_rebalancer-test.0.AutoRebalancerTest.NoReplicaMovesIfNoTablets.1780320611910486-8047-0/minicluster-data/ts-1-root/data
Total live blocks: 0
Total live bytes: 0
Total live bytes (after alignment): 0
Total number of LBM containers: 0 (0 full)
Did not check for missing blocks
Did not check for orphaned blocks
Total full LBM containers with extra space: 0 (0 repaired)
Total full LBM container extra space in bytes: 0 (0 repaired)
Total incomplete LBM containers: 0 (0 repaired)
Total LBM partial records: 0 (0 repaired)
Total corrupted LBM metadata records in RocksDB: 0 (0 repaired)
I20260601 13:31:07.549878  8047 rpc_server.cc:225] running with OpenSSL 1.1.1  11 Sep 2018
I20260601 13:31:07.550282  8047 kserver.cc:163] Server-wide thread pool size limit: 3276
I20260601 13:31:07.550570  8047 txn_system_client.cc:432] TxnSystemClient initialization is disabled...
I20260601 13:31:07.551095  8047 ts_tablet_manager.cc:585] Loaded tablet metadata (0 total tablets, 0 live tablets)
I20260601 13:31:07.551155  8047 ts_tablet_manager.cc:531] Time spent load tablet metadata: real 0.000s	user 0.000s	sys 0.000s
I20260601 13:31:07.551211  8047 ts_tablet_manager.cc:616] Registered 0 tablets
I20260601 13:31:07.551246  8047 ts_tablet_manager.cc:595] Time spent register tablets: real 0.000s	user 0.000s	sys 0.000s
I20260601 13:31:07.555321  8047 rpc_server.cc:307] RPC server started. Bound to: 127.7.219.194:42889
I20260601 13:31:07.555352 10464 acceptor_pool.cc:272] collecting diagnostics on the listening RPC socket 127.7.219.194:42889 every 8 connection(s)
I20260601 13:31:07.556046  8047 file_cache.cc:492] Constructed file cache file cache with capacity 419430
W20260601 13:31:07.558100 10469 instance_detector.cc:116] could not retrieve Azure instance metadata: Network error: curl error: HTTP response code said error: The requested URL returned error: 404
W20260601 13:31:07.558101 10468 instance_detector.cc:116] could not retrieve AWS instance metadata: Network error: curl error: HTTP response code said error: The requested URL returned error: 404
W20260601 13:31:07.558126 10471 instance_detector.cc:116] could not retrieve OpenStack instance metadata: Network error: curl error: HTTP response code said error: The requested URL returned error: 404
I20260601 13:31:07.558374  8047 server_base.cc:1061] running on GCE node
I20260601 13:31:07.558710  8047 hybrid_clock.cc:584] initializing the hybrid clock with 'system_unsync' time source
W20260601 13:31:07.558765  8047 system_unsync_time.cc:38] NTP support is disabled. Clock error bounds will not be accurate. This configuration is not suitable for distributed clusters.
I20260601 13:31:07.558809  8047 hybrid_clock.cc:648] HybridClock initialized: now 1780320667558809 us; error 0 us; skew 500 ppm
I20260601 13:31:07.560036  8047 webserver.cc:533] Webserver started at http://127.7.219.195:41329/ using document root <none> and password file <none>
I20260601 13:31:07.560153 10465 heartbeater.cc:344] Connected to a master server at 127.7.219.254:35057
I20260601 13:31:07.560195  8047 fs_manager.cc:362] Metadata directory not provided
I20260601 13:31:07.560235 10465 heartbeater.cc:461] Registering TS with master...
I20260601 13:31:07.560249  8047 fs_manager.cc:368] Using write-ahead log directory (fs_wal_dir) as metadata directory
I20260601 13:31:07.560318  8047 server_base.cc:909] This appears to be a new deployment of Kudu; creating new FS layout
I20260601 13:31:07.560456 10465 heartbeater.cc:507] Master 127.7.219.254:35057 requested a full tablet report, sending...
I20260601 13:31:07.560734  8047 fs_manager.cc:1068] Generated new instance metadata in path /tmp/dist-test-taskaZNpFI/test-tmp/auto_rebalancer-test.0.AutoRebalancerTest.NoReplicaMovesIfNoTablets.1780320611910486-8047-0/minicluster-data/ts-2-root/instance:
uuid: "bcdc5a89f4fd4a30a15bf6e4cdcef76b"
format_stamp: "Formatted at 2026-06-01 13:31:07 on dist-test-slave-w90c"
I20260601 13:31:07.561062 10260 ts_manager.cc:194] Registered new tserver with Master: e03d53dab05d4f8b988efc78d7ab40b4 (127.7.219.194:42889)
I20260601 13:31:07.561774 10260 master_service.cc:502] Signed X509 certificate for tserver {username='slave'} at 127.0.0.1:56488
I20260601 13:31:07.562456  8047 fs_manager.cc:696] Time spent creating directory manager: real 0.001s	user 0.000s	sys 0.002s
I20260601 13:31:07.563364 10476 log_block_manager.cc:4031] Time spent loading block containers with low live blocks: real 0.000s	user 0.000s	sys 0.000s
I20260601 13:31:07.563584  8047 fs_manager.cc:730] Time spent opening block manager: real 0.001s	user 0.000s	sys 0.000s
I20260601 13:31:07.563637  8047 fs_manager.cc:647] Opened local filesystem: /tmp/dist-test-taskaZNpFI/test-tmp/auto_rebalancer-test.0.AutoRebalancerTest.NoReplicaMovesIfNoTablets.1780320611910486-8047-0/minicluster-data/ts-2-root
uuid: "bcdc5a89f4fd4a30a15bf6e4cdcef76b"
format_stamp: "Formatted at 2026-06-01 13:31:07 on dist-test-slave-w90c"
I20260601 13:31:07.563688  8047 fs_report.cc:389] FS layout report
--------------------
wal directory: /tmp/dist-test-taskaZNpFI/test-tmp/auto_rebalancer-test.0.AutoRebalancerTest.NoReplicaMovesIfNoTablets.1780320611910486-8047-0/minicluster-data/ts-2-root
metadata directory: /tmp/dist-test-taskaZNpFI/test-tmp/auto_rebalancer-test.0.AutoRebalancerTest.NoReplicaMovesIfNoTablets.1780320611910486-8047-0/minicluster-data/ts-2-root
1 data directories: /tmp/dist-test-taskaZNpFI/test-tmp/auto_rebalancer-test.0.AutoRebalancerTest.NoReplicaMovesIfNoTablets.1780320611910486-8047-0/minicluster-data/ts-2-root/data
Total live blocks: 0
Total live bytes: 0
Total live bytes (after alignment): 0
Total number of LBM containers: 0 (0 full)
Did not check for missing blocks
Did not check for orphaned blocks
Total full LBM containers with extra space: 0 (0 repaired)
Total full LBM container extra space in bytes: 0 (0 repaired)
Total incomplete LBM containers: 0 (0 repaired)
Total LBM partial records: 0 (0 repaired)
Total corrupted LBM metadata records in RocksDB: 0 (0 repaired)
I20260601 13:31:07.570201  8047 rpc_server.cc:225] running with OpenSSL 1.1.1  11 Sep 2018
I20260601 13:31:07.570505  8047 kserver.cc:163] Server-wide thread pool size limit: 3276
I20260601 13:31:07.570766  8047 txn_system_client.cc:432] TxnSystemClient initialization is disabled...
I20260601 13:31:07.571231  8047 ts_tablet_manager.cc:585] Loaded tablet metadata (0 total tablets, 0 live tablets)
I20260601 13:31:07.571267  8047 ts_tablet_manager.cc:531] Time spent load tablet metadata: real 0.000s	user 0.000s	sys 0.000s
I20260601 13:31:07.571295  8047 ts_tablet_manager.cc:616] Registered 0 tablets
I20260601 13:31:07.571310  8047 ts_tablet_manager.cc:595] Time spent register tablets: real 0.000s	user 0.000s	sys 0.000s
I20260601 13:31:07.575662  8047 rpc_server.cc:307] RPC server started. Bound to: 127.7.219.195:36407
I20260601 13:31:07.575747 10539 acceptor_pool.cc:272] collecting diagnostics on the listening RPC socket 127.7.219.195:36407 every 8 connection(s)
I20260601 13:31:07.580106 10540 heartbeater.cc:344] Connected to a master server at 127.7.219.254:35057
I20260601 13:31:07.580237 10540 heartbeater.cc:461] Registering TS with master...
I20260601 13:31:07.580449 10540 heartbeater.cc:507] Master 127.7.219.254:35057 requested a full tablet report, sending...
I20260601 13:31:07.581167 10260 ts_manager.cc:194] Registered new tserver with Master: bcdc5a89f4fd4a30a15bf6e4cdcef76b (127.7.219.195:36407)
I20260601 13:31:07.581632 10260 master_service.cc:502] Signed X509 certificate for tserver {username='slave'} at 127.0.0.1:56490
I20260601 13:31:07.581741  8047 internal_mini_cluster.cc:371] 3 TS(s) registered with all masters after 0.005651186s
I20260601 13:31:08.535396 10389 heartbeater.cc:499] Master 127.7.219.254:35057 was elected leader, sending a full tablet report...
I20260601 13:31:08.562731 10465 heartbeater.cc:499] Master 127.7.219.254:35057 was elected leader, sending a full tablet report...
I20260601 13:31:08.582571 10540 heartbeater.cc:499] Master 127.7.219.254:35057 was elected leader, sending a full tablet report...
I20260601 13:31:09.465701 10314 auto_leader_rebalancer.cc:451] All tables' leader rebalancing finished this round
I20260601 13:31:11.466023 10314 auto_leader_rebalancer.cc:451] All tables' leader rebalancing finished this round
I20260601 13:31:13.466362 10314 auto_leader_rebalancer.cc:451] All tables' leader rebalancing finished this round
I20260601 13:31:15.466701 10314 auto_leader_rebalancer.cc:451] All tables' leader rebalancing finished this round
I20260601 13:31:17.467125 10314 auto_leader_rebalancer.cc:451] All tables' leader rebalancing finished this round
I20260601 13:31:19.467494 10314 auto_leader_rebalancer.cc:451] All tables' leader rebalancing finished this round
I20260601 13:31:19.664332  8047 tablet_server.cc:179] TabletServer@127.7.219.193:0 shutting down...
I20260601 13:31:19.668172  8047 ts_tablet_manager.cc:1507] Shutting down tablet manager...
I20260601 13:31:19.681268  8047 tablet_server.cc:196] TabletServer@127.7.219.193:0 shutdown complete.
I20260601 13:31:19.683112  8047 tablet_server.cc:179] TabletServer@127.7.219.194:0 shutting down...
I20260601 13:31:19.687718  8047 ts_tablet_manager.cc:1507] Shutting down tablet manager...
I20260601 13:31:19.699689  8047 tablet_server.cc:196] TabletServer@127.7.219.194:0 shutdown complete.
I20260601 13:31:19.701464  8047 tablet_server.cc:179] TabletServer@127.7.219.195:0 shutting down...
I20260601 13:31:19.706182  8047 ts_tablet_manager.cc:1507] Shutting down tablet manager...
I20260601 13:31:19.718160  8047 tablet_server.cc:196] TabletServer@127.7.219.195:0 shutdown complete.
I20260601 13:31:19.719834  8047 master.cc:562] Master@127.7.219.254:35057 shutting down...
I20260601 13:31:19.722955  8047 raft_consensus.cc:2243] T 00000000000000000000000000000000 P 8657dd60891d44a5aa234923e3eeff60 [term 1 LEADER]: Raft consensus shutting down.
I20260601 13:31:19.723100  8047 raft_consensus.cc:2272] T 00000000000000000000000000000000 P 8657dd60891d44a5aa234923e3eeff60 [term 1 FOLLOWER]: Raft consensus is shut down!
I20260601 13:31:19.723151  8047 tablet_replica.cc:333] T 00000000000000000000000000000000 P 8657dd60891d44a5aa234923e3eeff60: stopping tablet replica
I20260601 13:31:19.735477  8047 master.cc:584] Master@127.7.219.254:35057 shutdown complete.
[       OK ] AutoRebalancerTest.NoReplicaMovesIfNoTablets (12300 ms)
[ RUN      ] AutoRebalancerTest.RangeAwareBuildClusterInfoGroupsByRange
I20260601 13:31:19.741015  8047 internal_mini_cluster.cc:156] Creating distributed mini masters. Addrs: 127.7.219.254:44717
I20260601 13:31:19.741336  8047 file_cache.cc:492] Constructed file cache file cache with capacity 419430
W20260601 13:31:19.743224 10545 instance_detector.cc:116] could not retrieve Azure instance metadata: Network error: curl error: HTTP response code said error: The requested URL returned error: 404
W20260601 13:31:19.743359 10544 instance_detector.cc:116] could not retrieve AWS instance metadata: Network error: curl error: HTTP response code said error: The requested URL returned error: 404
W20260601 13:31:19.743359 10547 instance_detector.cc:116] could not retrieve OpenStack instance metadata: Network error: curl error: HTTP response code said error: The requested URL returned error: 404
I20260601 13:31:19.743500  8047 server_base.cc:1061] running on GCE node
I20260601 13:31:19.743678  8047 hybrid_clock.cc:584] initializing the hybrid clock with 'system_unsync' time source
W20260601 13:31:19.743733  8047 system_unsync_time.cc:38] NTP support is disabled. Clock error bounds will not be accurate. This configuration is not suitable for distributed clusters.
I20260601 13:31:19.743755  8047 hybrid_clock.cc:648] HybridClock initialized: now 1780320679743754 us; error 0 us; skew 500 ppm
I20260601 13:31:19.744575  8047 webserver.cc:533] Webserver started at http://127.7.219.254:36153/ using document root <none> and password file <none>
I20260601 13:31:19.744748  8047 fs_manager.cc:362] Metadata directory not provided
I20260601 13:31:19.744814  8047 fs_manager.cc:368] Using write-ahead log directory (fs_wal_dir) as metadata directory
I20260601 13:31:19.744889  8047 server_base.cc:909] This appears to be a new deployment of Kudu; creating new FS layout
I20260601 13:31:19.745266  8047 fs_manager.cc:1068] Generated new instance metadata in path /tmp/dist-test-taskaZNpFI/test-tmp/auto_rebalancer-test.0.AutoRebalancerTest.RangeAwareBuildClusterInfoGroupsByRange.1780320611910486-8047-0/minicluster-data/master-0-root/instance:
uuid: "5d995ddf3498438da7cc4f01a2b73fe9"
format_stamp: "Formatted at 2026-06-01 13:31:19 on dist-test-slave-w90c"
I20260601 13:31:19.746687  8047 fs_manager.cc:696] Time spent creating directory manager: real 0.001s	user 0.001s	sys 0.000s
I20260601 13:31:19.747660 10552 log_block_manager.cc:4031] Time spent loading block containers with low live blocks: real 0.000s	user 0.000s	sys 0.000s
I20260601 13:31:19.747893  8047 fs_manager.cc:730] Time spent opening block manager: real 0.001s	user 0.001s	sys 0.000s
I20260601 13:31:19.747975  8047 fs_manager.cc:647] Opened local filesystem: /tmp/dist-test-taskaZNpFI/test-tmp/auto_rebalancer-test.0.AutoRebalancerTest.RangeAwareBuildClusterInfoGroupsByRange.1780320611910486-8047-0/minicluster-data/master-0-root
uuid: "5d995ddf3498438da7cc4f01a2b73fe9"
format_stamp: "Formatted at 2026-06-01 13:31:19 on dist-test-slave-w90c"
I20260601 13:31:19.748070  8047 fs_report.cc:389] FS layout report
--------------------
wal directory: /tmp/dist-test-taskaZNpFI/test-tmp/auto_rebalancer-test.0.AutoRebalancerTest.RangeAwareBuildClusterInfoGroupsByRange.1780320611910486-8047-0/minicluster-data/master-0-root
metadata directory: /tmp/dist-test-taskaZNpFI/test-tmp/auto_rebalancer-test.0.AutoRebalancerTest.RangeAwareBuildClusterInfoGroupsByRange.1780320611910486-8047-0/minicluster-data/master-0-root
1 data directories: /tmp/dist-test-taskaZNpFI/test-tmp/auto_rebalancer-test.0.AutoRebalancerTest.RangeAwareBuildClusterInfoGroupsByRange.1780320611910486-8047-0/minicluster-data/master-0-root/data
Total live blocks: 0
Total live bytes: 0
Total live bytes (after alignment): 0
Total number of LBM containers: 0 (0 full)
Did not check for missing blocks
Did not check for orphaned blocks
Total full LBM containers with extra space: 0 (0 repaired)
Total full LBM container extra space in bytes: 0 (0 repaired)
Total incomplete LBM containers: 0 (0 repaired)
Total LBM partial records: 0 (0 repaired)
Total corrupted LBM metadata records in RocksDB: 0 (0 repaired)
I20260601 13:31:19.756865  8047 rpc_server.cc:225] running with OpenSSL 1.1.1  11 Sep 2018
I20260601 13:31:19.757207  8047 kserver.cc:163] Server-wide thread pool size limit: 3276
I20260601 13:31:19.761314  8047 rpc_server.cc:307] RPC server started. Bound to: 127.7.219.254:44717
I20260601 13:31:19.762972 10604 acceptor_pool.cc:272] collecting diagnostics on the listening RPC socket 127.7.219.254:44717 every 8 connection(s)
I20260601 13:31:19.763427 10605 data_dirs.cc:400] Could only allocate 1 dirs of requested 3 for tablet 00000000000000000000000000000000. 1 dirs total, 0 dirs full, 0 dirs failed
I20260601 13:31:19.765190 10605 tablet_bootstrap.cc:492] T 00000000000000000000000000000000 P 5d995ddf3498438da7cc4f01a2b73fe9: Bootstrap starting.
I20260601 13:31:19.765990 10605 tablet_bootstrap.cc:654] T 00000000000000000000000000000000 P 5d995ddf3498438da7cc4f01a2b73fe9: Neither blocks nor log segments found. Creating new log.
I20260601 13:31:19.767001 10605 tablet_bootstrap.cc:492] T 00000000000000000000000000000000 P 5d995ddf3498438da7cc4f01a2b73fe9: No bootstrap required, opened a new log
I20260601 13:31:19.767436 10605 raft_consensus.cc:359] T 00000000000000000000000000000000 P 5d995ddf3498438da7cc4f01a2b73fe9 [term 0 FOLLOWER]: Replica starting. Triggering 0 pending ops. Active config: opid_index: -1 OBSOLETE_local: true peers { permanent_uuid: "5d995ddf3498438da7cc4f01a2b73fe9" member_type: VOTER }
I20260601 13:31:19.767550 10605 raft_consensus.cc:385] T 00000000000000000000000000000000 P 5d995ddf3498438da7cc4f01a2b73fe9 [term 0 FOLLOWER]: Consensus starting up: Expiring failure detector timer to make a prompt election more likely
I20260601 13:31:19.767590 10605 raft_consensus.cc:740] T 00000000000000000000000000000000 P 5d995ddf3498438da7cc4f01a2b73fe9 [term 0 FOLLOWER]: Becoming Follower/Learner. State: Replica: 5d995ddf3498438da7cc4f01a2b73fe9, State: Initialized, Role: FOLLOWER
I20260601 13:31:19.767751 10605 consensus_queue.cc:260] T 00000000000000000000000000000000 P 5d995ddf3498438da7cc4f01a2b73fe9 [NON_LEADER]: Queue going to NON_LEADER mode. State: All replicated index: 0, Majority replicated index: 0, Committed index: 0, Last appended: 0.0, Last appended by leader: 0, Current term: 0, Majority size: -1, State: 0, Mode: NON_LEADER, active raft config: opid_index: -1 OBSOLETE_local: true peers { permanent_uuid: "5d995ddf3498438da7cc4f01a2b73fe9" member_type: VOTER }
I20260601 13:31:19.767844 10605 raft_consensus.cc:399] T 00000000000000000000000000000000 P 5d995ddf3498438da7cc4f01a2b73fe9 [term 0 FOLLOWER]: Only one voter in the Raft config. Triggering election immediately
I20260601 13:31:19.767892 10605 raft_consensus.cc:493] T 00000000000000000000000000000000 P 5d995ddf3498438da7cc4f01a2b73fe9 [term 0 FOLLOWER]: Starting leader election (initial election of a single-replica configuration)
I20260601 13:31:19.767956 10605 raft_consensus.cc:3060] T 00000000000000000000000000000000 P 5d995ddf3498438da7cc4f01a2b73fe9 [term 0 FOLLOWER]: Advancing to term 1
I20260601 13:31:19.768649 10605 raft_consensus.cc:515] T 00000000000000000000000000000000 P 5d995ddf3498438da7cc4f01a2b73fe9 [term 1 FOLLOWER]: Starting leader election with config: opid_index: -1 OBSOLETE_local: true peers { permanent_uuid: "5d995ddf3498438da7cc4f01a2b73fe9" member_type: VOTER }
I20260601 13:31:19.768810 10605 leader_election.cc:304] T 00000000000000000000000000000000 P 5d995ddf3498438da7cc4f01a2b73fe9 [CANDIDATE]: Term 1 election: Election decided. Result: candidate won. Election summary: received 1 responses out of 1 voters: 1 yes votes; 0 no votes. yes voters: 5d995ddf3498438da7cc4f01a2b73fe9; no voters: 
I20260601 13:31:19.768999 10605 leader_election.cc:290] T 00000000000000000000000000000000 P 5d995ddf3498438da7cc4f01a2b73fe9 [CANDIDATE]: Term 1 election: Requested vote from peers 
I20260601 13:31:19.769124 10608 raft_consensus.cc:2804] T 00000000000000000000000000000000 P 5d995ddf3498438da7cc4f01a2b73fe9 [term 1 FOLLOWER]: Leader election won for term 1
I20260601 13:31:19.769368 10608 raft_consensus.cc:697] T 00000000000000000000000000000000 P 5d995ddf3498438da7cc4f01a2b73fe9 [term 1 LEADER]: Becoming Leader. State: Replica: 5d995ddf3498438da7cc4f01a2b73fe9, State: Running, Role: LEADER
I20260601 13:31:19.769469 10605 sys_catalog.cc:565] T 00000000000000000000000000000000 P 5d995ddf3498438da7cc4f01a2b73fe9 [sys.catalog]: configured and running, proceeding with master startup.
I20260601 13:31:19.769496 10608 consensus_queue.cc:237] T 00000000000000000000000000000000 P 5d995ddf3498438da7cc4f01a2b73fe9 [LEADER]: Queue going to LEADER mode. State: All replicated index: 0, Majority replicated index: 0, Committed index: 0, Last appended: 0.0, Last appended by leader: 0, Current term: 1, Majority size: 1, State: 0, Mode: LEADER, active raft config: opid_index: -1 OBSOLETE_local: true peers { permanent_uuid: "5d995ddf3498438da7cc4f01a2b73fe9" member_type: VOTER }
I20260601 13:31:19.769917 10610 sys_catalog.cc:455] T 00000000000000000000000000000000 P 5d995ddf3498438da7cc4f01a2b73fe9 [sys.catalog]: SysCatalogTable state changed. Reason: New leader 5d995ddf3498438da7cc4f01a2b73fe9. Latest consensus state: current_term: 1 leader_uuid: "5d995ddf3498438da7cc4f01a2b73fe9" committed_config { opid_index: -1 OBSOLETE_local: true peers { permanent_uuid: "5d995ddf3498438da7cc4f01a2b73fe9" member_type: VOTER } }
I20260601 13:31:19.769899 10609 sys_catalog.cc:455] T 00000000000000000000000000000000 P 5d995ddf3498438da7cc4f01a2b73fe9 [sys.catalog]: SysCatalogTable state changed. Reason: RaftConsensus started. Latest consensus state: current_term: 1 leader_uuid: "5d995ddf3498438da7cc4f01a2b73fe9" committed_config { opid_index: -1 OBSOLETE_local: true peers { permanent_uuid: "5d995ddf3498438da7cc4f01a2b73fe9" member_type: VOTER } }
I20260601 13:31:19.770040 10610 sys_catalog.cc:458] T 00000000000000000000000000000000 P 5d995ddf3498438da7cc4f01a2b73fe9 [sys.catalog]: This master's current role is: LEADER
I20260601 13:31:19.770112 10609 sys_catalog.cc:458] T 00000000000000000000000000000000 P 5d995ddf3498438da7cc4f01a2b73fe9 [sys.catalog]: This master's current role is: LEADER
I20260601 13:31:19.770625 10615 catalog_manager.cc:1510] Loading table and tablet metadata into memory...
I20260601 13:31:19.771561 10615 catalog_manager.cc:1519] Initializing Kudu cluster ID...
I20260601 13:31:19.771747  8047 internal_mini_cluster.cc:184] Waiting to initialize catalog manager on master 0
I20260601 13:31:19.773345 10615 catalog_manager.cc:1382] Generated new cluster ID: e64a1125e954467bb6040b2904c5f6c6
I20260601 13:31:19.773404 10615 catalog_manager.cc:1530] Initializing Kudu internal certificate authority...
I20260601 13:31:19.777855 10615 catalog_manager.cc:1405] Generated new certificate authority record
I20260601 13:31:19.778359 10615 catalog_manager.cc:1539] Loading token signing keys...
I20260601 13:31:19.787865 10615 catalog_manager.cc:6069] T 00000000000000000000000000000000 P 5d995ddf3498438da7cc4f01a2b73fe9: Generated new TSK 0
I20260601 13:31:19.788028 10615 catalog_manager.cc:1549] Initializing in-progress tserver states...
I20260601 13:31:19.804147  8047 file_cache.cc:492] Constructed file cache file cache with capacity 419430
W20260601 13:31:19.806207 10627 instance_detector.cc:116] could not retrieve Azure instance metadata: Network error: curl error: HTTP response code said error: The requested URL returned error: 404
W20260601 13:31:19.806207 10629 instance_detector.cc:116] could not retrieve OpenStack instance metadata: Network error: curl error: HTTP response code said error: The requested URL returned error: 404
I20260601 13:31:19.806330  8047 server_base.cc:1061] running on GCE node
W20260601 13:31:19.806236 10626 instance_detector.cc:116] could not retrieve AWS instance metadata: Network error: curl error: HTTP response code said error: The requested URL returned error: 404
I20260601 13:31:19.806603  8047 hybrid_clock.cc:584] initializing the hybrid clock with 'system_unsync' time source
W20260601 13:31:19.806672  8047 system_unsync_time.cc:38] NTP support is disabled. Clock error bounds will not be accurate. This configuration is not suitable for distributed clusters.
I20260601 13:31:19.806697  8047 hybrid_clock.cc:648] HybridClock initialized: now 1780320679806696 us; error 0 us; skew 500 ppm
I20260601 13:31:19.807566  8047 webserver.cc:533] Webserver started at http://127.7.219.193:37689/ using document root <none> and password file <none>
I20260601 13:31:19.807747  8047 fs_manager.cc:362] Metadata directory not provided
I20260601 13:31:19.807816  8047 fs_manager.cc:368] Using write-ahead log directory (fs_wal_dir) as metadata directory
I20260601 13:31:19.807893  8047 server_base.cc:909] This appears to be a new deployment of Kudu; creating new FS layout
I20260601 13:31:19.808281  8047 fs_manager.cc:1068] Generated new instance metadata in path /tmp/dist-test-taskaZNpFI/test-tmp/auto_rebalancer-test.0.AutoRebalancerTest.RangeAwareBuildClusterInfoGroupsByRange.1780320611910486-8047-0/minicluster-data/ts-0-root/instance:
uuid: "f8a114ff73344d55bac056c8d9212404"
format_stamp: "Formatted at 2026-06-01 13:31:19 on dist-test-slave-w90c"
I20260601 13:31:19.809726  8047 fs_manager.cc:696] Time spent creating directory manager: real 0.001s	user 0.002s	sys 0.000s
I20260601 13:31:19.810601 10634 log_block_manager.cc:4031] Time spent loading block containers with low live blocks: real 0.000s	user 0.000s	sys 0.000s
I20260601 13:31:19.810993  8047 fs_manager.cc:730] Time spent opening block manager: real 0.001s	user 0.001s	sys 0.000s
I20260601 13:31:19.811056  8047 fs_manager.cc:647] Opened local filesystem: /tmp/dist-test-taskaZNpFI/test-tmp/auto_rebalancer-test.0.AutoRebalancerTest.RangeAwareBuildClusterInfoGroupsByRange.1780320611910486-8047-0/minicluster-data/ts-0-root
uuid: "f8a114ff73344d55bac056c8d9212404"
format_stamp: "Formatted at 2026-06-01 13:31:19 on dist-test-slave-w90c"
I20260601 13:31:19.811113  8047 fs_report.cc:389] FS layout report
--------------------
wal directory: /tmp/dist-test-taskaZNpFI/test-tmp/auto_rebalancer-test.0.AutoRebalancerTest.RangeAwareBuildClusterInfoGroupsByRange.1780320611910486-8047-0/minicluster-data/ts-0-root
metadata directory: /tmp/dist-test-taskaZNpFI/test-tmp/auto_rebalancer-test.0.AutoRebalancerTest.RangeAwareBuildClusterInfoGroupsByRange.1780320611910486-8047-0/minicluster-data/ts-0-root
1 data directories: /tmp/dist-test-taskaZNpFI/test-tmp/auto_rebalancer-test.0.AutoRebalancerTest.RangeAwareBuildClusterInfoGroupsByRange.1780320611910486-8047-0/minicluster-data/ts-0-root/data
Total live blocks: 0
Total live bytes: 0
Total live bytes (after alignment): 0
Total number of LBM containers: 0 (0 full)
Did not check for missing blocks
Did not check for orphaned blocks
Total full LBM containers with extra space: 0 (0 repaired)
Total full LBM container extra space in bytes: 0 (0 repaired)
Total incomplete LBM containers: 0 (0 repaired)
Total LBM partial records: 0 (0 repaired)
Total corrupted LBM metadata records in RocksDB: 0 (0 repaired)
I20260601 13:31:19.815261  8047 rpc_server.cc:225] running with OpenSSL 1.1.1  11 Sep 2018
I20260601 13:31:19.815546  8047 kserver.cc:163] Server-wide thread pool size limit: 3276
I20260601 13:31:19.815757  8047 txn_system_client.cc:432] TxnSystemClient initialization is disabled...
I20260601 13:31:19.816210  8047 ts_tablet_manager.cc:585] Loaded tablet metadata (0 total tablets, 0 live tablets)
I20260601 13:31:19.816246  8047 ts_tablet_manager.cc:531] Time spent load tablet metadata: real 0.000s	user 0.000s	sys 0.000s
I20260601 13:31:19.816300  8047 ts_tablet_manager.cc:616] Registered 0 tablets
I20260601 13:31:19.816337  8047 ts_tablet_manager.cc:595] Time spent register tablets: real 0.000s	user 0.000s	sys 0.000s
I20260601 13:31:19.820570  8047 rpc_server.cc:307] RPC server started. Bound to: 127.7.219.193:44423
I20260601 13:31:19.820609 10697 acceptor_pool.cc:272] collecting diagnostics on the listening RPC socket 127.7.219.193:44423 every 8 connection(s)
I20260601 13:31:19.821396  8047 file_cache.cc:492] Constructed file cache file cache with capacity 419430
W20260601 13:31:19.823292 10703 instance_detector.cc:116] could not retrieve Azure instance metadata: Network error: curl error: HTTP response code said error: The requested URL returned error: 404
W20260601 13:31:19.823292 10702 instance_detector.cc:116] could not retrieve AWS instance metadata: Network error: curl error: HTTP response code said error: The requested URL returned error: 404
I20260601 13:31:19.823664  8047 server_base.cc:1061] running on GCE node
W20260601 13:31:19.823670 10705 instance_detector.cc:116] could not retrieve OpenStack instance metadata: Network error: curl error: HTTP response code said error: The requested URL returned error: 404
I20260601 13:31:19.823889  8047 hybrid_clock.cc:584] initializing the hybrid clock with 'system_unsync' time source
W20260601 13:31:19.823930  8047 system_unsync_time.cc:38] NTP support is disabled. Clock error bounds will not be accurate. This configuration is not suitable for distributed clusters.
I20260601 13:31:19.823945  8047 hybrid_clock.cc:648] HybridClock initialized: now 1780320679823946 us; error 0 us; skew 500 ppm
I20260601 13:31:19.824949  8047 webserver.cc:533] Webserver started at http://127.7.219.194:46251/ using document root <none> and password file <none>
I20260601 13:31:19.825133  8047 fs_manager.cc:362] Metadata directory not provided
I20260601 13:31:19.825199  8047 fs_manager.cc:368] Using write-ahead log directory (fs_wal_dir) as metadata directory
I20260601 13:31:19.825276  8047 server_base.cc:909] This appears to be a new deployment of Kudu; creating new FS layout
I20260601 13:31:19.825716  8047 fs_manager.cc:1068] Generated new instance metadata in path /tmp/dist-test-taskaZNpFI/test-tmp/auto_rebalancer-test.0.AutoRebalancerTest.RangeAwareBuildClusterInfoGroupsByRange.1780320611910486-8047-0/minicluster-data/ts-1-root/instance:
uuid: "9f65b6eda9304b5283ec0b3989f3ddca"
format_stamp: "Formatted at 2026-06-01 13:31:19 on dist-test-slave-w90c"
I20260601 13:31:19.825920 10698 heartbeater.cc:344] Connected to a master server at 127.7.219.254:44717
I20260601 13:31:19.826011 10698 heartbeater.cc:461] Registering TS with master...
I20260601 13:31:19.826248 10698 heartbeater.cc:507] Master 127.7.219.254:44717 requested a full tablet report, sending...
I20260601 13:31:19.826957 10569 ts_manager.cc:194] Registered new tserver with Master: f8a114ff73344d55bac056c8d9212404 (127.7.219.193:44423)
I20260601 13:31:19.827540  8047 fs_manager.cc:696] Time spent creating directory manager: real 0.002s	user 0.000s	sys 0.002s
I20260601 13:31:19.827977 10569 master_service.cc:502] Signed X509 certificate for tserver {username='slave'} at 127.0.0.1:58200
I20260601 13:31:19.828706 10710 log_block_manager.cc:4031] Time spent loading block containers with low live blocks: real 0.000s	user 0.000s	sys 0.000s
I20260601 13:31:19.828994  8047 fs_manager.cc:730] Time spent opening block manager: real 0.001s	user 0.000s	sys 0.001s
I20260601 13:31:19.829054  8047 fs_manager.cc:647] Opened local filesystem: /tmp/dist-test-taskaZNpFI/test-tmp/auto_rebalancer-test.0.AutoRebalancerTest.RangeAwareBuildClusterInfoGroupsByRange.1780320611910486-8047-0/minicluster-data/ts-1-root
uuid: "9f65b6eda9304b5283ec0b3989f3ddca"
format_stamp: "Formatted at 2026-06-01 13:31:19 on dist-test-slave-w90c"
I20260601 13:31:19.829135  8047 fs_report.cc:389] FS layout report
--------------------
wal directory: /tmp/dist-test-taskaZNpFI/test-tmp/auto_rebalancer-test.0.AutoRebalancerTest.RangeAwareBuildClusterInfoGroupsByRange.1780320611910486-8047-0/minicluster-data/ts-1-root
metadata directory: /tmp/dist-test-taskaZNpFI/test-tmp/auto_rebalancer-test.0.AutoRebalancerTest.RangeAwareBuildClusterInfoGroupsByRange.1780320611910486-8047-0/minicluster-data/ts-1-root
1 data directories: /tmp/dist-test-taskaZNpFI/test-tmp/auto_rebalancer-test.0.AutoRebalancerTest.RangeAwareBuildClusterInfoGroupsByRange.1780320611910486-8047-0/minicluster-data/ts-1-root/data
Total live blocks: 0
Total live bytes: 0
Total live bytes (after alignment): 0
Total number of LBM containers: 0 (0 full)
Did not check for missing blocks
Did not check for orphaned blocks
Total full LBM containers with extra space: 0 (0 repaired)
Total full LBM container extra space in bytes: 0 (0 repaired)
Total incomplete LBM containers: 0 (0 repaired)
Total LBM partial records: 0 (0 repaired)
Total corrupted LBM metadata records in RocksDB: 0 (0 repaired)
I20260601 13:31:19.852756  8047 rpc_server.cc:225] running with OpenSSL 1.1.1  11 Sep 2018
I20260601 13:31:19.853173  8047 kserver.cc:163] Server-wide thread pool size limit: 3276
I20260601 13:31:19.853492  8047 txn_system_client.cc:432] TxnSystemClient initialization is disabled...
I20260601 13:31:19.853996  8047 ts_tablet_manager.cc:585] Loaded tablet metadata (0 total tablets, 0 live tablets)
I20260601 13:31:19.854034  8047 ts_tablet_manager.cc:531] Time spent load tablet metadata: real 0.000s	user 0.000s	sys 0.000s
I20260601 13:31:19.854094  8047 ts_tablet_manager.cc:616] Registered 0 tablets
I20260601 13:31:19.854137  8047 ts_tablet_manager.cc:595] Time spent register tablets: real 0.000s	user 0.000s	sys 0.000s
I20260601 13:31:19.858405  8047 rpc_server.cc:307] RPC server started. Bound to: 127.7.219.194:42153
I20260601 13:31:19.858441 10773 acceptor_pool.cc:272] collecting diagnostics on the listening RPC socket 127.7.219.194:42153 every 8 connection(s)
I20260601 13:31:19.859321  8047 file_cache.cc:492] Constructed file cache file cache with capacity 419430
W20260601 13:31:19.861109 10777 instance_detector.cc:116] could not retrieve AWS instance metadata: Network error: curl error: HTTP response code said error: The requested URL returned error: 404
W20260601 13:31:19.861159 10780 instance_detector.cc:116] could not retrieve OpenStack instance metadata: Network error: curl error: HTTP response code said error: The requested URL returned error: 404
W20260601 13:31:19.861171 10778 instance_detector.cc:116] could not retrieve Azure instance metadata: Network error: curl error: HTTP response code said error: The requested URL returned error: 404
I20260601 13:31:19.861517  8047 server_base.cc:1061] running on GCE node
I20260601 13:31:19.861711  8047 hybrid_clock.cc:584] initializing the hybrid clock with 'system_unsync' time source
W20260601 13:31:19.861756  8047 system_unsync_time.cc:38] NTP support is disabled. Clock error bounds will not be accurate. This configuration is not suitable for distributed clusters.
I20260601 13:31:19.861810  8047 hybrid_clock.cc:648] HybridClock initialized: now 1780320679861809 us; error 0 us; skew 500 ppm
I20260601 13:31:19.862751  8047 webserver.cc:533] Webserver started at http://127.7.219.195:34021/ using document root <none> and password file <none>
I20260601 13:31:19.862949  8047 fs_manager.cc:362] Metadata directory not provided
I20260601 13:31:19.863029  8047 fs_manager.cc:368] Using write-ahead log directory (fs_wal_dir) as metadata directory
I20260601 13:31:19.863116  8047 server_base.cc:909] This appears to be a new deployment of Kudu; creating new FS layout
