I20260601 13:30:18.856508 29262 raft_consensus.cc:2955] T 01209dc9f09a4d31b113b573f48dd997 P 45881035aed14c19a46dfbd093038df0 [term 1 FOLLOWER]: Committing config change with OpId 1.2: config changed from index -1 to 2, NON_VOTER 03403194539f4258b00030121dc581bb (127.27.197.132) added. New config: { opid_index: 2 OBSOLETE_local: false peers { permanent_uuid: "bfd5c6bdf89549ceb5b00b14b73f2b75" member_type: VOTER last_known_addr { host: "127.27.197.129" port: 33639 } } peers { permanent_uuid: "db931010eec94fbcb4d8c5504b06c8c2" member_type: VOTER last_known_addr { host: "127.27.197.130" port: 35075 } attrs { replace: true } } peers { permanent_uuid: "45881035aed14c19a46dfbd093038df0" member_type: VOTER last_known_addr { host: "127.27.197.131" port: 43341 } } peers { permanent_uuid: "03403194539f4258b00030121dc581bb" member_type: NON_VOTER last_known_addr { host: "127.27.197.132" port: 39863 } attrs { promote: true } } }
I20260601 13:30:18.858630 29007 catalog_manager.cc:5696] T 01209dc9f09a4d31b113b573f48dd997 P db931010eec94fbcb4d8c5504b06c8c2 reported cstate change: config changed from index -1 to 2, NON_VOTER 03403194539f4258b00030121dc581bb (127.27.197.132) added. New cstate: current_term: 1 leader_uuid: "bfd5c6bdf89549ceb5b00b14b73f2b75" committed_config { opid_index: 2 OBSOLETE_local: false peers { permanent_uuid: "bfd5c6bdf89549ceb5b00b14b73f2b75" member_type: VOTER last_known_addr { host: "127.27.197.129" port: 33639 } } peers { permanent_uuid: "db931010eec94fbcb4d8c5504b06c8c2" member_type: VOTER last_known_addr { host: "127.27.197.130" port: 35075 } attrs { replace: true } } peers { permanent_uuid: "45881035aed14c19a46dfbd093038df0" member_type: VOTER last_known_addr { host: "127.27.197.131" port: 43341 } } peers { permanent_uuid: "03403194539f4258b00030121dc581bb" member_type: NON_VOTER last_known_addr { host: "127.27.197.132" port: 39863 } attrs { promote: true } } }
W20260601 13:30:18.858906 29077 consensus_peers.cc:597] T 01209dc9f09a4d31b113b573f48dd997 P bfd5c6bdf89549ceb5b00b14b73f2b75 -> Peer 03403194539f4258b00030121dc581bb (127.27.197.132:39863): Couldn't send request to peer 03403194539f4258b00030121dc581bb. Error code: TABLET_NOT_FOUND (6). Status: Not found: Tablet not found: 01209dc9f09a4d31b113b573f48dd997. This is attempt 1: this message will repeat every 5th retry.
I20260601 13:30:18.863751 29186 consensus_queue.cc:237] T e5839c5362ac4dbb8ff5259c484c1d96 P db931010eec94fbcb4d8c5504b06c8c2 [LEADER]: Queue going to LEADER mode. State: All replicated index: 0, Majority replicated index: 1, Committed index: 1, Last appended: 1.1, Last appended by leader: 0, Current term: 1, Majority size: 2, State: 0, Mode: LEADER, active raft config: opid_index: 2 OBSOLETE_local: false peers { permanent_uuid: "db931010eec94fbcb4d8c5504b06c8c2" member_type: VOTER last_known_addr { host: "127.27.197.130" port: 35075 } } peers { permanent_uuid: "bfd5c6bdf89549ceb5b00b14b73f2b75" member_type: VOTER last_known_addr { host: "127.27.197.129" port: 33639 } attrs { replace: true } } peers { permanent_uuid: "45881035aed14c19a46dfbd093038df0" member_type: VOTER last_known_addr { host: "127.27.197.131" port: 43341 } } peers { permanent_uuid: "03403194539f4258b00030121dc581bb" member_type: NON_VOTER last_known_addr { host: "127.27.197.132" port: 39863 } attrs { promote: true } }
I20260601 13:30:18.865481 29262 raft_consensus.cc:1275] T e5839c5362ac4dbb8ff5259c484c1d96 P 45881035aed14c19a46dfbd093038df0 [term 1 FOLLOWER]: Refusing update from remote peer db931010eec94fbcb4d8c5504b06c8c2: Log matching property violated. Preceding OpId in replica: term: 1 index: 1. Preceding OpId from leader: term: 1 index: 2. (index mismatch)
I20260601 13:30:18.865492 29110 raft_consensus.cc:1275] T e5839c5362ac4dbb8ff5259c484c1d96 P bfd5c6bdf89549ceb5b00b14b73f2b75 [term 1 FOLLOWER]: Refusing update from remote peer db931010eec94fbcb4d8c5504b06c8c2: Log matching property violated. Preceding OpId in replica: term: 1 index: 1. Preceding OpId from leader: term: 1 index: 2. (index mismatch)
I20260601 13:30:18.865940 29483 consensus_queue.cc:1048] T e5839c5362ac4dbb8ff5259c484c1d96 P db931010eec94fbcb4d8c5504b06c8c2 [LEADER]: Connected to new peer: Peer: permanent_uuid: "45881035aed14c19a46dfbd093038df0" member_type: VOTER last_known_addr { host: "127.27.197.131" port: 43341 }, Status: LMP_MISMATCH, Last received: 0.0, Next index: 2, Last known committed idx: 1, Time since last communication: 0.000s
I20260601 13:30:18.866191 29482 consensus_queue.cc:1048] T e5839c5362ac4dbb8ff5259c484c1d96 P db931010eec94fbcb4d8c5504b06c8c2 [LEADER]: Connected to new peer: Peer: permanent_uuid: "bfd5c6bdf89549ceb5b00b14b73f2b75" member_type: VOTER last_known_addr { host: "127.27.197.129" port: 33639 } attrs { replace: true }, Status: LMP_MISMATCH, Last received: 0.0, Next index: 2, Last known committed idx: 1, Time since last communication: 0.000s
I20260601 13:30:18.868043 29465 raft_consensus.cc:2955] T e5839c5362ac4dbb8ff5259c484c1d96 P db931010eec94fbcb4d8c5504b06c8c2 [term 1 LEADER]: Committing config change with OpId 1.2: config changed from index -1 to 2, NON_VOTER 03403194539f4258b00030121dc581bb (127.27.197.132) added. New config: { opid_index: 2 OBSOLETE_local: false peers { permanent_uuid: "db931010eec94fbcb4d8c5504b06c8c2" member_type: VOTER last_known_addr { host: "127.27.197.130" port: 35075 } } peers { permanent_uuid: "bfd5c6bdf89549ceb5b00b14b73f2b75" member_type: VOTER last_known_addr { host: "127.27.197.129" port: 33639 } attrs { replace: true } } peers { permanent_uuid: "45881035aed14c19a46dfbd093038df0" member_type: VOTER last_known_addr { host: "127.27.197.131" port: 43341 } } peers { permanent_uuid: "03403194539f4258b00030121dc581bb" member_type: NON_VOTER last_known_addr { host: "127.27.197.132" port: 39863 } attrs { promote: true } } }
I20260601 13:30:18.868467 29110 raft_consensus.cc:2955] T e5839c5362ac4dbb8ff5259c484c1d96 P bfd5c6bdf89549ceb5b00b14b73f2b75 [term 1 FOLLOWER]: Committing config change with OpId 1.2: config changed from index -1 to 2, NON_VOTER 03403194539f4258b00030121dc581bb (127.27.197.132) added. New config: { opid_index: 2 OBSOLETE_local: false peers { permanent_uuid: "db931010eec94fbcb4d8c5504b06c8c2" member_type: VOTER last_known_addr { host: "127.27.197.130" port: 35075 } } peers { permanent_uuid: "bfd5c6bdf89549ceb5b00b14b73f2b75" member_type: VOTER last_known_addr { host: "127.27.197.129" port: 33639 } attrs { replace: true } } peers { permanent_uuid: "45881035aed14c19a46dfbd093038df0" member_type: VOTER last_known_addr { host: "127.27.197.131" port: 43341 } } peers { permanent_uuid: "03403194539f4258b00030121dc581bb" member_type: NON_VOTER last_known_addr { host: "127.27.197.132" port: 39863 } attrs { promote: true } } }
W20260601 13:30:18.869506 29153 consensus_peers.cc:597] T e5839c5362ac4dbb8ff5259c484c1d96 P db931010eec94fbcb4d8c5504b06c8c2 -> Peer 03403194539f4258b00030121dc581bb (127.27.197.132:39863): Couldn't send request to peer 03403194539f4258b00030121dc581bb. Error code: TABLET_NOT_FOUND (6). Status: Not found: Tablet not found: e5839c5362ac4dbb8ff5259c484c1d96. This is attempt 1: this message will repeat every 5th retry.
I20260601 13:30:18.870379 29262 raft_consensus.cc:2955] T e5839c5362ac4dbb8ff5259c484c1d96 P 45881035aed14c19a46dfbd093038df0 [term 1 FOLLOWER]: Committing config change with OpId 1.2: config changed from index -1 to 2, NON_VOTER 03403194539f4258b00030121dc581bb (127.27.197.132) added. New config: { opid_index: 2 OBSOLETE_local: false peers { permanent_uuid: "db931010eec94fbcb4d8c5504b06c8c2" member_type: VOTER last_known_addr { host: "127.27.197.130" port: 35075 } } peers { permanent_uuid: "bfd5c6bdf89549ceb5b00b14b73f2b75" member_type: VOTER last_known_addr { host: "127.27.197.129" port: 33639 } attrs { replace: true } } peers { permanent_uuid: "45881035aed14c19a46dfbd093038df0" member_type: VOTER last_known_addr { host: "127.27.197.131" port: 43341 } } peers { permanent_uuid: "03403194539f4258b00030121dc581bb" member_type: NON_VOTER last_known_addr { host: "127.27.197.132" port: 39863 } attrs { promote: true } } }
I20260601 13:30:18.870812 29008 catalog_manager.cc:5696] T e5839c5362ac4dbb8ff5259c484c1d96 P bfd5c6bdf89549ceb5b00b14b73f2b75 reported cstate change: config changed from index -1 to 2, NON_VOTER 03403194539f4258b00030121dc581bb (127.27.197.132) added. New cstate: current_term: 1 leader_uuid: "db931010eec94fbcb4d8c5504b06c8c2" committed_config { opid_index: 2 OBSOLETE_local: false peers { permanent_uuid: "db931010eec94fbcb4d8c5504b06c8c2" member_type: VOTER last_known_addr { host: "127.27.197.130" port: 35075 } } peers { permanent_uuid: "bfd5c6bdf89549ceb5b00b14b73f2b75" member_type: VOTER last_known_addr { host: "127.27.197.129" port: 33639 } attrs { replace: true } } peers { permanent_uuid: "45881035aed14c19a46dfbd093038df0" member_type: VOTER last_known_addr { host: "127.27.197.131" port: 43341 } } peers { permanent_uuid: "03403194539f4258b00030121dc581bb" member_type: NON_VOTER last_known_addr { host: "127.27.197.132" port: 39863 } attrs { promote: true } } }
I20260601 13:30:18.872363 29110 consensus_queue.cc:237] T 4b73d2429c304eb4a232aac855dffca5 P bfd5c6bdf89549ceb5b00b14b73f2b75 [LEADER]: Queue going to LEADER mode. State: All replicated index: 0, Majority replicated index: 1, Committed index: 1, Last appended: 1.1, Last appended by leader: 0, Current term: 1, Majority size: 2, State: 0, Mode: LEADER, active raft config: opid_index: 2 OBSOLETE_local: false peers { permanent_uuid: "bfd5c6bdf89549ceb5b00b14b73f2b75" member_type: VOTER last_known_addr { host: "127.27.197.129" port: 33639 } } peers { permanent_uuid: "db931010eec94fbcb4d8c5504b06c8c2" member_type: VOTER last_known_addr { host: "127.27.197.130" port: 35075 } } peers { permanent_uuid: "45881035aed14c19a46dfbd093038df0" member_type: VOTER last_known_addr { host: "127.27.197.131" port: 43341 } attrs { replace: true } } peers { permanent_uuid: "03403194539f4258b00030121dc581bb" member_type: NON_VOTER last_known_addr { host: "127.27.197.132" port: 39863 } attrs { promote: true } }
I20260601 13:30:18.874343 29262 raft_consensus.cc:1275] T 4b73d2429c304eb4a232aac855dffca5 P 45881035aed14c19a46dfbd093038df0 [term 1 FOLLOWER]: Refusing update from remote peer bfd5c6bdf89549ceb5b00b14b73f2b75: Log matching property violated. Preceding OpId in replica: term: 1 index: 1. Preceding OpId from leader: term: 1 index: 2. (index mismatch)
I20260601 13:30:18.874750 29470 consensus_queue.cc:1048] T 4b73d2429c304eb4a232aac855dffca5 P bfd5c6bdf89549ceb5b00b14b73f2b75 [LEADER]: Connected to new peer: Peer: permanent_uuid: "45881035aed14c19a46dfbd093038df0" member_type: VOTER last_known_addr { host: "127.27.197.131" port: 43341 } attrs { replace: true }, Status: LMP_MISMATCH, Last received: 0.0, Next index: 2, Last known committed idx: 1, Time since last communication: 0.000s
W20260601 13:30:18.875156 29077 consensus_peers.cc:597] T 4b73d2429c304eb4a232aac855dffca5 P bfd5c6bdf89549ceb5b00b14b73f2b75 -> Peer 03403194539f4258b00030121dc581bb (127.27.197.132:39863): Couldn't send request to peer 03403194539f4258b00030121dc581bb. Error code: TABLET_NOT_FOUND (6). Status: Not found: Tablet not found: 4b73d2429c304eb4a232aac855dffca5. This is attempt 1: this message will repeat every 5th retry.
I20260601 13:30:18.875644 29186 raft_consensus.cc:1275] T 4b73d2429c304eb4a232aac855dffca5 P db931010eec94fbcb4d8c5504b06c8c2 [term 1 FOLLOWER]: Refusing update from remote peer bfd5c6bdf89549ceb5b00b14b73f2b75: Log matching property violated. Preceding OpId in replica: term: 1 index: 1. Preceding OpId from leader: term: 1 index: 2. (index mismatch)
I20260601 13:30:18.876587 29470 consensus_queue.cc:1048] T 4b73d2429c304eb4a232aac855dffca5 P bfd5c6bdf89549ceb5b00b14b73f2b75 [LEADER]: Connected to new peer: Peer: permanent_uuid: "db931010eec94fbcb4d8c5504b06c8c2" member_type: VOTER last_known_addr { host: "127.27.197.130" port: 35075 }, Status: LMP_MISMATCH, Last received: 0.0, Next index: 2, Last known committed idx: 1, Time since last communication: 0.000s
I20260601 13:30:18.877882 29453 raft_consensus.cc:2955] T 4b73d2429c304eb4a232aac855dffca5 P bfd5c6bdf89549ceb5b00b14b73f2b75 [term 1 LEADER]: Committing config change with OpId 1.2: config changed from index -1 to 2, NON_VOTER 03403194539f4258b00030121dc581bb (127.27.197.132) added. New config: { opid_index: 2 OBSOLETE_local: false peers { permanent_uuid: "bfd5c6bdf89549ceb5b00b14b73f2b75" member_type: VOTER last_known_addr { host: "127.27.197.129" port: 33639 } } peers { permanent_uuid: "db931010eec94fbcb4d8c5504b06c8c2" member_type: VOTER last_known_addr { host: "127.27.197.130" port: 35075 } } peers { permanent_uuid: "45881035aed14c19a46dfbd093038df0" member_type: VOTER last_known_addr { host: "127.27.197.131" port: 43341 } attrs { replace: true } } peers { permanent_uuid: "03403194539f4258b00030121dc581bb" member_type: NON_VOTER last_known_addr { host: "127.27.197.132" port: 39863 } attrs { promote: true } } }
I20260601 13:30:18.878448 29262 raft_consensus.cc:2955] T 4b73d2429c304eb4a232aac855dffca5 P 45881035aed14c19a46dfbd093038df0 [term 1 FOLLOWER]: Committing config change with OpId 1.2: config changed from index -1 to 2, NON_VOTER 03403194539f4258b00030121dc581bb (127.27.197.132) added. New config: { opid_index: 2 OBSOLETE_local: false peers { permanent_uuid: "bfd5c6bdf89549ceb5b00b14b73f2b75" member_type: VOTER last_known_addr { host: "127.27.197.129" port: 33639 } } peers { permanent_uuid: "db931010eec94fbcb4d8c5504b06c8c2" member_type: VOTER last_known_addr { host: "127.27.197.130" port: 35075 } } peers { permanent_uuid: "45881035aed14c19a46dfbd093038df0" member_type: VOTER last_known_addr { host: "127.27.197.131" port: 43341 } attrs { replace: true } } peers { permanent_uuid: "03403194539f4258b00030121dc581bb" member_type: NON_VOTER last_known_addr { host: "127.27.197.132" port: 39863 } attrs { promote: true } } }
I20260601 13:30:18.879472 29186 raft_consensus.cc:2955] T 4b73d2429c304eb4a232aac855dffca5 P db931010eec94fbcb4d8c5504b06c8c2 [term 1 FOLLOWER]: Committing config change with OpId 1.2: config changed from index -1 to 2, NON_VOTER 03403194539f4258b00030121dc581bb (127.27.197.132) added. New config: { opid_index: 2 OBSOLETE_local: false peers { permanent_uuid: "bfd5c6bdf89549ceb5b00b14b73f2b75" member_type: VOTER last_known_addr { host: "127.27.197.129" port: 33639 } } peers { permanent_uuid: "db931010eec94fbcb4d8c5504b06c8c2" member_type: VOTER last_known_addr { host: "127.27.197.130" port: 35075 } } peers { permanent_uuid: "45881035aed14c19a46dfbd093038df0" member_type: VOTER last_known_addr { host: "127.27.197.131" port: 43341 } attrs { replace: true } } peers { permanent_uuid: "03403194539f4258b00030121dc581bb" member_type: NON_VOTER last_known_addr { host: "127.27.197.132" port: 39863 } attrs { promote: true } } }
I20260601 13:30:18.881171 29007 catalog_manager.cc:5696] T 4b73d2429c304eb4a232aac855dffca5 P 45881035aed14c19a46dfbd093038df0 reported cstate change: config changed from index -1 to 2, NON_VOTER 03403194539f4258b00030121dc581bb (127.27.197.132) added. New cstate: current_term: 1 leader_uuid: "bfd5c6bdf89549ceb5b00b14b73f2b75" committed_config { opid_index: 2 OBSOLETE_local: false peers { permanent_uuid: "bfd5c6bdf89549ceb5b00b14b73f2b75" member_type: VOTER last_known_addr { host: "127.27.197.129" port: 33639 } } peers { permanent_uuid: "db931010eec94fbcb4d8c5504b06c8c2" member_type: VOTER last_known_addr { host: "127.27.197.130" port: 35075 } } peers { permanent_uuid: "45881035aed14c19a46dfbd093038df0" member_type: VOTER last_known_addr { host: "127.27.197.131" port: 43341 } attrs { replace: true } } peers { permanent_uuid: "03403194539f4258b00030121dc581bb" member_type: NON_VOTER last_known_addr { host: "127.27.197.132" port: 39863 } attrs { promote: true } } }
I20260601 13:30:18.882385 29186 consensus_queue.cc:237] T 1076186efdfa41dfa9f929ad92e4f9c8 P db931010eec94fbcb4d8c5504b06c8c2 [LEADER]: Queue going to LEADER mode. State: All replicated index: 0, Majority replicated index: 2, Committed index: 2, Last appended: 2.2, Last appended by leader: 1, Current term: 2, Majority size: 2, State: 0, Mode: LEADER, active raft config: opid_index: 3 OBSOLETE_local: false peers { permanent_uuid: "bfd5c6bdf89549ceb5b00b14b73f2b75" member_type: VOTER last_known_addr { host: "127.27.197.129" port: 33639 } } peers { permanent_uuid: "db931010eec94fbcb4d8c5504b06c8c2" member_type: VOTER last_known_addr { host: "127.27.197.130" port: 35075 } } peers { permanent_uuid: "45881035aed14c19a46dfbd093038df0" member_type: VOTER last_known_addr { host: "127.27.197.131" port: 43341 } attrs { replace: true } } peers { permanent_uuid: "03403194539f4258b00030121dc581bb" member_type: NON_VOTER last_known_addr { host: "127.27.197.132" port: 39863 } attrs { promote: true } }
W20260601 13:30:18.884301 29153 consensus_peers.cc:597] T 1076186efdfa41dfa9f929ad92e4f9c8 P db931010eec94fbcb4d8c5504b06c8c2 -> Peer 03403194539f4258b00030121dc581bb (127.27.197.132:39863): Couldn't send request to peer 03403194539f4258b00030121dc581bb. Error code: TABLET_NOT_FOUND (6). Status: Not found: Tablet not found: 1076186efdfa41dfa9f929ad92e4f9c8. This is attempt 1: this message will repeat every 5th retry.
I20260601 13:30:18.884622 29110 raft_consensus.cc:1275] T 1076186efdfa41dfa9f929ad92e4f9c8 P bfd5c6bdf89549ceb5b00b14b73f2b75 [term 2 FOLLOWER]: Refusing update from remote peer db931010eec94fbcb4d8c5504b06c8c2: Log matching property violated. Preceding OpId in replica: term: 2 index: 2. Preceding OpId from leader: term: 2 index: 3. (index mismatch)
I20260601 13:30:18.885028 29482 consensus_queue.cc:1048] T 1076186efdfa41dfa9f929ad92e4f9c8 P db931010eec94fbcb4d8c5504b06c8c2 [LEADER]: Connected to new peer: Peer: permanent_uuid: "bfd5c6bdf89549ceb5b00b14b73f2b75" member_type: VOTER last_known_addr { host: "127.27.197.129" port: 33639 }, Status: LMP_MISMATCH, Last received: 0.0, Next index: 3, Last known committed idx: 2, Time since last communication: 0.000s
I20260601 13:30:18.885248 29262 raft_consensus.cc:1275] T 1076186efdfa41dfa9f929ad92e4f9c8 P 45881035aed14c19a46dfbd093038df0 [term 2 FOLLOWER]: Refusing update from remote peer db931010eec94fbcb4d8c5504b06c8c2: Log matching property violated. Preceding OpId in replica: term: 2 index: 2. Preceding OpId from leader: term: 2 index: 3. (index mismatch)
I20260601 13:30:18.886376 29482 consensus_queue.cc:1048] T 1076186efdfa41dfa9f929ad92e4f9c8 P db931010eec94fbcb4d8c5504b06c8c2 [LEADER]: Connected to new peer: Peer: permanent_uuid: "45881035aed14c19a46dfbd093038df0" member_type: VOTER last_known_addr { host: "127.27.197.131" port: 43341 } attrs { replace: true }, Status: LMP_MISMATCH, Last received: 0.0, Next index: 3, Last known committed idx: 2, Time since last communication: 0.000s
I20260601 13:30:18.887457 29483 raft_consensus.cc:2955] T 1076186efdfa41dfa9f929ad92e4f9c8 P db931010eec94fbcb4d8c5504b06c8c2 [term 2 LEADER]: Committing config change with OpId 2.3: config changed from index -1 to 3, NON_VOTER 03403194539f4258b00030121dc581bb (127.27.197.132) added. New config: { opid_index: 3 OBSOLETE_local: false peers { permanent_uuid: "bfd5c6bdf89549ceb5b00b14b73f2b75" member_type: VOTER last_known_addr { host: "127.27.197.129" port: 33639 } } peers { permanent_uuid: "db931010eec94fbcb4d8c5504b06c8c2" member_type: VOTER last_known_addr { host: "127.27.197.130" port: 35075 } } peers { permanent_uuid: "45881035aed14c19a46dfbd093038df0" member_type: VOTER last_known_addr { host: "127.27.197.131" port: 43341 } attrs { replace: true } } peers { permanent_uuid: "03403194539f4258b00030121dc581bb" member_type: NON_VOTER last_known_addr { host: "127.27.197.132" port: 39863 } attrs { promote: true } } }
I20260601 13:30:18.888041 29110 raft_consensus.cc:2955] T 1076186efdfa41dfa9f929ad92e4f9c8 P bfd5c6bdf89549ceb5b00b14b73f2b75 [term 2 FOLLOWER]: Committing config change with OpId 2.3: config changed from index -1 to 3, NON_VOTER 03403194539f4258b00030121dc581bb (127.27.197.132) added. New config: { opid_index: 3 OBSOLETE_local: false peers { permanent_uuid: "bfd5c6bdf89549ceb5b00b14b73f2b75" member_type: VOTER last_known_addr { host: "127.27.197.129" port: 33639 } } peers { permanent_uuid: "db931010eec94fbcb4d8c5504b06c8c2" member_type: VOTER last_known_addr { host: "127.27.197.130" port: 35075 } } peers { permanent_uuid: "45881035aed14c19a46dfbd093038df0" member_type: VOTER last_known_addr { host: "127.27.197.131" port: 43341 } attrs { replace: true } } peers { permanent_uuid: "03403194539f4258b00030121dc581bb" member_type: NON_VOTER last_known_addr { host: "127.27.197.132" port: 39863 } attrs { promote: true } } }
I20260601 13:30:18.889155 29262 raft_consensus.cc:2955] T 1076186efdfa41dfa9f929ad92e4f9c8 P 45881035aed14c19a46dfbd093038df0 [term 2 FOLLOWER]: Committing config change with OpId 2.3: config changed from index -1 to 3, NON_VOTER 03403194539f4258b00030121dc581bb (127.27.197.132) added. New config: { opid_index: 3 OBSOLETE_local: false peers { permanent_uuid: "bfd5c6bdf89549ceb5b00b14b73f2b75" member_type: VOTER last_known_addr { host: "127.27.197.129" port: 33639 } } peers { permanent_uuid: "db931010eec94fbcb4d8c5504b06c8c2" member_type: VOTER last_known_addr { host: "127.27.197.130" port: 35075 } } peers { permanent_uuid: "45881035aed14c19a46dfbd093038df0" member_type: VOTER last_known_addr { host: "127.27.197.131" port: 43341 } attrs { replace: true } } peers { permanent_uuid: "03403194539f4258b00030121dc581bb" member_type: NON_VOTER last_known_addr { host: "127.27.197.132" port: 39863 } attrs { promote: true } } }
I20260601 13:30:18.890645 29006 catalog_manager.cc:5696] T 1076186efdfa41dfa9f929ad92e4f9c8 P db931010eec94fbcb4d8c5504b06c8c2 reported cstate change: config changed from index -1 to 3, NON_VOTER 03403194539f4258b00030121dc581bb (127.27.197.132) added. New cstate: current_term: 2 leader_uuid: "db931010eec94fbcb4d8c5504b06c8c2" committed_config { opid_index: 3 OBSOLETE_local: false peers { permanent_uuid: "bfd5c6bdf89549ceb5b00b14b73f2b75" member_type: VOTER last_known_addr { host: "127.27.197.129" port: 33639 } health_report { overall_health: HEALTHY } } peers { permanent_uuid: "db931010eec94fbcb4d8c5504b06c8c2" member_type: VOTER last_known_addr { host: "127.27.197.130" port: 35075 } health_report { overall_health: HEALTHY } } peers { permanent_uuid: "45881035aed14c19a46dfbd093038df0" member_type: VOTER last_known_addr { host: "127.27.197.131" port: 43341 } attrs { replace: true } health_report { overall_health: HEALTHY } } peers { permanent_uuid: "03403194539f4258b00030121dc581bb" member_type: NON_VOTER last_known_addr { host: "127.27.197.132" port: 39863 } attrs { promote: true } health_report { overall_health: UNKNOWN } } }
I20260601 13:30:19.068030 28438 tablet_server.cc:179] TabletServer@127.27.197.129:0 shutting down...
I20260601 13:30:19.072456 28438 ts_tablet_manager.cc:1507] Shutting down tablet manager...
I20260601 13:30:19.072697 28438 tablet_replica.cc:333] T e7e286c37008480384e275a889f2c401 P bfd5c6bdf89549ceb5b00b14b73f2b75: stopping tablet replica
I20260601 13:30:19.072871 28438 raft_consensus.cc:2243] T e7e286c37008480384e275a889f2c401 P bfd5c6bdf89549ceb5b00b14b73f2b75 [term 1 FOLLOWER]: Raft consensus shutting down.
I20260601 13:30:19.073020 28438 raft_consensus.cc:2272] T e7e286c37008480384e275a889f2c401 P bfd5c6bdf89549ceb5b00b14b73f2b75 [term 1 FOLLOWER]: Raft consensus is shut down!
I20260601 13:30:19.073486 28438 tablet_replica.cc:333] T 4b73d2429c304eb4a232aac855dffca5 P bfd5c6bdf89549ceb5b00b14b73f2b75: stopping tablet replica
I20260601 13:30:19.073611 28438 raft_consensus.cc:2243] T 4b73d2429c304eb4a232aac855dffca5 P bfd5c6bdf89549ceb5b00b14b73f2b75 [term 1 LEADER]: Raft consensus shutting down.
I20260601 13:30:19.073876 28438 raft_consensus.cc:2272] T 4b73d2429c304eb4a232aac855dffca5 P bfd5c6bdf89549ceb5b00b14b73f2b75 [term 1 FOLLOWER]: Raft consensus is shut down!
I20260601 13:30:19.074369 28438 tablet_replica.cc:333] T 7dc068f2c4cf400fb755943cacf283d6 P bfd5c6bdf89549ceb5b00b14b73f2b75: stopping tablet replica
I20260601 13:30:19.074489 28438 raft_consensus.cc:2243] T 7dc068f2c4cf400fb755943cacf283d6 P bfd5c6bdf89549ceb5b00b14b73f2b75 [term 1 FOLLOWER]: Raft consensus shutting down.
I20260601 13:30:19.074616 28438 raft_consensus.cc:2272] T 7dc068f2c4cf400fb755943cacf283d6 P bfd5c6bdf89549ceb5b00b14b73f2b75 [term 1 FOLLOWER]: Raft consensus is shut down!
I20260601 13:30:19.074955 28438 tablet_replica.cc:333] T e5839c5362ac4dbb8ff5259c484c1d96 P bfd5c6bdf89549ceb5b00b14b73f2b75: stopping tablet replica
I20260601 13:30:19.075073 28438 raft_consensus.cc:2243] T e5839c5362ac4dbb8ff5259c484c1d96 P bfd5c6bdf89549ceb5b00b14b73f2b75 [term 1 FOLLOWER]: Raft consensus shutting down.
I20260601 13:30:19.075232 28438 raft_consensus.cc:2272] T e5839c5362ac4dbb8ff5259c484c1d96 P bfd5c6bdf89549ceb5b00b14b73f2b75 [term 1 FOLLOWER]: Raft consensus is shut down!
I20260601 13:30:19.075764 28438 tablet_replica.cc:333] T 909f33db21824db8a0bbecea49a9e0f1 P bfd5c6bdf89549ceb5b00b14b73f2b75: stopping tablet replica
I20260601 13:30:19.075891 28438 raft_consensus.cc:2243] T 909f33db21824db8a0bbecea49a9e0f1 P bfd5c6bdf89549ceb5b00b14b73f2b75 [term 1 LEADER]: Raft consensus shutting down.
I20260601 13:30:19.076081 28438 raft_consensus.cc:2272] T 909f33db21824db8a0bbecea49a9e0f1 P bfd5c6bdf89549ceb5b00b14b73f2b75 [term 1 FOLLOWER]: Raft consensus is shut down!
I20260601 13:30:19.076483 28438 tablet_replica.cc:333] T 1076186efdfa41dfa9f929ad92e4f9c8 P bfd5c6bdf89549ceb5b00b14b73f2b75: stopping tablet replica
I20260601 13:30:19.076606 28438 raft_consensus.cc:2243] T 1076186efdfa41dfa9f929ad92e4f9c8 P bfd5c6bdf89549ceb5b00b14b73f2b75 [term 2 FOLLOWER]: Raft consensus shutting down.
I20260601 13:30:19.076719 28438 raft_consensus.cc:2272] T 1076186efdfa41dfa9f929ad92e4f9c8 P bfd5c6bdf89549ceb5b00b14b73f2b75 [term 2 FOLLOWER]: Raft consensus is shut down!
I20260601 13:30:19.077186 28438 tablet_replica.cc:333] T 4d28241e068f40518bf659c70515ccb9 P bfd5c6bdf89549ceb5b00b14b73f2b75: stopping tablet replica
I20260601 13:30:19.077303 28438 raft_consensus.cc:2243] T 4d28241e068f40518bf659c70515ccb9 P bfd5c6bdf89549ceb5b00b14b73f2b75 [term 1 FOLLOWER]: Raft consensus shutting down.
I20260601 13:30:19.077401 28438 raft_consensus.cc:2272] T 4d28241e068f40518bf659c70515ccb9 P bfd5c6bdf89549ceb5b00b14b73f2b75 [term 1 FOLLOWER]: Raft consensus is shut down!
I20260601 13:30:19.077706 28438 tablet_replica.cc:333] T 01209dc9f09a4d31b113b573f48dd997 P bfd5c6bdf89549ceb5b00b14b73f2b75: stopping tablet replica
I20260601 13:30:19.077818 28438 raft_consensus.cc:2243] T 01209dc9f09a4d31b113b573f48dd997 P bfd5c6bdf89549ceb5b00b14b73f2b75 [term 1 LEADER]: Raft consensus shutting down.
I20260601 13:30:19.078013 28438 raft_consensus.cc:2272] T 01209dc9f09a4d31b113b573f48dd997 P bfd5c6bdf89549ceb5b00b14b73f2b75 [term 1 FOLLOWER]: Raft consensus is shut down!
I20260601 13:30:19.092620 28438 tablet_server.cc:196] TabletServer@127.27.197.129:0 shutdown complete.
I20260601 13:30:19.095806 28438 tablet_server.cc:179] TabletServer@127.27.197.130:0 shutting down...
W20260601 13:30:19.102099 29152 proxy.cc:239] Call had error, refreshing address and retrying: Network error: Client connection negotiation failed: client connection to 127.27.197.129:33639: connect: Connection refused (error 111) [suppressed 2 similar messages]
W20260601 13:30:19.103547 29152 consensus_peers.cc:597] T 4d28241e068f40518bf659c70515ccb9 P db931010eec94fbcb4d8c5504b06c8c2 -> Peer bfd5c6bdf89549ceb5b00b14b73f2b75 (127.27.197.129:33639): Couldn't send request to peer bfd5c6bdf89549ceb5b00b14b73f2b75. Status: Network error: Client connection negotiation failed: client connection to 127.27.197.129:33639: connect: Connection refused (error 111). This is attempt 1: this message will repeat every 5th retry.
W20260601 13:30:19.104794 29227 consensus_peers.cc:597] T 7dc068f2c4cf400fb755943cacf283d6 P 45881035aed14c19a46dfbd093038df0 -> Peer bfd5c6bdf89549ceb5b00b14b73f2b75 (127.27.197.129:33639): Couldn't send request to peer bfd5c6bdf89549ceb5b00b14b73f2b75. Status: Network error: Client connection negotiation failed: client connection to 127.27.197.129:33639: connect: Connection refused (error 111). This is attempt 1: this message will repeat every 5th retry.
I20260601 13:30:19.105099 28438 ts_tablet_manager.cc:1507] Shutting down tablet manager...
I20260601 13:30:19.105289 28438 tablet_replica.cc:333] T 909f33db21824db8a0bbecea49a9e0f1 P db931010eec94fbcb4d8c5504b06c8c2: stopping tablet replica
I20260601 13:30:19.105422 28438 raft_consensus.cc:2243] T 909f33db21824db8a0bbecea49a9e0f1 P db931010eec94fbcb4d8c5504b06c8c2 [term 1 FOLLOWER]: Raft consensus shutting down.
I20260601 13:30:19.105542 28438 raft_consensus.cc:2272] T 909f33db21824db8a0bbecea49a9e0f1 P db931010eec94fbcb4d8c5504b06c8c2 [term 1 FOLLOWER]: Raft consensus is shut down!
I20260601 13:30:19.106063 28438 tablet_replica.cc:333] T 4b73d2429c304eb4a232aac855dffca5 P db931010eec94fbcb4d8c5504b06c8c2: stopping tablet replica
I20260601 13:30:19.106182 28438 raft_consensus.cc:2243] T 4b73d2429c304eb4a232aac855dffca5 P db931010eec94fbcb4d8c5504b06c8c2 [term 1 FOLLOWER]: Raft consensus shutting down.
I20260601 13:30:19.106297 28438 raft_consensus.cc:2272] T 4b73d2429c304eb4a232aac855dffca5 P db931010eec94fbcb4d8c5504b06c8c2 [term 1 FOLLOWER]: Raft consensus is shut down!
I20260601 13:30:19.106861 28438 tablet_replica.cc:333] T 7dc068f2c4cf400fb755943cacf283d6 P db931010eec94fbcb4d8c5504b06c8c2: stopping tablet replica
I20260601 13:30:19.106971 28438 raft_consensus.cc:2243] T 7dc068f2c4cf400fb755943cacf283d6 P db931010eec94fbcb4d8c5504b06c8c2 [term 1 FOLLOWER]: Raft consensus shutting down.
I20260601 13:30:19.107070 28438 raft_consensus.cc:2272] T 7dc068f2c4cf400fb755943cacf283d6 P db931010eec94fbcb4d8c5504b06c8c2 [term 1 FOLLOWER]: Raft consensus is shut down!
I20260601 13:30:19.107477 28438 tablet_replica.cc:333] T e5839c5362ac4dbb8ff5259c484c1d96 P db931010eec94fbcb4d8c5504b06c8c2: stopping tablet replica
I20260601 13:30:19.107589 28438 raft_consensus.cc:2243] T e5839c5362ac4dbb8ff5259c484c1d96 P db931010eec94fbcb4d8c5504b06c8c2 [term 1 LEADER]: Raft consensus shutting down.
I20260601 13:30:19.107805 28438 raft_consensus.cc:2272] T e5839c5362ac4dbb8ff5259c484c1d96 P db931010eec94fbcb4d8c5504b06c8c2 [term 1 FOLLOWER]: Raft consensus is shut down!
I20260601 13:30:19.108287 28438 tablet_replica.cc:333] T 01209dc9f09a4d31b113b573f48dd997 P db931010eec94fbcb4d8c5504b06c8c2: stopping tablet replica
I20260601 13:30:19.108392 28438 raft_consensus.cc:2243] T 01209dc9f09a4d31b113b573f48dd997 P db931010eec94fbcb4d8c5504b06c8c2 [term 1 FOLLOWER]: Raft consensus shutting down.
I20260601 13:30:19.108492 28438 raft_consensus.cc:2272] T 01209dc9f09a4d31b113b573f48dd997 P db931010eec94fbcb4d8c5504b06c8c2 [term 1 FOLLOWER]: Raft consensus is shut down!
I20260601 13:30:19.109020 28438 tablet_replica.cc:333] T 1076186efdfa41dfa9f929ad92e4f9c8 P db931010eec94fbcb4d8c5504b06c8c2: stopping tablet replica
I20260601 13:30:19.109124 28438 raft_consensus.cc:2243] T 1076186efdfa41dfa9f929ad92e4f9c8 P db931010eec94fbcb4d8c5504b06c8c2 [term 2 LEADER]: Raft consensus shutting down.
I20260601 13:30:19.109345 28438 raft_consensus.cc:2272] T 1076186efdfa41dfa9f929ad92e4f9c8 P db931010eec94fbcb4d8c5504b06c8c2 [term 2 FOLLOWER]: Raft consensus is shut down!
I20260601 13:30:19.109867 28438 tablet_replica.cc:333] T 4d28241e068f40518bf659c70515ccb9 P db931010eec94fbcb4d8c5504b06c8c2: stopping tablet replica
I20260601 13:30:19.109963 28438 raft_consensus.cc:2243] T 4d28241e068f40518bf659c70515ccb9 P db931010eec94fbcb4d8c5504b06c8c2 [term 1 LEADER]: Raft consensus shutting down.
I20260601 13:30:19.110213 28438 raft_consensus.cc:2272] T 4d28241e068f40518bf659c70515ccb9 P db931010eec94fbcb4d8c5504b06c8c2 [term 1 FOLLOWER]: Raft consensus is shut down!
I20260601 13:30:19.110591 28438 tablet_replica.cc:333] T e7e286c37008480384e275a889f2c401 P db931010eec94fbcb4d8c5504b06c8c2: stopping tablet replica
I20260601 13:30:19.110683 28438 raft_consensus.cc:2243] T e7e286c37008480384e275a889f2c401 P db931010eec94fbcb4d8c5504b06c8c2 [term 1 FOLLOWER]: Raft consensus shutting down.
I20260601 13:30:19.110772 28438 raft_consensus.cc:2272] T e7e286c37008480384e275a889f2c401 P db931010eec94fbcb4d8c5504b06c8c2 [term 1 FOLLOWER]: Raft consensus is shut down!
I20260601 13:30:19.125816 28438 tablet_server.cc:196] TabletServer@127.27.197.130:0 shutdown complete.
I20260601 13:30:19.129436 28438 tablet_server.cc:179] TabletServer@127.27.197.131:0 shutting down...
W20260601 13:30:19.132320 29227 consensus_peers.cc:597] T e7e286c37008480384e275a889f2c401 P 45881035aed14c19a46dfbd093038df0 -> Peer bfd5c6bdf89549ceb5b00b14b73f2b75 (127.27.197.129:33639): Couldn't send request to peer bfd5c6bdf89549ceb5b00b14b73f2b75. Status: Network error: Client connection negotiation failed: client connection to 127.27.197.129:33639: connect: Connection refused (error 111). This is attempt 1: this message will repeat every 5th retry.
I20260601 13:30:19.136524 28438 ts_tablet_manager.cc:1507] Shutting down tablet manager...
I20260601 13:30:19.136871 28438 tablet_replica.cc:333] T e7e286c37008480384e275a889f2c401 P 45881035aed14c19a46dfbd093038df0: stopping tablet replica
I20260601 13:30:19.137034 28438 raft_consensus.cc:2243] T e7e286c37008480384e275a889f2c401 P 45881035aed14c19a46dfbd093038df0 [term 1 LEADER]: Raft consensus shutting down.
I20260601 13:30:19.137315 28438 raft_consensus.cc:2272] T e7e286c37008480384e275a889f2c401 P 45881035aed14c19a46dfbd093038df0 [term 1 FOLLOWER]: Raft consensus is shut down!
I20260601 13:30:19.137836 28438 tablet_replica.cc:333] T 7dc068f2c4cf400fb755943cacf283d6 P 45881035aed14c19a46dfbd093038df0: stopping tablet replica
I20260601 13:30:19.137964 28438 raft_consensus.cc:2243] T 7dc068f2c4cf400fb755943cacf283d6 P 45881035aed14c19a46dfbd093038df0 [term 1 LEADER]: Raft consensus shutting down.
I20260601 13:30:19.138164 28438 raft_consensus.cc:2272] T 7dc068f2c4cf400fb755943cacf283d6 P 45881035aed14c19a46dfbd093038df0 [term 1 FOLLOWER]: Raft consensus is shut down!
I20260601 13:30:19.138589 28438 tablet_replica.cc:333] T e5839c5362ac4dbb8ff5259c484c1d96 P 45881035aed14c19a46dfbd093038df0: stopping tablet replica
I20260601 13:30:19.138710 28438 raft_consensus.cc:2243] T e5839c5362ac4dbb8ff5259c484c1d96 P 45881035aed14c19a46dfbd093038df0 [term 1 FOLLOWER]: Raft consensus shutting down.
I20260601 13:30:19.138847 28438 raft_consensus.cc:2272] T e5839c5362ac4dbb8ff5259c484c1d96 P 45881035aed14c19a46dfbd093038df0 [term 1 FOLLOWER]: Raft consensus is shut down!
I20260601 13:30:19.139325 28438 tablet_replica.cc:333] T 4d28241e068f40518bf659c70515ccb9 P 45881035aed14c19a46dfbd093038df0: stopping tablet replica
I20260601 13:30:19.139514 28438 raft_consensus.cc:2243] T 4d28241e068f40518bf659c70515ccb9 P 45881035aed14c19a46dfbd093038df0 [term 1 FOLLOWER]: Raft consensus shutting down.
I20260601 13:30:19.139636 28438 raft_consensus.cc:2272] T 4d28241e068f40518bf659c70515ccb9 P 45881035aed14c19a46dfbd093038df0 [term 1 FOLLOWER]: Raft consensus is shut down!
I20260601 13:30:19.139981 28438 tablet_replica.cc:333] T 1076186efdfa41dfa9f929ad92e4f9c8 P 45881035aed14c19a46dfbd093038df0: stopping tablet replica
I20260601 13:30:19.140167 28438 raft_consensus.cc:2243] T 1076186efdfa41dfa9f929ad92e4f9c8 P 45881035aed14c19a46dfbd093038df0 [term 2 FOLLOWER]: Raft consensus shutting down.
I20260601 13:30:19.140302 28438 raft_consensus.cc:2272] T 1076186efdfa41dfa9f929ad92e4f9c8 P 45881035aed14c19a46dfbd093038df0 [term 2 FOLLOWER]: Raft consensus is shut down!
I20260601 13:30:19.140816 28438 tablet_replica.cc:333] T 909f33db21824db8a0bbecea49a9e0f1 P 45881035aed14c19a46dfbd093038df0: stopping tablet replica
I20260601 13:30:19.140939 28438 raft_consensus.cc:2243] T 909f33db21824db8a0bbecea49a9e0f1 P 45881035aed14c19a46dfbd093038df0 [term 1 FOLLOWER]: Raft consensus shutting down.
I20260601 13:30:19.141041 28438 raft_consensus.cc:2272] T 909f33db21824db8a0bbecea49a9e0f1 P 45881035aed14c19a46dfbd093038df0 [term 1 FOLLOWER]: Raft consensus is shut down!
I20260601 13:30:19.141372 28438 tablet_replica.cc:333] T 4b73d2429c304eb4a232aac855dffca5 P 45881035aed14c19a46dfbd093038df0: stopping tablet replica
I20260601 13:30:19.141494 28438 raft_consensus.cc:2243] T 4b73d2429c304eb4a232aac855dffca5 P 45881035aed14c19a46dfbd093038df0 [term 1 FOLLOWER]: Raft consensus shutting down.
I20260601 13:30:19.141606 28438 raft_consensus.cc:2272] T 4b73d2429c304eb4a232aac855dffca5 P 45881035aed14c19a46dfbd093038df0 [term 1 FOLLOWER]: Raft consensus is shut down!
I20260601 13:30:19.142097 28438 tablet_replica.cc:333] T 01209dc9f09a4d31b113b573f48dd997 P 45881035aed14c19a46dfbd093038df0: stopping tablet replica
I20260601 13:30:19.142223 28438 raft_consensus.cc:2243] T 01209dc9f09a4d31b113b573f48dd997 P 45881035aed14c19a46dfbd093038df0 [term 1 FOLLOWER]: Raft consensus shutting down.
I20260601 13:30:19.142335 28438 raft_consensus.cc:2272] T 01209dc9f09a4d31b113b573f48dd997 P 45881035aed14c19a46dfbd093038df0 [term 1 FOLLOWER]: Raft consensus is shut down!
I20260601 13:30:19.156143 28438 tablet_server.cc:196] TabletServer@127.27.197.131:0 shutdown complete.
I20260601 13:30:19.159204 28438 tablet_server.cc:179] TabletServer@127.27.197.132:0 shutting down...
I20260601 13:30:19.164351 28438 ts_tablet_manager.cc:1507] Shutting down tablet manager...
I20260601 13:30:19.176674 28438 tablet_server.cc:196] TabletServer@127.27.197.132:0 shutdown complete.
I20260601 13:30:19.178797 28438 master.cc:562] Master@127.27.197.190:40215 shutting down...
W20260601 13:30:19.182974 29056 auto_rebalancer.cc:835] Removing replace marker failed: Catalog manager is not initialized. State: Closing
W20260601 13:30:19.183113 29056 auto_rebalancer.cc:863] Could not move replica: Service unavailable: Catalog manager is not initialized. State: Closing
W20260601 13:30:19.183156 29056 auto_rebalancer.cc:300] scheduled replica move failed to complete: Service unavailable: Catalog manager is not initialized. State: Closing
I20260601 13:30:19.183611 28438 raft_consensus.cc:2243] T 00000000000000000000000000000000 P 3c304d4488154b5c8936ee11910d866d [term 1 LEADER]: Raft consensus shutting down.
I20260601 13:30:19.183796 28438 raft_consensus.cc:2272] T 00000000000000000000000000000000 P 3c304d4488154b5c8936ee11910d866d [term 1 FOLLOWER]: Raft consensus is shut down!
I20260601 13:30:19.183887 28438 tablet_replica.cc:333] T 00000000000000000000000000000000 P 3c304d4488154b5c8936ee11910d866d: stopping tablet replica
I20260601 13:30:19.196945 28438 master.cc:584] Master@127.27.197.190:40215 shutdown complete.
[       OK ] AutoRebalancerTest.AutoRebalancingTurnOffAndOn (7408 ms)
[ RUN      ] AutoRebalancerTest.NextLeaderResumesAutoRebalancing
I20260601 13:30:19.209686 28438 internal_mini_cluster.cc:156] Creating distributed mini masters. Addrs: 127.27.197.190:32805,127.27.197.189:38911,127.27.197.188:34439
I20260601 13:30:19.210211 28438 file_cache.cc:492] Constructed file cache file cache with capacity 419430
W20260601 13:30:19.212492 29497 instance_detector.cc:116] could not retrieve Azure instance metadata: Network error: curl error: HTTP response code said error: The requested URL returned error: 404
I20260601 13:30:19.212734 28438 server_base.cc:1061] running on GCE node
W20260601 13:30:19.212648 29496 instance_detector.cc:116] could not retrieve AWS instance metadata: Network error: curl error: HTTP response code said error: The requested URL returned error: 404
W20260601 13:30:19.212786 29499 instance_detector.cc:116] could not retrieve OpenStack instance metadata: Network error: curl error: HTTP response code said error: The requested URL returned error: 404
I20260601 13:30:19.213127 28438 hybrid_clock.cc:584] initializing the hybrid clock with 'system_unsync' time source
W20260601 13:30:19.213172 28438 system_unsync_time.cc:38] NTP support is disabled. Clock error bounds will not be accurate. This configuration is not suitable for distributed clusters.
I20260601 13:30:19.213188 28438 hybrid_clock.cc:648] HybridClock initialized: now 1780320619213188 us; error 0 us; skew 500 ppm
I20260601 13:30:19.214121 28438 webserver.cc:533] Webserver started at http://127.27.197.190:45015/ using document root <none> and password file <none>
I20260601 13:30:19.214320 28438 fs_manager.cc:362] Metadata directory not provided
I20260601 13:30:19.214383 28438 fs_manager.cc:368] Using write-ahead log directory (fs_wal_dir) as metadata directory
I20260601 13:30:19.214442 28438 server_base.cc:909] This appears to be a new deployment of Kudu; creating new FS layout
I20260601 13:30:19.214919 28438 fs_manager.cc:1068] Generated new instance metadata in path /tmp/dist-test-taskvuLP05/test-tmp/auto_rebalancer-test.0.AutoRebalancerTest.NextLeaderResumesAutoRebalancing.1780320609069305-28438-0/minicluster-data/master-0-root/instance:
uuid: "54c7c6c607c0424d8b5f6c4b94bba4a9"
format_stamp: "Formatted at 2026-06-01 13:30:19 on dist-test-slave-zwfd"
I20260601 13:30:19.216737 28438 fs_manager.cc:696] Time spent creating directory manager: real 0.002s	user 0.000s	sys 0.002s
I20260601 13:30:19.217845 29504 log_block_manager.cc:4031] Time spent loading block containers with low live blocks: real 0.000s	user 0.000s	sys 0.000s
I20260601 13:30:19.218165 28438 fs_manager.cc:730] Time spent opening block manager: real 0.001s	user 0.000s	sys 0.001s
I20260601 13:30:19.218258 28438 fs_manager.cc:647] Opened local filesystem: /tmp/dist-test-taskvuLP05/test-tmp/auto_rebalancer-test.0.AutoRebalancerTest.NextLeaderResumesAutoRebalancing.1780320609069305-28438-0/minicluster-data/master-0-root
uuid: "54c7c6c607c0424d8b5f6c4b94bba4a9"
format_stamp: "Formatted at 2026-06-01 13:30:19 on dist-test-slave-zwfd"
I20260601 13:30:19.218353 28438 fs_report.cc:389] FS layout report
--------------------
wal directory: /tmp/dist-test-taskvuLP05/test-tmp/auto_rebalancer-test.0.AutoRebalancerTest.NextLeaderResumesAutoRebalancing.1780320609069305-28438-0/minicluster-data/master-0-root
metadata directory: /tmp/dist-test-taskvuLP05/test-tmp/auto_rebalancer-test.0.AutoRebalancerTest.NextLeaderResumesAutoRebalancing.1780320609069305-28438-0/minicluster-data/master-0-root
1 data directories: /tmp/dist-test-taskvuLP05/test-tmp/auto_rebalancer-test.0.AutoRebalancerTest.NextLeaderResumesAutoRebalancing.1780320609069305-28438-0/minicluster-data/master-0-root/data
Total live blocks: 0
Total live bytes: 0
Total live bytes (after alignment): 0
Total number of LBM containers: 0 (0 full)
Did not check for missing blocks
Did not check for orphaned blocks
Total full LBM containers with extra space: 0 (0 repaired)
Total full LBM container extra space in bytes: 0 (0 repaired)
Total incomplete LBM containers: 0 (0 repaired)
Total LBM partial records: 0 (0 repaired)
Total corrupted LBM metadata records in RocksDB: 0 (0 repaired)
I20260601 13:30:19.233451 28438 rpc_server.cc:225] running with OpenSSL 1.1.1  11 Sep 2018
I20260601 13:30:19.233950 28438 kserver.cc:163] Server-wide thread pool size limit: 3276
I20260601 13:30:19.238593 28438 rpc_server.cc:307] RPC server started. Bound to: 127.27.197.190:32805
I20260601 13:30:19.240252 28438 file_cache.cc:492] Constructed file cache file cache with capacity 419430
I20260601 13:30:19.245103 29556 acceptor_pool.cc:272] collecting diagnostics on the listening RPC socket 127.27.197.190:32805 every 8 connection(s)
I20260601 13:30:19.245939 29557 data_dirs.cc:400] Could only allocate 1 dirs of requested 3 for tablet 00000000000000000000000000000000. 1 dirs total, 0 dirs full, 0 dirs failed
W20260601 13:30:19.246273 29559 instance_detector.cc:116] could not retrieve AWS instance metadata: Network error: curl error: HTTP response code said error: The requested URL returned error: 404
W20260601 13:30:19.246363 29562 instance_detector.cc:116] could not retrieve OpenStack instance metadata: Network error: curl error: HTTP response code said error: The requested URL returned error: 404
W20260601 13:30:19.246363 29560 instance_detector.cc:116] could not retrieve Azure instance metadata: Network error: curl error: HTTP response code said error: The requested URL returned error: 404
I20260601 13:30:19.246819 28438 server_base.cc:1061] running on GCE node
I20260601 13:30:19.247051 28438 hybrid_clock.cc:584] initializing the hybrid clock with 'system_unsync' time source
W20260601 13:30:19.247087 28438 system_unsync_time.cc:38] NTP support is disabled. Clock error bounds will not be accurate. This configuration is not suitable for distributed clusters.
I20260601 13:30:19.247124 28438 hybrid_clock.cc:648] HybridClock initialized: now 1780320619247123 us; error 0 us; skew 500 ppm
I20260601 13:30:19.248208 29557 sys_catalog.cc:422] member_type: VOTER last_known_addr { host: "127.27.197.190" port: 32805 } has no permanent_uuid. Determining permanent_uuid...
I20260601 13:30:19.248505 28438 webserver.cc:533] Webserver started at http://127.27.197.189:46739/ using document root <none> and password file <none>
I20260601 13:30:19.248668 28438 fs_manager.cc:362] Metadata directory not provided
I20260601 13:30:19.248734 28438 fs_manager.cc:368] Using write-ahead log directory (fs_wal_dir) as metadata directory
I20260601 13:30:19.248826 28438 server_base.cc:909] This appears to be a new deployment of Kudu; creating new FS layout
I20260601 13:30:19.249258 28438 fs_manager.cc:1068] Generated new instance metadata in path /tmp/dist-test-taskvuLP05/test-tmp/auto_rebalancer-test.0.AutoRebalancerTest.NextLeaderResumesAutoRebalancing.1780320609069305-28438-0/minicluster-data/master-1-root/instance:
uuid: "4f66b6f935a14248832d104f941e2e98"
format_stamp: "Formatted at 2026-06-01 13:30:19 on dist-test-slave-zwfd"
I20260601 13:30:19.251546 28438 fs_manager.cc:696] Time spent creating directory manager: real 0.002s	user 0.000s	sys 0.003s
I20260601 13:30:19.252949 29569 log_block_manager.cc:4031] Time spent loading block containers with low live blocks: real 0.000s	user 0.000s	sys 0.000s
I20260601 13:30:19.253361 28438 fs_manager.cc:730] Time spent opening block manager: real 0.001s	user 0.001s	sys 0.000s
I20260601 13:30:19.253472 28438 fs_manager.cc:647] Opened local filesystem: /tmp/dist-test-taskvuLP05/test-tmp/auto_rebalancer-test.0.AutoRebalancerTest.NextLeaderResumesAutoRebalancing.1780320609069305-28438-0/minicluster-data/master-1-root
uuid: "4f66b6f935a14248832d104f941e2e98"
format_stamp: "Formatted at 2026-06-01 13:30:19 on dist-test-slave-zwfd"
I20260601 13:30:19.253567 28438 fs_report.cc:389] FS layout report
--------------------
wal directory: /tmp/dist-test-taskvuLP05/test-tmp/auto_rebalancer-test.0.AutoRebalancerTest.NextLeaderResumesAutoRebalancing.1780320609069305-28438-0/minicluster-data/master-1-root
metadata directory: /tmp/dist-test-taskvuLP05/test-tmp/auto_rebalancer-test.0.AutoRebalancerTest.NextLeaderResumesAutoRebalancing.1780320609069305-28438-0/minicluster-data/master-1-root
1 data directories: /tmp/dist-test-taskvuLP05/test-tmp/auto_rebalancer-test.0.AutoRebalancerTest.NextLeaderResumesAutoRebalancing.1780320609069305-28438-0/minicluster-data/master-1-root/data
Total live blocks: 0
Total live bytes: 0
Total live bytes (after alignment): 0
Total number of LBM containers: 0 (0 full)
Did not check for missing blocks
Did not check for orphaned blocks
Total full LBM containers with extra space: 0 (0 repaired)
Total full LBM container extra space in bytes: 0 (0 repaired)
Total incomplete LBM containers: 0 (0 repaired)
Total LBM partial records: 0 (0 repaired)
Total corrupted LBM metadata records in RocksDB: 0 (0 repaired)
I20260601 13:30:19.254518 29557 sys_catalog.cc:422] member_type: VOTER last_known_addr { host: "127.27.197.189" port: 38911 } has no permanent_uuid. Determining permanent_uuid...
W20260601 13:30:19.255964 29557 consensus_peers.cc:760] Error getting permanent uuid from config peer 127.27.197.189:38911: Network error: Client connection negotiation failed: client connection to 127.27.197.189:38911: connect: Connection refused (error 111)
I20260601 13:30:19.275731 28438 rpc_server.cc:225] running with OpenSSL 1.1.1  11 Sep 2018
I20260601 13:30:19.276235 28438 kserver.cc:163] Server-wide thread pool size limit: 3276
I20260601 13:30:19.280305 28438 rpc_server.cc:307] RPC server started. Bound to: 127.27.197.189:38911
I20260601 13:30:19.280351 29622 acceptor_pool.cc:272] collecting diagnostics on the listening RPC socket 127.27.197.189:38911 every 8 connection(s)
I20260601 13:30:19.281044 28438 file_cache.cc:492] Constructed file cache file cache with capacity 419430
I20260601 13:30:19.281312 29623 data_dirs.cc:400] Could only allocate 1 dirs of requested 3 for tablet 00000000000000000000000000000000. 1 dirs total, 0 dirs full, 0 dirs failed
I20260601 13:30:19.282130 29557 consensus_peers.cc:770] Retrying to get permanent uuid for remote peer: member_type: VOTER last_known_addr { host: "127.27.197.189" port: 38911 } attempt: 1
W20260601 13:30:19.282955 29625 instance_detector.cc:116] could not retrieve AWS instance metadata: Network error: curl error: HTTP response code said error: The requested URL returned error: 404
I20260601 13:30:19.282974 29623 sys_catalog.cc:422] member_type: VOTER last_known_addr { host: "127.27.197.190" port: 32805 } has no permanent_uuid. Determining permanent_uuid...
W20260601 13:30:19.283221 29628 instance_detector.cc:116] could not retrieve OpenStack instance metadata: Network error: curl error: HTTP response code said error: The requested URL returned error: 404
I20260601 13:30:19.283497 28438 server_base.cc:1061] running on GCE node
W20260601 13:30:19.283232 29626 instance_detector.cc:116] could not retrieve Azure instance metadata: Network error: curl error: HTTP response code said error: The requested URL returned error: 404
I20260601 13:30:19.283893 28438 hybrid_clock.cc:584] initializing the hybrid clock with 'system_unsync' time source
