I20260601 13:31:49.053814 20079 tablet_bootstrap.cc:492] T f6a9d5f5573d4911a65686f4533bda13 P 00b9b370cee74b8494d6ea533f432c3b: Bootstrap starting.
I20260601 13:31:49.054477 20076 tablet_bootstrap.cc:654] T f6a9d5f5573d4911a65686f4533bda13 P c3baf00dad4f45479cccf81ce048f1bf: Neither blocks nor log segments found. Creating new log.
I20260601 13:31:49.054756 20079 tablet_bootstrap.cc:654] T f6a9d5f5573d4911a65686f4533bda13 P 00b9b370cee74b8494d6ea533f432c3b: Neither blocks nor log segments found. Creating new log.
I20260601 13:31:49.052980 19860 data_dirs.cc:400] Could only allocate 1 dirs of requested 3 for tablet 0c9d94140b714fa9b76f417685e3a616. 1 dirs total, 0 dirs full, 0 dirs failed
I20260601 13:31:49.055162 20018 tablet_service.cc:1511] Processing CreateTablet for tablet d32240abf8aa48d4aaf1609c4d567fb9 (DEFAULT_TABLE table=test-workload [id=f9a1cc8ef2f04a58b596ae3d5ac00843]), partition=RANGE (key) PARTITION 178956970 <= VALUES < 357913940
I20260601 13:31:49.055440 20018 data_dirs.cc:400] Could only allocate 1 dirs of requested 3 for tablet d32240abf8aa48d4aaf1609c4d567fb9. 1 dirs total, 0 dirs full, 0 dirs failed
I20260601 13:31:49.055785 20076 tablet_bootstrap.cc:492] T f6a9d5f5573d4911a65686f4533bda13 P c3baf00dad4f45479cccf81ce048f1bf: No bootstrap required, opened a new log
I20260601 13:31:49.055754 20010 tablet_service.cc:1511] Processing CreateTablet for tablet 16628ee4ff614f4bbd736eaf41d5dcb5 (DEFAULT_TABLE table=test-workload [id=f9a1cc8ef2f04a58b596ae3d5ac00843]), partition=RANGE (key) PARTITION 1610612730 <= VALUES < 1789569700
I20260601 13:31:49.055857 20076 ts_tablet_manager.cc:1403] T f6a9d5f5573d4911a65686f4533bda13 P c3baf00dad4f45479cccf81ce048f1bf: Time spent bootstrapping tablet: real 0.002s	user 0.002s	sys 0.000s
I20260601 13:31:49.056021 20010 data_dirs.cc:400] Could only allocate 1 dirs of requested 3 for tablet 16628ee4ff614f4bbd736eaf41d5dcb5. 1 dirs total, 0 dirs full, 0 dirs failed
I20260601 13:31:49.056279 20076 raft_consensus.cc:359] T f6a9d5f5573d4911a65686f4533bda13 P c3baf00dad4f45479cccf81ce048f1bf [term 0 FOLLOWER]: Replica starting. Triggering 0 pending ops. Active config: opid_index: -1 OBSOLETE_local: false peers { permanent_uuid: "861178c4fbb74c44bc2a878929276c89" member_type: VOTER last_known_addr { host: "127.15.27.1" port: 43321 } } peers { permanent_uuid: "00b9b370cee74b8494d6ea533f432c3b" member_type: VOTER last_known_addr { host: "127.15.27.3" port: 35705 } } peers { permanent_uuid: "c3baf00dad4f45479cccf81ce048f1bf" member_type: VOTER last_known_addr { host: "127.15.27.2" port: 37103 } }
I20260601 13:31:49.056380 20076 raft_consensus.cc:385] T f6a9d5f5573d4911a65686f4533bda13 P c3baf00dad4f45479cccf81ce048f1bf [term 0 FOLLOWER]: Consensus starting up: Expiring failure detector timer to make a prompt election more likely
I20260601 13:31:49.056412 20076 raft_consensus.cc:740] T f6a9d5f5573d4911a65686f4533bda13 P c3baf00dad4f45479cccf81ce048f1bf [term 0 FOLLOWER]: Becoming Follower/Learner. State: Replica: c3baf00dad4f45479cccf81ce048f1bf, State: Initialized, Role: FOLLOWER
I20260601 13:31:49.056533 20076 consensus_queue.cc:260] T f6a9d5f5573d4911a65686f4533bda13 P c3baf00dad4f45479cccf81ce048f1bf [NON_LEADER]: Queue going to NON_LEADER mode. State: All replicated index: 0, Majority replicated index: 0, Committed index: 0, Last appended: 0.0, Last appended by leader: 0, Current term: 0, Majority size: -1, State: 0, Mode: NON_LEADER, active raft config: opid_index: -1 OBSOLETE_local: false peers { permanent_uuid: "861178c4fbb74c44bc2a878929276c89" member_type: VOTER last_known_addr { host: "127.15.27.1" port: 43321 } } peers { permanent_uuid: "00b9b370cee74b8494d6ea533f432c3b" member_type: VOTER last_known_addr { host: "127.15.27.3" port: 35705 } } peers { permanent_uuid: "c3baf00dad4f45479cccf81ce048f1bf" member_type: VOTER last_known_addr { host: "127.15.27.2" port: 37103 } }
I20260601 13:31:49.056874 20076 ts_tablet_manager.cc:1434] T f6a9d5f5573d4911a65686f4533bda13 P c3baf00dad4f45479cccf81ce048f1bf: Time spent starting tablet: real 0.001s	user 0.001s	sys 0.000s
I20260601 13:31:49.057046 20076 tablet_bootstrap.cc:492] T 16628ee4ff614f4bbd736eaf41d5dcb5 P c3baf00dad4f45479cccf81ce048f1bf: Bootstrap starting.
I20260601 13:31:49.057691 20018 tablet_service.cc:1511] Processing CreateTablet for tablet fae167653e5546de986d295275f5cd41 (DEFAULT_TABLE table=test-workload [id=f9a1cc8ef2f04a58b596ae3d5ac00843]), partition=RANGE (key) PARTITION 1968526670 <= VALUES
I20260601 13:31:49.057814 20017 tablet_service.cc:1511] Processing CreateTablet for tablet ede08a62d0c74dbbaa53238d000dffc1 (DEFAULT_TABLE table=test-workload [id=f9a1cc8ef2f04a58b596ae3d5ac00843]), partition=RANGE (key) PARTITION 357913940 <= VALUES < 536870910
I20260601 13:31:49.057920 20018 data_dirs.cc:400] Could only allocate 1 dirs of requested 3 for tablet fae167653e5546de986d295275f5cd41. 1 dirs total, 0 dirs full, 0 dirs failed
I20260601 13:31:49.057963 20076 tablet_bootstrap.cc:654] T 16628ee4ff614f4bbd736eaf41d5dcb5 P c3baf00dad4f45479cccf81ce048f1bf: Neither blocks nor log segments found. Creating new log.
I20260601 13:31:49.058033 20017 data_dirs.cc:400] Could only allocate 1 dirs of requested 3 for tablet ede08a62d0c74dbbaa53238d000dffc1. 1 dirs total, 0 dirs full, 0 dirs failed
I20260601 13:31:49.058190 20011 tablet_service.cc:1511] Processing CreateTablet for tablet 0c9d94140b714fa9b76f417685e3a616 (DEFAULT_TABLE table=test-workload [id=f9a1cc8ef2f04a58b596ae3d5ac00843]), partition=RANGE (key) PARTITION 1431655760 <= VALUES < 1610612730
I20260601 13:31:49.058429 20011 data_dirs.cc:400] Could only allocate 1 dirs of requested 3 for tablet 0c9d94140b714fa9b76f417685e3a616. 1 dirs total, 0 dirs full, 0 dirs failed
I20260601 13:31:49.060483 20012 tablet_service.cc:1511] Processing CreateTablet for tablet 13ae417f416344719954cfa171e5f91f (DEFAULT_TABLE table=test-workload [id=f9a1cc8ef2f04a58b596ae3d5ac00843]), partition=RANGE (key) PARTITION 1252698790 <= VALUES < 1431655760
I20260601 13:31:49.060747 20012 data_dirs.cc:400] Could only allocate 1 dirs of requested 3 for tablet 13ae417f416344719954cfa171e5f91f. 1 dirs total, 0 dirs full, 0 dirs failed
I20260601 13:31:49.061051 20076 tablet_bootstrap.cc:492] T 16628ee4ff614f4bbd736eaf41d5dcb5 P c3baf00dad4f45479cccf81ce048f1bf: No bootstrap required, opened a new log
I20260601 13:31:49.061133 20076 ts_tablet_manager.cc:1403] T 16628ee4ff614f4bbd736eaf41d5dcb5 P c3baf00dad4f45479cccf81ce048f1bf: Time spent bootstrapping tablet: real 0.004s	user 0.002s	sys 0.000s
I20260601 13:31:49.061249 20015 tablet_service.cc:1511] Processing CreateTablet for tablet 2156be06b1eb4b229df7757189f798e7 (DEFAULT_TABLE table=test-workload [id=f9a1cc8ef2f04a58b596ae3d5ac00843]), partition=RANGE (key) PARTITION 715827880 <= VALUES < 894784850
I20260601 13:31:49.061479 20015 data_dirs.cc:400] Could only allocate 1 dirs of requested 3 for tablet 2156be06b1eb4b229df7757189f798e7. 1 dirs total, 0 dirs full, 0 dirs failed
I20260601 13:31:49.061501 20076 raft_consensus.cc:359] T 16628ee4ff614f4bbd736eaf41d5dcb5 P c3baf00dad4f45479cccf81ce048f1bf [term 0 FOLLOWER]: Replica starting. Triggering 0 pending ops. Active config: opid_index: -1 OBSOLETE_local: false peers { permanent_uuid: "861178c4fbb74c44bc2a878929276c89" member_type: VOTER last_known_addr { host: "127.15.27.1" port: 43321 } } peers { permanent_uuid: "c3baf00dad4f45479cccf81ce048f1bf" member_type: VOTER last_known_addr { host: "127.15.27.2" port: 37103 } } peers { permanent_uuid: "00b9b370cee74b8494d6ea533f432c3b" member_type: VOTER last_known_addr { host: "127.15.27.3" port: 35705 } }
I20260601 13:31:49.061576 20076 raft_consensus.cc:385] T 16628ee4ff614f4bbd736eaf41d5dcb5 P c3baf00dad4f45479cccf81ce048f1bf [term 0 FOLLOWER]: Consensus starting up: Expiring failure detector timer to make a prompt election more likely
I20260601 13:31:49.061597 20076 raft_consensus.cc:740] T 16628ee4ff614f4bbd736eaf41d5dcb5 P c3baf00dad4f45479cccf81ce048f1bf [term 0 FOLLOWER]: Becoming Follower/Learner. State: Replica: c3baf00dad4f45479cccf81ce048f1bf, State: Initialized, Role: FOLLOWER
I20260601 13:31:49.061683 20076 consensus_queue.cc:260] T 16628ee4ff614f4bbd736eaf41d5dcb5 P c3baf00dad4f45479cccf81ce048f1bf [NON_LEADER]: Queue going to NON_LEADER mode. State: All replicated index: 0, Majority replicated index: 0, Committed index: 0, Last appended: 0.0, Last appended by leader: 0, Current term: 0, Majority size: -1, State: 0, Mode: NON_LEADER, active raft config: opid_index: -1 OBSOLETE_local: false peers { permanent_uuid: "861178c4fbb74c44bc2a878929276c89" member_type: VOTER last_known_addr { host: "127.15.27.1" port: 43321 } } peers { permanent_uuid: "c3baf00dad4f45479cccf81ce048f1bf" member_type: VOTER last_known_addr { host: "127.15.27.2" port: 37103 } } peers { permanent_uuid: "00b9b370cee74b8494d6ea533f432c3b" member_type: VOTER last_known_addr { host: "127.15.27.3" port: 35705 } }
I20260601 13:31:49.061936 20076 ts_tablet_manager.cc:1434] T 16628ee4ff614f4bbd736eaf41d5dcb5 P c3baf00dad4f45479cccf81ce048f1bf: Time spent starting tablet: real 0.001s	user 0.000s	sys 0.000s
I20260601 13:31:49.062060 20076 tablet_bootstrap.cc:492] T ede08a62d0c74dbbaa53238d000dffc1 P c3baf00dad4f45479cccf81ce048f1bf: Bootstrap starting.
I20260601 13:31:49.062860 20076 tablet_bootstrap.cc:654] T ede08a62d0c74dbbaa53238d000dffc1 P c3baf00dad4f45479cccf81ce048f1bf: Neither blocks nor log segments found. Creating new log.
I20260601 13:31:49.063057 20013 tablet_service.cc:1511] Processing CreateTablet for tablet 34ce01bdcd0e44059f61c704317a9152 (DEFAULT_TABLE table=test-workload [id=f9a1cc8ef2f04a58b596ae3d5ac00843]), partition=RANGE (key) PARTITION 1073741820 <= VALUES < 1252698790
I20260601 13:31:49.063300 20013 data_dirs.cc:400] Could only allocate 1 dirs of requested 3 for tablet 34ce01bdcd0e44059f61c704317a9152. 1 dirs total, 0 dirs full, 0 dirs failed
I20260601 13:31:49.063998 20076 tablet_bootstrap.cc:492] T ede08a62d0c74dbbaa53238d000dffc1 P c3baf00dad4f45479cccf81ce048f1bf: No bootstrap required, opened a new log
I20260601 13:31:49.063980 20014 tablet_service.cc:1511] Processing CreateTablet for tablet df0c4bd1331f4be7a51211dddb273cb5 (DEFAULT_TABLE table=test-workload [id=f9a1cc8ef2f04a58b596ae3d5ac00843]), partition=RANGE (key) PARTITION 894784850 <= VALUES < 1073741820
I20260601 13:31:49.064127 20076 ts_tablet_manager.cc:1403] T ede08a62d0c74dbbaa53238d000dffc1 P c3baf00dad4f45479cccf81ce048f1bf: Time spent bootstrapping tablet: real 0.002s	user 0.002s	sys 0.000s
I20260601 13:31:49.064241 20014 data_dirs.cc:400] Could only allocate 1 dirs of requested 3 for tablet df0c4bd1331f4be7a51211dddb273cb5. 1 dirs total, 0 dirs full, 0 dirs failed
I20260601 13:31:49.064604 20076 raft_consensus.cc:359] T ede08a62d0c74dbbaa53238d000dffc1 P c3baf00dad4f45479cccf81ce048f1bf [term 0 FOLLOWER]: Replica starting. Triggering 0 pending ops. Active config: opid_index: -1 OBSOLETE_local: false peers { permanent_uuid: "861178c4fbb74c44bc2a878929276c89" member_type: VOTER last_known_addr { host: "127.15.27.1" port: 43321 } } peers { permanent_uuid: "c3baf00dad4f45479cccf81ce048f1bf" member_type: VOTER last_known_addr { host: "127.15.27.2" port: 37103 } } peers { permanent_uuid: "00b9b370cee74b8494d6ea533f432c3b" member_type: VOTER last_known_addr { host: "127.15.27.3" port: 35705 } }
I20260601 13:31:49.064724 20076 raft_consensus.cc:385] T ede08a62d0c74dbbaa53238d000dffc1 P c3baf00dad4f45479cccf81ce048f1bf [term 0 FOLLOWER]: Consensus starting up: Expiring failure detector timer to make a prompt election more likely
I20260601 13:31:49.064769 20076 raft_consensus.cc:740] T ede08a62d0c74dbbaa53238d000dffc1 P c3baf00dad4f45479cccf81ce048f1bf [term 0 FOLLOWER]: Becoming Follower/Learner. State: Replica: c3baf00dad4f45479cccf81ce048f1bf, State: Initialized, Role: FOLLOWER
I20260601 13:31:49.064891 20076 consensus_queue.cc:260] T ede08a62d0c74dbbaa53238d000dffc1 P c3baf00dad4f45479cccf81ce048f1bf [NON_LEADER]: Queue going to NON_LEADER mode. State: All replicated index: 0, Majority replicated index: 0, Committed index: 0, Last appended: 0.0, Last appended by leader: 0, Current term: 0, Majority size: -1, State: 0, Mode: NON_LEADER, active raft config: opid_index: -1 OBSOLETE_local: false peers { permanent_uuid: "861178c4fbb74c44bc2a878929276c89" member_type: VOTER last_known_addr { host: "127.15.27.1" port: 43321 } } peers { permanent_uuid: "c3baf00dad4f45479cccf81ce048f1bf" member_type: VOTER last_known_addr { host: "127.15.27.2" port: 37103 } } peers { permanent_uuid: "00b9b370cee74b8494d6ea533f432c3b" member_type: VOTER last_known_addr { host: "127.15.27.3" port: 35705 } }
I20260601 13:31:49.065150 20076 ts_tablet_manager.cc:1434] T ede08a62d0c74dbbaa53238d000dffc1 P c3baf00dad4f45479cccf81ce048f1bf: Time spent starting tablet: real 0.001s	user 0.000s	sys 0.000s
I20260601 13:31:49.065353 20076 tablet_bootstrap.cc:492] T 16e9a01fc03e484c90da7a7090c3b9a0 P c3baf00dad4f45479cccf81ce048f1bf: Bootstrap starting.
I20260601 13:31:49.061061 20016 tablet_service.cc:1511] Processing CreateTablet for tablet 16e9a01fc03e484c90da7a7090c3b9a0 (DEFAULT_TABLE table=test-workload [id=f9a1cc8ef2f04a58b596ae3d5ac00843]), partition=RANGE (key) PARTITION 536870910 <= VALUES < 715827880
I20260601 13:31:49.065640 20016 data_dirs.cc:400] Could only allocate 1 dirs of requested 3 for tablet 16e9a01fc03e484c90da7a7090c3b9a0. 1 dirs total, 0 dirs full, 0 dirs failed
I20260601 13:31:49.066295 20076 tablet_bootstrap.cc:654] T 16e9a01fc03e484c90da7a7090c3b9a0 P c3baf00dad4f45479cccf81ce048f1bf: Neither blocks nor log segments found. Creating new log.
I20260601 13:31:49.066579 20075 tablet_bootstrap.cc:654] T d32240abf8aa48d4aaf1609c4d567fb9 P 861178c4fbb74c44bc2a878929276c89: Neither blocks nor log segments found. Creating new log.
I20260601 13:31:49.067513 20076 tablet_bootstrap.cc:492] T 16e9a01fc03e484c90da7a7090c3b9a0 P c3baf00dad4f45479cccf81ce048f1bf: No bootstrap required, opened a new log
I20260601 13:31:49.067636 20076 ts_tablet_manager.cc:1403] T 16e9a01fc03e484c90da7a7090c3b9a0 P c3baf00dad4f45479cccf81ce048f1bf: Time spent bootstrapping tablet: real 0.002s	user 0.002s	sys 0.000s
I20260601 13:31:49.067771 20075 tablet_bootstrap.cc:492] T d32240abf8aa48d4aaf1609c4d567fb9 P 861178c4fbb74c44bc2a878929276c89: No bootstrap required, opened a new log
I20260601 13:31:49.067893 20075 ts_tablet_manager.cc:1403] T d32240abf8aa48d4aaf1609c4d567fb9 P 861178c4fbb74c44bc2a878929276c89: Time spent bootstrapping tablet: real 0.018s	user 0.002s	sys 0.000s
I20260601 13:31:49.068115 20076 raft_consensus.cc:359] T 16e9a01fc03e484c90da7a7090c3b9a0 P c3baf00dad4f45479cccf81ce048f1bf [term 0 FOLLOWER]: Replica starting. Triggering 0 pending ops. Active config: opid_index: -1 OBSOLETE_local: false peers { permanent_uuid: "861178c4fbb74c44bc2a878929276c89" member_type: VOTER last_known_addr { host: "127.15.27.1" port: 43321 } } peers { permanent_uuid: "c3baf00dad4f45479cccf81ce048f1bf" member_type: VOTER last_known_addr { host: "127.15.27.2" port: 37103 } } peers { permanent_uuid: "00b9b370cee74b8494d6ea533f432c3b" member_type: VOTER last_known_addr { host: "127.15.27.3" port: 35705 } }
I20260601 13:31:49.068240 20076 raft_consensus.cc:385] T 16e9a01fc03e484c90da7a7090c3b9a0 P c3baf00dad4f45479cccf81ce048f1bf [term 0 FOLLOWER]: Consensus starting up: Expiring failure detector timer to make a prompt election more likely
I20260601 13:31:49.068279 20076 raft_consensus.cc:740] T 16e9a01fc03e484c90da7a7090c3b9a0 P c3baf00dad4f45479cccf81ce048f1bf [term 0 FOLLOWER]: Becoming Follower/Learner. State: Replica: c3baf00dad4f45479cccf81ce048f1bf, State: Initialized, Role: FOLLOWER
I20260601 13:31:49.068398 20076 consensus_queue.cc:260] T 16e9a01fc03e484c90da7a7090c3b9a0 P c3baf00dad4f45479cccf81ce048f1bf [NON_LEADER]: Queue going to NON_LEADER mode. State: All replicated index: 0, Majority replicated index: 0, Committed index: 0, Last appended: 0.0, Last appended by leader: 0, Current term: 0, Majority size: -1, State: 0, Mode: NON_LEADER, active raft config: opid_index: -1 OBSOLETE_local: false peers { permanent_uuid: "861178c4fbb74c44bc2a878929276c89" member_type: VOTER last_known_addr { host: "127.15.27.1" port: 43321 } } peers { permanent_uuid: "c3baf00dad4f45479cccf81ce048f1bf" member_type: VOTER last_known_addr { host: "127.15.27.2" port: 37103 } } peers { permanent_uuid: "00b9b370cee74b8494d6ea533f432c3b" member_type: VOTER last_known_addr { host: "127.15.27.3" port: 35705 } }
I20260601 13:31:49.068692 20076 ts_tablet_manager.cc:1434] T 16e9a01fc03e484c90da7a7090c3b9a0 P c3baf00dad4f45479cccf81ce048f1bf: Time spent starting tablet: real 0.001s	user 0.001s	sys 0.000s
I20260601 13:31:49.068766 20079 tablet_bootstrap.cc:492] T f6a9d5f5573d4911a65686f4533bda13 P 00b9b370cee74b8494d6ea533f432c3b: No bootstrap required, opened a new log
I20260601 13:31:49.068847 20079 ts_tablet_manager.cc:1403] T f6a9d5f5573d4911a65686f4533bda13 P 00b9b370cee74b8494d6ea533f432c3b: Time spent bootstrapping tablet: real 0.015s	user 0.000s	sys 0.002s
I20260601 13:31:49.068871 20076 tablet_bootstrap.cc:492] T fae167653e5546de986d295275f5cd41 P c3baf00dad4f45479cccf81ce048f1bf: Bootstrap starting.
I20260601 13:31:49.069247 20079 raft_consensus.cc:359] T f6a9d5f5573d4911a65686f4533bda13 P 00b9b370cee74b8494d6ea533f432c3b [term 0 FOLLOWER]: Replica starting. Triggering 0 pending ops. Active config: opid_index: -1 OBSOLETE_local: false peers { permanent_uuid: "861178c4fbb74c44bc2a878929276c89" member_type: VOTER last_known_addr { host: "127.15.27.1" port: 43321 } } peers { permanent_uuid: "00b9b370cee74b8494d6ea533f432c3b" member_type: VOTER last_known_addr { host: "127.15.27.3" port: 35705 } } peers { permanent_uuid: "c3baf00dad4f45479cccf81ce048f1bf" member_type: VOTER last_known_addr { host: "127.15.27.2" port: 37103 } }
I20260601 13:31:49.069350 20079 raft_consensus.cc:385] T f6a9d5f5573d4911a65686f4533bda13 P 00b9b370cee74b8494d6ea533f432c3b [term 0 FOLLOWER]: Consensus starting up: Expiring failure detector timer to make a prompt election more likely
I20260601 13:31:49.069387 20079 raft_consensus.cc:740] T f6a9d5f5573d4911a65686f4533bda13 P 00b9b370cee74b8494d6ea533f432c3b [term 0 FOLLOWER]: Becoming Follower/Learner. State: Replica: 00b9b370cee74b8494d6ea533f432c3b, State: Initialized, Role: FOLLOWER
I20260601 13:31:49.069505 20079 consensus_queue.cc:260] T f6a9d5f5573d4911a65686f4533bda13 P 00b9b370cee74b8494d6ea533f432c3b [NON_LEADER]: Queue going to NON_LEADER mode. State: All replicated index: 0, Majority replicated index: 0, Committed index: 0, Last appended: 0.0, Last appended by leader: 0, Current term: 0, Majority size: -1, State: 0, Mode: NON_LEADER, active raft config: opid_index: -1 OBSOLETE_local: false peers { permanent_uuid: "861178c4fbb74c44bc2a878929276c89" member_type: VOTER last_known_addr { host: "127.15.27.1" port: 43321 } } peers { permanent_uuid: "00b9b370cee74b8494d6ea533f432c3b" member_type: VOTER last_known_addr { host: "127.15.27.3" port: 35705 } } peers { permanent_uuid: "c3baf00dad4f45479cccf81ce048f1bf" member_type: VOTER last_known_addr { host: "127.15.27.2" port: 37103 } }
I20260601 13:31:49.069824 20076 tablet_bootstrap.cc:654] T fae167653e5546de986d295275f5cd41 P c3baf00dad4f45479cccf81ce048f1bf: Neither blocks nor log segments found. Creating new log.
I20260601 13:31:49.069862 20079 ts_tablet_manager.cc:1434] T f6a9d5f5573d4911a65686f4533bda13 P 00b9b370cee74b8494d6ea533f432c3b: Time spent starting tablet: real 0.001s	user 0.000s	sys 0.001s
I20260601 13:31:49.070022 20079 tablet_bootstrap.cc:492] T d32240abf8aa48d4aaf1609c4d567fb9 P 00b9b370cee74b8494d6ea533f432c3b: Bootstrap starting.
I20260601 13:31:49.068681 20075 raft_consensus.cc:359] T d32240abf8aa48d4aaf1609c4d567fb9 P 861178c4fbb74c44bc2a878929276c89 [term 0 FOLLOWER]: Replica starting. Triggering 0 pending ops. Active config: opid_index: -1 OBSOLETE_local: false peers { permanent_uuid: "861178c4fbb74c44bc2a878929276c89" member_type: VOTER last_known_addr { host: "127.15.27.1" port: 43321 } } peers { permanent_uuid: "c3baf00dad4f45479cccf81ce048f1bf" member_type: VOTER last_known_addr { host: "127.15.27.2" port: 37103 } } peers { permanent_uuid: "00b9b370cee74b8494d6ea533f432c3b" member_type: VOTER last_known_addr { host: "127.15.27.3" port: 35705 } }
I20260601 13:31:49.070845 20075 raft_consensus.cc:385] T d32240abf8aa48d4aaf1609c4d567fb9 P 861178c4fbb74c44bc2a878929276c89 [term 0 FOLLOWER]: Consensus starting up: Expiring failure detector timer to make a prompt election more likely
I20260601 13:31:49.070986 20079 tablet_bootstrap.cc:654] T d32240abf8aa48d4aaf1609c4d567fb9 P 00b9b370cee74b8494d6ea533f432c3b: Neither blocks nor log segments found. Creating new log.
I20260601 13:31:49.071029 20075 raft_consensus.cc:740] T d32240abf8aa48d4aaf1609c4d567fb9 P 861178c4fbb74c44bc2a878929276c89 [term 0 FOLLOWER]: Becoming Follower/Learner. State: Replica: 861178c4fbb74c44bc2a878929276c89, State: Initialized, Role: FOLLOWER
I20260601 13:31:49.071157 20075 consensus_queue.cc:260] T d32240abf8aa48d4aaf1609c4d567fb9 P 861178c4fbb74c44bc2a878929276c89 [NON_LEADER]: Queue going to NON_LEADER mode. State: All replicated index: 0, Majority replicated index: 0, Committed index: 0, Last appended: 0.0, Last appended by leader: 0, Current term: 0, Majority size: -1, State: 0, Mode: NON_LEADER, active raft config: opid_index: -1 OBSOLETE_local: false peers { permanent_uuid: "861178c4fbb74c44bc2a878929276c89" member_type: VOTER last_known_addr { host: "127.15.27.1" port: 43321 } } peers { permanent_uuid: "c3baf00dad4f45479cccf81ce048f1bf" member_type: VOTER last_known_addr { host: "127.15.27.2" port: 37103 } } peers { permanent_uuid: "00b9b370cee74b8494d6ea533f432c3b" member_type: VOTER last_known_addr { host: "127.15.27.3" port: 35705 } }
I20260601 13:31:49.071369 20076 tablet_bootstrap.cc:492] T fae167653e5546de986d295275f5cd41 P c3baf00dad4f45479cccf81ce048f1bf: No bootstrap required, opened a new log
I20260601 13:31:49.071421 20075 ts_tablet_manager.cc:1434] T d32240abf8aa48d4aaf1609c4d567fb9 P 861178c4fbb74c44bc2a878929276c89: Time spent starting tablet: real 0.003s	user 0.001s	sys 0.000s
I20260601 13:31:49.071448 20076 ts_tablet_manager.cc:1403] T fae167653e5546de986d295275f5cd41 P c3baf00dad4f45479cccf81ce048f1bf: Time spent bootstrapping tablet: real 0.003s	user 0.002s	sys 0.000s
I20260601 13:31:49.071599 20075 tablet_bootstrap.cc:492] T ede08a62d0c74dbbaa53238d000dffc1 P 861178c4fbb74c44bc2a878929276c89: Bootstrap starting.
I20260601 13:31:49.071861 20076 raft_consensus.cc:359] T fae167653e5546de986d295275f5cd41 P c3baf00dad4f45479cccf81ce048f1bf [term 0 FOLLOWER]: Replica starting. Triggering 0 pending ops. Active config: opid_index: -1 OBSOLETE_local: false peers { permanent_uuid: "861178c4fbb74c44bc2a878929276c89" member_type: VOTER last_known_addr { host: "127.15.27.1" port: 43321 } } peers { permanent_uuid: "c3baf00dad4f45479cccf81ce048f1bf" member_type: VOTER last_known_addr { host: "127.15.27.2" port: 37103 } } peers { permanent_uuid: "00b9b370cee74b8494d6ea533f432c3b" member_type: VOTER last_known_addr { host: "127.15.27.3" port: 35705 } }
I20260601 13:31:49.071962 20076 raft_consensus.cc:385] T fae167653e5546de986d295275f5cd41 P c3baf00dad4f45479cccf81ce048f1bf [term 0 FOLLOWER]: Consensus starting up: Expiring failure detector timer to make a prompt election more likely
I20260601 13:31:49.072002 20076 raft_consensus.cc:740] T fae167653e5546de986d295275f5cd41 P c3baf00dad4f45479cccf81ce048f1bf [term 0 FOLLOWER]: Becoming Follower/Learner. State: Replica: c3baf00dad4f45479cccf81ce048f1bf, State: Initialized, Role: FOLLOWER
I20260601 13:31:49.072137 20076 consensus_queue.cc:260] T fae167653e5546de986d295275f5cd41 P c3baf00dad4f45479cccf81ce048f1bf [NON_LEADER]: Queue going to NON_LEADER mode. State: All replicated index: 0, Majority replicated index: 0, Committed index: 0, Last appended: 0.0, Last appended by leader: 0, Current term: 0, Majority size: -1, State: 0, Mode: NON_LEADER, active raft config: opid_index: -1 OBSOLETE_local: false peers { permanent_uuid: "861178c4fbb74c44bc2a878929276c89" member_type: VOTER last_known_addr { host: "127.15.27.1" port: 43321 } } peers { permanent_uuid: "c3baf00dad4f45479cccf81ce048f1bf" member_type: VOTER last_known_addr { host: "127.15.27.2" port: 37103 } } peers { permanent_uuid: "00b9b370cee74b8494d6ea533f432c3b" member_type: VOTER last_known_addr { host: "127.15.27.3" port: 35705 } }
I20260601 13:31:49.072204 20079 tablet_bootstrap.cc:492] T d32240abf8aa48d4aaf1609c4d567fb9 P 00b9b370cee74b8494d6ea533f432c3b: No bootstrap required, opened a new log
I20260601 13:31:49.072280 20079 ts_tablet_manager.cc:1403] T d32240abf8aa48d4aaf1609c4d567fb9 P 00b9b370cee74b8494d6ea533f432c3b: Time spent bootstrapping tablet: real 0.002s	user 0.000s	sys 0.002s
I20260601 13:31:49.072402 20076 ts_tablet_manager.cc:1434] T fae167653e5546de986d295275f5cd41 P c3baf00dad4f45479cccf81ce048f1bf: Time spent starting tablet: real 0.001s	user 0.001s	sys 0.000s
I20260601 13:31:49.072568 20075 tablet_bootstrap.cc:654] T ede08a62d0c74dbbaa53238d000dffc1 P 861178c4fbb74c44bc2a878929276c89: Neither blocks nor log segments found. Creating new log.
I20260601 13:31:49.072567 20076 tablet_bootstrap.cc:492] T 2156be06b1eb4b229df7757189f798e7 P c3baf00dad4f45479cccf81ce048f1bf: Bootstrap starting.
I20260601 13:31:49.072710 20079 raft_consensus.cc:359] T d32240abf8aa48d4aaf1609c4d567fb9 P 00b9b370cee74b8494d6ea533f432c3b [term 0 FOLLOWER]: Replica starting. Triggering 0 pending ops. Active config: opid_index: -1 OBSOLETE_local: false peers { permanent_uuid: "861178c4fbb74c44bc2a878929276c89" member_type: VOTER last_known_addr { host: "127.15.27.1" port: 43321 } } peers { permanent_uuid: "c3baf00dad4f45479cccf81ce048f1bf" member_type: VOTER last_known_addr { host: "127.15.27.2" port: 37103 } } peers { permanent_uuid: "00b9b370cee74b8494d6ea533f432c3b" member_type: VOTER last_known_addr { host: "127.15.27.3" port: 35705 } }
I20260601 13:31:49.072813 20079 raft_consensus.cc:385] T d32240abf8aa48d4aaf1609c4d567fb9 P 00b9b370cee74b8494d6ea533f432c3b [term 0 FOLLOWER]: Consensus starting up: Expiring failure detector timer to make a prompt election more likely
I20260601 13:31:49.072851 20079 raft_consensus.cc:740] T d32240abf8aa48d4aaf1609c4d567fb9 P 00b9b370cee74b8494d6ea533f432c3b [term 0 FOLLOWER]: Becoming Follower/Learner. State: Replica: 00b9b370cee74b8494d6ea533f432c3b, State: Initialized, Role: FOLLOWER
I20260601 13:31:49.072969 20079 consensus_queue.cc:260] T d32240abf8aa48d4aaf1609c4d567fb9 P 00b9b370cee74b8494d6ea533f432c3b [NON_LEADER]: Queue going to NON_LEADER mode. State: All replicated index: 0, Majority replicated index: 0, Committed index: 0, Last appended: 0.0, Last appended by leader: 0, Current term: 0, Majority size: -1, State: 0, Mode: NON_LEADER, active raft config: opid_index: -1 OBSOLETE_local: false peers { permanent_uuid: "861178c4fbb74c44bc2a878929276c89" member_type: VOTER last_known_addr { host: "127.15.27.1" port: 43321 } } peers { permanent_uuid: "c3baf00dad4f45479cccf81ce048f1bf" member_type: VOTER last_known_addr { host: "127.15.27.2" port: 37103 } } peers { permanent_uuid: "00b9b370cee74b8494d6ea533f432c3b" member_type: VOTER last_known_addr { host: "127.15.27.3" port: 35705 } }
I20260601 13:31:49.073248 20079 ts_tablet_manager.cc:1434] T d32240abf8aa48d4aaf1609c4d567fb9 P 00b9b370cee74b8494d6ea533f432c3b: Time spent starting tablet: real 0.001s	user 0.000s	sys 0.001s
I20260601 13:31:49.073411 20079 tablet_bootstrap.cc:492] T 16628ee4ff614f4bbd736eaf41d5dcb5 P 00b9b370cee74b8494d6ea533f432c3b: Bootstrap starting.
I20260601 13:31:49.073629 20076 tablet_bootstrap.cc:654] T 2156be06b1eb4b229df7757189f798e7 P c3baf00dad4f45479cccf81ce048f1bf: Neither blocks nor log segments found. Creating new log.
I20260601 13:31:49.073851 20075 tablet_bootstrap.cc:492] T ede08a62d0c74dbbaa53238d000dffc1 P 861178c4fbb74c44bc2a878929276c89: No bootstrap required, opened a new log
I20260601 13:31:49.073930 20075 ts_tablet_manager.cc:1403] T ede08a62d0c74dbbaa53238d000dffc1 P 861178c4fbb74c44bc2a878929276c89: Time spent bootstrapping tablet: real 0.002s	user 0.002s	sys 0.000s
I20260601 13:31:49.074358 20079 tablet_bootstrap.cc:654] T 16628ee4ff614f4bbd736eaf41d5dcb5 P 00b9b370cee74b8494d6ea533f432c3b: Neither blocks nor log segments found. Creating new log.
I20260601 13:31:49.074309 20075 raft_consensus.cc:359] T ede08a62d0c74dbbaa53238d000dffc1 P 861178c4fbb74c44bc2a878929276c89 [term 0 FOLLOWER]: Replica starting. Triggering 0 pending ops. Active config: opid_index: -1 OBSOLETE_local: false peers { permanent_uuid: "861178c4fbb74c44bc2a878929276c89" member_type: VOTER last_known_addr { host: "127.15.27.1" port: 43321 } } peers { permanent_uuid: "c3baf00dad4f45479cccf81ce048f1bf" member_type: VOTER last_known_addr { host: "127.15.27.2" port: 37103 } } peers { permanent_uuid: "00b9b370cee74b8494d6ea533f432c3b" member_type: VOTER last_known_addr { host: "127.15.27.3" port: 35705 } }
I20260601 13:31:49.074409 20075 raft_consensus.cc:385] T ede08a62d0c74dbbaa53238d000dffc1 P 861178c4fbb74c44bc2a878929276c89 [term 0 FOLLOWER]: Consensus starting up: Expiring failure detector timer to make a prompt election more likely
I20260601 13:31:49.074447 20075 raft_consensus.cc:740] T ede08a62d0c74dbbaa53238d000dffc1 P 861178c4fbb74c44bc2a878929276c89 [term 0 FOLLOWER]: Becoming Follower/Learner. State: Replica: 861178c4fbb74c44bc2a878929276c89, State: Initialized, Role: FOLLOWER
I20260601 13:31:49.074582 20075 consensus_queue.cc:260] T ede08a62d0c74dbbaa53238d000dffc1 P 861178c4fbb74c44bc2a878929276c89 [NON_LEADER]: Queue going to NON_LEADER mode. State: All replicated index: 0, Majority replicated index: 0, Committed index: 0, Last appended: 0.0, Last appended by leader: 0, Current term: 0, Majority size: -1, State: 0, Mode: NON_LEADER, active raft config: opid_index: -1 OBSOLETE_local: false peers { permanent_uuid: "861178c4fbb74c44bc2a878929276c89" member_type: VOTER last_known_addr { host: "127.15.27.1" port: 43321 } } peers { permanent_uuid: "c3baf00dad4f45479cccf81ce048f1bf" member_type: VOTER last_known_addr { host: "127.15.27.2" port: 37103 } } peers { permanent_uuid: "00b9b370cee74b8494d6ea533f432c3b" member_type: VOTER last_known_addr { host: "127.15.27.3" port: 35705 } }
I20260601 13:31:49.074838 20075 ts_tablet_manager.cc:1434] T ede08a62d0c74dbbaa53238d000dffc1 P 861178c4fbb74c44bc2a878929276c89: Time spent starting tablet: real 0.001s	user 0.001s	sys 0.000s
I20260601 13:31:49.075031 20075 tablet_bootstrap.cc:492] T fae167653e5546de986d295275f5cd41 P 861178c4fbb74c44bc2a878929276c89: Bootstrap starting.
I20260601 13:31:49.075982 20075 tablet_bootstrap.cc:654] T fae167653e5546de986d295275f5cd41 P 861178c4fbb74c44bc2a878929276c89: Neither blocks nor log segments found. Creating new log.
I20260601 13:31:49.076201 20079 tablet_bootstrap.cc:492] T 16628ee4ff614f4bbd736eaf41d5dcb5 P 00b9b370cee74b8494d6ea533f432c3b: No bootstrap required, opened a new log
I20260601 13:31:49.076272 20079 ts_tablet_manager.cc:1403] T 16628ee4ff614f4bbd736eaf41d5dcb5 P 00b9b370cee74b8494d6ea533f432c3b: Time spent bootstrapping tablet: real 0.003s	user 0.000s	sys 0.002s
I20260601 13:31:49.076785 20079 raft_consensus.cc:359] T 16628ee4ff614f4bbd736eaf41d5dcb5 P 00b9b370cee74b8494d6ea533f432c3b [term 0 FOLLOWER]: Replica starting. Triggering 0 pending ops. Active config: opid_index: -1 OBSOLETE_local: false peers { permanent_uuid: "861178c4fbb74c44bc2a878929276c89" member_type: VOTER last_known_addr { host: "127.15.27.1" port: 43321 } } peers { permanent_uuid: "c3baf00dad4f45479cccf81ce048f1bf" member_type: VOTER last_known_addr { host: "127.15.27.2" port: 37103 } } peers { permanent_uuid: "00b9b370cee74b8494d6ea533f432c3b" member_type: VOTER last_known_addr { host: "127.15.27.3" port: 35705 } }
I20260601 13:31:49.076943 20079 raft_consensus.cc:385] T 16628ee4ff614f4bbd736eaf41d5dcb5 P 00b9b370cee74b8494d6ea533f432c3b [term 0 FOLLOWER]: Consensus starting up: Expiring failure detector timer to make a prompt election more likely
I20260601 13:31:49.077028 20079 raft_consensus.cc:740] T 16628ee4ff614f4bbd736eaf41d5dcb5 P 00b9b370cee74b8494d6ea533f432c3b [term 0 FOLLOWER]: Becoming Follower/Learner. State: Replica: 00b9b370cee74b8494d6ea533f432c3b, State: Initialized, Role: FOLLOWER
I20260601 13:31:49.077072 20075 tablet_bootstrap.cc:492] T fae167653e5546de986d295275f5cd41 P 861178c4fbb74c44bc2a878929276c89: No bootstrap required, opened a new log
I20260601 13:31:49.077183 20075 ts_tablet_manager.cc:1403] T fae167653e5546de986d295275f5cd41 P 861178c4fbb74c44bc2a878929276c89: Time spent bootstrapping tablet: real 0.002s	user 0.000s	sys 0.002s
I20260601 13:31:49.077204 20079 consensus_queue.cc:260] T 16628ee4ff614f4bbd736eaf41d5dcb5 P 00b9b370cee74b8494d6ea533f432c3b [NON_LEADER]: Queue going to NON_LEADER mode. State: All replicated index: 0, Majority replicated index: 0, Committed index: 0, Last appended: 0.0, Last appended by leader: 0, Current term: 0, Majority size: -1, State: 0, Mode: NON_LEADER, active raft config: opid_index: -1 OBSOLETE_local: false peers { permanent_uuid: "861178c4fbb74c44bc2a878929276c89" member_type: VOTER last_known_addr { host: "127.15.27.1" port: 43321 } } peers { permanent_uuid: "c3baf00dad4f45479cccf81ce048f1bf" member_type: VOTER last_known_addr { host: "127.15.27.2" port: 37103 } } peers { permanent_uuid: "00b9b370cee74b8494d6ea533f432c3b" member_type: VOTER last_known_addr { host: "127.15.27.3" port: 35705 } }
I20260601 13:31:49.077459 20079 ts_tablet_manager.cc:1434] T 16628ee4ff614f4bbd736eaf41d5dcb5 P 00b9b370cee74b8494d6ea533f432c3b: Time spent starting tablet: real 0.001s	user 0.000s	sys 0.001s
I20260601 13:31:49.077621 20075 raft_consensus.cc:359] T fae167653e5546de986d295275f5cd41 P 861178c4fbb74c44bc2a878929276c89 [term 0 FOLLOWER]: Replica starting. Triggering 0 pending ops. Active config: opid_index: -1 OBSOLETE_local: false peers { permanent_uuid: "861178c4fbb74c44bc2a878929276c89" member_type: VOTER last_known_addr { host: "127.15.27.1" port: 43321 } } peers { permanent_uuid: "c3baf00dad4f45479cccf81ce048f1bf" member_type: VOTER last_known_addr { host: "127.15.27.2" port: 37103 } } peers { permanent_uuid: "00b9b370cee74b8494d6ea533f432c3b" member_type: VOTER last_known_addr { host: "127.15.27.3" port: 35705 } }
I20260601 13:31:49.077736 20075 raft_consensus.cc:385] T fae167653e5546de986d295275f5cd41 P 861178c4fbb74c44bc2a878929276c89 [term 0 FOLLOWER]: Consensus starting up: Expiring failure detector timer to make a prompt election more likely
I20260601 13:31:49.077771 20075 raft_consensus.cc:740] T fae167653e5546de986d295275f5cd41 P 861178c4fbb74c44bc2a878929276c89 [term 0 FOLLOWER]: Becoming Follower/Learner. State: Replica: 861178c4fbb74c44bc2a878929276c89, State: Initialized, Role: FOLLOWER
I20260601 13:31:49.077630 20079 tablet_bootstrap.cc:492] T e203942dd175413d9b2726d6ca442472 P 00b9b370cee74b8494d6ea533f432c3b: Bootstrap starting.
I20260601 13:31:49.077886 20075 consensus_queue.cc:260] T fae167653e5546de986d295275f5cd41 P 861178c4fbb74c44bc2a878929276c89 [NON_LEADER]: Queue going to NON_LEADER mode. State: All replicated index: 0, Majority replicated index: 0, Committed index: 0, Last appended: 0.0, Last appended by leader: 0, Current term: 0, Majority size: -1, State: 0, Mode: NON_LEADER, active raft config: opid_index: -1 OBSOLETE_local: false peers { permanent_uuid: "861178c4fbb74c44bc2a878929276c89" member_type: VOTER last_known_addr { host: "127.15.27.1" port: 43321 } } peers { permanent_uuid: "c3baf00dad4f45479cccf81ce048f1bf" member_type: VOTER last_known_addr { host: "127.15.27.2" port: 37103 } } peers { permanent_uuid: "00b9b370cee74b8494d6ea533f432c3b" member_type: VOTER last_known_addr { host: "127.15.27.3" port: 35705 } }
I20260601 13:31:49.078142 20075 ts_tablet_manager.cc:1434] T fae167653e5546de986d295275f5cd41 P 861178c4fbb74c44bc2a878929276c89: Time spent starting tablet: real 0.001s	user 0.000s	sys 0.000s
I20260601 13:31:49.078320 20075 tablet_bootstrap.cc:492] T 16e9a01fc03e484c90da7a7090c3b9a0 P 861178c4fbb74c44bc2a878929276c89: Bootstrap starting.
I20260601 13:31:49.078766 20079 tablet_bootstrap.cc:654] T e203942dd175413d9b2726d6ca442472 P 00b9b370cee74b8494d6ea533f432c3b: Neither blocks nor log segments found. Creating new log.
I20260601 13:31:49.079293 20075 tablet_bootstrap.cc:654] T 16e9a01fc03e484c90da7a7090c3b9a0 P 861178c4fbb74c44bc2a878929276c89: Neither blocks nor log segments found. Creating new log.
I20260601 13:31:49.080046 20079 tablet_bootstrap.cc:492] T e203942dd175413d9b2726d6ca442472 P 00b9b370cee74b8494d6ea533f432c3b: No bootstrap required, opened a new log
I20260601 13:31:49.080128 20079 ts_tablet_manager.cc:1403] T e203942dd175413d9b2726d6ca442472 P 00b9b370cee74b8494d6ea533f432c3b: Time spent bootstrapping tablet: real 0.003s	user 0.002s	sys 0.000s
I20260601 13:31:49.080590 20079 raft_consensus.cc:359] T e203942dd175413d9b2726d6ca442472 P 00b9b370cee74b8494d6ea533f432c3b [term 0 FOLLOWER]: Replica starting. Triggering 0 pending ops. Active config: opid_index: -1 OBSOLETE_local: false peers { permanent_uuid: "861178c4fbb74c44bc2a878929276c89" member_type: VOTER last_known_addr { host: "127.15.27.1" port: 43321 } } peers { permanent_uuid: "c3baf00dad4f45479cccf81ce048f1bf" member_type: VOTER last_known_addr { host: "127.15.27.2" port: 37103 } } peers { permanent_uuid: "00b9b370cee74b8494d6ea533f432c3b" member_type: VOTER last_known_addr { host: "127.15.27.3" port: 35705 } }
I20260601 13:31:49.080674 20079 raft_consensus.cc:385] T e203942dd175413d9b2726d6ca442472 P 00b9b370cee74b8494d6ea533f432c3b [term 0 FOLLOWER]: Consensus starting up: Expiring failure detector timer to make a prompt election more likely
I20260601 13:31:49.080718 20079 raft_consensus.cc:740] T e203942dd175413d9b2726d6ca442472 P 00b9b370cee74b8494d6ea533f432c3b [term 0 FOLLOWER]: Becoming Follower/Learner. State: Replica: 00b9b370cee74b8494d6ea533f432c3b, State: Initialized, Role: FOLLOWER
I20260601 13:31:49.080811 20079 consensus_queue.cc:260] T e203942dd175413d9b2726d6ca442472 P 00b9b370cee74b8494d6ea533f432c3b [NON_LEADER]: Queue going to NON_LEADER mode. State: All replicated index: 0, Majority replicated index: 0, Committed index: 0, Last appended: 0.0, Last appended by leader: 0, Current term: 0, Majority size: -1, State: 0, Mode: NON_LEADER, active raft config: opid_index: -1 OBSOLETE_local: false peers { permanent_uuid: "861178c4fbb74c44bc2a878929276c89" member_type: VOTER last_known_addr { host: "127.15.27.1" port: 43321 } } peers { permanent_uuid: "c3baf00dad4f45479cccf81ce048f1bf" member_type: VOTER last_known_addr { host: "127.15.27.2" port: 37103 } } peers { permanent_uuid: "00b9b370cee74b8494d6ea533f432c3b" member_type: VOTER last_known_addr { host: "127.15.27.3" port: 35705 } }
I20260601 13:31:49.080811 20076 tablet_bootstrap.cc:492] T 2156be06b1eb4b229df7757189f798e7 P c3baf00dad4f45479cccf81ce048f1bf: No bootstrap required, opened a new log
I20260601 13:31:49.081117 20079 ts_tablet_manager.cc:1434] T e203942dd175413d9b2726d6ca442472 P 00b9b370cee74b8494d6ea533f432c3b: Time spent starting tablet: real 0.001s	user 0.001s	sys 0.000s
I20260601 13:31:49.081128 20076 ts_tablet_manager.cc:1403] T 2156be06b1eb4b229df7757189f798e7 P c3baf00dad4f45479cccf81ce048f1bf: Time spent bootstrapping tablet: real 0.009s	user 0.002s	sys 0.000s
I20260601 13:31:49.081298 20079 tablet_bootstrap.cc:492] T ede08a62d0c74dbbaa53238d000dffc1 P 00b9b370cee74b8494d6ea533f432c3b: Bootstrap starting.
I20260601 13:31:49.081379 20075 tablet_bootstrap.cc:492] T 16e9a01fc03e484c90da7a7090c3b9a0 P 861178c4fbb74c44bc2a878929276c89: No bootstrap required, opened a new log
I20260601 13:31:49.081459 20075 ts_tablet_manager.cc:1403] T 16e9a01fc03e484c90da7a7090c3b9a0 P 861178c4fbb74c44bc2a878929276c89: Time spent bootstrapping tablet: real 0.003s	user 0.000s	sys 0.001s
I20260601 13:31:49.081655 20076 raft_consensus.cc:359] T 2156be06b1eb4b229df7757189f798e7 P c3baf00dad4f45479cccf81ce048f1bf [term 0 FOLLOWER]: Replica starting. Triggering 0 pending ops. Active config: opid_index: -1 OBSOLETE_local: false peers { permanent_uuid: "861178c4fbb74c44bc2a878929276c89" member_type: VOTER last_known_addr { host: "127.15.27.1" port: 43321 } } peers { permanent_uuid: "c3baf00dad4f45479cccf81ce048f1bf" member_type: VOTER last_known_addr { host: "127.15.27.2" port: 37103 } } peers { permanent_uuid: "00b9b370cee74b8494d6ea533f432c3b" member_type: VOTER last_known_addr { host: "127.15.27.3" port: 35705 } }
I20260601 13:31:49.081753 20076 raft_consensus.cc:385] T 2156be06b1eb4b229df7757189f798e7 P c3baf00dad4f45479cccf81ce048f1bf [term 0 FOLLOWER]: Consensus starting up: Expiring failure detector timer to make a prompt election more likely
I20260601 13:31:49.081789 20076 raft_consensus.cc:740] T 2156be06b1eb4b229df7757189f798e7 P c3baf00dad4f45479cccf81ce048f1bf [term 0 FOLLOWER]: Becoming Follower/Learner. State: Replica: c3baf00dad4f45479cccf81ce048f1bf, State: Initialized, Role: FOLLOWER
I20260601 13:31:49.081900 20076 consensus_queue.cc:260] T 2156be06b1eb4b229df7757189f798e7 P c3baf00dad4f45479cccf81ce048f1bf [NON_LEADER]: Queue going to NON_LEADER mode. State: All replicated index: 0, Majority replicated index: 0, Committed index: 0, Last appended: 0.0, Last appended by leader: 0, Current term: 0, Majority size: -1, State: 0, Mode: NON_LEADER, active raft config: opid_index: -1 OBSOLETE_local: false peers { permanent_uuid: "861178c4fbb74c44bc2a878929276c89" member_type: VOTER last_known_addr { host: "127.15.27.1" port: 43321 } } peers { permanent_uuid: "c3baf00dad4f45479cccf81ce048f1bf" member_type: VOTER last_known_addr { host: "127.15.27.2" port: 37103 } } peers { permanent_uuid: "00b9b370cee74b8494d6ea533f432c3b" member_type: VOTER last_known_addr { host: "127.15.27.3" port: 35705 } }
I20260601 13:31:49.081913 20075 raft_consensus.cc:359] T 16e9a01fc03e484c90da7a7090c3b9a0 P 861178c4fbb74c44bc2a878929276c89 [term 0 FOLLOWER]: Replica starting. Triggering 0 pending ops. Active config: opid_index: -1 OBSOLETE_local: false peers { permanent_uuid: "861178c4fbb74c44bc2a878929276c89" member_type: VOTER last_known_addr { host: "127.15.27.1" port: 43321 } } peers { permanent_uuid: "c3baf00dad4f45479cccf81ce048f1bf" member_type: VOTER last_known_addr { host: "127.15.27.2" port: 37103 } } peers { permanent_uuid: "00b9b370cee74b8494d6ea533f432c3b" member_type: VOTER last_known_addr { host: "127.15.27.3" port: 35705 } }
I20260601 13:31:49.082010 20075 raft_consensus.cc:385] T 16e9a01fc03e484c90da7a7090c3b9a0 P 861178c4fbb74c44bc2a878929276c89 [term 0 FOLLOWER]: Consensus starting up: Expiring failure detector timer to make a prompt election more likely
I20260601 13:31:49.082049 20075 raft_consensus.cc:740] T 16e9a01fc03e484c90da7a7090c3b9a0 P 861178c4fbb74c44bc2a878929276c89 [term 0 FOLLOWER]: Becoming Follower/Learner. State: Replica: 861178c4fbb74c44bc2a878929276c89, State: Initialized, Role: FOLLOWER
I20260601 13:31:49.082120 20076 ts_tablet_manager.cc:1434] T 2156be06b1eb4b229df7757189f798e7 P c3baf00dad4f45479cccf81ce048f1bf: Time spent starting tablet: real 0.001s	user 0.001s	sys 0.000s
I20260601 13:31:49.082230 20079 tablet_bootstrap.cc:654] T ede08a62d0c74dbbaa53238d000dffc1 P 00b9b370cee74b8494d6ea533f432c3b: Neither blocks nor log segments found. Creating new log.
I20260601 13:31:49.082191 20075 consensus_queue.cc:260] T 16e9a01fc03e484c90da7a7090c3b9a0 P 861178c4fbb74c44bc2a878929276c89 [NON_LEADER]: Queue going to NON_LEADER mode. State: All replicated index: 0, Majority replicated index: 0, Committed index: 0, Last appended: 0.0, Last appended by leader: 0, Current term: 0, Majority size: -1, State: 0, Mode: NON_LEADER, active raft config: opid_index: -1 OBSOLETE_local: false peers { permanent_uuid: "861178c4fbb74c44bc2a878929276c89" member_type: VOTER last_known_addr { host: "127.15.27.1" port: 43321 } } peers { permanent_uuid: "c3baf00dad4f45479cccf81ce048f1bf" member_type: VOTER last_known_addr { host: "127.15.27.2" port: 37103 } } peers { permanent_uuid: "00b9b370cee74b8494d6ea533f432c3b" member_type: VOTER last_known_addr { host: "127.15.27.3" port: 35705 } }
I20260601 13:31:49.082293 20076 tablet_bootstrap.cc:492] T e203942dd175413d9b2726d6ca442472 P c3baf00dad4f45479cccf81ce048f1bf: Bootstrap starting.
I20260601 13:31:49.082525 20075 ts_tablet_manager.cc:1434] T 16e9a01fc03e484c90da7a7090c3b9a0 P 861178c4fbb74c44bc2a878929276c89: Time spent starting tablet: real 0.001s	user 0.001s	sys 0.000s
I20260601 13:31:49.082681 20075 tablet_bootstrap.cc:492] T 2156be06b1eb4b229df7757189f798e7 P 861178c4fbb74c44bc2a878929276c89: Bootstrap starting.
I20260601 13:31:49.083282 20076 tablet_bootstrap.cc:654] T e203942dd175413d9b2726d6ca442472 P c3baf00dad4f45479cccf81ce048f1bf: Neither blocks nor log segments found. Creating new log.
I20260601 13:31:49.083715 20075 tablet_bootstrap.cc:654] T 2156be06b1eb4b229df7757189f798e7 P 861178c4fbb74c44bc2a878929276c89: Neither blocks nor log segments found. Creating new log.
I20260601 13:31:49.084319 20076 tablet_bootstrap.cc:492] T e203942dd175413d9b2726d6ca442472 P c3baf00dad4f45479cccf81ce048f1bf: No bootstrap required, opened a new log
I20260601 13:31:49.084414 20076 ts_tablet_manager.cc:1403] T e203942dd175413d9b2726d6ca442472 P c3baf00dad4f45479cccf81ce048f1bf: Time spent bootstrapping tablet: real 0.002s	user 0.000s	sys 0.002s
I20260601 13:31:49.084847 20076 raft_consensus.cc:359] T e203942dd175413d9b2726d6ca442472 P c3baf00dad4f45479cccf81ce048f1bf [term 0 FOLLOWER]: Replica starting. Triggering 0 pending ops. Active config: opid_index: -1 OBSOLETE_local: false peers { permanent_uuid: "861178c4fbb74c44bc2a878929276c89" member_type: VOTER last_known_addr { host: "127.15.27.1" port: 43321 } } peers { permanent_uuid: "c3baf00dad4f45479cccf81ce048f1bf" member_type: VOTER last_known_addr { host: "127.15.27.2" port: 37103 } } peers { permanent_uuid: "00b9b370cee74b8494d6ea533f432c3b" member_type: VOTER last_known_addr { host: "127.15.27.3" port: 35705 } }
I20260601 13:31:49.084956 20076 raft_consensus.cc:385] T e203942dd175413d9b2726d6ca442472 P c3baf00dad4f45479cccf81ce048f1bf [term 0 FOLLOWER]: Consensus starting up: Expiring failure detector timer to make a prompt election more likely
I20260601 13:31:49.084995 20076 raft_consensus.cc:740] T e203942dd175413d9b2726d6ca442472 P c3baf00dad4f45479cccf81ce048f1bf [term 0 FOLLOWER]: Becoming Follower/Learner. State: Replica: c3baf00dad4f45479cccf81ce048f1bf, State: Initialized, Role: FOLLOWER
I20260601 13:31:49.085121 20076 consensus_queue.cc:260] T e203942dd175413d9b2726d6ca442472 P c3baf00dad4f45479cccf81ce048f1bf [NON_LEADER]: Queue going to NON_LEADER mode. State: All replicated index: 0, Majority replicated index: 0, Committed index: 0, Last appended: 0.0, Last appended by leader: 0, Current term: 0, Majority size: -1, State: 0, Mode: NON_LEADER, active raft config: opid_index: -1 OBSOLETE_local: false peers { permanent_uuid: "861178c4fbb74c44bc2a878929276c89" member_type: VOTER last_known_addr { host: "127.15.27.1" port: 43321 } } peers { permanent_uuid: "c3baf00dad4f45479cccf81ce048f1bf" member_type: VOTER last_known_addr { host: "127.15.27.2" port: 37103 } } peers { permanent_uuid: "00b9b370cee74b8494d6ea533f432c3b" member_type: VOTER last_known_addr { host: "127.15.27.3" port: 35705 } }
I20260601 13:31:49.085417 20076 ts_tablet_manager.cc:1434] T e203942dd175413d9b2726d6ca442472 P c3baf00dad4f45479cccf81ce048f1bf: Time spent starting tablet: real 0.001s	user 0.000s	sys 0.001s
I20260601 13:31:49.085505 20079 tablet_bootstrap.cc:492] T ede08a62d0c74dbbaa53238d000dffc1 P 00b9b370cee74b8494d6ea533f432c3b: No bootstrap required, opened a new log
I20260601 13:31:49.085579 20076 tablet_bootstrap.cc:492] T df0c4bd1331f4be7a51211dddb273cb5 P c3baf00dad4f45479cccf81ce048f1bf: Bootstrap starting.
I20260601 13:31:49.085583 20079 ts_tablet_manager.cc:1403] T ede08a62d0c74dbbaa53238d000dffc1 P 00b9b370cee74b8494d6ea533f432c3b: Time spent bootstrapping tablet: real 0.004s	user 0.002s	sys 0.000s
I20260601 13:31:49.085891 20075 tablet_bootstrap.cc:492] T 2156be06b1eb4b229df7757189f798e7 P 861178c4fbb74c44bc2a878929276c89: No bootstrap required, opened a new log
I20260601 13:31:49.086030 20075 ts_tablet_manager.cc:1403] T 2156be06b1eb4b229df7757189f798e7 P 861178c4fbb74c44bc2a878929276c89: Time spent bootstrapping tablet: real 0.003s	user 0.002s	sys 0.000s
I20260601 13:31:49.086058 20079 raft_consensus.cc:359] T ede08a62d0c74dbbaa53238d000dffc1 P 00b9b370cee74b8494d6ea533f432c3b [term 0 FOLLOWER]: Replica starting. Triggering 0 pending ops. Active config: opid_index: -1 OBSOLETE_local: false peers { permanent_uuid: "861178c4fbb74c44bc2a878929276c89" member_type: VOTER last_known_addr { host: "127.15.27.1" port: 43321 } } peers { permanent_uuid: "c3baf00dad4f45479cccf81ce048f1bf" member_type: VOTER last_known_addr { host: "127.15.27.2" port: 37103 } } peers { permanent_uuid: "00b9b370cee74b8494d6ea533f432c3b" member_type: VOTER last_known_addr { host: "127.15.27.3" port: 35705 } }
I20260601 13:31:49.086169 20079 raft_consensus.cc:385] T ede08a62d0c74dbbaa53238d000dffc1 P 00b9b370cee74b8494d6ea533f432c3b [term 0 FOLLOWER]: Consensus starting up: Expiring failure detector timer to make a prompt election more likely
I20260601 13:31:49.086208 20079 raft_consensus.cc:740] T ede08a62d0c74dbbaa53238d000dffc1 P 00b9b370cee74b8494d6ea533f432c3b [term 0 FOLLOWER]: Becoming Follower/Learner. State: Replica: 00b9b370cee74b8494d6ea533f432c3b, State: Initialized, Role: FOLLOWER
