I20260601 13:31:49.387298 11878 leader_election.cc:304] T 21a91ad42e7348ae8a5c715063104c71 P 57867f39b9ee4e929c39d08a721fa074 [CANDIDATE]: Term 1 election: Election decided. Result: candidate won. Election summary: received 2 responses out of 3 voters: 2 yes votes; 0 no votes. yes voters: 57867f39b9ee4e929c39d08a721fa074, 7d7fe206ba9a4dc68d0a0e00ffb28db3; no voters: 
I20260601 13:31:49.387461 12009 raft_consensus.cc:2804] T 21a91ad42e7348ae8a5c715063104c71 P 57867f39b9ee4e929c39d08a721fa074 [term 1 FOLLOWER]: Leader election won for term 1
I20260601 13:31:49.387580 12009 raft_consensus.cc:697] T 21a91ad42e7348ae8a5c715063104c71 P 57867f39b9ee4e929c39d08a721fa074 [term 1 LEADER]: Becoming Leader. State: Replica: 57867f39b9ee4e929c39d08a721fa074, State: Running, Role: LEADER
I20260601 13:31:49.387717 12009 consensus_queue.cc:237] T 21a91ad42e7348ae8a5c715063104c71 P 57867f39b9ee4e929c39d08a721fa074 [LEADER]: Queue going to LEADER mode. State: All replicated index: 0, Majority replicated index: 0, Committed index: 0, Last appended: 0.0, Last appended by leader: 0, Current term: 1, Majority size: 2, State: 0, Mode: LEADER, active raft config: opid_index: -1 OBSOLETE_local: false peers { permanent_uuid: "7d7fe206ba9a4dc68d0a0e00ffb28db3" member_type: VOTER last_known_addr { host: "127.7.43.129" port: 33161 } } peers { permanent_uuid: "f533d2060ce24a4aa1658b97493b3208" member_type: VOTER last_known_addr { host: "127.7.43.130" port: 44857 } } peers { permanent_uuid: "57867f39b9ee4e929c39d08a721fa074" member_type: VOTER last_known_addr { host: "127.7.43.131" port: 42459 } }
I20260601 13:31:49.389508 11656 catalog_manager.cc:5696] T 21a91ad42e7348ae8a5c715063104c71 P 57867f39b9ee4e929c39d08a721fa074 reported cstate change: term changed from 0 to 1, leader changed from <none> to 57867f39b9ee4e929c39d08a721fa074 (127.7.43.131). New cstate: current_term: 1 leader_uuid: "57867f39b9ee4e929c39d08a721fa074" committed_config { opid_index: -1 OBSOLETE_local: false peers { permanent_uuid: "7d7fe206ba9a4dc68d0a0e00ffb28db3" member_type: VOTER last_known_addr { host: "127.7.43.129" port: 33161 } health_report { overall_health: UNKNOWN } } peers { permanent_uuid: "f533d2060ce24a4aa1658b97493b3208" member_type: VOTER last_known_addr { host: "127.7.43.130" port: 44857 } health_report { overall_health: UNKNOWN } } peers { permanent_uuid: "57867f39b9ee4e929c39d08a721fa074" member_type: VOTER last_known_addr { host: "127.7.43.131" port: 42459 } health_report { overall_health: HEALTHY } } }
I20260601 13:31:49.394686 11992 raft_consensus.cc:493] T 10484eac9a2143a6b81881f396ac0032 P f533d2060ce24a4aa1658b97493b3208 [term 0 FOLLOWER]: Starting pre-election (no leader contacted us within the election timeout)
I20260601 13:31:49.394798 11992 raft_consensus.cc:515] T 10484eac9a2143a6b81881f396ac0032 P f533d2060ce24a4aa1658b97493b3208 [term 0 FOLLOWER]: Starting pre-election with config: opid_index: -1 OBSOLETE_local: false peers { permanent_uuid: "7d7fe206ba9a4dc68d0a0e00ffb28db3" member_type: VOTER last_known_addr { host: "127.7.43.129" port: 33161 } } peers { permanent_uuid: "f533d2060ce24a4aa1658b97493b3208" member_type: VOTER last_known_addr { host: "127.7.43.130" port: 44857 } } peers { permanent_uuid: "57867f39b9ee4e929c39d08a721fa074" member_type: VOTER last_known_addr { host: "127.7.43.131" port: 42459 } }
I20260601 13:31:49.395236 11992 leader_election.cc:290] T 10484eac9a2143a6b81881f396ac0032 P f533d2060ce24a4aa1658b97493b3208 [CANDIDATE]: Term 1 pre-election: Requested pre-vote from peers 7d7fe206ba9a4dc68d0a0e00ffb28db3 (127.7.43.129:33161), 57867f39b9ee4e929c39d08a721fa074 (127.7.43.131:42459)
I20260601 13:31:49.395555 11760 tablet_service.cc:1917] Received RequestConsensusVote() RPC: tablet_id: "10484eac9a2143a6b81881f396ac0032" candidate_uuid: "f533d2060ce24a4aa1658b97493b3208" candidate_term: 1 candidate_status { last_received { term: 0 index: 0 } } ignore_live_leader: false dest_uuid: "7d7fe206ba9a4dc68d0a0e00ffb28db3" is_pre_election: true
I20260601 13:31:49.395685 11760 raft_consensus.cc:2468] T 10484eac9a2143a6b81881f396ac0032 P 7d7fe206ba9a4dc68d0a0e00ffb28db3 [term 0 FOLLOWER]: Leader pre-election vote request: Granting yes vote for candidate f533d2060ce24a4aa1658b97493b3208 in term 0.
I20260601 13:31:49.395654 11911 tablet_service.cc:1917] Received RequestConsensusVote() RPC: tablet_id: "10484eac9a2143a6b81881f396ac0032" candidate_uuid: "f533d2060ce24a4aa1658b97493b3208" candidate_term: 1 candidate_status { last_received { term: 0 index: 0 } } ignore_live_leader: false dest_uuid: "57867f39b9ee4e929c39d08a721fa074" is_pre_election: true
I20260601 13:31:49.395784 11911 raft_consensus.cc:2468] T 10484eac9a2143a6b81881f396ac0032 P 57867f39b9ee4e929c39d08a721fa074 [term 0 FOLLOWER]: Leader pre-election vote request: Granting yes vote for candidate f533d2060ce24a4aa1658b97493b3208 in term 0.
I20260601 13:31:49.395946 11803 leader_election.cc:304] T 10484eac9a2143a6b81881f396ac0032 P f533d2060ce24a4aa1658b97493b3208 [CANDIDATE]: Term 1 pre-election: Election decided. Result: candidate won. Election summary: received 2 responses out of 3 voters: 2 yes votes; 0 no votes. yes voters: 7d7fe206ba9a4dc68d0a0e00ffb28db3, f533d2060ce24a4aa1658b97493b3208; no voters: 
I20260601 13:31:49.396152 11992 raft_consensus.cc:2804] T 10484eac9a2143a6b81881f396ac0032 P f533d2060ce24a4aa1658b97493b3208 [term 0 FOLLOWER]: Leader pre-election won for term 1
I20260601 13:31:49.396224 11992 raft_consensus.cc:493] T 10484eac9a2143a6b81881f396ac0032 P f533d2060ce24a4aa1658b97493b3208 [term 0 FOLLOWER]: Starting leader election (no leader contacted us within the election timeout)
I20260601 13:31:49.396278 11992 raft_consensus.cc:3060] T 10484eac9a2143a6b81881f396ac0032 P f533d2060ce24a4aa1658b97493b3208 [term 0 FOLLOWER]: Advancing to term 1
I20260601 13:31:49.397125 11992 raft_consensus.cc:515] T 10484eac9a2143a6b81881f396ac0032 P f533d2060ce24a4aa1658b97493b3208 [term 1 FOLLOWER]: Starting leader election with config: opid_index: -1 OBSOLETE_local: false peers { permanent_uuid: "7d7fe206ba9a4dc68d0a0e00ffb28db3" member_type: VOTER last_known_addr { host: "127.7.43.129" port: 33161 } } peers { permanent_uuid: "f533d2060ce24a4aa1658b97493b3208" member_type: VOTER last_known_addr { host: "127.7.43.130" port: 44857 } } peers { permanent_uuid: "57867f39b9ee4e929c39d08a721fa074" member_type: VOTER last_known_addr { host: "127.7.43.131" port: 42459 } }
I20260601 13:31:49.397459 11992 leader_election.cc:290] T 10484eac9a2143a6b81881f396ac0032 P f533d2060ce24a4aa1658b97493b3208 [CANDIDATE]: Term 1 election: Requested vote from peers 7d7fe206ba9a4dc68d0a0e00ffb28db3 (127.7.43.129:33161), 57867f39b9ee4e929c39d08a721fa074 (127.7.43.131:42459)
I20260601 13:31:49.397805 11760 tablet_service.cc:1917] Received RequestConsensusVote() RPC: tablet_id: "10484eac9a2143a6b81881f396ac0032" candidate_uuid: "f533d2060ce24a4aa1658b97493b3208" candidate_term: 1 candidate_status { last_received { term: 0 index: 0 } } ignore_live_leader: false dest_uuid: "7d7fe206ba9a4dc68d0a0e00ffb28db3"
I20260601 13:31:49.397832 11911 tablet_service.cc:1917] Received RequestConsensusVote() RPC: tablet_id: "10484eac9a2143a6b81881f396ac0032" candidate_uuid: "f533d2060ce24a4aa1658b97493b3208" candidate_term: 1 candidate_status { last_received { term: 0 index: 0 } } ignore_live_leader: false dest_uuid: "57867f39b9ee4e929c39d08a721fa074"
I20260601 13:31:49.397929 11760 raft_consensus.cc:3060] T 10484eac9a2143a6b81881f396ac0032 P 7d7fe206ba9a4dc68d0a0e00ffb28db3 [term 0 FOLLOWER]: Advancing to term 1
I20260601 13:31:49.397961 11911 raft_consensus.cc:3060] T 10484eac9a2143a6b81881f396ac0032 P 57867f39b9ee4e929c39d08a721fa074 [term 0 FOLLOWER]: Advancing to term 1
I20260601 13:31:49.398605 11760 raft_consensus.cc:2468] T 10484eac9a2143a6b81881f396ac0032 P 7d7fe206ba9a4dc68d0a0e00ffb28db3 [term 1 FOLLOWER]: Leader election vote request: Granting yes vote for candidate f533d2060ce24a4aa1658b97493b3208 in term 1.
I20260601 13:31:49.398723 11911 raft_consensus.cc:2468] T 10484eac9a2143a6b81881f396ac0032 P 57867f39b9ee4e929c39d08a721fa074 [term 1 FOLLOWER]: Leader election vote request: Granting yes vote for candidate f533d2060ce24a4aa1658b97493b3208 in term 1.
I20260601 13:31:49.398872 11803 leader_election.cc:304] T 10484eac9a2143a6b81881f396ac0032 P f533d2060ce24a4aa1658b97493b3208 [CANDIDATE]: Term 1 election: Election decided. Result: candidate won. Election summary: received 2 responses out of 3 voters: 2 yes votes; 0 no votes. yes voters: 7d7fe206ba9a4dc68d0a0e00ffb28db3, f533d2060ce24a4aa1658b97493b3208; no voters: 
I20260601 13:31:49.399040 11992 raft_consensus.cc:2804] T 10484eac9a2143a6b81881f396ac0032 P f533d2060ce24a4aa1658b97493b3208 [term 1 FOLLOWER]: Leader election won for term 1
I20260601 13:31:49.399175 11992 raft_consensus.cc:697] T 10484eac9a2143a6b81881f396ac0032 P f533d2060ce24a4aa1658b97493b3208 [term 1 LEADER]: Becoming Leader. State: Replica: f533d2060ce24a4aa1658b97493b3208, State: Running, Role: LEADER
I20260601 13:31:49.399312 11992 consensus_queue.cc:237] T 10484eac9a2143a6b81881f396ac0032 P f533d2060ce24a4aa1658b97493b3208 [LEADER]: Queue going to LEADER mode. State: All replicated index: 0, Majority replicated index: 0, Committed index: 0, Last appended: 0.0, Last appended by leader: 0, Current term: 1, Majority size: 2, State: 0, Mode: LEADER, active raft config: opid_index: -1 OBSOLETE_local: false peers { permanent_uuid: "7d7fe206ba9a4dc68d0a0e00ffb28db3" member_type: VOTER last_known_addr { host: "127.7.43.129" port: 33161 } } peers { permanent_uuid: "f533d2060ce24a4aa1658b97493b3208" member_type: VOTER last_known_addr { host: "127.7.43.130" port: 44857 } } peers { permanent_uuid: "57867f39b9ee4e929c39d08a721fa074" member_type: VOTER last_known_addr { host: "127.7.43.131" port: 42459 } }
I20260601 13:31:49.400961 11656 catalog_manager.cc:5696] T 10484eac9a2143a6b81881f396ac0032 P f533d2060ce24a4aa1658b97493b3208 reported cstate change: term changed from 0 to 1, leader changed from <none> to f533d2060ce24a4aa1658b97493b3208 (127.7.43.130). New cstate: current_term: 1 leader_uuid: "f533d2060ce24a4aa1658b97493b3208" committed_config { opid_index: -1 OBSOLETE_local: false peers { permanent_uuid: "7d7fe206ba9a4dc68d0a0e00ffb28db3" member_type: VOTER last_known_addr { host: "127.7.43.129" port: 33161 } health_report { overall_health: UNKNOWN } } peers { permanent_uuid: "f533d2060ce24a4aa1658b97493b3208" member_type: VOTER last_known_addr { host: "127.7.43.130" port: 44857 } health_report { overall_health: HEALTHY } } peers { permanent_uuid: "57867f39b9ee4e929c39d08a721fa074" member_type: VOTER last_known_addr { host: "127.7.43.131" port: 42459 } health_report { overall_health: UNKNOWN } } }
I20260601 13:31:49.521624 11992 raft_consensus.cc:493] T 8ad1ea21221f4c909a594ce94e66f366 P f533d2060ce24a4aa1658b97493b3208 [term 0 FOLLOWER]: Starting pre-election (no leader contacted us within the election timeout)
I20260601 13:31:49.521787 11992 raft_consensus.cc:515] T 8ad1ea21221f4c909a594ce94e66f366 P f533d2060ce24a4aa1658b97493b3208 [term 0 FOLLOWER]: Starting pre-election with config: opid_index: -1 OBSOLETE_local: false peers { permanent_uuid: "7d7fe206ba9a4dc68d0a0e00ffb28db3" member_type: VOTER last_known_addr { host: "127.7.43.129" port: 33161 } } peers { permanent_uuid: "f533d2060ce24a4aa1658b97493b3208" member_type: VOTER last_known_addr { host: "127.7.43.130" port: 44857 } } peers { permanent_uuid: "57867f39b9ee4e929c39d08a721fa074" member_type: VOTER last_known_addr { host: "127.7.43.131" port: 42459 } }
I20260601 13:31:49.522272 11992 leader_election.cc:290] T 8ad1ea21221f4c909a594ce94e66f366 P f533d2060ce24a4aa1658b97493b3208 [CANDIDATE]: Term 1 pre-election: Requested pre-vote from peers 7d7fe206ba9a4dc68d0a0e00ffb28db3 (127.7.43.129:33161), 57867f39b9ee4e929c39d08a721fa074 (127.7.43.131:42459)
I20260601 13:31:49.522738 11911 tablet_service.cc:1917] Received RequestConsensusVote() RPC: tablet_id: "8ad1ea21221f4c909a594ce94e66f366" candidate_uuid: "f533d2060ce24a4aa1658b97493b3208" candidate_term: 1 candidate_status { last_received { term: 0 index: 0 } } ignore_live_leader: false dest_uuid: "57867f39b9ee4e929c39d08a721fa074" is_pre_election: true
I20260601 13:31:49.522749 11760 tablet_service.cc:1917] Received RequestConsensusVote() RPC: tablet_id: "8ad1ea21221f4c909a594ce94e66f366" candidate_uuid: "f533d2060ce24a4aa1658b97493b3208" candidate_term: 1 candidate_status { last_received { term: 0 index: 0 } } ignore_live_leader: false dest_uuid: "7d7fe206ba9a4dc68d0a0e00ffb28db3" is_pre_election: true
I20260601 13:31:49.522866 11911 raft_consensus.cc:2468] T 8ad1ea21221f4c909a594ce94e66f366 P 57867f39b9ee4e929c39d08a721fa074 [term 0 FOLLOWER]: Leader pre-election vote request: Granting yes vote for candidate f533d2060ce24a4aa1658b97493b3208 in term 0.
I20260601 13:31:49.522929 11760 raft_consensus.cc:2468] T 8ad1ea21221f4c909a594ce94e66f366 P 7d7fe206ba9a4dc68d0a0e00ffb28db3 [term 0 FOLLOWER]: Leader pre-election vote request: Granting yes vote for candidate f533d2060ce24a4aa1658b97493b3208 in term 0.
I20260601 13:31:49.523267 11803 leader_election.cc:304] T 8ad1ea21221f4c909a594ce94e66f366 P f533d2060ce24a4aa1658b97493b3208 [CANDIDATE]: Term 1 pre-election: Election decided. Result: candidate won. Election summary: received 2 responses out of 3 voters: 2 yes votes; 0 no votes. yes voters: 7d7fe206ba9a4dc68d0a0e00ffb28db3, f533d2060ce24a4aa1658b97493b3208; no voters: 
I20260601 13:31:49.523486 11992 raft_consensus.cc:2804] T 8ad1ea21221f4c909a594ce94e66f366 P f533d2060ce24a4aa1658b97493b3208 [term 0 FOLLOWER]: Leader pre-election won for term 1
I20260601 13:31:49.523561 11992 raft_consensus.cc:493] T 8ad1ea21221f4c909a594ce94e66f366 P f533d2060ce24a4aa1658b97493b3208 [term 0 FOLLOWER]: Starting leader election (no leader contacted us within the election timeout)
I20260601 13:31:49.523598 11992 raft_consensus.cc:3060] T 8ad1ea21221f4c909a594ce94e66f366 P f533d2060ce24a4aa1658b97493b3208 [term 0 FOLLOWER]: Advancing to term 1
I20260601 13:31:49.524457 11992 raft_consensus.cc:515] T 8ad1ea21221f4c909a594ce94e66f366 P f533d2060ce24a4aa1658b97493b3208 [term 1 FOLLOWER]: Starting leader election with config: opid_index: -1 OBSOLETE_local: false peers { permanent_uuid: "7d7fe206ba9a4dc68d0a0e00ffb28db3" member_type: VOTER last_known_addr { host: "127.7.43.129" port: 33161 } } peers { permanent_uuid: "f533d2060ce24a4aa1658b97493b3208" member_type: VOTER last_known_addr { host: "127.7.43.130" port: 44857 } } peers { permanent_uuid: "57867f39b9ee4e929c39d08a721fa074" member_type: VOTER last_known_addr { host: "127.7.43.131" port: 42459 } }
I20260601 13:31:49.524957 11992 leader_election.cc:290] T 8ad1ea21221f4c909a594ce94e66f366 P f533d2060ce24a4aa1658b97493b3208 [CANDIDATE]: Term 1 election: Requested vote from peers 7d7fe206ba9a4dc68d0a0e00ffb28db3 (127.7.43.129:33161), 57867f39b9ee4e929c39d08a721fa074 (127.7.43.131:42459)
I20260601 13:31:49.525297 11760 tablet_service.cc:1917] Received RequestConsensusVote() RPC: tablet_id: "8ad1ea21221f4c909a594ce94e66f366" candidate_uuid: "f533d2060ce24a4aa1658b97493b3208" candidate_term: 1 candidate_status { last_received { term: 0 index: 0 } } ignore_live_leader: false dest_uuid: "7d7fe206ba9a4dc68d0a0e00ffb28db3"
I20260601 13:31:49.525414 11760 raft_consensus.cc:3060] T 8ad1ea21221f4c909a594ce94e66f366 P 7d7fe206ba9a4dc68d0a0e00ffb28db3 [term 0 FOLLOWER]: Advancing to term 1
I20260601 13:31:49.525439 11911 tablet_service.cc:1917] Received RequestConsensusVote() RPC: tablet_id: "8ad1ea21221f4c909a594ce94e66f366" candidate_uuid: "f533d2060ce24a4aa1658b97493b3208" candidate_term: 1 candidate_status { last_received { term: 0 index: 0 } } ignore_live_leader: false dest_uuid: "57867f39b9ee4e929c39d08a721fa074"
I20260601 13:31:49.525575 11911 raft_consensus.cc:3060] T 8ad1ea21221f4c909a594ce94e66f366 P 57867f39b9ee4e929c39d08a721fa074 [term 0 FOLLOWER]: Advancing to term 1
I20260601 13:31:49.526290 11760 raft_consensus.cc:2468] T 8ad1ea21221f4c909a594ce94e66f366 P 7d7fe206ba9a4dc68d0a0e00ffb28db3 [term 1 FOLLOWER]: Leader election vote request: Granting yes vote for candidate f533d2060ce24a4aa1658b97493b3208 in term 1.
I20260601 13:31:49.526533 11911 raft_consensus.cc:2468] T 8ad1ea21221f4c909a594ce94e66f366 P 57867f39b9ee4e929c39d08a721fa074 [term 1 FOLLOWER]: Leader election vote request: Granting yes vote for candidate f533d2060ce24a4aa1658b97493b3208 in term 1.
I20260601 13:31:49.526645 11803 leader_election.cc:304] T 8ad1ea21221f4c909a594ce94e66f366 P f533d2060ce24a4aa1658b97493b3208 [CANDIDATE]: Term 1 election: Election decided. Result: candidate won. Election summary: received 2 responses out of 3 voters: 2 yes votes; 0 no votes. yes voters: 7d7fe206ba9a4dc68d0a0e00ffb28db3, f533d2060ce24a4aa1658b97493b3208; no voters: 
I20260601 13:31:49.526808 11992 raft_consensus.cc:2804] T 8ad1ea21221f4c909a594ce94e66f366 P f533d2060ce24a4aa1658b97493b3208 [term 1 FOLLOWER]: Leader election won for term 1
I20260601 13:31:49.526919 11992 raft_consensus.cc:697] T 8ad1ea21221f4c909a594ce94e66f366 P f533d2060ce24a4aa1658b97493b3208 [term 1 LEADER]: Becoming Leader. State: Replica: f533d2060ce24a4aa1658b97493b3208, State: Running, Role: LEADER
I20260601 13:31:49.527069 11992 consensus_queue.cc:237] T 8ad1ea21221f4c909a594ce94e66f366 P f533d2060ce24a4aa1658b97493b3208 [LEADER]: Queue going to LEADER mode. State: All replicated index: 0, Majority replicated index: 0, Committed index: 0, Last appended: 0.0, Last appended by leader: 0, Current term: 1, Majority size: 2, State: 0, Mode: LEADER, active raft config: opid_index: -1 OBSOLETE_local: false peers { permanent_uuid: "7d7fe206ba9a4dc68d0a0e00ffb28db3" member_type: VOTER last_known_addr { host: "127.7.43.129" port: 33161 } } peers { permanent_uuid: "f533d2060ce24a4aa1658b97493b3208" member_type: VOTER last_known_addr { host: "127.7.43.130" port: 44857 } } peers { permanent_uuid: "57867f39b9ee4e929c39d08a721fa074" member_type: VOTER last_known_addr { host: "127.7.43.131" port: 42459 } }
I20260601 13:31:49.528957 11656 catalog_manager.cc:5696] T 8ad1ea21221f4c909a594ce94e66f366 P f533d2060ce24a4aa1658b97493b3208 reported cstate change: term changed from 0 to 1, leader changed from <none> to f533d2060ce24a4aa1658b97493b3208 (127.7.43.130). New cstate: current_term: 1 leader_uuid: "f533d2060ce24a4aa1658b97493b3208" committed_config { opid_index: -1 OBSOLETE_local: false peers { permanent_uuid: "7d7fe206ba9a4dc68d0a0e00ffb28db3" member_type: VOTER last_known_addr { host: "127.7.43.129" port: 33161 } health_report { overall_health: UNKNOWN } } peers { permanent_uuid: "f533d2060ce24a4aa1658b97493b3208" member_type: VOTER last_known_addr { host: "127.7.43.130" port: 44857 } health_report { overall_health: HEALTHY } } peers { permanent_uuid: "57867f39b9ee4e929c39d08a721fa074" member_type: VOTER last_known_addr { host: "127.7.43.131" port: 42459 } health_report { overall_health: UNKNOWN } } }
I20260601 13:31:49.597510 11992 consensus_queue.cc:1048] T 8187054be68a4480b3110d3e466b50fc P f533d2060ce24a4aa1658b97493b3208 [LEADER]: Connected to new peer: Peer: permanent_uuid: "7d7fe206ba9a4dc68d0a0e00ffb28db3" member_type: VOTER last_known_addr { host: "127.7.43.129" port: 33161 }, Status: LMP_MISMATCH, Last received: 0.0, Next index: 1, Last known committed idx: 0, Time since last communication: 0.000s
I20260601 13:31:49.601281 11992 consensus_queue.cc:1048] T 8187054be68a4480b3110d3e466b50fc P f533d2060ce24a4aa1658b97493b3208 [LEADER]: Connected to new peer: Peer: permanent_uuid: "57867f39b9ee4e929c39d08a721fa074" member_type: VOTER last_known_addr { host: "127.7.43.131" port: 42459 }, Status: LMP_MISMATCH, Last received: 0.0, Next index: 1, Last known committed idx: 0, Time since last communication: 0.000s
I20260601 13:31:49.627203 11912 raft_consensus.cc:1275] T e9401204bd11468da336d8ea3027c7e3 P 57867f39b9ee4e929c39d08a721fa074 [term 1 FOLLOWER]: Refusing update from remote peer f533d2060ce24a4aa1658b97493b3208: Log matching property violated. Preceding OpId in replica: term: 0 index: 0. Preceding OpId from leader: term: 1 index: 2. (index mismatch)
I20260601 13:31:49.627842 11836 raft_consensus.cc:1275] T 3817bdb305c8491d88e785180bf29891 P f533d2060ce24a4aa1658b97493b3208 [term 1 FOLLOWER]: Refusing update from remote peer 57867f39b9ee4e929c39d08a721fa074: Log matching property violated. Preceding OpId in replica: term: 0 index: 0. Preceding OpId from leader: term: 1 index: 2. (index mismatch)
I20260601 13:31:49.627897 11760 raft_consensus.cc:1275] T 3817bdb305c8491d88e785180bf29891 P 7d7fe206ba9a4dc68d0a0e00ffb28db3 [term 1 FOLLOWER]: Refusing update from remote peer 57867f39b9ee4e929c39d08a721fa074: Log matching property violated. Preceding OpId in replica: term: 0 index: 0. Preceding OpId from leader: term: 1 index: 2. (index mismatch)
I20260601 13:31:49.628129 11833 raft_consensus.cc:1275] T b3c4c1f12eb7473bb9c0bcb97f898211 P f533d2060ce24a4aa1658b97493b3208 [term 1 FOLLOWER]: Refusing update from remote peer 57867f39b9ee4e929c39d08a721fa074: Log matching property violated. Preceding OpId in replica: term: 0 index: 0. Preceding OpId from leader: term: 1 index: 3. (index mismatch)
I20260601 13:31:49.628398 11837 raft_consensus.cc:1275] T 37cb5277addc4fa293433812f87051c1 P f533d2060ce24a4aa1658b97493b3208 [term 1 FOLLOWER]: Refusing update from remote peer 57867f39b9ee4e929c39d08a721fa074: Log matching property violated. Preceding OpId in replica: term: 0 index: 0. Preceding OpId from leader: term: 1 index: 3. (index mismatch)
I20260601 13:31:49.628680 11761 raft_consensus.cc:1275] T 37cb5277addc4fa293433812f87051c1 P 7d7fe206ba9a4dc68d0a0e00ffb28db3 [term 1 FOLLOWER]: Refusing update from remote peer 57867f39b9ee4e929c39d08a721fa074: Log matching property violated. Preceding OpId in replica: term: 0 index: 0. Preceding OpId from leader: term: 1 index: 3. (index mismatch)
I20260601 13:31:49.629052 11968 consensus_queue.cc:1048] T 3817bdb305c8491d88e785180bf29891 P 57867f39b9ee4e929c39d08a721fa074 [LEADER]: Connected to new peer: Peer: permanent_uuid: "7d7fe206ba9a4dc68d0a0e00ffb28db3" member_type: VOTER last_known_addr { host: "127.7.43.129" port: 33161 }, Status: LMP_MISMATCH, Last received: 0.0, Next index: 1, Last known committed idx: 0, Time since last communication: 0.000s
I20260601 13:31:49.629098 11759 raft_consensus.cc:1275] T b3c4c1f12eb7473bb9c0bcb97f898211 P 7d7fe206ba9a4dc68d0a0e00ffb28db3 [term 1 FOLLOWER]: Refusing update from remote peer 57867f39b9ee4e929c39d08a721fa074: Log matching property violated. Preceding OpId in replica: term: 0 index: 0. Preceding OpId from leader: term: 1 index: 3. (index mismatch)
I20260601 13:31:49.629645 11969 consensus_queue.cc:1048] T e9401204bd11468da336d8ea3027c7e3 P f533d2060ce24a4aa1658b97493b3208 [LEADER]: Connected to new peer: Peer: permanent_uuid: "57867f39b9ee4e929c39d08a721fa074" member_type: VOTER last_known_addr { host: "127.7.43.131" port: 42459 }, Status: LMP_MISMATCH, Last received: 0.0, Next index: 1, Last known committed idx: 0, Time since last communication: 0.000s
I20260601 13:31:49.631138 11757 raft_consensus.cc:1275] T e9401204bd11468da336d8ea3027c7e3 P 7d7fe206ba9a4dc68d0a0e00ffb28db3 [term 1 FOLLOWER]: Refusing update from remote peer f533d2060ce24a4aa1658b97493b3208: Log matching property violated. Preceding OpId in replica: term: 0 index: 0. Preceding OpId from leader: term: 1 index: 2. (index mismatch)
I20260601 13:31:49.631296 11833 raft_consensus.cc:1275] T e85a4b6a514c443cb5e0539ca821b45a P f533d2060ce24a4aa1658b97493b3208 [term 1 FOLLOWER]: Refusing update from remote peer 7d7fe206ba9a4dc68d0a0e00ffb28db3: Log matching property violated. Preceding OpId in replica: term: 0 index: 0. Preceding OpId from leader: term: 1 index: 3. (index mismatch)
I20260601 13:31:49.631161 12008 consensus_queue.cc:1048] T 3817bdb305c8491d88e785180bf29891 P 57867f39b9ee4e929c39d08a721fa074 [LEADER]: Connected to new peer: Peer: permanent_uuid: "f533d2060ce24a4aa1658b97493b3208" member_type: VOTER last_known_addr { host: "127.7.43.130" port: 44857 }, Status: LMP_MISMATCH, Last received: 0.0, Next index: 1, Last known committed idx: 0, Time since last communication: 0.000s
I20260601 13:31:49.631697 12008 consensus_queue.cc:1048] T b3c4c1f12eb7473bb9c0bcb97f898211 P 57867f39b9ee4e929c39d08a721fa074 [LEADER]: Connected to new peer: Peer: permanent_uuid: "f533d2060ce24a4aa1658b97493b3208" member_type: VOTER last_known_addr { host: "127.7.43.130" port: 44857 }, Status: LMP_MISMATCH, Last received: 0.0, Next index: 1, Last known committed idx: 0, Time since last communication: 0.000s
I20260601 13:31:49.631922 12008 consensus_queue.cc:1048] T 37cb5277addc4fa293433812f87051c1 P 57867f39b9ee4e929c39d08a721fa074 [LEADER]: Connected to new peer: Peer: permanent_uuid: "f533d2060ce24a4aa1658b97493b3208" member_type: VOTER last_known_addr { host: "127.7.43.130" port: 44857 }, Status: LMP_MISMATCH, Last received: 0.0, Next index: 1, Last known committed idx: 0, Time since last communication: 0.000s
I20260601 13:31:49.633737 11837 raft_consensus.cc:1275] T 78c30b3108564aecb29e65759bc3a6a5 P f533d2060ce24a4aa1658b97493b3208 [term 1 FOLLOWER]: Refusing update from remote peer 7d7fe206ba9a4dc68d0a0e00ffb28db3: Log matching property violated. Preceding OpId in replica: term: 0 index: 0. Preceding OpId from leader: term: 1 index: 3. (index mismatch)
I20260601 13:31:49.633760 11912 raft_consensus.cc:1275] T e85a4b6a514c443cb5e0539ca821b45a P 57867f39b9ee4e929c39d08a721fa074 [term 1 FOLLOWER]: Refusing update from remote peer 7d7fe206ba9a4dc68d0a0e00ffb28db3: Log matching property violated. Preceding OpId in replica: term: 0 index: 0. Preceding OpId from leader: term: 1 index: 3. (index mismatch)
I20260601 13:31:49.634022 11910 raft_consensus.cc:1275] T 51c81495fda846c4b86d816c707b120e P 57867f39b9ee4e929c39d08a721fa074 [term 1 FOLLOWER]: Refusing update from remote peer 7d7fe206ba9a4dc68d0a0e00ffb28db3: Log matching property violated. Preceding OpId in replica: term: 0 index: 0. Preceding OpId from leader: term: 1 index: 2. (index mismatch)
I20260601 13:31:49.634087 11911 raft_consensus.cc:1275] T 78c30b3108564aecb29e65759bc3a6a5 P 57867f39b9ee4e929c39d08a721fa074 [term 1 FOLLOWER]: Refusing update from remote peer 7d7fe206ba9a4dc68d0a0e00ffb28db3: Log matching property violated. Preceding OpId in replica: term: 0 index: 0. Preceding OpId from leader: term: 1 index: 3. (index mismatch)
I20260601 13:31:49.634758 11964 consensus_queue.cc:1048] T e85a4b6a514c443cb5e0539ca821b45a P 7d7fe206ba9a4dc68d0a0e00ffb28db3 [LEADER]: Connected to new peer: Peer: permanent_uuid: "f533d2060ce24a4aa1658b97493b3208" member_type: VOTER last_known_addr { host: "127.7.43.130" port: 44857 }, Status: LMP_MISMATCH, Last received: 0.0, Next index: 1, Last known committed idx: 0, Time since last communication: 0.000s
I20260601 13:31:49.635049 11964 consensus_queue.cc:1048] T 78c30b3108564aecb29e65759bc3a6a5 P 7d7fe206ba9a4dc68d0a0e00ffb28db3 [LEADER]: Connected to new peer: Peer: permanent_uuid: "f533d2060ce24a4aa1658b97493b3208" member_type: VOTER last_known_addr { host: "127.7.43.130" port: 44857 }, Status: LMP_MISMATCH, Last received: 0.0, Next index: 1, Last known committed idx: 0, Time since last communication: 0.000s
I20260601 13:31:49.635457 12055 consensus_queue.cc:1048] T e85a4b6a514c443cb5e0539ca821b45a P 7d7fe206ba9a4dc68d0a0e00ffb28db3 [LEADER]: Connected to new peer: Peer: permanent_uuid: "57867f39b9ee4e929c39d08a721fa074" member_type: VOTER last_known_addr { host: "127.7.43.131" port: 42459 }, Status: LMP_MISMATCH, Last received: 0.0, Next index: 1, Last known committed idx: 0, Time since last communication: 0.000s
I20260601 13:31:49.635735 12055 consensus_queue.cc:1048] T 51c81495fda846c4b86d816c707b120e P 7d7fe206ba9a4dc68d0a0e00ffb28db3 [LEADER]: Connected to new peer: Peer: permanent_uuid: "57867f39b9ee4e929c39d08a721fa074" member_type: VOTER last_known_addr { host: "127.7.43.131" port: 42459 }, Status: LMP_MISMATCH, Last received: 0.0, Next index: 1, Last known committed idx: 0, Time since last communication: 0.000s
I20260601 13:31:49.635891 11964 consensus_queue.cc:1048] T 78c30b3108564aecb29e65759bc3a6a5 P 7d7fe206ba9a4dc68d0a0e00ffb28db3 [LEADER]: Connected to new peer: Peer: permanent_uuid: "57867f39b9ee4e929c39d08a721fa074" member_type: VOTER last_known_addr { host: "127.7.43.131" port: 42459 }, Status: LMP_MISMATCH, Last received: 0.0, Next index: 1, Last known committed idx: 0, Time since last communication: 0.000s
I20260601 13:31:49.638355 11758 raft_consensus.cc:1275] T 10484eac9a2143a6b81881f396ac0032 P 7d7fe206ba9a4dc68d0a0e00ffb28db3 [term 1 FOLLOWER]: Refusing update from remote peer f533d2060ce24a4aa1658b97493b3208: Log matching property violated. Preceding OpId in replica: term: 0 index: 0. Preceding OpId from leader: term: 1 index: 3. (index mismatch)
I20260601 13:31:49.638635 11757 raft_consensus.cc:1275] T c563b02792e54f32bc2855c582dc03b6 P 7d7fe206ba9a4dc68d0a0e00ffb28db3 [term 1 FOLLOWER]: Refusing update from remote peer f533d2060ce24a4aa1658b97493b3208: Log matching property violated. Preceding OpId in replica: term: 0 index: 0. Preceding OpId from leader: term: 1 index: 3. (index mismatch)
I20260601 13:31:49.638973 11908 raft_consensus.cc:1275] T c563b02792e54f32bc2855c582dc03b6 P 57867f39b9ee4e929c39d08a721fa074 [term 1 FOLLOWER]: Refusing update from remote peer f533d2060ce24a4aa1658b97493b3208: Log matching property violated. Preceding OpId in replica: term: 0 index: 0. Preceding OpId from leader: term: 1 index: 3. (index mismatch)
I20260601 13:31:49.639305 11837 raft_consensus.cc:1275] T 51c81495fda846c4b86d816c707b120e P f533d2060ce24a4aa1658b97493b3208 [term 1 FOLLOWER]: Refusing update from remote peer 7d7fe206ba9a4dc68d0a0e00ffb28db3: Log matching property violated. Preceding OpId in replica: term: 0 index: 0. Preceding OpId from leader: term: 1 index: 2. (index mismatch)
I20260601 13:31:49.639341 11909 raft_consensus.cc:1275] T 10484eac9a2143a6b81881f396ac0032 P 57867f39b9ee4e929c39d08a721fa074 [term 1 FOLLOWER]: Refusing update from remote peer f533d2060ce24a4aa1658b97493b3208: Log matching property violated. Preceding OpId in replica: term: 0 index: 0. Preceding OpId from leader: term: 1 index: 3. (index mismatch)
I20260601 13:31:49.639500 11760 raft_consensus.cc:1275] T 21a91ad42e7348ae8a5c715063104c71 P 7d7fe206ba9a4dc68d0a0e00ffb28db3 [term 1 FOLLOWER]: Refusing update from remote peer 57867f39b9ee4e929c39d08a721fa074: Log matching property violated. Preceding OpId in replica: term: 0 index: 0. Preceding OpId from leader: term: 1 index: 2. (index mismatch)
I20260601 13:31:49.639672 12007 consensus_queue.cc:1048] T b3c4c1f12eb7473bb9c0bcb97f898211 P 57867f39b9ee4e929c39d08a721fa074 [LEADER]: Connected to new peer: Peer: permanent_uuid: "7d7fe206ba9a4dc68d0a0e00ffb28db3" member_type: VOTER last_known_addr { host: "127.7.43.129" port: 33161 }, Status: LMP_MISMATCH, Last received: 0.0, Next index: 1, Last known committed idx: 0, Time since last communication: 0.000s
I20260601 13:31:49.640210 12008 consensus_queue.cc:1048] T 21a91ad42e7348ae8a5c715063104c71 P 57867f39b9ee4e929c39d08a721fa074 [LEADER]: Connected to new peer: Peer: permanent_uuid: "7d7fe206ba9a4dc68d0a0e00ffb28db3" member_type: VOTER last_known_addr { host: "127.7.43.129" port: 33161 }, Status: LMP_MISMATCH, Last received: 0.0, Next index: 1, Last known committed idx: 0, Time since last communication: 0.000s
I20260601 13:31:49.640784 11837 raft_consensus.cc:1275] T 21a91ad42e7348ae8a5c715063104c71 P f533d2060ce24a4aa1658b97493b3208 [term 1 FOLLOWER]: Refusing update from remote peer 57867f39b9ee4e929c39d08a721fa074: Log matching property violated. Preceding OpId in replica: term: 0 index: 0. Preceding OpId from leader: term: 1 index: 2. (index mismatch)
I20260601 13:31:49.639642 11907 raft_consensus.cc:1275] T 8ad1ea21221f4c909a594ce94e66f366 P 57867f39b9ee4e929c39d08a721fa074 [term 1 FOLLOWER]: Refusing update from remote peer f533d2060ce24a4aa1658b97493b3208: Log matching property violated. Preceding OpId in replica: term: 0 index: 0. Preceding OpId from leader: term: 1 index: 3. (index mismatch)
I20260601 13:31:49.641130 11759 raft_consensus.cc:1275] T 8ad1ea21221f4c909a594ce94e66f366 P 7d7fe206ba9a4dc68d0a0e00ffb28db3 [term 1 FOLLOWER]: Refusing update from remote peer f533d2060ce24a4aa1658b97493b3208: Log matching property violated. Preceding OpId in replica: term: 0 index: 0. Preceding OpId from leader: term: 1 index: 3. (index mismatch)
I20260601 13:31:49.641161 11992 consensus_queue.cc:1048] T c563b02792e54f32bc2855c582dc03b6 P f533d2060ce24a4aa1658b97493b3208 [LEADER]: Connected to new peer: Peer: permanent_uuid: "57867f39b9ee4e929c39d08a721fa074" member_type: VOTER last_known_addr { host: "127.7.43.131" port: 42459 }, Status: LMP_MISMATCH, Last received: 0.0, Next index: 1, Last known committed idx: 0, Time since last communication: 0.000s
I20260601 13:31:49.639654 11968 consensus_queue.cc:1048] T 37cb5277addc4fa293433812f87051c1 P 57867f39b9ee4e929c39d08a721fa074 [LEADER]: Connected to new peer: Peer: permanent_uuid: "7d7fe206ba9a4dc68d0a0e00ffb28db3" member_type: VOTER last_known_addr { host: "127.7.43.129" port: 33161 }, Status: LMP_MISMATCH, Last received: 0.0, Next index: 1, Last known committed idx: 0, Time since last communication: 0.002s
I20260601 13:31:49.641433 11992 consensus_queue.cc:1048] T 10484eac9a2143a6b81881f396ac0032 P f533d2060ce24a4aa1658b97493b3208 [LEADER]: Connected to new peer: Peer: permanent_uuid: "57867f39b9ee4e929c39d08a721fa074" member_type: VOTER last_known_addr { host: "127.7.43.131" port: 42459 }, Status: LMP_MISMATCH, Last received: 0.0, Next index: 1, Last known committed idx: 0, Time since last communication: 0.000s
I20260601 13:31:49.643096 11968 consensus_queue.cc:1048] T 21a91ad42e7348ae8a5c715063104c71 P 57867f39b9ee4e929c39d08a721fa074 [LEADER]: Connected to new peer: Peer: permanent_uuid: "f533d2060ce24a4aa1658b97493b3208" member_type: VOTER last_known_addr { host: "127.7.43.130" port: 44857 }, Status: LMP_MISMATCH, Last received: 0.0, Next index: 1, Last known committed idx: 0, Time since last communication: 0.000s
I20260601 13:31:49.643790 11992 consensus_queue.cc:1048] T e9401204bd11468da336d8ea3027c7e3 P f533d2060ce24a4aa1658b97493b3208 [LEADER]: Connected to new peer: Peer: permanent_uuid: "7d7fe206ba9a4dc68d0a0e00ffb28db3" member_type: VOTER last_known_addr { host: "127.7.43.129" port: 33161 }, Status: LMP_MISMATCH, Last received: 0.0, Next index: 1, Last known committed idx: 0, Time since last communication: 0.000s
I20260601 13:31:49.644121 12063 consensus_queue.cc:1048] T 10484eac9a2143a6b81881f396ac0032 P f533d2060ce24a4aa1658b97493b3208 [LEADER]: Connected to new peer: Peer: permanent_uuid: "7d7fe206ba9a4dc68d0a0e00ffb28db3" member_type: VOTER last_known_addr { host: "127.7.43.129" port: 33161 }, Status: LMP_MISMATCH, Last received: 0.0, Next index: 1, Last known committed idx: 0, Time since last communication: 0.000s
I20260601 13:31:49.644275 11992 consensus_queue.cc:1048] T c563b02792e54f32bc2855c582dc03b6 P f533d2060ce24a4aa1658b97493b3208 [LEADER]: Connected to new peer: Peer: permanent_uuid: "7d7fe206ba9a4dc68d0a0e00ffb28db3" member_type: VOTER last_known_addr { host: "127.7.43.129" port: 33161 }, Status: LMP_MISMATCH, Last received: 0.0, Next index: 1, Last known committed idx: 0, Time since last communication: 0.000s
I20260601 13:31:49.644886 11966 consensus_queue.cc:1048] T 51c81495fda846c4b86d816c707b120e P 7d7fe206ba9a4dc68d0a0e00ffb28db3 [LEADER]: Connected to new peer: Peer: permanent_uuid: "f533d2060ce24a4aa1658b97493b3208" member_type: VOTER last_known_addr { host: "127.7.43.130" port: 44857 }, Status: LMP_MISMATCH, Last received: 0.0, Next index: 1, Last known committed idx: 0, Time since last communication: 0.000s
I20260601 13:31:49.646603 11969 consensus_queue.cc:1048] T 8ad1ea21221f4c909a594ce94e66f366 P f533d2060ce24a4aa1658b97493b3208 [LEADER]: Connected to new peer: Peer: permanent_uuid: "57867f39b9ee4e929c39d08a721fa074" member_type: VOTER last_known_addr { host: "127.7.43.131" port: 42459 }, Status: LMP_MISMATCH, Last received: 0.0, Next index: 1, Last known committed idx: 0, Time since last communication: 0.000s
I20260601 13:31:49.656390 12067 consensus_queue.cc:1048] T 8ad1ea21221f4c909a594ce94e66f366 P f533d2060ce24a4aa1658b97493b3208 [LEADER]: Connected to new peer: Peer: permanent_uuid: "7d7fe206ba9a4dc68d0a0e00ffb28db3" member_type: VOTER last_known_addr { host: "127.7.43.129" port: 33161 }, Status: LMP_MISMATCH, Last received: 0.0, Next index: 1, Last known committed idx: 0, Time since last communication: 0.000s
I20260601 13:31:49.673885 12090 mvcc.cc:204] Tried to move back new op lower bound from 7292193626666106880 to 7292193625292054528. Current Snapshot: MvccSnapshot[applied={T|T < 7292193626637012992}]
I20260601 13:31:49.683346 12037 mvcc.cc:204] Tried to move back new op lower bound from 7292193626650857472 to 7292193625543544832. Current Snapshot: MvccSnapshot[applied={T|T < 7292193626650857472}]
I20260601 13:31:49.711359 12047 mvcc.cc:204] Tried to move back new op lower bound from 7292193626680111104 to 7292193625543544832. Current Snapshot: MvccSnapshot[applied={T|T < 7292193626650857472}]
I20260601 13:31:50.123632  7342 file_cache.cc:492] Constructed file cache file cache with capacity 419430
W20260601 13:31:50.125813 12113 instance_detector.cc:116] could not retrieve AWS instance metadata: Network error: curl error: HTTP response code said error: The requested URL returned error: 404
W20260601 13:31:50.125814 12114 instance_detector.cc:116] could not retrieve Azure instance metadata: Network error: curl error: HTTP response code said error: The requested URL returned error: 404
W20260601 13:31:50.126315 12116 instance_detector.cc:116] could not retrieve OpenStack instance metadata: Network error: curl error: HTTP response code said error: The requested URL returned error: 404
I20260601 13:31:50.126359  7342 server_base.cc:1061] running on GCE node
I20260601 13:31:50.126560  7342 hybrid_clock.cc:584] initializing the hybrid clock with 'system_unsync' time source
W20260601 13:31:50.126607  7342 system_unsync_time.cc:38] NTP support is disabled. Clock error bounds will not be accurate. This configuration is not suitable for distributed clusters.
I20260601 13:31:50.126623  7342 hybrid_clock.cc:648] HybridClock initialized: now 1780320710126624 us; error 0 us; skew 500 ppm
I20260601 13:31:50.127609  7342 webserver.cc:533] Webserver started at http://127.7.43.132:34937/ using document root <none> and password file <none>
I20260601 13:31:50.127774  7342 fs_manager.cc:362] Metadata directory not provided
I20260601 13:31:50.127838  7342 fs_manager.cc:368] Using write-ahead log directory (fs_wal_dir) as metadata directory
I20260601 13:31:50.127933  7342 server_base.cc:909] This appears to be a new deployment of Kudu; creating new FS layout
I20260601 13:31:50.128305  7342 fs_manager.cc:1068] Generated new instance metadata in path /tmp/dist-test-taskifDWS9/test-tmp/auto_rebalancer-test.0.AutoRebalancerTest.TestMaxMovesPerServer.1780320606578297-7342-0/minicluster-data/ts-3-root/instance:
uuid: "db282a6142574a8cb7be622bb0def935"
format_stamp: "Formatted at 2026-06-01 13:31:50 on dist-test-slave-3zhc"
I20260601 13:31:50.129761  7342 fs_manager.cc:696] Time spent creating directory manager: real 0.001s	user 0.001s	sys 0.000s
I20260601 13:31:50.130738 12121 log_block_manager.cc:4031] Time spent loading block containers with low live blocks: real 0.000s	user 0.000s	sys 0.000s
I20260601 13:31:50.131045  7342 fs_manager.cc:730] Time spent opening block manager: real 0.001s	user 0.001s	sys 0.000s
I20260601 13:31:50.131103  7342 fs_manager.cc:647] Opened local filesystem: /tmp/dist-test-taskifDWS9/test-tmp/auto_rebalancer-test.0.AutoRebalancerTest.TestMaxMovesPerServer.1780320606578297-7342-0/minicluster-data/ts-3-root
uuid: "db282a6142574a8cb7be622bb0def935"
format_stamp: "Formatted at 2026-06-01 13:31:50 on dist-test-slave-3zhc"
I20260601 13:31:50.131166  7342 fs_report.cc:389] FS layout report
--------------------
wal directory: /tmp/dist-test-taskifDWS9/test-tmp/auto_rebalancer-test.0.AutoRebalancerTest.TestMaxMovesPerServer.1780320606578297-7342-0/minicluster-data/ts-3-root
metadata directory: /tmp/dist-test-taskifDWS9/test-tmp/auto_rebalancer-test.0.AutoRebalancerTest.TestMaxMovesPerServer.1780320606578297-7342-0/minicluster-data/ts-3-root
1 data directories: /tmp/dist-test-taskifDWS9/test-tmp/auto_rebalancer-test.0.AutoRebalancerTest.TestMaxMovesPerServer.1780320606578297-7342-0/minicluster-data/ts-3-root/data
Total live blocks: 0
Total live bytes: 0
Total live bytes (after alignment): 0
Total number of LBM containers: 0 (0 full)
Did not check for missing blocks
Did not check for orphaned blocks
Total full LBM containers with extra space: 0 (0 repaired)
Total full LBM container extra space in bytes: 0 (0 repaired)
Total incomplete LBM containers: 0 (0 repaired)
Total LBM partial records: 0 (0 repaired)
Total corrupted LBM metadata records in RocksDB: 0 (0 repaired)
I20260601 13:31:50.142306  7342 rpc_server.cc:225] running with OpenSSL 1.1.1  11 Sep 2018
I20260601 13:31:50.142724  7342 kserver.cc:163] Server-wide thread pool size limit: 3276
I20260601 13:31:50.142992  7342 txn_system_client.cc:432] TxnSystemClient initialization is disabled...
I20260601 13:31:50.143488  7342 ts_tablet_manager.cc:585] Loaded tablet metadata (0 total tablets, 0 live tablets)
I20260601 13:31:50.143553  7342 ts_tablet_manager.cc:531] Time spent load tablet metadata: real 0.000s	user 0.000s	sys 0.000s
I20260601 13:31:50.143606  7342 ts_tablet_manager.cc:616] Registered 0 tablets
I20260601 13:31:50.143636  7342 ts_tablet_manager.cc:595] Time spent register tablets: real 0.000s	user 0.000s	sys 0.000s
I20260601 13:31:50.149041  7342 rpc_server.cc:307] RPC server started. Bound to: 127.7.43.132:34903
I20260601 13:31:50.149107 12184 acceptor_pool.cc:272] collecting diagnostics on the listening RPC socket 127.7.43.132:34903 every 8 connection(s)
I20260601 13:31:50.150017  7342 file_cache.cc:492] Constructed file cache file cache with capacity 419430
W20260601 13:31:50.152016 12192 instance_detector.cc:116] could not retrieve OpenStack instance metadata: Network error: curl error: HTTP response code said error: The requested URL returned error: 404
W20260601 13:31:50.152066 12190 instance_detector.cc:116] could not retrieve Azure instance metadata: Network error: curl error: HTTP response code said error: The requested URL returned error: 404
W20260601 13:31:50.152279 12189 instance_detector.cc:116] could not retrieve AWS instance metadata: Network error: curl error: HTTP response code said error: The requested URL returned error: 404
I20260601 13:31:50.152580  7342 server_base.cc:1061] running on GCE node
I20260601 13:31:50.152791  7342 hybrid_clock.cc:584] initializing the hybrid clock with 'system_unsync' time source
W20260601 13:31:50.152858  7342 system_unsync_time.cc:38] NTP support is disabled. Clock error bounds will not be accurate. This configuration is not suitable for distributed clusters.
I20260601 13:31:50.152896  7342 hybrid_clock.cc:648] HybridClock initialized: now 1780320710152895 us; error 0 us; skew 500 ppm
I20260601 13:31:50.154049  7342 webserver.cc:533] Webserver started at http://127.7.43.133:44031/ using document root <none> and password file <none>
I20260601 13:31:50.154237  7342 fs_manager.cc:362] Metadata directory not provided
I20260601 13:31:50.154311  7342 fs_manager.cc:368] Using write-ahead log directory (fs_wal_dir) as metadata directory
I20260601 13:31:50.154410  7342 server_base.cc:909] This appears to be a new deployment of Kudu; creating new FS layout
I20260601 13:31:50.154838 12185 heartbeater.cc:344] Connected to a master server at 127.7.43.190:39161
I20260601 13:31:50.154908  7342 fs_manager.cc:1068] Generated new instance metadata in path /tmp/dist-test-taskifDWS9/test-tmp/auto_rebalancer-test.0.AutoRebalancerTest.TestMaxMovesPerServer.1780320606578297-7342-0/minicluster-data/ts-4-root/instance:
uuid: "6468b6fb4cde4385b8244f2bd2d5b69c"
format_stamp: "Formatted at 2026-06-01 13:31:50 on dist-test-slave-3zhc"
I20260601 13:31:50.154944 12185 heartbeater.cc:461] Registering TS with master...
I20260601 13:31:50.155220 12185 heartbeater.cc:507] Master 127.7.43.190:39161 requested a full tablet report, sending...
I20260601 13:31:50.155951 11653 ts_manager.cc:194] Registered new tserver with Master: db282a6142574a8cb7be622bb0def935 (127.7.43.132:34903)
I20260601 13:31:50.156641 11653 master_service.cc:502] Signed X509 certificate for tserver {username='slave'} at 127.0.0.1:37164
I20260601 13:31:50.156976  7342 fs_manager.cc:696] Time spent creating directory manager: real 0.002s	user 0.000s	sys 0.003s
I20260601 13:31:50.158103 12197 log_block_manager.cc:4031] Time spent loading block containers with low live blocks: real 0.000s	user 0.000s	sys 0.000s
I20260601 13:31:50.158381  7342 fs_manager.cc:730] Time spent opening block manager: real 0.001s	user 0.000s	sys 0.001s
I20260601 13:31:50.158471  7342 fs_manager.cc:647] Opened local filesystem: /tmp/dist-test-taskifDWS9/test-tmp/auto_rebalancer-test.0.AutoRebalancerTest.TestMaxMovesPerServer.1780320606578297-7342-0/minicluster-data/ts-4-root
uuid: "6468b6fb4cde4385b8244f2bd2d5b69c"
format_stamp: "Formatted at 2026-06-01 13:31:50 on dist-test-slave-3zhc"
I20260601 13:31:50.158547  7342 fs_report.cc:389] FS layout report
--------------------
wal directory: /tmp/dist-test-taskifDWS9/test-tmp/auto_rebalancer-test.0.AutoRebalancerTest.TestMaxMovesPerServer.1780320606578297-7342-0/minicluster-data/ts-4-root
metadata directory: /tmp/dist-test-taskifDWS9/test-tmp/auto_rebalancer-test.0.AutoRebalancerTest.TestMaxMovesPerServer.1780320606578297-7342-0/minicluster-data/ts-4-root
1 data directories: /tmp/dist-test-taskifDWS9/test-tmp/auto_rebalancer-test.0.AutoRebalancerTest.TestMaxMovesPerServer.1780320606578297-7342-0/minicluster-data/ts-4-root/data
Total live blocks: 0
Total live bytes: 0
Total live bytes (after alignment): 0
Total number of LBM containers: 0 (0 full)
Did not check for missing blocks
Did not check for orphaned blocks
Total full LBM containers with extra space: 0 (0 repaired)
Total full LBM container extra space in bytes: 0 (0 repaired)
Total incomplete LBM containers: 0 (0 repaired)
Total LBM partial records: 0 (0 repaired)
Total corrupted LBM metadata records in RocksDB: 0 (0 repaired)
I20260601 13:31:50.164256  7342 rpc_server.cc:225] running with OpenSSL 1.1.1  11 Sep 2018
I20260601 13:31:50.164706  7342 kserver.cc:163] Server-wide thread pool size limit: 3276
I20260601 13:31:50.165016  7342 txn_system_client.cc:432] TxnSystemClient initialization is disabled...
I20260601 13:31:50.165536  7342 ts_tablet_manager.cc:585] Loaded tablet metadata (0 total tablets, 0 live tablets)
I20260601 13:31:50.165604  7342 ts_tablet_manager.cc:531] Time spent load tablet metadata: real 0.000s	user 0.000s	sys 0.000s
I20260601 13:31:50.165664  7342 ts_tablet_manager.cc:616] Registered 0 tablets
I20260601 13:31:50.165699  7342 ts_tablet_manager.cc:595] Time spent register tablets: real 0.000s	user 0.000s	sys 0.000s
I20260601 13:31:50.170974  7342 rpc_server.cc:307] RPC server started. Bound to: 127.7.43.133:38347
I20260601 13:31:50.171168 12260 acceptor_pool.cc:272] collecting diagnostics on the listening RPC socket 127.7.43.133:38347 every 8 connection(s)
I20260601 13:31:50.172066  7342 file_cache.cc:492] Constructed file cache file cache with capacity 419430
W20260601 13:31:50.174212 12264 instance_detector.cc:116] could not retrieve AWS instance metadata: Network error: curl error: HTTP response code said error: The requested URL returned error: 404
W20260601 13:31:50.174422 12265 instance_detector.cc:116] could not retrieve Azure instance metadata: Network error: curl error: HTTP response code said error: The requested URL returned error: 404
W20260601 13:31:50.174521 12267 instance_detector.cc:116] could not retrieve OpenStack instance metadata: Network error: curl error: HTTP response code said error: The requested URL returned error: 404
I20260601 13:31:50.174669  7342 server_base.cc:1061] running on GCE node
I20260601 13:31:50.174844  7342 hybrid_clock.cc:584] initializing the hybrid clock with 'system_unsync' time source
W20260601 13:31:50.174891  7342 system_unsync_time.cc:38] NTP support is disabled. Clock error bounds will not be accurate. This configuration is not suitable for distributed clusters.
I20260601 13:31:50.174916  7342 hybrid_clock.cc:648] HybridClock initialized: now 1780320710174915 us; error 0 us; skew 500 ppm
I20260601 13:31:50.176177  7342 webserver.cc:533] Webserver started at http://127.7.43.134:46805/ using document root <none> and password file <none>
I20260601 13:31:50.176355  7342 fs_manager.cc:362] Metadata directory not provided
I20260601 13:31:50.176424  7342 fs_manager.cc:368] Using write-ahead log directory (fs_wal_dir) as metadata directory
I20260601 13:31:50.176507  7342 server_base.cc:909] This appears to be a new deployment of Kudu; creating new FS layout
I20260601 13:31:50.176921 12261 heartbeater.cc:344] Connected to a master server at 127.7.43.190:39161
I20260601 13:31:50.177032 12261 heartbeater.cc:461] Registering TS with master...
I20260601 13:31:50.177198  7342 fs_manager.cc:1068] Generated new instance metadata in path /tmp/dist-test-taskifDWS9/test-tmp/auto_rebalancer-test.0.AutoRebalancerTest.TestMaxMovesPerServer.1780320606578297-7342-0/minicluster-data/ts-5-root/instance:
uuid: "973d814e63d64f46a8c096b9dc0e0799"
format_stamp: "Formatted at 2026-06-01 13:31:50 on dist-test-slave-3zhc"
I20260601 13:31:50.177253 12261 heartbeater.cc:507] Master 127.7.43.190:39161 requested a full tablet report, sending...
I20260601 13:31:50.177960 11653 ts_manager.cc:194] Registered new tserver with Master: 6468b6fb4cde4385b8244f2bd2d5b69c (127.7.43.133:38347)
