I20260601 13:31:17.651391  4713 consensus_queue.cc:237] T d8a306ea79c14314bd523a37a1b9eac6 P 58a1dc94bbb74008acd4107ccd9b9a41 [LEADER]: Queue going to LEADER mode. State: All replicated index: 0, Majority replicated index: 1, Committed index: 1, Last appended: 1.1, Last appended by leader: 0, Current term: 1, Majority size: 2, State: 0, Mode: LEADER, active raft config: opid_index: 2 OBSOLETE_local: false peers { permanent_uuid: "e5175fb7495541b6b00f73576940abdb" member_type: VOTER last_known_addr { host: "127.1.126.193" port: 36659 } } peers { permanent_uuid: "f99dcd3dcd174c09bce7fe71bf701876" member_type: VOTER last_known_addr { host: "127.1.126.194" port: 37783 } attrs { replace: true } } peers { permanent_uuid: "58a1dc94bbb74008acd4107ccd9b9a41" member_type: VOTER last_known_addr { host: "127.1.126.195" port: 40727 } } peers { permanent_uuid: "7d5383515bb74e25a42662cb673d399c" member_type: NON_VOTER last_known_addr { host: "127.1.126.196" port: 38035 } attrs { promote: true } }
I20260601 13:31:17.652936  4639 raft_consensus.cc:1275] T d8a306ea79c14314bd523a37a1b9eac6 P f99dcd3dcd174c09bce7fe71bf701876 [term 1 FOLLOWER]: Refusing update from remote peer 58a1dc94bbb74008acd4107ccd9b9a41: Log matching property violated. Preceding OpId in replica: term: 1 index: 1. Preceding OpId from leader: term: 1 index: 2. (index mismatch)
I20260601 13:31:17.652977  4561 raft_consensus.cc:1275] T d8a306ea79c14314bd523a37a1b9eac6 P e5175fb7495541b6b00f73576940abdb [term 1 FOLLOWER]: Refusing update from remote peer 58a1dc94bbb74008acd4107ccd9b9a41: Log matching property violated. Preceding OpId in replica: term: 1 index: 1. Preceding OpId from leader: term: 1 index: 2. (index mismatch)
W20260601 13:31:17.653314  4678 consensus_peers.cc:597] T d8a306ea79c14314bd523a37a1b9eac6 P 58a1dc94bbb74008acd4107ccd9b9a41 -> Peer 7d5383515bb74e25a42662cb673d399c (127.1.126.196:38035): Couldn't send request to peer 7d5383515bb74e25a42662cb673d399c. Error code: TABLET_NOT_FOUND (6). Status: Not found: Tablet not found: d8a306ea79c14314bd523a37a1b9eac6. This is attempt 1: this message will repeat every 5th retry.
I20260601 13:31:17.653328  4952 consensus_queue.cc:1048] T d8a306ea79c14314bd523a37a1b9eac6 P 58a1dc94bbb74008acd4107ccd9b9a41 [LEADER]: Connected to new peer: Peer: permanent_uuid: "f99dcd3dcd174c09bce7fe71bf701876" member_type: VOTER last_known_addr { host: "127.1.126.194" port: 37783 } attrs { replace: true }, Status: LMP_MISMATCH, Last received: 0.0, Next index: 2, Last known committed idx: 1, Time since last communication: 0.000s
I20260601 13:31:17.653600  4770 consensus_queue.cc:1048] T d8a306ea79c14314bd523a37a1b9eac6 P 58a1dc94bbb74008acd4107ccd9b9a41 [LEADER]: Connected to new peer: Peer: permanent_uuid: "e5175fb7495541b6b00f73576940abdb" member_type: VOTER last_known_addr { host: "127.1.126.193" port: 36659 }, Status: LMP_MISMATCH, Last received: 0.0, Next index: 2, Last known committed idx: 1, Time since last communication: 0.000s
I20260601 13:31:17.655678  4770 raft_consensus.cc:2955] T d8a306ea79c14314bd523a37a1b9eac6 P 58a1dc94bbb74008acd4107ccd9b9a41 [term 1 LEADER]: Committing config change with OpId 1.2: config changed from index -1 to 2, NON_VOTER 7d5383515bb74e25a42662cb673d399c (127.1.126.196) added. New config: { opid_index: 2 OBSOLETE_local: false peers { permanent_uuid: "e5175fb7495541b6b00f73576940abdb" member_type: VOTER last_known_addr { host: "127.1.126.193" port: 36659 } } peers { permanent_uuid: "f99dcd3dcd174c09bce7fe71bf701876" member_type: VOTER last_known_addr { host: "127.1.126.194" port: 37783 } attrs { replace: true } } peers { permanent_uuid: "58a1dc94bbb74008acd4107ccd9b9a41" member_type: VOTER last_known_addr { host: "127.1.126.195" port: 40727 } } peers { permanent_uuid: "7d5383515bb74e25a42662cb673d399c" member_type: NON_VOTER last_known_addr { host: "127.1.126.196" port: 38035 } attrs { promote: true } } }
I20260601 13:31:17.656145  4639 raft_consensus.cc:2955] T d8a306ea79c14314bd523a37a1b9eac6 P f99dcd3dcd174c09bce7fe71bf701876 [term 1 FOLLOWER]: Committing config change with OpId 1.2: config changed from index -1 to 2, NON_VOTER 7d5383515bb74e25a42662cb673d399c (127.1.126.196) added. New config: { opid_index: 2 OBSOLETE_local: false peers { permanent_uuid: "e5175fb7495541b6b00f73576940abdb" member_type: VOTER last_known_addr { host: "127.1.126.193" port: 36659 } } peers { permanent_uuid: "f99dcd3dcd174c09bce7fe71bf701876" member_type: VOTER last_known_addr { host: "127.1.126.194" port: 37783 } attrs { replace: true } } peers { permanent_uuid: "58a1dc94bbb74008acd4107ccd9b9a41" member_type: VOTER last_known_addr { host: "127.1.126.195" port: 40727 } } peers { permanent_uuid: "7d5383515bb74e25a42662cb673d399c" member_type: NON_VOTER last_known_addr { host: "127.1.126.196" port: 38035 } attrs { promote: true } } }
I20260601 13:31:17.656242  4561 raft_consensus.cc:2955] T d8a306ea79c14314bd523a37a1b9eac6 P e5175fb7495541b6b00f73576940abdb [term 1 FOLLOWER]: Committing config change with OpId 1.2: config changed from index -1 to 2, NON_VOTER 7d5383515bb74e25a42662cb673d399c (127.1.126.196) added. New config: { opid_index: 2 OBSOLETE_local: false peers { permanent_uuid: "e5175fb7495541b6b00f73576940abdb" member_type: VOTER last_known_addr { host: "127.1.126.193" port: 36659 } } peers { permanent_uuid: "f99dcd3dcd174c09bce7fe71bf701876" member_type: VOTER last_known_addr { host: "127.1.126.194" port: 37783 } attrs { replace: true } } peers { permanent_uuid: "58a1dc94bbb74008acd4107ccd9b9a41" member_type: VOTER last_known_addr { host: "127.1.126.195" port: 40727 } } peers { permanent_uuid: "7d5383515bb74e25a42662cb673d399c" member_type: NON_VOTER last_known_addr { host: "127.1.126.196" port: 38035 } attrs { promote: true } } }
I20260601 13:31:17.658742  4455 catalog_manager.cc:5696] T d8a306ea79c14314bd523a37a1b9eac6 P f99dcd3dcd174c09bce7fe71bf701876 reported cstate change: config changed from index -1 to 2, NON_VOTER 7d5383515bb74e25a42662cb673d399c (127.1.126.196) added. New cstate: current_term: 1 leader_uuid: "58a1dc94bbb74008acd4107ccd9b9a41" committed_config { opid_index: 2 OBSOLETE_local: false peers { permanent_uuid: "e5175fb7495541b6b00f73576940abdb" member_type: VOTER last_known_addr { host: "127.1.126.193" port: 36659 } } peers { permanent_uuid: "f99dcd3dcd174c09bce7fe71bf701876" member_type: VOTER last_known_addr { host: "127.1.126.194" port: 37783 } attrs { replace: true } } peers { permanent_uuid: "58a1dc94bbb74008acd4107ccd9b9a41" member_type: VOTER last_known_addr { host: "127.1.126.195" port: 40727 } } peers { permanent_uuid: "7d5383515bb74e25a42662cb673d399c" member_type: NON_VOTER last_known_addr { host: "127.1.126.196" port: 38035 } attrs { promote: true } } }
I20260601 13:31:17.659475  4713 consensus_queue.cc:237] T 9167c1e8c01c4bc2908784b5c8176951 P 58a1dc94bbb74008acd4107ccd9b9a41 [LEADER]: Queue going to LEADER mode. State: All replicated index: 0, Majority replicated index: 1, Committed index: 1, Last appended: 1.1, Last appended by leader: 0, Current term: 1, Majority size: 2, State: 0, Mode: LEADER, active raft config: opid_index: 2 OBSOLETE_local: false peers { permanent_uuid: "e5175fb7495541b6b00f73576940abdb" member_type: VOTER last_known_addr { host: "127.1.126.193" port: 36659 } attrs { replace: true } } peers { permanent_uuid: "f99dcd3dcd174c09bce7fe71bf701876" member_type: VOTER last_known_addr { host: "127.1.126.194" port: 37783 } } peers { permanent_uuid: "58a1dc94bbb74008acd4107ccd9b9a41" member_type: VOTER last_known_addr { host: "127.1.126.195" port: 40727 } } peers { permanent_uuid: "7d5383515bb74e25a42662cb673d399c" member_type: NON_VOTER last_known_addr { host: "127.1.126.196" port: 38035 } attrs { promote: true } }
I20260601 13:31:17.661077  4561 raft_consensus.cc:1275] T 9167c1e8c01c4bc2908784b5c8176951 P e5175fb7495541b6b00f73576940abdb [term 1 FOLLOWER]: Refusing update from remote peer 58a1dc94bbb74008acd4107ccd9b9a41: Log matching property violated. Preceding OpId in replica: term: 1 index: 1. Preceding OpId from leader: term: 1 index: 2. (index mismatch)
W20260601 13:31:17.661085  4678 consensus_peers.cc:597] T 9167c1e8c01c4bc2908784b5c8176951 P 58a1dc94bbb74008acd4107ccd9b9a41 -> Peer 7d5383515bb74e25a42662cb673d399c (127.1.126.196:38035): Couldn't send request to peer 7d5383515bb74e25a42662cb673d399c. Error code: TABLET_NOT_FOUND (6). Status: Not found: Tablet not found: 9167c1e8c01c4bc2908784b5c8176951. This is attempt 1: this message will repeat every 5th retry.
I20260601 13:31:17.661621  4770 consensus_queue.cc:1048] T 9167c1e8c01c4bc2908784b5c8176951 P 58a1dc94bbb74008acd4107ccd9b9a41 [LEADER]: Connected to new peer: Peer: permanent_uuid: "e5175fb7495541b6b00f73576940abdb" member_type: VOTER last_known_addr { host: "127.1.126.193" port: 36659 } attrs { replace: true }, Status: LMP_MISMATCH, Last received: 0.0, Next index: 2, Last known committed idx: 1, Time since last communication: 0.000s
I20260601 13:31:17.662578  4639 raft_consensus.cc:1275] T 9167c1e8c01c4bc2908784b5c8176951 P f99dcd3dcd174c09bce7fe71bf701876 [term 1 FOLLOWER]: Refusing update from remote peer 58a1dc94bbb74008acd4107ccd9b9a41: Log matching property violated. Preceding OpId in replica: term: 1 index: 1. Preceding OpId from leader: term: 1 index: 2. (index mismatch)
I20260601 13:31:17.663383  4770 consensus_queue.cc:1048] T 9167c1e8c01c4bc2908784b5c8176951 P 58a1dc94bbb74008acd4107ccd9b9a41 [LEADER]: Connected to new peer: Peer: permanent_uuid: "f99dcd3dcd174c09bce7fe71bf701876" member_type: VOTER last_known_addr { host: "127.1.126.194" port: 37783 }, Status: LMP_MISMATCH, Last received: 0.0, Next index: 2, Last known committed idx: 1, Time since last communication: 0.000s
I20260601 13:31:17.663882  4770 raft_consensus.cc:2955] T 9167c1e8c01c4bc2908784b5c8176951 P 58a1dc94bbb74008acd4107ccd9b9a41 [term 1 LEADER]: Committing config change with OpId 1.2: config changed from index -1 to 2, NON_VOTER 7d5383515bb74e25a42662cb673d399c (127.1.126.196) added. New config: { opid_index: 2 OBSOLETE_local: false peers { permanent_uuid: "e5175fb7495541b6b00f73576940abdb" member_type: VOTER last_known_addr { host: "127.1.126.193" port: 36659 } attrs { replace: true } } peers { permanent_uuid: "f99dcd3dcd174c09bce7fe71bf701876" member_type: VOTER last_known_addr { host: "127.1.126.194" port: 37783 } } peers { permanent_uuid: "58a1dc94bbb74008acd4107ccd9b9a41" member_type: VOTER last_known_addr { host: "127.1.126.195" port: 40727 } } peers { permanent_uuid: "7d5383515bb74e25a42662cb673d399c" member_type: NON_VOTER last_known_addr { host: "127.1.126.196" port: 38035 } attrs { promote: true } } }
I20260601 13:31:17.664314  4561 raft_consensus.cc:2955] T 9167c1e8c01c4bc2908784b5c8176951 P e5175fb7495541b6b00f73576940abdb [term 1 FOLLOWER]: Committing config change with OpId 1.2: config changed from index -1 to 2, NON_VOTER 7d5383515bb74e25a42662cb673d399c (127.1.126.196) added. New config: { opid_index: 2 OBSOLETE_local: false peers { permanent_uuid: "e5175fb7495541b6b00f73576940abdb" member_type: VOTER last_known_addr { host: "127.1.126.193" port: 36659 } attrs { replace: true } } peers { permanent_uuid: "f99dcd3dcd174c09bce7fe71bf701876" member_type: VOTER last_known_addr { host: "127.1.126.194" port: 37783 } } peers { permanent_uuid: "58a1dc94bbb74008acd4107ccd9b9a41" member_type: VOTER last_known_addr { host: "127.1.126.195" port: 40727 } } peers { permanent_uuid: "7d5383515bb74e25a42662cb673d399c" member_type: NON_VOTER last_known_addr { host: "127.1.126.196" port: 38035 } attrs { promote: true } } }
I20260601 13:31:17.666054  4639 raft_consensus.cc:2955] T 9167c1e8c01c4bc2908784b5c8176951 P f99dcd3dcd174c09bce7fe71bf701876 [term 1 FOLLOWER]: Committing config change with OpId 1.2: config changed from index -1 to 2, NON_VOTER 7d5383515bb74e25a42662cb673d399c (127.1.126.196) added. New config: { opid_index: 2 OBSOLETE_local: false peers { permanent_uuid: "e5175fb7495541b6b00f73576940abdb" member_type: VOTER last_known_addr { host: "127.1.126.193" port: 36659 } attrs { replace: true } } peers { permanent_uuid: "f99dcd3dcd174c09bce7fe71bf701876" member_type: VOTER last_known_addr { host: "127.1.126.194" port: 37783 } } peers { permanent_uuid: "58a1dc94bbb74008acd4107ccd9b9a41" member_type: VOTER last_known_addr { host: "127.1.126.195" port: 40727 } } peers { permanent_uuid: "7d5383515bb74e25a42662cb673d399c" member_type: NON_VOTER last_known_addr { host: "127.1.126.196" port: 38035 } attrs { promote: true } } }
I20260601 13:31:17.668692  4454 catalog_manager.cc:5696] T 9167c1e8c01c4bc2908784b5c8176951 P e5175fb7495541b6b00f73576940abdb reported cstate change: config changed from index -1 to 2, NON_VOTER 7d5383515bb74e25a42662cb673d399c (127.1.126.196) added. New cstate: current_term: 1 leader_uuid: "58a1dc94bbb74008acd4107ccd9b9a41" committed_config { opid_index: 2 OBSOLETE_local: false peers { permanent_uuid: "e5175fb7495541b6b00f73576940abdb" member_type: VOTER last_known_addr { host: "127.1.126.193" port: 36659 } attrs { replace: true } } peers { permanent_uuid: "f99dcd3dcd174c09bce7fe71bf701876" member_type: VOTER last_known_addr { host: "127.1.126.194" port: 37783 } } peers { permanent_uuid: "58a1dc94bbb74008acd4107ccd9b9a41" member_type: VOTER last_known_addr { host: "127.1.126.195" port: 40727 } } peers { permanent_uuid: "7d5383515bb74e25a42662cb673d399c" member_type: NON_VOTER last_known_addr { host: "127.1.126.196" port: 38035 } attrs { promote: true } } }
I20260601 13:31:18.050889  4987 ts_tablet_manager.cc:933] T d8a306ea79c14314bd523a37a1b9eac6 P 7d5383515bb74e25a42662cb673d399c: Initiating tablet copy from peer 58a1dc94bbb74008acd4107ccd9b9a41 (127.1.126.195:40727)
I20260601 13:31:18.051355  4987 tablet_copy_client.cc:323] T d8a306ea79c14314bd523a37a1b9eac6 P 7d5383515bb74e25a42662cb673d399c: tablet copy: Beginning tablet copy session from remote peer at address 127.1.126.195:40727
I20260601 13:31:18.051946  4724 tablet_copy_service.cc:140] P 58a1dc94bbb74008acd4107ccd9b9a41: Received BeginTabletCopySession request for tablet d8a306ea79c14314bd523a37a1b9eac6 from peer 7d5383515bb74e25a42662cb673d399c ({username='slave'} at 127.0.0.1:36398)
I20260601 13:31:18.052088  4724 tablet_copy_service.cc:161] P 58a1dc94bbb74008acd4107ccd9b9a41: Beginning new tablet copy session on tablet d8a306ea79c14314bd523a37a1b9eac6 from peer 7d5383515bb74e25a42662cb673d399c at {username='slave'} at 127.0.0.1:36398: session id = 7d5383515bb74e25a42662cb673d399c-d8a306ea79c14314bd523a37a1b9eac6
I20260601 13:31:18.053195  4724 tablet_copy_source_session.cc:215] T d8a306ea79c14314bd523a37a1b9eac6 P 58a1dc94bbb74008acd4107ccd9b9a41: Tablet Copy: opened 0 blocks and 1 log segments
I20260601 13:31:18.054119  4987 data_dirs.cc:400] Could only allocate 1 dirs of requested 3 for tablet d8a306ea79c14314bd523a37a1b9eac6. 1 dirs total, 0 dirs full, 0 dirs failed
I20260601 13:31:18.056461  4987 tablet_copy_client.cc:806] T d8a306ea79c14314bd523a37a1b9eac6 P 7d5383515bb74e25a42662cb673d399c: tablet copy: Starting download of 0 data blocks...
I20260601 13:31:18.056667  4987 tablet_copy_client.cc:670] T d8a306ea79c14314bd523a37a1b9eac6 P 7d5383515bb74e25a42662cb673d399c: tablet copy: Starting download of 1 WAL segments...
I20260601 13:31:18.058014  4987 tablet_copy_client.cc:538] T d8a306ea79c14314bd523a37a1b9eac6 P 7d5383515bb74e25a42662cb673d399c: tablet copy: Tablet Copy complete. Replacing tablet superblock.
I20260601 13:31:18.059175  4987 tablet_bootstrap.cc:492] T d8a306ea79c14314bd523a37a1b9eac6 P 7d5383515bb74e25a42662cb673d399c: Bootstrap starting.
I20260601 13:31:18.062450  4987 tablet_bootstrap.cc:492] T d8a306ea79c14314bd523a37a1b9eac6 P 7d5383515bb74e25a42662cb673d399c: Bootstrap replayed 1/1 log segments. Stats: ops{read=2 overwritten=0 applied=2 ignored=0} inserts{seen=0 ignored=0} mutations{seen=0 ignored=0} orphaned_commits=0. Pending: 0 replicates
I20260601 13:31:18.062719  4987 tablet_bootstrap.cc:492] T d8a306ea79c14314bd523a37a1b9eac6 P 7d5383515bb74e25a42662cb673d399c: Bootstrap complete.
I20260601 13:31:18.062911  4987 ts_tablet_manager.cc:1403] T d8a306ea79c14314bd523a37a1b9eac6 P 7d5383515bb74e25a42662cb673d399c: Time spent bootstrapping tablet: real 0.004s	user 0.003s	sys 0.000s
I20260601 13:31:18.063403  4987 raft_consensus.cc:359] T d8a306ea79c14314bd523a37a1b9eac6 P 7d5383515bb74e25a42662cb673d399c [term 1 LEARNER]: Replica starting. Triggering 0 pending ops. Active config: opid_index: 2 OBSOLETE_local: false peers { permanent_uuid: "e5175fb7495541b6b00f73576940abdb" member_type: VOTER last_known_addr { host: "127.1.126.193" port: 36659 } } peers { permanent_uuid: "f99dcd3dcd174c09bce7fe71bf701876" member_type: VOTER last_known_addr { host: "127.1.126.194" port: 37783 } attrs { replace: true } } peers { permanent_uuid: "58a1dc94bbb74008acd4107ccd9b9a41" member_type: VOTER last_known_addr { host: "127.1.126.195" port: 40727 } } peers { permanent_uuid: "7d5383515bb74e25a42662cb673d399c" member_type: NON_VOTER last_known_addr { host: "127.1.126.196" port: 38035 } attrs { promote: true } }
I20260601 13:31:18.063596  4987 raft_consensus.cc:740] T d8a306ea79c14314bd523a37a1b9eac6 P 7d5383515bb74e25a42662cb673d399c [term 1 LEARNER]: Becoming Follower/Learner. State: Replica: 7d5383515bb74e25a42662cb673d399c, State: Initialized, Role: LEARNER
I20260601 13:31:18.063714  4987 consensus_queue.cc:260] T d8a306ea79c14314bd523a37a1b9eac6 P 7d5383515bb74e25a42662cb673d399c [NON_LEADER]: Queue going to NON_LEADER mode. State: All replicated index: 0, Majority replicated index: 0, Committed index: 2, Last appended: 1.2, Last appended by leader: 2, Current term: 0, Majority size: -1, State: 0, Mode: NON_LEADER, active raft config: opid_index: 2 OBSOLETE_local: false peers { permanent_uuid: "e5175fb7495541b6b00f73576940abdb" member_type: VOTER last_known_addr { host: "127.1.126.193" port: 36659 } } peers { permanent_uuid: "f99dcd3dcd174c09bce7fe71bf701876" member_type: VOTER last_known_addr { host: "127.1.126.194" port: 37783 } attrs { replace: true } } peers { permanent_uuid: "58a1dc94bbb74008acd4107ccd9b9a41" member_type: VOTER last_known_addr { host: "127.1.126.195" port: 40727 } } peers { permanent_uuid: "7d5383515bb74e25a42662cb673d399c" member_type: NON_VOTER last_known_addr { host: "127.1.126.196" port: 38035 } attrs { promote: true } }
I20260601 13:31:18.063978  4987 ts_tablet_manager.cc:1434] T d8a306ea79c14314bd523a37a1b9eac6 P 7d5383515bb74e25a42662cb673d399c: Time spent starting tablet: real 0.001s	user 0.002s	sys 0.000s
I20260601 13:31:18.064636  4724 tablet_copy_service.cc:342] P 58a1dc94bbb74008acd4107ccd9b9a41: Request end of tablet copy session 7d5383515bb74e25a42662cb673d399c-d8a306ea79c14314bd523a37a1b9eac6 received from {username='slave'} at 127.0.0.1:36398
I20260601 13:31:18.064745  4724 tablet_copy_service.cc:434] P 58a1dc94bbb74008acd4107ccd9b9a41: ending tablet copy session 7d5383515bb74e25a42662cb673d399c-d8a306ea79c14314bd523a37a1b9eac6 on tablet d8a306ea79c14314bd523a37a1b9eac6 with peer 7d5383515bb74e25a42662cb673d399c
I20260601 13:31:18.103044  4987 ts_tablet_manager.cc:933] T c4b4309a72154663af1d0da317c86a85 P 7d5383515bb74e25a42662cb673d399c: Initiating tablet copy from peer f99dcd3dcd174c09bce7fe71bf701876 (127.1.126.194:37783)
I20260601 13:31:18.103489  4987 tablet_copy_client.cc:323] T c4b4309a72154663af1d0da317c86a85 P 7d5383515bb74e25a42662cb673d399c: tablet copy: Beginning tablet copy session from remote peer at address 127.1.126.194:37783
I20260601 13:31:18.104154  4647 tablet_copy_service.cc:140] P f99dcd3dcd174c09bce7fe71bf701876: Received BeginTabletCopySession request for tablet c4b4309a72154663af1d0da317c86a85 from peer 7d5383515bb74e25a42662cb673d399c ({username='slave'} at 127.0.0.1:55616)
I20260601 13:31:18.104271  4647 tablet_copy_service.cc:161] P f99dcd3dcd174c09bce7fe71bf701876: Beginning new tablet copy session on tablet c4b4309a72154663af1d0da317c86a85 from peer 7d5383515bb74e25a42662cb673d399c at {username='slave'} at 127.0.0.1:55616: session id = 7d5383515bb74e25a42662cb673d399c-c4b4309a72154663af1d0da317c86a85
I20260601 13:31:18.105119  4647 tablet_copy_source_session.cc:215] T c4b4309a72154663af1d0da317c86a85 P f99dcd3dcd174c09bce7fe71bf701876: Tablet Copy: opened 0 blocks and 1 log segments
I20260601 13:31:18.106038  4987 data_dirs.cc:400] Could only allocate 1 dirs of requested 3 for tablet c4b4309a72154663af1d0da317c86a85. 1 dirs total, 0 dirs full, 0 dirs failed
I20260601 13:31:18.108428  4987 tablet_copy_client.cc:806] T c4b4309a72154663af1d0da317c86a85 P 7d5383515bb74e25a42662cb673d399c: tablet copy: Starting download of 0 data blocks...
I20260601 13:31:18.108603  4987 tablet_copy_client.cc:670] T c4b4309a72154663af1d0da317c86a85 P 7d5383515bb74e25a42662cb673d399c: tablet copy: Starting download of 1 WAL segments...
I20260601 13:31:18.110013  4987 tablet_copy_client.cc:538] T c4b4309a72154663af1d0da317c86a85 P 7d5383515bb74e25a42662cb673d399c: tablet copy: Tablet Copy complete. Replacing tablet superblock.
I20260601 13:31:18.111514  4987 tablet_bootstrap.cc:492] T c4b4309a72154663af1d0da317c86a85 P 7d5383515bb74e25a42662cb673d399c: Bootstrap starting.
I20260601 13:31:18.115942  4987 tablet_bootstrap.cc:492] T c4b4309a72154663af1d0da317c86a85 P 7d5383515bb74e25a42662cb673d399c: Bootstrap replayed 1/1 log segments. Stats: ops{read=2 overwritten=0 applied=2 ignored=0} inserts{seen=0 ignored=0} mutations{seen=0 ignored=0} orphaned_commits=0. Pending: 0 replicates
I20260601 13:31:18.116237  4987 tablet_bootstrap.cc:492] T c4b4309a72154663af1d0da317c86a85 P 7d5383515bb74e25a42662cb673d399c: Bootstrap complete.
I20260601 13:31:18.116415  4987 ts_tablet_manager.cc:1403] T c4b4309a72154663af1d0da317c86a85 P 7d5383515bb74e25a42662cb673d399c: Time spent bootstrapping tablet: real 0.005s	user 0.005s	sys 0.000s
I20260601 13:31:18.116925  4987 raft_consensus.cc:359] T c4b4309a72154663af1d0da317c86a85 P 7d5383515bb74e25a42662cb673d399c [term 1 LEARNER]: Replica starting. Triggering 0 pending ops. Active config: opid_index: 2 OBSOLETE_local: false peers { permanent_uuid: "e5175fb7495541b6b00f73576940abdb" member_type: VOTER last_known_addr { host: "127.1.126.193" port: 36659 } attrs { replace: true } } peers { permanent_uuid: "f99dcd3dcd174c09bce7fe71bf701876" member_type: VOTER last_known_addr { host: "127.1.126.194" port: 37783 } } peers { permanent_uuid: "58a1dc94bbb74008acd4107ccd9b9a41" member_type: VOTER last_known_addr { host: "127.1.126.195" port: 40727 } } peers { permanent_uuid: "7d5383515bb74e25a42662cb673d399c" member_type: NON_VOTER last_known_addr { host: "127.1.126.196" port: 38035 } attrs { promote: true } }
I20260601 13:31:18.117082  4987 raft_consensus.cc:740] T c4b4309a72154663af1d0da317c86a85 P 7d5383515bb74e25a42662cb673d399c [term 1 LEARNER]: Becoming Follower/Learner. State: Replica: 7d5383515bb74e25a42662cb673d399c, State: Initialized, Role: LEARNER
I20260601 13:31:18.117177  4987 consensus_queue.cc:260] T c4b4309a72154663af1d0da317c86a85 P 7d5383515bb74e25a42662cb673d399c [NON_LEADER]: Queue going to NON_LEADER mode. State: All replicated index: 0, Majority replicated index: 0, Committed index: 2, Last appended: 1.2, Last appended by leader: 2, Current term: 0, Majority size: -1, State: 0, Mode: NON_LEADER, active raft config: opid_index: 2 OBSOLETE_local: false peers { permanent_uuid: "e5175fb7495541b6b00f73576940abdb" member_type: VOTER last_known_addr { host: "127.1.126.193" port: 36659 } attrs { replace: true } } peers { permanent_uuid: "f99dcd3dcd174c09bce7fe71bf701876" member_type: VOTER last_known_addr { host: "127.1.126.194" port: 37783 } } peers { permanent_uuid: "58a1dc94bbb74008acd4107ccd9b9a41" member_type: VOTER last_known_addr { host: "127.1.126.195" port: 40727 } } peers { permanent_uuid: "7d5383515bb74e25a42662cb673d399c" member_type: NON_VOTER last_known_addr { host: "127.1.126.196" port: 38035 } attrs { promote: true } }
I20260601 13:31:18.117592  4987 ts_tablet_manager.cc:1434] T c4b4309a72154663af1d0da317c86a85 P 7d5383515bb74e25a42662cb673d399c: Time spent starting tablet: real 0.001s	user 0.002s	sys 0.000s
I20260601 13:31:18.118206  4647 tablet_copy_service.cc:342] P f99dcd3dcd174c09bce7fe71bf701876: Request end of tablet copy session 7d5383515bb74e25a42662cb673d399c-c4b4309a72154663af1d0da317c86a85 received from {username='slave'} at 127.0.0.1:55616
I20260601 13:31:18.118312  4647 tablet_copy_service.cc:434] P f99dcd3dcd174c09bce7fe71bf701876: ending tablet copy session 7d5383515bb74e25a42662cb673d399c-c4b4309a72154663af1d0da317c86a85 on tablet c4b4309a72154663af1d0da317c86a85 with peer 7d5383515bb74e25a42662cb673d399c
I20260601 13:31:18.208410  4987 ts_tablet_manager.cc:933] T 3bef7b223bfe47a8b2b594f7fd4f4ada P 7d5383515bb74e25a42662cb673d399c: Initiating tablet copy from peer f99dcd3dcd174c09bce7fe71bf701876 (127.1.126.194:37783)
I20260601 13:31:18.208950  4987 tablet_copy_client.cc:323] T 3bef7b223bfe47a8b2b594f7fd4f4ada P 7d5383515bb74e25a42662cb673d399c: tablet copy: Beginning tablet copy session from remote peer at address 127.1.126.194:37783
I20260601 13:31:18.209815  4647 tablet_copy_service.cc:140] P f99dcd3dcd174c09bce7fe71bf701876: Received BeginTabletCopySession request for tablet 3bef7b223bfe47a8b2b594f7fd4f4ada from peer 7d5383515bb74e25a42662cb673d399c ({username='slave'} at 127.0.0.1:55616)
I20260601 13:31:18.209923  4647 tablet_copy_service.cc:161] P f99dcd3dcd174c09bce7fe71bf701876: Beginning new tablet copy session on tablet 3bef7b223bfe47a8b2b594f7fd4f4ada from peer 7d5383515bb74e25a42662cb673d399c at {username='slave'} at 127.0.0.1:55616: session id = 7d5383515bb74e25a42662cb673d399c-3bef7b223bfe47a8b2b594f7fd4f4ada
I20260601 13:31:18.210917  4647 tablet_copy_source_session.cc:215] T 3bef7b223bfe47a8b2b594f7fd4f4ada P f99dcd3dcd174c09bce7fe71bf701876: Tablet Copy: opened 0 blocks and 1 log segments
I20260601 13:31:18.212049  4987 data_dirs.cc:400] Could only allocate 1 dirs of requested 3 for tablet 3bef7b223bfe47a8b2b594f7fd4f4ada. 1 dirs total, 0 dirs full, 0 dirs failed
I20260601 13:31:18.214160  4987 tablet_copy_client.cc:806] T 3bef7b223bfe47a8b2b594f7fd4f4ada P 7d5383515bb74e25a42662cb673d399c: tablet copy: Starting download of 0 data blocks...
I20260601 13:31:18.214341  4987 tablet_copy_client.cc:670] T 3bef7b223bfe47a8b2b594f7fd4f4ada P 7d5383515bb74e25a42662cb673d399c: tablet copy: Starting download of 1 WAL segments...
I20260601 13:31:18.215581  4987 tablet_copy_client.cc:538] T 3bef7b223bfe47a8b2b594f7fd4f4ada P 7d5383515bb74e25a42662cb673d399c: tablet copy: Tablet Copy complete. Replacing tablet superblock.
I20260601 13:31:18.217272  4987 tablet_bootstrap.cc:492] T 3bef7b223bfe47a8b2b594f7fd4f4ada P 7d5383515bb74e25a42662cb673d399c: Bootstrap starting.
I20260601 13:31:18.222169  4987 tablet_bootstrap.cc:492] T 3bef7b223bfe47a8b2b594f7fd4f4ada P 7d5383515bb74e25a42662cb673d399c: Bootstrap replayed 1/1 log segments. Stats: ops{read=2 overwritten=0 applied=2 ignored=0} inserts{seen=0 ignored=0} mutations{seen=0 ignored=0} orphaned_commits=0. Pending: 0 replicates
I20260601 13:31:18.222550  4987 tablet_bootstrap.cc:492] T 3bef7b223bfe47a8b2b594f7fd4f4ada P 7d5383515bb74e25a42662cb673d399c: Bootstrap complete.
I20260601 13:31:18.222760  4987 ts_tablet_manager.cc:1403] T 3bef7b223bfe47a8b2b594f7fd4f4ada P 7d5383515bb74e25a42662cb673d399c: Time spent bootstrapping tablet: real 0.006s	user 0.005s	sys 0.000s
I20260601 13:31:18.223409  4987 raft_consensus.cc:359] T 3bef7b223bfe47a8b2b594f7fd4f4ada P 7d5383515bb74e25a42662cb673d399c [term 1 LEARNER]: Replica starting. Triggering 0 pending ops. Active config: opid_index: 2 OBSOLETE_local: false peers { permanent_uuid: "e5175fb7495541b6b00f73576940abdb" member_type: VOTER last_known_addr { host: "127.1.126.193" port: 36659 } } peers { permanent_uuid: "f99dcd3dcd174c09bce7fe71bf701876" member_type: VOTER last_known_addr { host: "127.1.126.194" port: 37783 } } peers { permanent_uuid: "58a1dc94bbb74008acd4107ccd9b9a41" member_type: VOTER last_known_addr { host: "127.1.126.195" port: 40727 } attrs { replace: true } } peers { permanent_uuid: "7d5383515bb74e25a42662cb673d399c" member_type: NON_VOTER last_known_addr { host: "127.1.126.196" port: 38035 } attrs { promote: true } }
I20260601 13:31:18.223629  4987 raft_consensus.cc:740] T 3bef7b223bfe47a8b2b594f7fd4f4ada P 7d5383515bb74e25a42662cb673d399c [term 1 LEARNER]: Becoming Follower/Learner. State: Replica: 7d5383515bb74e25a42662cb673d399c, State: Initialized, Role: LEARNER
I20260601 13:31:18.223739  4987 consensus_queue.cc:260] T 3bef7b223bfe47a8b2b594f7fd4f4ada P 7d5383515bb74e25a42662cb673d399c [NON_LEADER]: Queue going to NON_LEADER mode. State: All replicated index: 0, Majority replicated index: 0, Committed index: 2, Last appended: 1.2, Last appended by leader: 2, Current term: 0, Majority size: -1, State: 0, Mode: NON_LEADER, active raft config: opid_index: 2 OBSOLETE_local: false peers { permanent_uuid: "e5175fb7495541b6b00f73576940abdb" member_type: VOTER last_known_addr { host: "127.1.126.193" port: 36659 } } peers { permanent_uuid: "f99dcd3dcd174c09bce7fe71bf701876" member_type: VOTER last_known_addr { host: "127.1.126.194" port: 37783 } } peers { permanent_uuid: "58a1dc94bbb74008acd4107ccd9b9a41" member_type: VOTER last_known_addr { host: "127.1.126.195" port: 40727 } attrs { replace: true } } peers { permanent_uuid: "7d5383515bb74e25a42662cb673d399c" member_type: NON_VOTER last_known_addr { host: "127.1.126.196" port: 38035 } attrs { promote: true } }
I20260601 13:31:18.224108  4987 ts_tablet_manager.cc:1434] T 3bef7b223bfe47a8b2b594f7fd4f4ada P 7d5383515bb74e25a42662cb673d399c: Time spent starting tablet: real 0.001s	user 0.000s	sys 0.003s
I20260601 13:31:18.224812  4647 tablet_copy_service.cc:342] P f99dcd3dcd174c09bce7fe71bf701876: Request end of tablet copy session 7d5383515bb74e25a42662cb673d399c-3bef7b223bfe47a8b2b594f7fd4f4ada received from {username='slave'} at 127.0.0.1:55616
I20260601 13:31:18.224912  4647 tablet_copy_service.cc:434] P f99dcd3dcd174c09bce7fe71bf701876: ending tablet copy session 7d5383515bb74e25a42662cb673d399c-3bef7b223bfe47a8b2b594f7fd4f4ada on tablet 3bef7b223bfe47a8b2b594f7fd4f4ada with peer 7d5383515bb74e25a42662cb673d399c
I20260601 13:31:18.263501  4987 ts_tablet_manager.cc:933] T 9167c1e8c01c4bc2908784b5c8176951 P 7d5383515bb74e25a42662cb673d399c: Initiating tablet copy from peer 58a1dc94bbb74008acd4107ccd9b9a41 (127.1.126.195:40727)
I20260601 13:31:18.263919  4987 tablet_copy_client.cc:323] T 9167c1e8c01c4bc2908784b5c8176951 P 7d5383515bb74e25a42662cb673d399c: tablet copy: Beginning tablet copy session from remote peer at address 127.1.126.195:40727
I20260601 13:31:18.264662  4724 tablet_copy_service.cc:140] P 58a1dc94bbb74008acd4107ccd9b9a41: Received BeginTabletCopySession request for tablet 9167c1e8c01c4bc2908784b5c8176951 from peer 7d5383515bb74e25a42662cb673d399c ({username='slave'} at 127.0.0.1:36398)
I20260601 13:31:18.264766  4724 tablet_copy_service.cc:161] P 58a1dc94bbb74008acd4107ccd9b9a41: Beginning new tablet copy session on tablet 9167c1e8c01c4bc2908784b5c8176951 from peer 7d5383515bb74e25a42662cb673d399c at {username='slave'} at 127.0.0.1:36398: session id = 7d5383515bb74e25a42662cb673d399c-9167c1e8c01c4bc2908784b5c8176951
I20260601 13:31:18.265679  4724 tablet_copy_source_session.cc:215] T 9167c1e8c01c4bc2908784b5c8176951 P 58a1dc94bbb74008acd4107ccd9b9a41: Tablet Copy: opened 0 blocks and 1 log segments
I20260601 13:31:18.266835  4987 data_dirs.cc:400] Could only allocate 1 dirs of requested 3 for tablet 9167c1e8c01c4bc2908784b5c8176951. 1 dirs total, 0 dirs full, 0 dirs failed
I20260601 13:31:18.268718  4987 tablet_copy_client.cc:806] T 9167c1e8c01c4bc2908784b5c8176951 P 7d5383515bb74e25a42662cb673d399c: tablet copy: Starting download of 0 data blocks...
I20260601 13:31:18.268909  4987 tablet_copy_client.cc:670] T 9167c1e8c01c4bc2908784b5c8176951 P 7d5383515bb74e25a42662cb673d399c: tablet copy: Starting download of 1 WAL segments...
I20260601 13:31:18.270206  4987 tablet_copy_client.cc:538] T 9167c1e8c01c4bc2908784b5c8176951 P 7d5383515bb74e25a42662cb673d399c: tablet copy: Tablet Copy complete. Replacing tablet superblock.
I20260601 13:31:18.271729  4987 tablet_bootstrap.cc:492] T 9167c1e8c01c4bc2908784b5c8176951 P 7d5383515bb74e25a42662cb673d399c: Bootstrap starting.
I20260601 13:31:18.274863  4987 tablet_bootstrap.cc:492] T 9167c1e8c01c4bc2908784b5c8176951 P 7d5383515bb74e25a42662cb673d399c: Bootstrap replayed 1/1 log segments. Stats: ops{read=2 overwritten=0 applied=2 ignored=0} inserts{seen=0 ignored=0} mutations{seen=0 ignored=0} orphaned_commits=0. Pending: 0 replicates
I20260601 13:31:18.275130  4987 tablet_bootstrap.cc:492] T 9167c1e8c01c4bc2908784b5c8176951 P 7d5383515bb74e25a42662cb673d399c: Bootstrap complete.
I20260601 13:31:18.275319  4987 ts_tablet_manager.cc:1403] T 9167c1e8c01c4bc2908784b5c8176951 P 7d5383515bb74e25a42662cb673d399c: Time spent bootstrapping tablet: real 0.004s	user 0.002s	sys 0.000s
I20260601 13:31:18.275806  4987 raft_consensus.cc:359] T 9167c1e8c01c4bc2908784b5c8176951 P 7d5383515bb74e25a42662cb673d399c [term 1 LEARNER]: Replica starting. Triggering 0 pending ops. Active config: opid_index: 2 OBSOLETE_local: false peers { permanent_uuid: "e5175fb7495541b6b00f73576940abdb" member_type: VOTER last_known_addr { host: "127.1.126.193" port: 36659 } attrs { replace: true } } peers { permanent_uuid: "f99dcd3dcd174c09bce7fe71bf701876" member_type: VOTER last_known_addr { host: "127.1.126.194" port: 37783 } } peers { permanent_uuid: "58a1dc94bbb74008acd4107ccd9b9a41" member_type: VOTER last_known_addr { host: "127.1.126.195" port: 40727 } } peers { permanent_uuid: "7d5383515bb74e25a42662cb673d399c" member_type: NON_VOTER last_known_addr { host: "127.1.126.196" port: 38035 } attrs { promote: true } }
I20260601 13:31:18.275952  4987 raft_consensus.cc:740] T 9167c1e8c01c4bc2908784b5c8176951 P 7d5383515bb74e25a42662cb673d399c [term 1 LEARNER]: Becoming Follower/Learner. State: Replica: 7d5383515bb74e25a42662cb673d399c, State: Initialized, Role: LEARNER
I20260601 13:31:18.276072  4987 consensus_queue.cc:260] T 9167c1e8c01c4bc2908784b5c8176951 P 7d5383515bb74e25a42662cb673d399c [NON_LEADER]: Queue going to NON_LEADER mode. State: All replicated index: 0, Majority replicated index: 0, Committed index: 2, Last appended: 1.2, Last appended by leader: 2, Current term: 0, Majority size: -1, State: 0, Mode: NON_LEADER, active raft config: opid_index: 2 OBSOLETE_local: false peers { permanent_uuid: "e5175fb7495541b6b00f73576940abdb" member_type: VOTER last_known_addr { host: "127.1.126.193" port: 36659 } attrs { replace: true } } peers { permanent_uuid: "f99dcd3dcd174c09bce7fe71bf701876" member_type: VOTER last_known_addr { host: "127.1.126.194" port: 37783 } } peers { permanent_uuid: "58a1dc94bbb74008acd4107ccd9b9a41" member_type: VOTER last_known_addr { host: "127.1.126.195" port: 40727 } } peers { permanent_uuid: "7d5383515bb74e25a42662cb673d399c" member_type: NON_VOTER last_known_addr { host: "127.1.126.196" port: 38035 } attrs { promote: true } }
I20260601 13:31:18.276381  4987 ts_tablet_manager.cc:1434] T 9167c1e8c01c4bc2908784b5c8176951 P 7d5383515bb74e25a42662cb673d399c: Time spent starting tablet: real 0.001s	user 0.002s	sys 0.000s
I20260601 13:31:18.277307  4724 tablet_copy_service.cc:342] P 58a1dc94bbb74008acd4107ccd9b9a41: Request end of tablet copy session 7d5383515bb74e25a42662cb673d399c-9167c1e8c01c4bc2908784b5c8176951 received from {username='slave'} at 127.0.0.1:36398
I20260601 13:31:18.277407  4724 tablet_copy_service.cc:434] P 58a1dc94bbb74008acd4107ccd9b9a41: ending tablet copy session 7d5383515bb74e25a42662cb673d399c-9167c1e8c01c4bc2908784b5c8176951 on tablet 9167c1e8c01c4bc2908784b5c8176951 with peer 7d5383515bb74e25a42662cb673d399c
I20260601 13:31:18.541870  4855 raft_consensus.cc:1217] T d8a306ea79c14314bd523a37a1b9eac6 P 7d5383515bb74e25a42662cb673d399c [term 1 LEARNER]: Deduplicated request from leader. Original: 1.1->[1.2-1.2]   Dedup: 1.2->[]
I20260601 13:31:18.622747  4513 auto_leader_rebalancer.cc:140] leader rebalance for table range_aware_rebalance_new_range
I20260601 13:31:18.629472  4855 raft_consensus.cc:1217] T c4b4309a72154663af1d0da317c86a85 P 7d5383515bb74e25a42662cb673d399c [term 1 LEARNER]: Deduplicated request from leader. Original: 1.1->[1.2-1.2]   Dedup: 1.2->[]
I20260601 13:31:18.633037  4713 tablet_service.cc:2072] Received LeaderStepDown RPC: tablet_id: "8ea856fb10f74feab6d78bd87541646f"
dest_uuid: "58a1dc94bbb74008acd4107ccd9b9a41"
mode: GRACEFUL
new_leader_uuid: "e5175fb7495541b6b00f73576940abdb"
 from {username='slave'} at 127.0.0.1:36410
I20260601 13:31:18.633240  4713 raft_consensus.cc:606] T 8ea856fb10f74feab6d78bd87541646f P 58a1dc94bbb74008acd4107ccd9b9a41 [term 1 LEADER]: Received request to transfer leadership to TS e5175fb7495541b6b00f73576940abdb
I20260601 13:31:18.634560  4713 tablet_service.cc:2072] Received LeaderStepDown RPC: tablet_id: "9167c1e8c01c4bc2908784b5c8176951"
dest_uuid: "58a1dc94bbb74008acd4107ccd9b9a41"
mode: GRACEFUL
new_leader_uuid: "e5175fb7495541b6b00f73576940abdb"
 from {username='slave'} at 127.0.0.1:36410
I20260601 13:31:18.634730  4713 raft_consensus.cc:606] T 9167c1e8c01c4bc2908784b5c8176951 P 58a1dc94bbb74008acd4107ccd9b9a41 [term 1 LEADER]: Received request to transfer leadership to TS e5175fb7495541b6b00f73576940abdb
I20260601 13:31:18.642834  4639 tablet_service.cc:2072] Received LeaderStepDown RPC: tablet_id: "a440bbe1842c48ba8454b9b2d7e0ba62"
dest_uuid: "f99dcd3dcd174c09bce7fe71bf701876"
mode: GRACEFUL
new_leader_uuid: "e5175fb7495541b6b00f73576940abdb"
 from {username='slave'} at 127.0.0.1:57138
I20260601 13:31:18.643051  4639 raft_consensus.cc:606] T a440bbe1842c48ba8454b9b2d7e0ba62 P f99dcd3dcd174c09bce7fe71bf701876 [term 1 LEADER]: Received request to transfer leadership to TS e5175fb7495541b6b00f73576940abdb
I20260601 13:31:18.643692  4513 auto_leader_rebalancer.cc:388] table: range_aware_rebalance_new_range, leader rebalance finish, leader transfer count: 3
I20260601 13:31:18.643914  4513 auto_leader_rebalancer.cc:451] All tables' leader rebalancing finished this round
I20260601 13:31:18.690562  4855 raft_consensus.cc:1217] T 9167c1e8c01c4bc2908784b5c8176951 P 7d5383515bb74e25a42662cb673d399c [term 1 LEARNER]: Deduplicated request from leader. Original: 1.1->[1.2-1.2]   Dedup: 1.2->[]
I20260601 13:31:18.754321  4855 raft_consensus.cc:1217] T 3bef7b223bfe47a8b2b594f7fd4f4ada P 7d5383515bb74e25a42662cb673d399c [term 1 LEARNER]: Deduplicated request from leader. Original: 1.1->[1.2-1.2]   Dedup: 1.2->[]
I20260601 13:31:18.805301  4996 raft_consensus.cc:993] T 8ea856fb10f74feab6d78bd87541646f P 58a1dc94bbb74008acd4107ccd9b9a41: : Instructing follower e5175fb7495541b6b00f73576940abdb to start an election
I20260601 13:31:18.805501  4996 raft_consensus.cc:1081] T 8ea856fb10f74feab6d78bd87541646f P 58a1dc94bbb74008acd4107ccd9b9a41 [term 1 LEADER]: Signalling peer e5175fb7495541b6b00f73576940abdb to start an election
I20260601 13:31:18.806070  4562 tablet_service.cc:2044] Received Run Leader Election RPC: tablet_id: "8ea856fb10f74feab6d78bd87541646f"
dest_uuid: "e5175fb7495541b6b00f73576940abdb"
 from {username='slave'} at 127.0.0.1:59152
I20260601 13:31:18.806214  4562 raft_consensus.cc:493] T 8ea856fb10f74feab6d78bd87541646f P e5175fb7495541b6b00f73576940abdb [term 1 FOLLOWER]: Starting forced leader election (received explicit request)
I20260601 13:31:18.806309  4562 raft_consensus.cc:3060] T 8ea856fb10f74feab6d78bd87541646f P e5175fb7495541b6b00f73576940abdb [term 1 FOLLOWER]: Advancing to term 2
I20260601 13:31:18.807209  4562 raft_consensus.cc:515] T 8ea856fb10f74feab6d78bd87541646f P e5175fb7495541b6b00f73576940abdb [term 2 FOLLOWER]: Starting forced leader election with config: opid_index: -1 OBSOLETE_local: false peers { permanent_uuid: "58a1dc94bbb74008acd4107ccd9b9a41" member_type: VOTER last_known_addr { host: "127.1.126.195" port: 40727 } } peers { permanent_uuid: "7d5383515bb74e25a42662cb673d399c" member_type: VOTER last_known_addr { host: "127.1.126.196" port: 38035 } } peers { permanent_uuid: "e5175fb7495541b6b00f73576940abdb" member_type: VOTER last_known_addr { host: "127.1.126.193" port: 36659 } }
I20260601 13:31:18.807796  4562 leader_election.cc:290] T 8ea856fb10f74feab6d78bd87541646f P e5175fb7495541b6b00f73576940abdb [CANDIDATE]: Term 2 election: Requested vote from peers 58a1dc94bbb74008acd4107ccd9b9a41 (127.1.126.195:40727), 7d5383515bb74e25a42662cb673d399c (127.1.126.196:38035)
I20260601 13:31:18.808194  4713 tablet_service.cc:1917] Received RequestConsensusVote() RPC: tablet_id: "8ea856fb10f74feab6d78bd87541646f" candidate_uuid: "e5175fb7495541b6b00f73576940abdb" candidate_term: 2 candidate_status { last_received { term: 1 index: 1 } } ignore_live_leader: true dest_uuid: "58a1dc94bbb74008acd4107ccd9b9a41"
I20260601 13:31:18.808314  4713 raft_consensus.cc:3055] T 8ea856fb10f74feab6d78bd87541646f P 58a1dc94bbb74008acd4107ccd9b9a41 [term 1 LEADER]: Stepping down as leader of term 1
I20260601 13:31:18.808375  4713 raft_consensus.cc:740] T 8ea856fb10f74feab6d78bd87541646f P 58a1dc94bbb74008acd4107ccd9b9a41 [term 1 LEADER]: Becoming Follower/Learner. State: Replica: 58a1dc94bbb74008acd4107ccd9b9a41, State: Running, Role: LEADER
I20260601 13:31:18.808542  4713 consensus_queue.cc:260] T 8ea856fb10f74feab6d78bd87541646f P 58a1dc94bbb74008acd4107ccd9b9a41 [NON_LEADER]: Queue going to NON_LEADER mode. State: All replicated index: 0, Majority replicated index: 1, Committed index: 1, Last appended: 1.1, Last appended by leader: 1, Current term: 1, Majority size: -1, State: 0, Mode: NON_LEADER, active raft config: opid_index: -1 OBSOLETE_local: false peers { permanent_uuid: "58a1dc94bbb74008acd4107ccd9b9a41" member_type: VOTER last_known_addr { host: "127.1.126.195" port: 40727 } } peers { permanent_uuid: "7d5383515bb74e25a42662cb673d399c" member_type: VOTER last_known_addr { host: "127.1.126.196" port: 38035 } } peers { permanent_uuid: "e5175fb7495541b6b00f73576940abdb" member_type: VOTER last_known_addr { host: "127.1.126.193" port: 36659 } }
I20260601 13:31:18.808753  4713 raft_consensus.cc:3060] T 8ea856fb10f74feab6d78bd87541646f P 58a1dc94bbb74008acd4107ccd9b9a41 [term 1 FOLLOWER]: Advancing to term 2
I20260601 13:31:18.809793  4713 raft_consensus.cc:2468] T 8ea856fb10f74feab6d78bd87541646f P 58a1dc94bbb74008acd4107ccd9b9a41 [term 2 FOLLOWER]: Leader election vote request: Granting yes vote for candidate e5175fb7495541b6b00f73576940abdb in term 2.
I20260601 13:31:18.810138  4525 leader_election.cc:304] T 8ea856fb10f74feab6d78bd87541646f P e5175fb7495541b6b00f73576940abdb [CANDIDATE]: Term 2 election: Election decided. Result: candidate won. Election summary: received 2 responses out of 3 voters: 2 yes votes; 0 no votes. yes voters: 58a1dc94bbb74008acd4107ccd9b9a41, e5175fb7495541b6b00f73576940abdb; no voters: 
I20260601 13:31:18.810359  4768 raft_consensus.cc:2804] T 8ea856fb10f74feab6d78bd87541646f P e5175fb7495541b6b00f73576940abdb [term 2 FOLLOWER]: Leader election won for term 2
I20260601 13:31:18.810570  4768 raft_consensus.cc:697] T 8ea856fb10f74feab6d78bd87541646f P e5175fb7495541b6b00f73576940abdb [term 2 LEADER]: Becoming Leader. State: Replica: e5175fb7495541b6b00f73576940abdb, State: Running, Role: LEADER
I20260601 13:31:18.810729  4768 consensus_queue.cc:237] T 8ea856fb10f74feab6d78bd87541646f P e5175fb7495541b6b00f73576940abdb [LEADER]: Queue going to LEADER mode. State: All replicated index: 0, Majority replicated index: 1, Committed index: 1, Last appended: 1.1, Last appended by leader: 1, Current term: 2, Majority size: 2, State: 0, Mode: LEADER, active raft config: opid_index: -1 OBSOLETE_local: false peers { permanent_uuid: "58a1dc94bbb74008acd4107ccd9b9a41" member_type: VOTER last_known_addr { host: "127.1.126.195" port: 40727 } } peers { permanent_uuid: "7d5383515bb74e25a42662cb673d399c" member_type: VOTER last_known_addr { host: "127.1.126.196" port: 38035 } } peers { permanent_uuid: "e5175fb7495541b6b00f73576940abdb" member_type: VOTER last_known_addr { host: "127.1.126.193" port: 36659 } }
I20260601 13:31:18.812728  4455 catalog_manager.cc:5696] T 8ea856fb10f74feab6d78bd87541646f P e5175fb7495541b6b00f73576940abdb reported cstate change: term changed from 1 to 2, leader changed from 58a1dc94bbb74008acd4107ccd9b9a41 (127.1.126.195) to e5175fb7495541b6b00f73576940abdb (127.1.126.193). New cstate: current_term: 2 leader_uuid: "e5175fb7495541b6b00f73576940abdb" committed_config { opid_index: -1 OBSOLETE_local: false peers { permanent_uuid: "58a1dc94bbb74008acd4107ccd9b9a41" member_type: VOTER last_known_addr { host: "127.1.126.195" port: 40727 } health_report { overall_health: UNKNOWN } } peers { permanent_uuid: "7d5383515bb74e25a42662cb673d399c" member_type: VOTER last_known_addr { host: "127.1.126.196" port: 38035 } health_report { overall_health: UNKNOWN } } peers { permanent_uuid: "e5175fb7495541b6b00f73576940abdb" member_type: VOTER last_known_addr { host: "127.1.126.193" port: 36659 } health_report { overall_health: HEALTHY } } }
I20260601 13:31:18.812888  4855 tablet_service.cc:1917] Received RequestConsensusVote() RPC: tablet_id: "8ea856fb10f74feab6d78bd87541646f" candidate_uuid: "e5175fb7495541b6b00f73576940abdb" candidate_term: 2 candidate_status { last_received { term: 1 index: 1 } } ignore_live_leader: true dest_uuid: "7d5383515bb74e25a42662cb673d399c"
I20260601 13:31:18.813015  4855 raft_consensus.cc:3060] T 8ea856fb10f74feab6d78bd87541646f P 7d5383515bb74e25a42662cb673d399c [term 1 FOLLOWER]: Advancing to term 2
I20260601 13:31:18.814015  4855 raft_consensus.cc:2468] T 8ea856fb10f74feab6d78bd87541646f P 7d5383515bb74e25a42662cb673d399c [term 2 FOLLOWER]: Leader election vote request: Granting yes vote for candidate e5175fb7495541b6b00f73576940abdb in term 2.
I20260601 13:31:19.018848  4802 raft_consensus.cc:993] T a440bbe1842c48ba8454b9b2d7e0ba62 P f99dcd3dcd174c09bce7fe71bf701876: : Instructing follower e5175fb7495541b6b00f73576940abdb to start an election
I20260601 13:31:19.018991  4802 raft_consensus.cc:1081] T a440bbe1842c48ba8454b9b2d7e0ba62 P f99dcd3dcd174c09bce7fe71bf701876 [term 1 LEADER]: Signalling peer e5175fb7495541b6b00f73576940abdb to start an election
I20260601 13:31:19.019619  4562 tablet_service.cc:2044] Received Run Leader Election RPC: tablet_id: "a440bbe1842c48ba8454b9b2d7e0ba62"
dest_uuid: "e5175fb7495541b6b00f73576940abdb"
 from {username='slave'} at 127.0.0.1:59158
I20260601 13:31:19.019804  4562 raft_consensus.cc:493] T a440bbe1842c48ba8454b9b2d7e0ba62 P e5175fb7495541b6b00f73576940abdb [term 1 FOLLOWER]: Starting forced leader election (received explicit request)
I20260601 13:31:19.019903  4562 raft_consensus.cc:3060] T a440bbe1842c48ba8454b9b2d7e0ba62 P e5175fb7495541b6b00f73576940abdb [term 1 FOLLOWER]: Advancing to term 2
I20260601 13:31:19.020865  4562 raft_consensus.cc:515] T a440bbe1842c48ba8454b9b2d7e0ba62 P e5175fb7495541b6b00f73576940abdb [term 2 FOLLOWER]: Starting forced leader election with config: opid_index: -1 OBSOLETE_local: false peers { permanent_uuid: "7d5383515bb74e25a42662cb673d399c" member_type: VOTER last_known_addr { host: "127.1.126.196" port: 38035 } } peers { permanent_uuid: "f99dcd3dcd174c09bce7fe71bf701876" member_type: VOTER last_known_addr { host: "127.1.126.194" port: 37783 } } peers { permanent_uuid: "e5175fb7495541b6b00f73576940abdb" member_type: VOTER last_known_addr { host: "127.1.126.193" port: 36659 } }
I20260601 13:31:19.021339  4562 leader_election.cc:290] T a440bbe1842c48ba8454b9b2d7e0ba62 P e5175fb7495541b6b00f73576940abdb [CANDIDATE]: Term 2 election: Requested vote from peers 7d5383515bb74e25a42662cb673d399c (127.1.126.196:38035), f99dcd3dcd174c09bce7fe71bf701876 (127.1.126.194:37783)
I20260601 13:31:19.021658  4855 tablet_service.cc:1917] Received RequestConsensusVote() RPC: tablet_id: "a440bbe1842c48ba8454b9b2d7e0ba62" candidate_uuid: "e5175fb7495541b6b00f73576940abdb" candidate_term: 2 candidate_status { last_received { term: 1 index: 1 } } ignore_live_leader: true dest_uuid: "7d5383515bb74e25a42662cb673d399c"
I20260601 13:31:19.021785  4855 raft_consensus.cc:3060] T a440bbe1842c48ba8454b9b2d7e0ba62 P 7d5383515bb74e25a42662cb673d399c [term 1 FOLLOWER]: Advancing to term 2
I20260601 13:31:19.021790  4639 tablet_service.cc:1917] Received RequestConsensusVote() RPC: tablet_id: "a440bbe1842c48ba8454b9b2d7e0ba62" candidate_uuid: "e5175fb7495541b6b00f73576940abdb" candidate_term: 2 candidate_status { last_received { term: 1 index: 1 } } ignore_live_leader: true dest_uuid: "f99dcd3dcd174c09bce7fe71bf701876"
I20260601 13:31:19.021936  4639 raft_consensus.cc:3055] T a440bbe1842c48ba8454b9b2d7e0ba62 P f99dcd3dcd174c09bce7fe71bf701876 [term 1 LEADER]: Stepping down as leader of term 1
I20260601 13:31:19.022013  4639 raft_consensus.cc:740] T a440bbe1842c48ba8454b9b2d7e0ba62 P f99dcd3dcd174c09bce7fe71bf701876 [term 1 LEADER]: Becoming Follower/Learner. State: Replica: f99dcd3dcd174c09bce7fe71bf701876, State: Running, Role: LEADER
I20260601 13:31:19.022202  4639 consensus_queue.cc:260] T a440bbe1842c48ba8454b9b2d7e0ba62 P f99dcd3dcd174c09bce7fe71bf701876 [NON_LEADER]: Queue going to NON_LEADER mode. State: All replicated index: 0, Majority replicated index: 1, Committed index: 1, Last appended: 1.1, Last appended by leader: 1, Current term: 1, Majority size: -1, State: 0, Mode: NON_LEADER, active raft config: opid_index: -1 OBSOLETE_local: false peers { permanent_uuid: "7d5383515bb74e25a42662cb673d399c" member_type: VOTER last_known_addr { host: "127.1.126.196" port: 38035 } } peers { permanent_uuid: "f99dcd3dcd174c09bce7fe71bf701876" member_type: VOTER last_known_addr { host: "127.1.126.194" port: 37783 } } peers { permanent_uuid: "e5175fb7495541b6b00f73576940abdb" member_type: VOTER last_known_addr { host: "127.1.126.193" port: 36659 } }
I20260601 13:31:19.022414  4639 raft_consensus.cc:3060] T a440bbe1842c48ba8454b9b2d7e0ba62 P f99dcd3dcd174c09bce7fe71bf701876 [term 1 FOLLOWER]: Advancing to term 2
