I20260601 13:31:48.992275 24709 ts_tablet_manager.cc:1403] T 03b7be0c9f2240a7821512be29816303 P 491e889590fc499ab35429890b3c905c: Time spent bootstrapping tablet: real 0.003s	user 0.000s	sys 0.002s
I20260601 13:31:48.992755 24709 raft_consensus.cc:359] T 03b7be0c9f2240a7821512be29816303 P 491e889590fc499ab35429890b3c905c [term 0 FOLLOWER]: Replica starting. Triggering 0 pending ops. Active config: opid_index: -1 OBSOLETE_local: false peers { permanent_uuid: "452cc828b00a4f88a6abea36aa83b3a9" member_type: VOTER last_known_addr { host: "127.19.157.129" port: 45431 } } peers { permanent_uuid: "491e889590fc499ab35429890b3c905c" member_type: VOTER last_known_addr { host: "127.19.157.130" port: 40703 } } peers { permanent_uuid: "7a21677efd9a4a59b5c3afb361f79e46" member_type: VOTER last_known_addr { host: "127.19.157.131" port: 36595 } }
I20260601 13:31:48.992872 24711 tablet_bootstrap.cc:492] T 40ffc70838144e77bed51027b57aa267 P 7a21677efd9a4a59b5c3afb361f79e46: No bootstrap required, opened a new log
I20260601 13:31:48.992897 24709 raft_consensus.cc:385] T 03b7be0c9f2240a7821512be29816303 P 491e889590fc499ab35429890b3c905c [term 0 FOLLOWER]: Consensus starting up: Expiring failure detector timer to make a prompt election more likely
I20260601 13:31:48.992935 24709 raft_consensus.cc:740] T 03b7be0c9f2240a7821512be29816303 P 491e889590fc499ab35429890b3c905c [term 0 FOLLOWER]: Becoming Follower/Learner. State: Replica: 491e889590fc499ab35429890b3c905c, State: Initialized, Role: FOLLOWER
I20260601 13:31:48.992964 24711 ts_tablet_manager.cc:1403] T 40ffc70838144e77bed51027b57aa267 P 7a21677efd9a4a59b5c3afb361f79e46: Time spent bootstrapping tablet: real 0.002s	user 0.002s	sys 0.000s
I20260601 13:31:48.993044 24709 consensus_queue.cc:260] T 03b7be0c9f2240a7821512be29816303 P 491e889590fc499ab35429890b3c905c [NON_LEADER]: Queue going to NON_LEADER mode. State: All replicated index: 0, Majority replicated index: 0, Committed index: 0, Last appended: 0.0, Last appended by leader: 0, Current term: 0, Majority size: -1, State: 0, Mode: NON_LEADER, active raft config: opid_index: -1 OBSOLETE_local: false peers { permanent_uuid: "452cc828b00a4f88a6abea36aa83b3a9" member_type: VOTER last_known_addr { host: "127.19.157.129" port: 45431 } } peers { permanent_uuid: "491e889590fc499ab35429890b3c905c" member_type: VOTER last_known_addr { host: "127.19.157.130" port: 40703 } } peers { permanent_uuid: "7a21677efd9a4a59b5c3afb361f79e46" member_type: VOTER last_known_addr { host: "127.19.157.131" port: 36595 } }
I20260601 13:31:48.993336 24709 ts_tablet_manager.cc:1434] T 03b7be0c9f2240a7821512be29816303 P 491e889590fc499ab35429890b3c905c: Time spent starting tablet: real 0.001s	user 0.000s	sys 0.001s
I20260601 13:31:48.993402 24711 raft_consensus.cc:359] T 40ffc70838144e77bed51027b57aa267 P 7a21677efd9a4a59b5c3afb361f79e46 [term 0 FOLLOWER]: Replica starting. Triggering 0 pending ops. Active config: opid_index: -1 OBSOLETE_local: false peers { permanent_uuid: "452cc828b00a4f88a6abea36aa83b3a9" member_type: VOTER last_known_addr { host: "127.19.157.129" port: 45431 } } peers { permanent_uuid: "491e889590fc499ab35429890b3c905c" member_type: VOTER last_known_addr { host: "127.19.157.130" port: 40703 } } peers { permanent_uuid: "7a21677efd9a4a59b5c3afb361f79e46" member_type: VOTER last_known_addr { host: "127.19.157.131" port: 36595 } }
I20260601 13:31:48.993495 24711 raft_consensus.cc:385] T 40ffc70838144e77bed51027b57aa267 P 7a21677efd9a4a59b5c3afb361f79e46 [term 0 FOLLOWER]: Consensus starting up: Expiring failure detector timer to make a prompt election more likely
I20260601 13:31:48.993508 24709 tablet_bootstrap.cc:492] T 3c5169e7d64d49e98d2fb2c79ec02f5f P 491e889590fc499ab35429890b3c905c: Bootstrap starting.
I20260601 13:31:48.993530 24711 raft_consensus.cc:740] T 40ffc70838144e77bed51027b57aa267 P 7a21677efd9a4a59b5c3afb361f79e46 [term 0 FOLLOWER]: Becoming Follower/Learner. State: Replica: 7a21677efd9a4a59b5c3afb361f79e46, State: Initialized, Role: FOLLOWER
I20260601 13:31:48.993664 24711 consensus_queue.cc:260] T 40ffc70838144e77bed51027b57aa267 P 7a21677efd9a4a59b5c3afb361f79e46 [NON_LEADER]: Queue going to NON_LEADER mode. State: All replicated index: 0, Majority replicated index: 0, Committed index: 0, Last appended: 0.0, Last appended by leader: 0, Current term: 0, Majority size: -1, State: 0, Mode: NON_LEADER, active raft config: opid_index: -1 OBSOLETE_local: false peers { permanent_uuid: "452cc828b00a4f88a6abea36aa83b3a9" member_type: VOTER last_known_addr { host: "127.19.157.129" port: 45431 } } peers { permanent_uuid: "491e889590fc499ab35429890b3c905c" member_type: VOTER last_known_addr { host: "127.19.157.130" port: 40703 } } peers { permanent_uuid: "7a21677efd9a4a59b5c3afb361f79e46" member_type: VOTER last_known_addr { host: "127.19.157.131" port: 36595 } }
I20260601 13:31:48.993930 24711 ts_tablet_manager.cc:1434] T 40ffc70838144e77bed51027b57aa267 P 7a21677efd9a4a59b5c3afb361f79e46: Time spent starting tablet: real 0.001s	user 0.000s	sys 0.000s
I20260601 13:31:48.994107 24711 tablet_bootstrap.cc:492] T 43d7fb63af604d80bc0569ede6b3e8e1 P 7a21677efd9a4a59b5c3afb361f79e46: Bootstrap starting.
I20260601 13:31:48.994575 24709 tablet_bootstrap.cc:654] T 3c5169e7d64d49e98d2fb2c79ec02f5f P 491e889590fc499ab35429890b3c905c: Neither blocks nor log segments found. Creating new log.
I20260601 13:31:48.995117 24711 tablet_bootstrap.cc:654] T 43d7fb63af604d80bc0569ede6b3e8e1 P 7a21677efd9a4a59b5c3afb361f79e46: Neither blocks nor log segments found. Creating new log.
I20260601 13:31:48.995599 24709 tablet_bootstrap.cc:492] T 3c5169e7d64d49e98d2fb2c79ec02f5f P 491e889590fc499ab35429890b3c905c: No bootstrap required, opened a new log
I20260601 13:31:48.995698 24709 ts_tablet_manager.cc:1403] T 3c5169e7d64d49e98d2fb2c79ec02f5f P 491e889590fc499ab35429890b3c905c: Time spent bootstrapping tablet: real 0.002s	user 0.002s	sys 0.000s
I20260601 13:31:48.996114 24709 raft_consensus.cc:359] T 3c5169e7d64d49e98d2fb2c79ec02f5f P 491e889590fc499ab35429890b3c905c [term 0 FOLLOWER]: Replica starting. Triggering 0 pending ops. Active config: opid_index: -1 OBSOLETE_local: false peers { permanent_uuid: "452cc828b00a4f88a6abea36aa83b3a9" member_type: VOTER last_known_addr { host: "127.19.157.129" port: 45431 } } peers { permanent_uuid: "491e889590fc499ab35429890b3c905c" member_type: VOTER last_known_addr { host: "127.19.157.130" port: 40703 } } peers { permanent_uuid: "7a21677efd9a4a59b5c3afb361f79e46" member_type: VOTER last_known_addr { host: "127.19.157.131" port: 36595 } }
I20260601 13:31:48.996230 24709 raft_consensus.cc:385] T 3c5169e7d64d49e98d2fb2c79ec02f5f P 491e889590fc499ab35429890b3c905c [term 0 FOLLOWER]: Consensus starting up: Expiring failure detector timer to make a prompt election more likely
I20260601 13:31:48.996316 24709 raft_consensus.cc:740] T 3c5169e7d64d49e98d2fb2c79ec02f5f P 491e889590fc499ab35429890b3c905c [term 0 FOLLOWER]: Becoming Follower/Learner. State: Replica: 491e889590fc499ab35429890b3c905c, State: Initialized, Role: FOLLOWER
I20260601 13:31:48.996254 24711 tablet_bootstrap.cc:492] T 43d7fb63af604d80bc0569ede6b3e8e1 P 7a21677efd9a4a59b5c3afb361f79e46: No bootstrap required, opened a new log
I20260601 13:31:48.996531 24711 ts_tablet_manager.cc:1403] T 43d7fb63af604d80bc0569ede6b3e8e1 P 7a21677efd9a4a59b5c3afb361f79e46: Time spent bootstrapping tablet: real 0.002s	user 0.002s	sys 0.000s
I20260601 13:31:48.996505 24709 consensus_queue.cc:260] T 3c5169e7d64d49e98d2fb2c79ec02f5f P 491e889590fc499ab35429890b3c905c [NON_LEADER]: Queue going to NON_LEADER mode. State: All replicated index: 0, Majority replicated index: 0, Committed index: 0, Last appended: 0.0, Last appended by leader: 0, Current term: 0, Majority size: -1, State: 0, Mode: NON_LEADER, active raft config: opid_index: -1 OBSOLETE_local: false peers { permanent_uuid: "452cc828b00a4f88a6abea36aa83b3a9" member_type: VOTER last_known_addr { host: "127.19.157.129" port: 45431 } } peers { permanent_uuid: "491e889590fc499ab35429890b3c905c" member_type: VOTER last_known_addr { host: "127.19.157.130" port: 40703 } } peers { permanent_uuid: "7a21677efd9a4a59b5c3afb361f79e46" member_type: VOTER last_known_addr { host: "127.19.157.131" port: 36595 } }
I20260601 13:31:48.996793 24709 ts_tablet_manager.cc:1434] T 3c5169e7d64d49e98d2fb2c79ec02f5f P 491e889590fc499ab35429890b3c905c: Time spent starting tablet: real 0.001s	user 0.001s	sys 0.000s
I20260601 13:31:48.997001 24709 tablet_bootstrap.cc:492] T 40ffc70838144e77bed51027b57aa267 P 491e889590fc499ab35429890b3c905c: Bootstrap starting.
I20260601 13:31:48.997112 24711 raft_consensus.cc:359] T 43d7fb63af604d80bc0569ede6b3e8e1 P 7a21677efd9a4a59b5c3afb361f79e46 [term 0 FOLLOWER]: Replica starting. Triggering 0 pending ops. Active config: opid_index: -1 OBSOLETE_local: false peers { permanent_uuid: "452cc828b00a4f88a6abea36aa83b3a9" member_type: VOTER last_known_addr { host: "127.19.157.129" port: 45431 } } peers { permanent_uuid: "491e889590fc499ab35429890b3c905c" member_type: VOTER last_known_addr { host: "127.19.157.130" port: 40703 } } peers { permanent_uuid: "7a21677efd9a4a59b5c3afb361f79e46" member_type: VOTER last_known_addr { host: "127.19.157.131" port: 36595 } }
I20260601 13:31:48.997237 24711 raft_consensus.cc:385] T 43d7fb63af604d80bc0569ede6b3e8e1 P 7a21677efd9a4a59b5c3afb361f79e46 [term 0 FOLLOWER]: Consensus starting up: Expiring failure detector timer to make a prompt election more likely
I20260601 13:31:48.997270 24711 raft_consensus.cc:740] T 43d7fb63af604d80bc0569ede6b3e8e1 P 7a21677efd9a4a59b5c3afb361f79e46 [term 0 FOLLOWER]: Becoming Follower/Learner. State: Replica: 7a21677efd9a4a59b5c3afb361f79e46, State: Initialized, Role: FOLLOWER
I20260601 13:31:48.997382 24711 consensus_queue.cc:260] T 43d7fb63af604d80bc0569ede6b3e8e1 P 7a21677efd9a4a59b5c3afb361f79e46 [NON_LEADER]: Queue going to NON_LEADER mode. State: All replicated index: 0, Majority replicated index: 0, Committed index: 0, Last appended: 0.0, Last appended by leader: 0, Current term: 0, Majority size: -1, State: 0, Mode: NON_LEADER, active raft config: opid_index: -1 OBSOLETE_local: false peers { permanent_uuid: "452cc828b00a4f88a6abea36aa83b3a9" member_type: VOTER last_known_addr { host: "127.19.157.129" port: 45431 } } peers { permanent_uuid: "491e889590fc499ab35429890b3c905c" member_type: VOTER last_known_addr { host: "127.19.157.130" port: 40703 } } peers { permanent_uuid: "7a21677efd9a4a59b5c3afb361f79e46" member_type: VOTER last_known_addr { host: "127.19.157.131" port: 36595 } }
I20260601 13:31:48.997658 24711 ts_tablet_manager.cc:1434] T 43d7fb63af604d80bc0569ede6b3e8e1 P 7a21677efd9a4a59b5c3afb361f79e46: Time spent starting tablet: real 0.001s	user 0.000s	sys 0.000s
I20260601 13:31:48.997879 24711 tablet_bootstrap.cc:492] T 03b7be0c9f2240a7821512be29816303 P 7a21677efd9a4a59b5c3afb361f79e46: Bootstrap starting.
I20260601 13:31:48.998054 24709 tablet_bootstrap.cc:654] T 40ffc70838144e77bed51027b57aa267 P 491e889590fc499ab35429890b3c905c: Neither blocks nor log segments found. Creating new log.
I20260601 13:31:48.999028 24711 tablet_bootstrap.cc:654] T 03b7be0c9f2240a7821512be29816303 P 7a21677efd9a4a59b5c3afb361f79e46: Neither blocks nor log segments found. Creating new log.
I20260601 13:31:48.999419 24709 tablet_bootstrap.cc:492] T 40ffc70838144e77bed51027b57aa267 P 491e889590fc499ab35429890b3c905c: No bootstrap required, opened a new log
I20260601 13:31:48.999539 24709 ts_tablet_manager.cc:1403] T 40ffc70838144e77bed51027b57aa267 P 491e889590fc499ab35429890b3c905c: Time spent bootstrapping tablet: real 0.003s	user 0.002s	sys 0.000s
I20260601 13:31:49.000016 24709 raft_consensus.cc:359] T 40ffc70838144e77bed51027b57aa267 P 491e889590fc499ab35429890b3c905c [term 0 FOLLOWER]: Replica starting. Triggering 0 pending ops. Active config: opid_index: -1 OBSOLETE_local: false peers { permanent_uuid: "452cc828b00a4f88a6abea36aa83b3a9" member_type: VOTER last_known_addr { host: "127.19.157.129" port: 45431 } } peers { permanent_uuid: "491e889590fc499ab35429890b3c905c" member_type: VOTER last_known_addr { host: "127.19.157.130" port: 40703 } } peers { permanent_uuid: "7a21677efd9a4a59b5c3afb361f79e46" member_type: VOTER last_known_addr { host: "127.19.157.131" port: 36595 } }
I20260601 13:31:49.000142 24709 raft_consensus.cc:385] T 40ffc70838144e77bed51027b57aa267 P 491e889590fc499ab35429890b3c905c [term 0 FOLLOWER]: Consensus starting up: Expiring failure detector timer to make a prompt election more likely
I20260601 13:31:49.000223 24709 raft_consensus.cc:740] T 40ffc70838144e77bed51027b57aa267 P 491e889590fc499ab35429890b3c905c [term 0 FOLLOWER]: Becoming Follower/Learner. State: Replica: 491e889590fc499ab35429890b3c905c, State: Initialized, Role: FOLLOWER
I20260601 13:31:49.000312 24710 tablet_bootstrap.cc:492] T 03b7be0c9f2240a7821512be29816303 P 452cc828b00a4f88a6abea36aa83b3a9: No bootstrap required, opened a new log
I20260601 13:31:49.000337 24711 tablet_bootstrap.cc:492] T 03b7be0c9f2240a7821512be29816303 P 7a21677efd9a4a59b5c3afb361f79e46: No bootstrap required, opened a new log
I20260601 13:31:49.000406 24710 ts_tablet_manager.cc:1403] T 03b7be0c9f2240a7821512be29816303 P 452cc828b00a4f88a6abea36aa83b3a9: Time spent bootstrapping tablet: real 0.013s	user 0.002s	sys 0.000s
I20260601 13:31:49.000357 24709 consensus_queue.cc:260] T 40ffc70838144e77bed51027b57aa267 P 491e889590fc499ab35429890b3c905c [NON_LEADER]: Queue going to NON_LEADER mode. State: All replicated index: 0, Majority replicated index: 0, Committed index: 0, Last appended: 0.0, Last appended by leader: 0, Current term: 0, Majority size: -1, State: 0, Mode: NON_LEADER, active raft config: opid_index: -1 OBSOLETE_local: false peers { permanent_uuid: "452cc828b00a4f88a6abea36aa83b3a9" member_type: VOTER last_known_addr { host: "127.19.157.129" port: 45431 } } peers { permanent_uuid: "491e889590fc499ab35429890b3c905c" member_type: VOTER last_known_addr { host: "127.19.157.130" port: 40703 } } peers { permanent_uuid: "7a21677efd9a4a59b5c3afb361f79e46" member_type: VOTER last_known_addr { host: "127.19.157.131" port: 36595 } }
I20260601 13:31:49.000429 24711 ts_tablet_manager.cc:1403] T 03b7be0c9f2240a7821512be29816303 P 7a21677efd9a4a59b5c3afb361f79e46: Time spent bootstrapping tablet: real 0.003s	user 0.002s	sys 0.000s
I20260601 13:31:49.000643 24709 ts_tablet_manager.cc:1434] T 40ffc70838144e77bed51027b57aa267 P 491e889590fc499ab35429890b3c905c: Time spent starting tablet: real 0.001s	user 0.001s	sys 0.000s
I20260601 13:31:49.000810 24709 tablet_bootstrap.cc:492] T c210b7342d0045fa992ad6099b8bea7c P 491e889590fc499ab35429890b3c905c: Bootstrap starting.
I20260601 13:31:49.000871 24710 raft_consensus.cc:359] T 03b7be0c9f2240a7821512be29816303 P 452cc828b00a4f88a6abea36aa83b3a9 [term 0 FOLLOWER]: Replica starting. Triggering 0 pending ops. Active config: opid_index: -1 OBSOLETE_local: false peers { permanent_uuid: "452cc828b00a4f88a6abea36aa83b3a9" member_type: VOTER last_known_addr { host: "127.19.157.129" port: 45431 } } peers { permanent_uuid: "491e889590fc499ab35429890b3c905c" member_type: VOTER last_known_addr { host: "127.19.157.130" port: 40703 } } peers { permanent_uuid: "7a21677efd9a4a59b5c3afb361f79e46" member_type: VOTER last_known_addr { host: "127.19.157.131" port: 36595 } }
I20260601 13:31:49.000948 24710 raft_consensus.cc:385] T 03b7be0c9f2240a7821512be29816303 P 452cc828b00a4f88a6abea36aa83b3a9 [term 0 FOLLOWER]: Consensus starting up: Expiring failure detector timer to make a prompt election more likely
I20260601 13:31:49.000905 24711 raft_consensus.cc:359] T 03b7be0c9f2240a7821512be29816303 P 7a21677efd9a4a59b5c3afb361f79e46 [term 0 FOLLOWER]: Replica starting. Triggering 0 pending ops. Active config: opid_index: -1 OBSOLETE_local: false peers { permanent_uuid: "452cc828b00a4f88a6abea36aa83b3a9" member_type: VOTER last_known_addr { host: "127.19.157.129" port: 45431 } } peers { permanent_uuid: "491e889590fc499ab35429890b3c905c" member_type: VOTER last_known_addr { host: "127.19.157.130" port: 40703 } } peers { permanent_uuid: "7a21677efd9a4a59b5c3afb361f79e46" member_type: VOTER last_known_addr { host: "127.19.157.131" port: 36595 } }
I20260601 13:31:49.000978 24710 raft_consensus.cc:740] T 03b7be0c9f2240a7821512be29816303 P 452cc828b00a4f88a6abea36aa83b3a9 [term 0 FOLLOWER]: Becoming Follower/Learner. State: Replica: 452cc828b00a4f88a6abea36aa83b3a9, State: Initialized, Role: FOLLOWER
I20260601 13:31:49.000996 24711 raft_consensus.cc:385] T 03b7be0c9f2240a7821512be29816303 P 7a21677efd9a4a59b5c3afb361f79e46 [term 0 FOLLOWER]: Consensus starting up: Expiring failure detector timer to make a prompt election more likely
I20260601 13:31:49.001029 24711 raft_consensus.cc:740] T 03b7be0c9f2240a7821512be29816303 P 7a21677efd9a4a59b5c3afb361f79e46 [term 0 FOLLOWER]: Becoming Follower/Learner. State: Replica: 7a21677efd9a4a59b5c3afb361f79e46, State: Initialized, Role: FOLLOWER
I20260601 13:31:49.001083 24710 consensus_queue.cc:260] T 03b7be0c9f2240a7821512be29816303 P 452cc828b00a4f88a6abea36aa83b3a9 [NON_LEADER]: Queue going to NON_LEADER mode. State: All replicated index: 0, Majority replicated index: 0, Committed index: 0, Last appended: 0.0, Last appended by leader: 0, Current term: 0, Majority size: -1, State: 0, Mode: NON_LEADER, active raft config: opid_index: -1 OBSOLETE_local: false peers { permanent_uuid: "452cc828b00a4f88a6abea36aa83b3a9" member_type: VOTER last_known_addr { host: "127.19.157.129" port: 45431 } } peers { permanent_uuid: "491e889590fc499ab35429890b3c905c" member_type: VOTER last_known_addr { host: "127.19.157.130" port: 40703 } } peers { permanent_uuid: "7a21677efd9a4a59b5c3afb361f79e46" member_type: VOTER last_known_addr { host: "127.19.157.131" port: 36595 } }
I20260601 13:31:49.001156 24711 consensus_queue.cc:260] T 03b7be0c9f2240a7821512be29816303 P 7a21677efd9a4a59b5c3afb361f79e46 [NON_LEADER]: Queue going to NON_LEADER mode. State: All replicated index: 0, Majority replicated index: 0, Committed index: 0, Last appended: 0.0, Last appended by leader: 0, Current term: 0, Majority size: -1, State: 0, Mode: NON_LEADER, active raft config: opid_index: -1 OBSOLETE_local: false peers { permanent_uuid: "452cc828b00a4f88a6abea36aa83b3a9" member_type: VOTER last_known_addr { host: "127.19.157.129" port: 45431 } } peers { permanent_uuid: "491e889590fc499ab35429890b3c905c" member_type: VOTER last_known_addr { host: "127.19.157.130" port: 40703 } } peers { permanent_uuid: "7a21677efd9a4a59b5c3afb361f79e46" member_type: VOTER last_known_addr { host: "127.19.157.131" port: 36595 } }
I20260601 13:31:49.001360 24710 ts_tablet_manager.cc:1434] T 03b7be0c9f2240a7821512be29816303 P 452cc828b00a4f88a6abea36aa83b3a9: Time spent starting tablet: real 0.001s	user 0.001s	sys 0.000s
I20260601 13:31:49.001428 24711 ts_tablet_manager.cc:1434] T 03b7be0c9f2240a7821512be29816303 P 7a21677efd9a4a59b5c3afb361f79e46: Time spent starting tablet: real 0.001s	user 0.001s	sys 0.000s
I20260601 13:31:49.001528 24710 tablet_bootstrap.cc:492] T 40ffc70838144e77bed51027b57aa267 P 452cc828b00a4f88a6abea36aa83b3a9: Bootstrap starting.
I20260601 13:31:49.001581 24711 tablet_bootstrap.cc:492] T 9cd0afcb9f5d470686e906d4f8f450ba P 7a21677efd9a4a59b5c3afb361f79e46: Bootstrap starting.
I20260601 13:31:49.001766 24709 tablet_bootstrap.cc:654] T c210b7342d0045fa992ad6099b8bea7c P 491e889590fc499ab35429890b3c905c: Neither blocks nor log segments found. Creating new log.
I20260601 13:31:49.002611 24710 tablet_bootstrap.cc:654] T 40ffc70838144e77bed51027b57aa267 P 452cc828b00a4f88a6abea36aa83b3a9: Neither blocks nor log segments found. Creating new log.
I20260601 13:31:49.002625 24711 tablet_bootstrap.cc:654] T 9cd0afcb9f5d470686e906d4f8f450ba P 7a21677efd9a4a59b5c3afb361f79e46: Neither blocks nor log segments found. Creating new log.
I20260601 13:31:49.003388 24709 tablet_bootstrap.cc:492] T c210b7342d0045fa992ad6099b8bea7c P 491e889590fc499ab35429890b3c905c: No bootstrap required, opened a new log
I20260601 13:31:49.003501 24709 ts_tablet_manager.cc:1403] T c210b7342d0045fa992ad6099b8bea7c P 491e889590fc499ab35429890b3c905c: Time spent bootstrapping tablet: real 0.003s	user 0.000s	sys 0.002s
I20260601 13:31:49.004019 24709 raft_consensus.cc:359] T c210b7342d0045fa992ad6099b8bea7c P 491e889590fc499ab35429890b3c905c [term 0 FOLLOWER]: Replica starting. Triggering 0 pending ops. Active config: opid_index: -1 OBSOLETE_local: false peers { permanent_uuid: "452cc828b00a4f88a6abea36aa83b3a9" member_type: VOTER last_known_addr { host: "127.19.157.129" port: 45431 } } peers { permanent_uuid: "491e889590fc499ab35429890b3c905c" member_type: VOTER last_known_addr { host: "127.19.157.130" port: 40703 } } peers { permanent_uuid: "7a21677efd9a4a59b5c3afb361f79e46" member_type: VOTER last_known_addr { host: "127.19.157.131" port: 36595 } }
I20260601 13:31:49.004139 24709 raft_consensus.cc:385] T c210b7342d0045fa992ad6099b8bea7c P 491e889590fc499ab35429890b3c905c [term 0 FOLLOWER]: Consensus starting up: Expiring failure detector timer to make a prompt election more likely
I20260601 13:31:49.004220 24709 raft_consensus.cc:740] T c210b7342d0045fa992ad6099b8bea7c P 491e889590fc499ab35429890b3c905c [term 0 FOLLOWER]: Becoming Follower/Learner. State: Replica: 491e889590fc499ab35429890b3c905c, State: Initialized, Role: FOLLOWER
I20260601 13:31:49.004345 24709 consensus_queue.cc:260] T c210b7342d0045fa992ad6099b8bea7c P 491e889590fc499ab35429890b3c905c [NON_LEADER]: Queue going to NON_LEADER mode. State: All replicated index: 0, Majority replicated index: 0, Committed index: 0, Last appended: 0.0, Last appended by leader: 0, Current term: 0, Majority size: -1, State: 0, Mode: NON_LEADER, active raft config: opid_index: -1 OBSOLETE_local: false peers { permanent_uuid: "452cc828b00a4f88a6abea36aa83b3a9" member_type: VOTER last_known_addr { host: "127.19.157.129" port: 45431 } } peers { permanent_uuid: "491e889590fc499ab35429890b3c905c" member_type: VOTER last_known_addr { host: "127.19.157.130" port: 40703 } } peers { permanent_uuid: "7a21677efd9a4a59b5c3afb361f79e46" member_type: VOTER last_known_addr { host: "127.19.157.131" port: 36595 } }
I20260601 13:31:49.004678 24709 ts_tablet_manager.cc:1434] T c210b7342d0045fa992ad6099b8bea7c P 491e889590fc499ab35429890b3c905c: Time spent starting tablet: real 0.001s	user 0.000s	sys 0.001s
I20260601 13:31:49.004917 24709 tablet_bootstrap.cc:492] T 04ded51a763946c98ed3037865745529 P 491e889590fc499ab35429890b3c905c: Bootstrap starting.
I20260601 13:31:49.005491 24710 tablet_bootstrap.cc:492] T 40ffc70838144e77bed51027b57aa267 P 452cc828b00a4f88a6abea36aa83b3a9: No bootstrap required, opened a new log
I20260601 13:31:49.005599 24710 ts_tablet_manager.cc:1403] T 40ffc70838144e77bed51027b57aa267 P 452cc828b00a4f88a6abea36aa83b3a9: Time spent bootstrapping tablet: real 0.004s	user 0.002s	sys 0.000s
I20260601 13:31:49.005775 24711 tablet_bootstrap.cc:492] T 9cd0afcb9f5d470686e906d4f8f450ba P 7a21677efd9a4a59b5c3afb361f79e46: No bootstrap required, opened a new log
I20260601 13:31:49.005857 24711 ts_tablet_manager.cc:1403] T 9cd0afcb9f5d470686e906d4f8f450ba P 7a21677efd9a4a59b5c3afb361f79e46: Time spent bootstrapping tablet: real 0.004s	user 0.002s	sys 0.000s
I20260601 13:31:49.006052 24709 tablet_bootstrap.cc:654] T 04ded51a763946c98ed3037865745529 P 491e889590fc499ab35429890b3c905c: Neither blocks nor log segments found. Creating new log.
I20260601 13:31:49.005999 24710 raft_consensus.cc:359] T 40ffc70838144e77bed51027b57aa267 P 452cc828b00a4f88a6abea36aa83b3a9 [term 0 FOLLOWER]: Replica starting. Triggering 0 pending ops. Active config: opid_index: -1 OBSOLETE_local: false peers { permanent_uuid: "452cc828b00a4f88a6abea36aa83b3a9" member_type: VOTER last_known_addr { host: "127.19.157.129" port: 45431 } } peers { permanent_uuid: "491e889590fc499ab35429890b3c905c" member_type: VOTER last_known_addr { host: "127.19.157.130" port: 40703 } } peers { permanent_uuid: "7a21677efd9a4a59b5c3afb361f79e46" member_type: VOTER last_known_addr { host: "127.19.157.131" port: 36595 } }
I20260601 13:31:49.006101 24710 raft_consensus.cc:385] T 40ffc70838144e77bed51027b57aa267 P 452cc828b00a4f88a6abea36aa83b3a9 [term 0 FOLLOWER]: Consensus starting up: Expiring failure detector timer to make a prompt election more likely
I20260601 13:31:49.006156 24710 raft_consensus.cc:740] T 40ffc70838144e77bed51027b57aa267 P 452cc828b00a4f88a6abea36aa83b3a9 [term 0 FOLLOWER]: Becoming Follower/Learner. State: Replica: 452cc828b00a4f88a6abea36aa83b3a9, State: Initialized, Role: FOLLOWER
I20260601 13:31:49.006274 24710 consensus_queue.cc:260] T 40ffc70838144e77bed51027b57aa267 P 452cc828b00a4f88a6abea36aa83b3a9 [NON_LEADER]: Queue going to NON_LEADER mode. State: All replicated index: 0, Majority replicated index: 0, Committed index: 0, Last appended: 0.0, Last appended by leader: 0, Current term: 0, Majority size: -1, State: 0, Mode: NON_LEADER, active raft config: opid_index: -1 OBSOLETE_local: false peers { permanent_uuid: "452cc828b00a4f88a6abea36aa83b3a9" member_type: VOTER last_known_addr { host: "127.19.157.129" port: 45431 } } peers { permanent_uuid: "491e889590fc499ab35429890b3c905c" member_type: VOTER last_known_addr { host: "127.19.157.130" port: 40703 } } peers { permanent_uuid: "7a21677efd9a4a59b5c3afb361f79e46" member_type: VOTER last_known_addr { host: "127.19.157.131" port: 36595 } }
I20260601 13:31:49.006382 24711 raft_consensus.cc:359] T 9cd0afcb9f5d470686e906d4f8f450ba P 7a21677efd9a4a59b5c3afb361f79e46 [term 0 FOLLOWER]: Replica starting. Triggering 0 pending ops. Active config: opid_index: -1 OBSOLETE_local: false peers { permanent_uuid: "452cc828b00a4f88a6abea36aa83b3a9" member_type: VOTER last_known_addr { host: "127.19.157.129" port: 45431 } } peers { permanent_uuid: "491e889590fc499ab35429890b3c905c" member_type: VOTER last_known_addr { host: "127.19.157.130" port: 40703 } } peers { permanent_uuid: "7a21677efd9a4a59b5c3afb361f79e46" member_type: VOTER last_known_addr { host: "127.19.157.131" port: 36595 } }
I20260601 13:31:49.006554 24711 raft_consensus.cc:385] T 9cd0afcb9f5d470686e906d4f8f450ba P 7a21677efd9a4a59b5c3afb361f79e46 [term 0 FOLLOWER]: Consensus starting up: Expiring failure detector timer to make a prompt election more likely
I20260601 13:31:49.006598 24711 raft_consensus.cc:740] T 9cd0afcb9f5d470686e906d4f8f450ba P 7a21677efd9a4a59b5c3afb361f79e46 [term 0 FOLLOWER]: Becoming Follower/Learner. State: Replica: 7a21677efd9a4a59b5c3afb361f79e46, State: Initialized, Role: FOLLOWER
I20260601 13:31:49.006745 24710 ts_tablet_manager.cc:1434] T 40ffc70838144e77bed51027b57aa267 P 452cc828b00a4f88a6abea36aa83b3a9: Time spent starting tablet: real 0.001s	user 0.001s	sys 0.000s
I20260601 13:31:49.006965 24710 tablet_bootstrap.cc:492] T 9cd0afcb9f5d470686e906d4f8f450ba P 452cc828b00a4f88a6abea36aa83b3a9: Bootstrap starting.
I20260601 13:31:49.006742 24711 consensus_queue.cc:260] T 9cd0afcb9f5d470686e906d4f8f450ba P 7a21677efd9a4a59b5c3afb361f79e46 [NON_LEADER]: Queue going to NON_LEADER mode. State: All replicated index: 0, Majority replicated index: 0, Committed index: 0, Last appended: 0.0, Last appended by leader: 0, Current term: 0, Majority size: -1, State: 0, Mode: NON_LEADER, active raft config: opid_index: -1 OBSOLETE_local: false peers { permanent_uuid: "452cc828b00a4f88a6abea36aa83b3a9" member_type: VOTER last_known_addr { host: "127.19.157.129" port: 45431 } } peers { permanent_uuid: "491e889590fc499ab35429890b3c905c" member_type: VOTER last_known_addr { host: "127.19.157.130" port: 40703 } } peers { permanent_uuid: "7a21677efd9a4a59b5c3afb361f79e46" member_type: VOTER last_known_addr { host: "127.19.157.131" port: 36595 } }
I20260601 13:31:49.007735 24711 ts_tablet_manager.cc:1434] T 9cd0afcb9f5d470686e906d4f8f450ba P 7a21677efd9a4a59b5c3afb361f79e46: Time spent starting tablet: real 0.002s	user 0.001s	sys 0.000s
I20260601 13:31:49.007973 24711 tablet_bootstrap.cc:492] T 3c5169e7d64d49e98d2fb2c79ec02f5f P 7a21677efd9a4a59b5c3afb361f79e46: Bootstrap starting.
I20260601 13:31:49.007988 24710 tablet_bootstrap.cc:654] T 9cd0afcb9f5d470686e906d4f8f450ba P 452cc828b00a4f88a6abea36aa83b3a9: Neither blocks nor log segments found. Creating new log.
I20260601 13:31:49.008208 24709 tablet_bootstrap.cc:492] T 04ded51a763946c98ed3037865745529 P 491e889590fc499ab35429890b3c905c: No bootstrap required, opened a new log
I20260601 13:31:49.008281 24709 ts_tablet_manager.cc:1403] T 04ded51a763946c98ed3037865745529 P 491e889590fc499ab35429890b3c905c: Time spent bootstrapping tablet: real 0.003s	user 0.002s	sys 0.000s
I20260601 13:31:49.008716 24709 raft_consensus.cc:359] T 04ded51a763946c98ed3037865745529 P 491e889590fc499ab35429890b3c905c [term 0 FOLLOWER]: Replica starting. Triggering 0 pending ops. Active config: opid_index: -1 OBSOLETE_local: false peers { permanent_uuid: "452cc828b00a4f88a6abea36aa83b3a9" member_type: VOTER last_known_addr { host: "127.19.157.129" port: 45431 } } peers { permanent_uuid: "491e889590fc499ab35429890b3c905c" member_type: VOTER last_known_addr { host: "127.19.157.130" port: 40703 } } peers { permanent_uuid: "7a21677efd9a4a59b5c3afb361f79e46" member_type: VOTER last_known_addr { host: "127.19.157.131" port: 36595 } }
I20260601 13:31:49.008812 24709 raft_consensus.cc:385] T 04ded51a763946c98ed3037865745529 P 491e889590fc499ab35429890b3c905c [term 0 FOLLOWER]: Consensus starting up: Expiring failure detector timer to make a prompt election more likely
I20260601 13:31:49.008841 24709 raft_consensus.cc:740] T 04ded51a763946c98ed3037865745529 P 491e889590fc499ab35429890b3c905c [term 0 FOLLOWER]: Becoming Follower/Learner. State: Replica: 491e889590fc499ab35429890b3c905c, State: Initialized, Role: FOLLOWER
I20260601 13:31:49.008983 24709 consensus_queue.cc:260] T 04ded51a763946c98ed3037865745529 P 491e889590fc499ab35429890b3c905c [NON_LEADER]: Queue going to NON_LEADER mode. State: All replicated index: 0, Majority replicated index: 0, Committed index: 0, Last appended: 0.0, Last appended by leader: 0, Current term: 0, Majority size: -1, State: 0, Mode: NON_LEADER, active raft config: opid_index: -1 OBSOLETE_local: false peers { permanent_uuid: "452cc828b00a4f88a6abea36aa83b3a9" member_type: VOTER last_known_addr { host: "127.19.157.129" port: 45431 } } peers { permanent_uuid: "491e889590fc499ab35429890b3c905c" member_type: VOTER last_known_addr { host: "127.19.157.130" port: 40703 } } peers { permanent_uuid: "7a21677efd9a4a59b5c3afb361f79e46" member_type: VOTER last_known_addr { host: "127.19.157.131" port: 36595 } }
I20260601 13:31:49.009181 24711 tablet_bootstrap.cc:654] T 3c5169e7d64d49e98d2fb2c79ec02f5f P 7a21677efd9a4a59b5c3afb361f79e46: Neither blocks nor log segments found. Creating new log.
I20260601 13:31:49.009896 24709 ts_tablet_manager.cc:1434] T 04ded51a763946c98ed3037865745529 P 491e889590fc499ab35429890b3c905c: Time spent starting tablet: real 0.002s	user 0.001s	sys 0.000s
I20260601 13:31:49.010469 24709 tablet_bootstrap.cc:492] T 21a3f1f12179487e9c54250928c3eb54 P 491e889590fc499ab35429890b3c905c: Bootstrap starting.
I20260601 13:31:49.010579 24710 tablet_bootstrap.cc:492] T 9cd0afcb9f5d470686e906d4f8f450ba P 452cc828b00a4f88a6abea36aa83b3a9: No bootstrap required, opened a new log
I20260601 13:31:49.010732 24710 ts_tablet_manager.cc:1403] T 9cd0afcb9f5d470686e906d4f8f450ba P 452cc828b00a4f88a6abea36aa83b3a9: Time spent bootstrapping tablet: real 0.004s	user 0.002s	sys 0.000s
I20260601 13:31:49.011193 24710 raft_consensus.cc:359] T 9cd0afcb9f5d470686e906d4f8f450ba P 452cc828b00a4f88a6abea36aa83b3a9 [term 0 FOLLOWER]: Replica starting. Triggering 0 pending ops. Active config: opid_index: -1 OBSOLETE_local: false peers { permanent_uuid: "452cc828b00a4f88a6abea36aa83b3a9" member_type: VOTER last_known_addr { host: "127.19.157.129" port: 45431 } } peers { permanent_uuid: "491e889590fc499ab35429890b3c905c" member_type: VOTER last_known_addr { host: "127.19.157.130" port: 40703 } } peers { permanent_uuid: "7a21677efd9a4a59b5c3afb361f79e46" member_type: VOTER last_known_addr { host: "127.19.157.131" port: 36595 } }
I20260601 13:31:49.011300 24710 raft_consensus.cc:385] T 9cd0afcb9f5d470686e906d4f8f450ba P 452cc828b00a4f88a6abea36aa83b3a9 [term 0 FOLLOWER]: Consensus starting up: Expiring failure detector timer to make a prompt election more likely
I20260601 13:31:49.011333 24710 raft_consensus.cc:740] T 9cd0afcb9f5d470686e906d4f8f450ba P 452cc828b00a4f88a6abea36aa83b3a9 [term 0 FOLLOWER]: Becoming Follower/Learner. State: Replica: 452cc828b00a4f88a6abea36aa83b3a9, State: Initialized, Role: FOLLOWER
I20260601 13:31:49.011453 24710 consensus_queue.cc:260] T 9cd0afcb9f5d470686e906d4f8f450ba P 452cc828b00a4f88a6abea36aa83b3a9 [NON_LEADER]: Queue going to NON_LEADER mode. State: All replicated index: 0, Majority replicated index: 0, Committed index: 0, Last appended: 0.0, Last appended by leader: 0, Current term: 0, Majority size: -1, State: 0, Mode: NON_LEADER, active raft config: opid_index: -1 OBSOLETE_local: false peers { permanent_uuid: "452cc828b00a4f88a6abea36aa83b3a9" member_type: VOTER last_known_addr { host: "127.19.157.129" port: 45431 } } peers { permanent_uuid: "491e889590fc499ab35429890b3c905c" member_type: VOTER last_known_addr { host: "127.19.157.130" port: 40703 } } peers { permanent_uuid: "7a21677efd9a4a59b5c3afb361f79e46" member_type: VOTER last_known_addr { host: "127.19.157.131" port: 36595 } }
I20260601 13:31:49.011653 24709 tablet_bootstrap.cc:654] T 21a3f1f12179487e9c54250928c3eb54 P 491e889590fc499ab35429890b3c905c: Neither blocks nor log segments found. Creating new log.
I20260601 13:31:49.011770 24710 ts_tablet_manager.cc:1434] T 9cd0afcb9f5d470686e906d4f8f450ba P 452cc828b00a4f88a6abea36aa83b3a9: Time spent starting tablet: real 0.001s	user 0.001s	sys 0.000s
I20260601 13:31:49.011950 24710 tablet_bootstrap.cc:492] T b43c00cfc8bf435ebf3b5b3223752cfc P 452cc828b00a4f88a6abea36aa83b3a9: Bootstrap starting.
I20260601 13:31:49.012970 24711 tablet_bootstrap.cc:492] T 3c5169e7d64d49e98d2fb2c79ec02f5f P 7a21677efd9a4a59b5c3afb361f79e46: No bootstrap required, opened a new log
I20260601 13:31:49.012984 24710 tablet_bootstrap.cc:654] T b43c00cfc8bf435ebf3b5b3223752cfc P 452cc828b00a4f88a6abea36aa83b3a9: Neither blocks nor log segments found. Creating new log.
I20260601 13:31:49.013317 24711 ts_tablet_manager.cc:1403] T 3c5169e7d64d49e98d2fb2c79ec02f5f P 7a21677efd9a4a59b5c3afb361f79e46: Time spent bootstrapping tablet: real 0.005s	user 0.002s	sys 0.000s
I20260601 13:31:49.013104 24709 tablet_bootstrap.cc:492] T 21a3f1f12179487e9c54250928c3eb54 P 491e889590fc499ab35429890b3c905c: No bootstrap required, opened a new log
I20260601 13:31:49.013592 24709 ts_tablet_manager.cc:1403] T 21a3f1f12179487e9c54250928c3eb54 P 491e889590fc499ab35429890b3c905c: Time spent bootstrapping tablet: real 0.003s	user 0.000s	sys 0.002s
I20260601 13:31:49.013862 24711 raft_consensus.cc:359] T 3c5169e7d64d49e98d2fb2c79ec02f5f P 7a21677efd9a4a59b5c3afb361f79e46 [term 0 FOLLOWER]: Replica starting. Triggering 0 pending ops. Active config: opid_index: -1 OBSOLETE_local: false peers { permanent_uuid: "452cc828b00a4f88a6abea36aa83b3a9" member_type: VOTER last_known_addr { host: "127.19.157.129" port: 45431 } } peers { permanent_uuid: "491e889590fc499ab35429890b3c905c" member_type: VOTER last_known_addr { host: "127.19.157.130" port: 40703 } } peers { permanent_uuid: "7a21677efd9a4a59b5c3afb361f79e46" member_type: VOTER last_known_addr { host: "127.19.157.131" port: 36595 } }
I20260601 13:31:49.014000 24711 raft_consensus.cc:385] T 3c5169e7d64d49e98d2fb2c79ec02f5f P 7a21677efd9a4a59b5c3afb361f79e46 [term 0 FOLLOWER]: Consensus starting up: Expiring failure detector timer to make a prompt election more likely
I20260601 13:31:49.014088 24711 raft_consensus.cc:740] T 3c5169e7d64d49e98d2fb2c79ec02f5f P 7a21677efd9a4a59b5c3afb361f79e46 [term 0 FOLLOWER]: Becoming Follower/Learner. State: Replica: 7a21677efd9a4a59b5c3afb361f79e46, State: Initialized, Role: FOLLOWER
I20260601 13:31:49.014264 24711 consensus_queue.cc:260] T 3c5169e7d64d49e98d2fb2c79ec02f5f P 7a21677efd9a4a59b5c3afb361f79e46 [NON_LEADER]: Queue going to NON_LEADER mode. State: All replicated index: 0, Majority replicated index: 0, Committed index: 0, Last appended: 0.0, Last appended by leader: 0, Current term: 0, Majority size: -1, State: 0, Mode: NON_LEADER, active raft config: opid_index: -1 OBSOLETE_local: false peers { permanent_uuid: "452cc828b00a4f88a6abea36aa83b3a9" member_type: VOTER last_known_addr { host: "127.19.157.129" port: 45431 } } peers { permanent_uuid: "491e889590fc499ab35429890b3c905c" member_type: VOTER last_known_addr { host: "127.19.157.130" port: 40703 } } peers { permanent_uuid: "7a21677efd9a4a59b5c3afb361f79e46" member_type: VOTER last_known_addr { host: "127.19.157.131" port: 36595 } }
I20260601 13:31:49.014003 24709 raft_consensus.cc:359] T 21a3f1f12179487e9c54250928c3eb54 P 491e889590fc499ab35429890b3c905c [term 0 FOLLOWER]: Replica starting. Triggering 0 pending ops. Active config: opid_index: -1 OBSOLETE_local: false peers { permanent_uuid: "452cc828b00a4f88a6abea36aa83b3a9" member_type: VOTER last_known_addr { host: "127.19.157.129" port: 45431 } } peers { permanent_uuid: "491e889590fc499ab35429890b3c905c" member_type: VOTER last_known_addr { host: "127.19.157.130" port: 40703 } } peers { permanent_uuid: "7a21677efd9a4a59b5c3afb361f79e46" member_type: VOTER last_known_addr { host: "127.19.157.131" port: 36595 } }
I20260601 13:31:49.014643 24709 raft_consensus.cc:385] T 21a3f1f12179487e9c54250928c3eb54 P 491e889590fc499ab35429890b3c905c [term 0 FOLLOWER]: Consensus starting up: Expiring failure detector timer to make a prompt election more likely
I20260601 13:31:49.014710 24709 raft_consensus.cc:740] T 21a3f1f12179487e9c54250928c3eb54 P 491e889590fc499ab35429890b3c905c [term 0 FOLLOWER]: Becoming Follower/Learner. State: Replica: 491e889590fc499ab35429890b3c905c, State: Initialized, Role: FOLLOWER
I20260601 13:31:49.014719 24711 ts_tablet_manager.cc:1434] T 3c5169e7d64d49e98d2fb2c79ec02f5f P 7a21677efd9a4a59b5c3afb361f79e46: Time spent starting tablet: real 0.001s	user 0.001s	sys 0.000s
I20260601 13:31:49.014911 24710 tablet_bootstrap.cc:492] T b43c00cfc8bf435ebf3b5b3223752cfc P 452cc828b00a4f88a6abea36aa83b3a9: No bootstrap required, opened a new log
I20260601 13:31:49.014993 24711 tablet_bootstrap.cc:492] T b43c00cfc8bf435ebf3b5b3223752cfc P 7a21677efd9a4a59b5c3afb361f79e46: Bootstrap starting.
I20260601 13:31:49.015069 24710 ts_tablet_manager.cc:1403] T b43c00cfc8bf435ebf3b5b3223752cfc P 452cc828b00a4f88a6abea36aa83b3a9: Time spent bootstrapping tablet: real 0.003s	user 0.002s	sys 0.000s
I20260601 13:31:49.014890 24709 consensus_queue.cc:260] T 21a3f1f12179487e9c54250928c3eb54 P 491e889590fc499ab35429890b3c905c [NON_LEADER]: Queue going to NON_LEADER mode. State: All replicated index: 0, Majority replicated index: 0, Committed index: 0, Last appended: 0.0, Last appended by leader: 0, Current term: 0, Majority size: -1, State: 0, Mode: NON_LEADER, active raft config: opid_index: -1 OBSOLETE_local: false peers { permanent_uuid: "452cc828b00a4f88a6abea36aa83b3a9" member_type: VOTER last_known_addr { host: "127.19.157.129" port: 45431 } } peers { permanent_uuid: "491e889590fc499ab35429890b3c905c" member_type: VOTER last_known_addr { host: "127.19.157.130" port: 40703 } } peers { permanent_uuid: "7a21677efd9a4a59b5c3afb361f79e46" member_type: VOTER last_known_addr { host: "127.19.157.131" port: 36595 } }
I20260601 13:31:49.015632 24710 raft_consensus.cc:359] T b43c00cfc8bf435ebf3b5b3223752cfc P 452cc828b00a4f88a6abea36aa83b3a9 [term 0 FOLLOWER]: Replica starting. Triggering 0 pending ops. Active config: opid_index: -1 OBSOLETE_local: false peers { permanent_uuid: "452cc828b00a4f88a6abea36aa83b3a9" member_type: VOTER last_known_addr { host: "127.19.157.129" port: 45431 } } peers { permanent_uuid: "491e889590fc499ab35429890b3c905c" member_type: VOTER last_known_addr { host: "127.19.157.130" port: 40703 } } peers { permanent_uuid: "7a21677efd9a4a59b5c3afb361f79e46" member_type: VOTER last_known_addr { host: "127.19.157.131" port: 36595 } }
I20260601 13:31:49.015802 24710 raft_consensus.cc:385] T b43c00cfc8bf435ebf3b5b3223752cfc P 452cc828b00a4f88a6abea36aa83b3a9 [term 0 FOLLOWER]: Consensus starting up: Expiring failure detector timer to make a prompt election more likely
I20260601 13:31:49.015893 24710 raft_consensus.cc:740] T b43c00cfc8bf435ebf3b5b3223752cfc P 452cc828b00a4f88a6abea36aa83b3a9 [term 0 FOLLOWER]: Becoming Follower/Learner. State: Replica: 452cc828b00a4f88a6abea36aa83b3a9, State: Initialized, Role: FOLLOWER
I20260601 13:31:49.016131 24711 tablet_bootstrap.cc:654] T b43c00cfc8bf435ebf3b5b3223752cfc P 7a21677efd9a4a59b5c3afb361f79e46: Neither blocks nor log segments found. Creating new log.
I20260601 13:31:49.016103 24710 consensus_queue.cc:260] T b43c00cfc8bf435ebf3b5b3223752cfc P 452cc828b00a4f88a6abea36aa83b3a9 [NON_LEADER]: Queue going to NON_LEADER mode. State: All replicated index: 0, Majority replicated index: 0, Committed index: 0, Last appended: 0.0, Last appended by leader: 0, Current term: 0, Majority size: -1, State: 0, Mode: NON_LEADER, active raft config: opid_index: -1 OBSOLETE_local: false peers { permanent_uuid: "452cc828b00a4f88a6abea36aa83b3a9" member_type: VOTER last_known_addr { host: "127.19.157.129" port: 45431 } } peers { permanent_uuid: "491e889590fc499ab35429890b3c905c" member_type: VOTER last_known_addr { host: "127.19.157.130" port: 40703 } } peers { permanent_uuid: "7a21677efd9a4a59b5c3afb361f79e46" member_type: VOTER last_known_addr { host: "127.19.157.131" port: 36595 } }
I20260601 13:31:49.016605 24718 raft_consensus.cc:493] T 04ded51a763946c98ed3037865745529 P 491e889590fc499ab35429890b3c905c [term 0 FOLLOWER]: Starting pre-election (no leader contacted us within the election timeout)
I20260601 13:31:49.016690 24718 raft_consensus.cc:515] T 04ded51a763946c98ed3037865745529 P 491e889590fc499ab35429890b3c905c [term 0 FOLLOWER]: Starting pre-election with config: opid_index: -1 OBSOLETE_local: false peers { permanent_uuid: "452cc828b00a4f88a6abea36aa83b3a9" member_type: VOTER last_known_addr { host: "127.19.157.129" port: 45431 } } peers { permanent_uuid: "491e889590fc499ab35429890b3c905c" member_type: VOTER last_known_addr { host: "127.19.157.130" port: 40703 } } peers { permanent_uuid: "7a21677efd9a4a59b5c3afb361f79e46" member_type: VOTER last_known_addr { host: "127.19.157.131" port: 36595 } }
I20260601 13:31:49.017256 24718 leader_election.cc:290] T 04ded51a763946c98ed3037865745529 P 491e889590fc499ab35429890b3c905c [CANDIDATE]: Term 1 pre-election: Requested pre-vote from peers 452cc828b00a4f88a6abea36aa83b3a9 (127.19.157.129:45431), 7a21677efd9a4a59b5c3afb361f79e46 (127.19.157.131:36595)
I20260601 13:31:49.017282 24711 tablet_bootstrap.cc:492] T b43c00cfc8bf435ebf3b5b3223752cfc P 7a21677efd9a4a59b5c3afb361f79e46: No bootstrap required, opened a new log
I20260601 13:31:49.017382 24711 ts_tablet_manager.cc:1403] T b43c00cfc8bf435ebf3b5b3223752cfc P 7a21677efd9a4a59b5c3afb361f79e46: Time spent bootstrapping tablet: real 0.002s	user 0.002s	sys 0.000s
I20260601 13:31:49.015900 24709 ts_tablet_manager.cc:1434] T 21a3f1f12179487e9c54250928c3eb54 P 491e889590fc499ab35429890b3c905c: Time spent starting tablet: real 0.002s	user 0.000s	sys 0.001s
I20260601 13:31:49.017448 24710 ts_tablet_manager.cc:1434] T b43c00cfc8bf435ebf3b5b3223752cfc P 452cc828b00a4f88a6abea36aa83b3a9: Time spent starting tablet: real 0.002s	user 0.001s	sys 0.000s
I20260601 13:31:49.017632 24710 tablet_bootstrap.cc:492] T 21a3f1f12179487e9c54250928c3eb54 P 452cc828b00a4f88a6abea36aa83b3a9: Bootstrap starting.
I20260601 13:31:49.017827 24711 raft_consensus.cc:359] T b43c00cfc8bf435ebf3b5b3223752cfc P 7a21677efd9a4a59b5c3afb361f79e46 [term 0 FOLLOWER]: Replica starting. Triggering 0 pending ops. Active config: opid_index: -1 OBSOLETE_local: false peers { permanent_uuid: "452cc828b00a4f88a6abea36aa83b3a9" member_type: VOTER last_known_addr { host: "127.19.157.129" port: 45431 } } peers { permanent_uuid: "491e889590fc499ab35429890b3c905c" member_type: VOTER last_known_addr { host: "127.19.157.130" port: 40703 } } peers { permanent_uuid: "7a21677efd9a4a59b5c3afb361f79e46" member_type: VOTER last_known_addr { host: "127.19.157.131" port: 36595 } }
I20260601 13:31:49.017915 24711 raft_consensus.cc:385] T b43c00cfc8bf435ebf3b5b3223752cfc P 7a21677efd9a4a59b5c3afb361f79e46 [term 0 FOLLOWER]: Consensus starting up: Expiring failure detector timer to make a prompt election more likely
I20260601 13:31:49.017949 24711 raft_consensus.cc:740] T b43c00cfc8bf435ebf3b5b3223752cfc P 7a21677efd9a4a59b5c3afb361f79e46 [term 0 FOLLOWER]: Becoming Follower/Learner. State: Replica: 7a21677efd9a4a59b5c3afb361f79e46, State: Initialized, Role: FOLLOWER
I20260601 13:31:49.017961 24709 tablet_bootstrap.cc:492] T 8f4a068c2afb4101a1eceb707fde7d0a P 491e889590fc499ab35429890b3c905c: Bootstrap starting.
I20260601 13:31:49.018078 24711 consensus_queue.cc:260] T b43c00cfc8bf435ebf3b5b3223752cfc P 7a21677efd9a4a59b5c3afb361f79e46 [NON_LEADER]: Queue going to NON_LEADER mode. State: All replicated index: 0, Majority replicated index: 0, Committed index: 0, Last appended: 0.0, Last appended by leader: 0, Current term: 0, Majority size: -1, State: 0, Mode: NON_LEADER, active raft config: opid_index: -1 OBSOLETE_local: false peers { permanent_uuid: "452cc828b00a4f88a6abea36aa83b3a9" member_type: VOTER last_known_addr { host: "127.19.157.129" port: 45431 } } peers { permanent_uuid: "491e889590fc499ab35429890b3c905c" member_type: VOTER last_known_addr { host: "127.19.157.130" port: 40703 } } peers { permanent_uuid: "7a21677efd9a4a59b5c3afb361f79e46" member_type: VOTER last_known_addr { host: "127.19.157.131" port: 36595 } }
I20260601 13:31:49.018354 24711 ts_tablet_manager.cc:1434] T b43c00cfc8bf435ebf3b5b3223752cfc P 7a21677efd9a4a59b5c3afb361f79e46: Time spent starting tablet: real 0.001s	user 0.001s	sys 0.000s
I20260601 13:31:49.018507 24711 tablet_bootstrap.cc:492] T 21a3f1f12179487e9c54250928c3eb54 P 7a21677efd9a4a59b5c3afb361f79e46: Bootstrap starting.
I20260601 13:31:49.018787 24710 tablet_bootstrap.cc:654] T 21a3f1f12179487e9c54250928c3eb54 P 452cc828b00a4f88a6abea36aa83b3a9: Neither blocks nor log segments found. Creating new log.
I20260601 13:31:49.018967 24718 raft_consensus.cc:493] T 40ffc70838144e77bed51027b57aa267 P 491e889590fc499ab35429890b3c905c [term 0 FOLLOWER]: Starting pre-election (no leader contacted us within the election timeout)
I20260601 13:31:49.019048 24718 raft_consensus.cc:515] T 40ffc70838144e77bed51027b57aa267 P 491e889590fc499ab35429890b3c905c [term 0 FOLLOWER]: Starting pre-election with config: opid_index: -1 OBSOLETE_local: false peers { permanent_uuid: "452cc828b00a4f88a6abea36aa83b3a9" member_type: VOTER last_known_addr { host: "127.19.157.129" port: 45431 } } peers { permanent_uuid: "491e889590fc499ab35429890b3c905c" member_type: VOTER last_known_addr { host: "127.19.157.130" port: 40703 } } peers { permanent_uuid: "7a21677efd9a4a59b5c3afb361f79e46" member_type: VOTER last_known_addr { host: "127.19.157.131" port: 36595 } }
I20260601 13:31:49.019408 24718 leader_election.cc:290] T 40ffc70838144e77bed51027b57aa267 P 491e889590fc499ab35429890b3c905c [CANDIDATE]: Term 1 pre-election: Requested pre-vote from peers 452cc828b00a4f88a6abea36aa83b3a9 (127.19.157.129:45431), 7a21677efd9a4a59b5c3afb361f79e46 (127.19.157.131:36595)
I20260601 13:31:49.020117 24709 tablet_bootstrap.cc:654] T 8f4a068c2afb4101a1eceb707fde7d0a P 491e889590fc499ab35429890b3c905c: Neither blocks nor log segments found. Creating new log.
I20260601 13:31:49.020354 24711 tablet_bootstrap.cc:654] T 21a3f1f12179487e9c54250928c3eb54 P 7a21677efd9a4a59b5c3afb361f79e46: Neither blocks nor log segments found. Creating new log.
I20260601 13:31:49.024138 24512 tablet_service.cc:1917] Received RequestConsensusVote() RPC: tablet_id: "04ded51a763946c98ed3037865745529" candidate_uuid: "491e889590fc499ab35429890b3c905c" candidate_term: 1 candidate_status { last_received { term: 0 index: 0 } } ignore_live_leader: false dest_uuid: "452cc828b00a4f88a6abea36aa83b3a9" is_pre_election: true
I20260601 13:31:49.024232 24710 tablet_bootstrap.cc:492] T 21a3f1f12179487e9c54250928c3eb54 P 452cc828b00a4f88a6abea36aa83b3a9: No bootstrap required, opened a new log
I20260601 13:31:49.024191 24511 tablet_service.cc:1917] Received RequestConsensusVote() RPC: tablet_id: "40ffc70838144e77bed51027b57aa267" candidate_uuid: "491e889590fc499ab35429890b3c905c" candidate_term: 1 candidate_status { last_received { term: 0 index: 0 } } ignore_live_leader: false dest_uuid: "452cc828b00a4f88a6abea36aa83b3a9" is_pre_election: true
I20260601 13:31:49.024261 24662 tablet_service.cc:1917] Received RequestConsensusVote() RPC: tablet_id: "04ded51a763946c98ed3037865745529" candidate_uuid: "491e889590fc499ab35429890b3c905c" candidate_term: 1 candidate_status { last_received { term: 0 index: 0 } } ignore_live_leader: false dest_uuid: "7a21677efd9a4a59b5c3afb361f79e46" is_pre_election: true
I20260601 13:31:49.024287 24512 raft_consensus.cc:2468] T 04ded51a763946c98ed3037865745529 P 452cc828b00a4f88a6abea36aa83b3a9 [term 0 FOLLOWER]: Leader pre-election vote request: Granting yes vote for candidate 491e889590fc499ab35429890b3c905c in term 0.
I20260601 13:31:49.024345 24662 raft_consensus.cc:2468] T 04ded51a763946c98ed3037865745529 P 7a21677efd9a4a59b5c3afb361f79e46 [term 0 FOLLOWER]: Leader pre-election vote request: Granting yes vote for candidate 491e889590fc499ab35429890b3c905c in term 0.
I20260601 13:31:49.024329 24511 raft_consensus.cc:2468] T 40ffc70838144e77bed51027b57aa267 P 452cc828b00a4f88a6abea36aa83b3a9 [term 0 FOLLOWER]: Leader pre-election vote request: Granting yes vote for candidate 491e889590fc499ab35429890b3c905c in term 0.
